[INFO] cloning repository https://github.com/Iverian/devdump-rs
[INFO] running `Command { std: "git" "-c" "credential.helper=" "-c" "credential.helper=/workspace/cargo-home/bin/git-credential-null" "clone" "--bare" "https://github.com/Iverian/devdump-rs" "/workspace/cache/git-repos/https%3A%2F%2Fgithub.com%2FIverian%2Fdevdump-rs", kill_on_drop: false }`
[INFO] [stderr] Cloning into bare repository '/workspace/cache/git-repos/https%3A%2F%2Fgithub.com%2FIverian%2Fdevdump-rs'...
[INFO] running `Command { std: "git" "rev-parse" "HEAD", kill_on_drop: false }`
[INFO] [stdout] 9c8ec34e8c8f2ab8afea99961a1054e39ff688e1
[INFO] documenting Iverian/devdump-rs against 1.75.0 for beta-1.76-rustdoc-1
[INFO] running `Command { std: "git" "clone" "/workspace/cache/git-repos/https%3A%2F%2Fgithub.com%2FIverian%2Fdevdump-rs" "/workspace/builds/worker-7-tc1/source", kill_on_drop: false }`
[INFO] [stderr] Cloning into '/workspace/builds/worker-7-tc1/source'...
[INFO] [stderr] done.
[INFO] validating manifest of git repo https://github.com/Iverian/devdump-rs on toolchain 1.75.0
[INFO] running `Command { std: CARGO_HOME="/workspace/cargo-home" RUSTUP_HOME="/workspace/rustup-home" "/workspace/cargo-home/bin/cargo" "+1.75.0" "metadata" "--manifest-path" "Cargo.toml" "--no-deps", kill_on_drop: false }`
[INFO] removed /workspace/builds/worker-7-tc1/source/.cargo/config.toml
[INFO] started tweaking git repo https://github.com/Iverian/devdump-rs
[INFO] finished tweaking git repo https://github.com/Iverian/devdump-rs
[INFO] tweaked toml for git repo https://github.com/Iverian/devdump-rs written to /workspace/builds/worker-7-tc1/source/Cargo.toml
[INFO] crate git repo https://github.com/Iverian/devdump-rs already has a lockfile, it will not be regenerated
[INFO] running `Command { std: CARGO_HOME="/workspace/cargo-home" RUSTUP_HOME="/workspace/rustup-home" "/workspace/cargo-home/bin/cargo" "+1.75.0" "fetch" "--manifest-path" "Cargo.toml", kill_on_drop: false }`
[INFO] [stderr]     Updating crates.io index
[INFO] [stderr]  Downloading crates ...
[INFO] [stderr]   Downloaded clap_complete v4.0.6
[INFO] [stderr]   Downloaded rust-embed-impl v6.3.0
[INFO] [stderr]   Downloaded mimalloc v0.1.32
[INFO] [stderr]   Downloaded rust-embed-utils v7.3.0
[INFO] [stderr]   Downloaded fake v2.5.0
[INFO] [stderr]   Downloaded sqlformat v0.2.0
[INFO] [stderr]   Downloaded rlua v0.19.4
[INFO] [stderr]   Downloaded miette v5.5.0
[INFO] [stderr]   Downloaded rlua-lua54-sys v0.1.3
[INFO] [stderr]   Downloaded hdrhistogram v7.5.1
[INFO] [stderr]   Downloaded libmimalloc-sys v0.1.28
[INFO] [stderr]   Downloaded rust-embed v6.4.1
[INFO] [stderr]   Downloaded bstr v1.0.1
[INFO] [stderr]   Downloaded tonic v0.8.1
[INFO] [stderr]   Downloaded miette-derive v5.5.0
[INFO] running `Command { std: "docker" "create" "-v" "/var/lib/crater-agent-workspace/builds/worker-7-tc1/target:/opt/rustwide/target:rw,Z" "-v" "/var/lib/crater-agent-workspace/builds/worker-7-tc1/source:/opt/rustwide/workdir:ro,Z" "-v" "/var/lib/crater-agent-workspace/cargo-home:/opt/rustwide/cargo-home:ro,Z" "-v" "/var/lib/crater-agent-workspace/rustup-home:/opt/rustwide/rustup-home:ro,Z" "-e" "SOURCE_DIR=/opt/rustwide/workdir" "-e" "CARGO_TARGET_DIR=/opt/rustwide/target" "-e" "CARGO_HOME=/opt/rustwide/cargo-home" "-e" "RUSTUP_HOME=/opt/rustwide/rustup-home" "-w" "/opt/rustwide/workdir" "-m" "1610612736" "--user" "0:0" "--network" "none" "ghcr.io/rust-lang/crates-build-env/linux@sha256:2788e3201cd34a07e3172128adcd8b3090168a8e3bcc40d7c032b9dda1df7d1c" "/opt/rustwide/cargo-home/bin/cargo" "+1.75.0" "metadata" "--no-deps" "--format-version=1", kill_on_drop: false }`
[INFO] [stdout] 0eb0eabb9d8acbee609ffa7869dcf09b4d54488fdae3e8295e3d57fb77bbd0e6
[INFO] running `Command { std: "docker" "start" "-a" "0eb0eabb9d8acbee609ffa7869dcf09b4d54488fdae3e8295e3d57fb77bbd0e6", kill_on_drop: false }`
[INFO] running `Command { std: "docker" "inspect" "0eb0eabb9d8acbee609ffa7869dcf09b4d54488fdae3e8295e3d57fb77bbd0e6", kill_on_drop: false }`
[INFO] running `Command { std: "docker" "rm" "-f" "0eb0eabb9d8acbee609ffa7869dcf09b4d54488fdae3e8295e3d57fb77bbd0e6", kill_on_drop: false }`
[INFO] [stdout] 0eb0eabb9d8acbee609ffa7869dcf09b4d54488fdae3e8295e3d57fb77bbd0e6
[INFO] running `Command { std: "docker" "create" "-v" "/var/lib/crater-agent-workspace/builds/worker-7-tc1/target:/opt/rustwide/target:rw,Z" "-v" "/var/lib/crater-agent-workspace/builds/worker-7-tc1/source:/opt/rustwide/workdir:ro,Z" "-v" "/var/lib/crater-agent-workspace/cargo-home:/opt/rustwide/cargo-home:ro,Z" "-v" "/var/lib/crater-agent-workspace/rustup-home:/opt/rustwide/rustup-home:ro,Z" "-e" "SOURCE_DIR=/opt/rustwide/workdir" "-e" "CARGO_TARGET_DIR=/opt/rustwide/target" "-e" "CARGO_INCREMENTAL=0" "-e" "RUST_BACKTRACE=full" "-e" "RUSTFLAGS=--cap-lints=warn" "-e" "RUSTDOCFLAGS=--cap-lints=warn" "-e" "CARGO_HOME=/opt/rustwide/cargo-home" "-e" "RUSTUP_HOME=/opt/rustwide/rustup-home" "-w" "/opt/rustwide/workdir" "-m" "1610612736" "--user" "0:0" "--network" "none" "ghcr.io/rust-lang/crates-build-env/linux@sha256:2788e3201cd34a07e3172128adcd8b3090168a8e3bcc40d7c032b9dda1df7d1c" "/opt/rustwide/cargo-home/bin/cargo" "+1.75.0" "doc" "--frozen" "--no-deps" "--document-private-items" "--message-format=json", kill_on_drop: false }`
[INFO] [stdout] 6a05a897145ffe8fd5a65dc6a8c799f85d7e9d33cb6f42268a68326990e2f26a
[INFO] running `Command { std: "docker" "start" "-a" "6a05a897145ffe8fd5a65dc6a8c799f85d7e9d33cb6f42268a68326990e2f26a", kill_on_drop: false }`
[INFO] [stderr]    Compiling libc v0.2.138
[INFO] [stderr]    Compiling unicode-ident v1.0.4
[INFO] [stderr]    Compiling syn v1.0.99
[INFO] [stderr]    Compiling serde_derive v1.0.145
[INFO] [stderr]    Compiling serde v1.0.145
[INFO] [stderr]    Compiling lock_api v0.4.8
[INFO] [stderr]    Compiling futures-core v0.3.24
[INFO] [stderr]    Compiling proc-macro2 v1.0.43
[INFO] [stderr]    Compiling log v0.4.17
[INFO] [stderr]    Compiling once_cell v1.16.0
[INFO] [stderr]    Compiling futures-task v0.3.24
[INFO] [stderr]    Compiling futures-util v0.3.24
[INFO] [stderr]    Compiling tokio v1.21.1
[INFO] [stderr]     Checking futures-sink v0.3.24
[INFO] [stderr]    Compiling quote v1.0.21
[INFO] [stderr]    Compiling indexmap v1.9.1
[INFO] [stderr]    Compiling pkg-config v0.3.25
[INFO] [stderr]    Compiling parking_lot_core v0.8.5
[INFO] [stderr]    Compiling either v1.8.0
[INFO] [stderr]    Compiling rustls v0.20.7
[INFO] [stderr]    Compiling futures-channel v0.3.24
[INFO] [stderr]    Compiling itertools v0.10.4
[INFO] [stderr]    Compiling regex v1.7.0
[INFO] [stderr]    Compiling getrandom v0.2.7
[INFO] [stderr]    Compiling ring v0.16.20
[INFO] [stderr]    Compiling ahash v0.7.6
[INFO] [stderr]     Checking parking_lot_core v0.9.3
[INFO] [stderr]     Checking parking_lot v0.12.1
[INFO] [stderr]     Checking num_cpus v1.13.1
[INFO] [stderr]     Checking socket2 v0.4.7
[INFO] [stderr]     Checking tracing-core v0.1.29
[INFO] [stderr]     Checking hashbrown v0.12.3
[INFO] [stderr]     Checking rand_core v0.6.4
[INFO] [stderr]     Checking rand_chacha v0.3.1
[INFO] [stderr]     Checking rand v0.8.5
[INFO] [stderr]    Compiling block-buffer v0.10.3
[INFO] [stderr]    Compiling crypto-common v0.1.6
[INFO] [stderr]    Compiling anyhow v1.0.65
[INFO] [stderr]    Compiling digest v0.10.5
[INFO] [stderr]     Checking atty v0.2.14
[INFO] [stderr]     Checking http-body v0.4.5
[INFO] [stderr]    Compiling thiserror v1.0.37
[INFO] [stderr]    Compiling serde_json v1.0.85
[INFO] [stderr]     Checking os_str_bytes v6.3.0
[INFO] [stderr]    Compiling libsqlite3-sys v0.24.2
[INFO] [stderr]    Compiling webpki v0.22.0
[INFO] [stderr]    Compiling mio v0.8.4
[INFO] [stderr]    Compiling bytes v1.2.1
[INFO] [stderr]     Checking tower-layer v0.3.1
[INFO] [stderr]    Compiling crossbeam-utils v0.8.11
[INFO] [stderr]     Checking base64 v0.13.0
[INFO] [stderr]    Compiling unicode-normalization v0.1.22
[INFO] [stderr]    Compiling sct v0.7.0
[INFO] [stderr]    Compiling io-lifetimes v1.0.3
[INFO] [stderr]    Compiling unicode-segmentation v1.10.0
[INFO] [stderr]     Checking termcolor v1.1.3
[INFO] [stderr]    Compiling unicode-bidi v0.3.8
[INFO] [stderr]    Compiling unicode-linebreak v0.1.4
[INFO] [stderr]     Checking smawk v0.3.1
[INFO] [stderr]    Compiling paste v1.0.11
[INFO] [stderr]    Compiling heck v0.4.0
[INFO] [stderr]     Checking nom v7.1.1
[INFO] [stderr]     Checking miniz_oxide v0.5.4
[INFO] [stderr]    Compiling dirs-sys v0.3.7
[INFO] [stderr]     Checking http-range-header v0.3.0
[INFO] [stderr]    Compiling cpufeatures v0.2.5
[INFO] [stderr]    Compiling rustix v0.36.5
[INFO] [stderr]     Checking mime v0.3.16
[INFO] [stderr]     Checking textwrap v0.15.1
[INFO] [stderr]    Compiling dirs v4.0.0
[INFO] [stderr]     Checking parking_lot v0.11.2
[INFO] [stderr]    Compiling proc-macro-error-attr v1.0.4
[INFO] [stderr]    Compiling idna v0.3.0
[INFO] [stderr]    Compiling tokio-rustls v0.23.4
[INFO] [stderr]    Compiling spin v0.9.4
[INFO] [stderr]    Compiling tokio-macros v1.8.0
[INFO] [stderr]    Compiling pin-project-internal v1.0.12
[INFO] [stderr]    Compiling tracing-attributes v0.1.22
[INFO] [stderr]    Compiling thiserror-impl v1.0.37
[INFO] [stderr]    Compiling prost-derive v0.11.0
[INFO] [stderr]    Compiling async-trait v0.1.57
[INFO] [stderr]    Compiling async-stream-impl v0.3.3
[INFO] [stderr]     Checking pin-project v1.0.12
[INFO] [stderr]     Checking clap_lex v0.2.4
[INFO] [stderr]    Compiling hmac v0.12.1
[INFO] [stderr]    Compiling rlua-lua54-sys v0.1.3
[INFO] [stderr]     Checking matchit v0.5.0
[INFO] [stderr]     Checking sync_wrapper v0.1.1
[INFO] [stderr]     Checking linux-raw-sys v0.1.4
[INFO] [stderr]    Compiling rustls-pemfile v1.0.1
[INFO] [stderr]     Checking axum-core v0.2.8
[INFO] [stderr]    Compiling sqlformat v0.2.0
[INFO] [stderr]     Checking async-stream v0.3.3
[INFO] [stderr]     Checking prost v0.11.0
[INFO] [stderr]    Compiling hkdf v0.12.3
[INFO] [stderr]     Checking clap v3.2.22
[INFO] [stderr]    Compiling flume v0.10.14
[INFO] [stderr]    Compiling futures-executor v0.3.24
[INFO] [stderr]    Compiling url v2.3.1
[INFO] [stderr]    Compiling sqlx-rt v0.6.2
[INFO] [stderr]    Compiling tokio-stream v0.1.9
[INFO] [stderr]    Compiling crossbeam-queue v0.3.8
[INFO] [stderr]    Compiling proc-macro-error v1.0.4
[INFO] [stderr]    Compiling futures-intrusive v0.4.2
[INFO] [stderr]    Compiling dotenvy v0.15.3
[INFO] [stderr]    Compiling sha2 v0.10.6
[INFO] [stderr]    Compiling sha1 v0.10.5
[INFO] [stderr]    Compiling stringprep v0.1.2
[INFO] [stderr]    Compiling webpki-roots v0.22.6
[INFO] [stderr]    Compiling md-5 v0.10.5
[INFO] [stderr]    Compiling hashlink v0.8.1
[INFO] [stderr]    Compiling libmimalloc-sys v0.1.28
[INFO] [stderr]    Compiling whoami v1.2.3
[INFO] [stderr]    Compiling bitflags v1.3.2
[INFO] [stderr]     Checking matchers v0.1.0
[INFO] [stderr]     Checking flate2 v1.0.24
[INFO] [stderr]    Compiling clap_derive v4.0.21
[INFO] [stderr]     Checking is-terminal v0.4.1
[INFO] [stderr]     Checking prost-types v0.11.1
[INFO] [stderr]     Checking clap_lex v0.3.0
[INFO] [stderr]     Checking thread_local v1.1.4
[INFO] [stderr]     Checking futures-io v0.3.24
[INFO] [stderr]     Checking is_ci v1.1.1
[INFO] [stderr]    Compiling rlua v0.19.4
[INFO] [stderr]    Compiling camino v1.1.1
[INFO] [stderr]     Checking supports-color v1.3.1
[INFO] [stderr]     Checking futures v0.3.24
[INFO] [stderr]     Checking tracing v0.1.36
[INFO] [stderr]     Checking want v0.3.0
[INFO] [stderr]     Checking tracing-futures v0.2.5
[INFO] [stderr]     Checking tracing-log v0.1.3
[INFO] [stderr]     Checking backtrace v0.3.66
[INFO] [stderr]     Checking tracing-subscriber v0.3.15
[INFO] [stderr]     Checking hdrhistogram v7.5.1
[INFO] [stderr]    Compiling miette-derive v5.5.0
[INFO] [stderr]     Checking crossbeam-channel v0.5.6
[INFO] [stderr]     Checking supports-unicode v1.0.2
[INFO] [stderr]     Checking supports-hyperlinks v1.2.0
[INFO] [stderr]     Checking terminal_size v0.1.17
[INFO] [stderr]     Checking bstr v0.2.17
[INFO] [stderr]     Checking unsafe-libyaml v0.2.4
[INFO] [stderr]     Checking clap v4.0.29
[INFO] [stderr]     Checking mimalloc v0.1.32
[INFO] [stderr]    Compiling sqlx-core v0.6.2
[INFO] [stderr]     Checking serde_yaml v0.9.13
[INFO] [stderr]     Checking fake v2.5.0
[INFO] [stderr]     Checking miette v5.5.0
[INFO] [stderr]     Checking clap_complete v4.0.6
[INFO] [stderr]     Checking tokio-util v0.7.4
[INFO] [stderr]     Checking tokio-io-timeout v1.2.0
[INFO] [stderr]     Checking h2 v0.3.14
[INFO] [stderr]     Checking tower v0.4.13
[INFO] [stderr]     Checking tower-http v0.3.4
[INFO] [stderr]     Checking hyper v0.14.20
[INFO] [stderr]    Compiling sqlx-macros v0.6.2
[INFO] [stderr]     Checking sqlx v0.6.2
[INFO] [stderr]     Checking hyper-timeout v0.4.1
[INFO] [stderr]     Checking axum v0.5.16
[INFO] [stderr]     Checking tonic v0.8.1
[INFO] [stderr]     Checking console-api v0.4.0
[INFO] [stderr]     Checking console-subscriber v0.1.8
[INFO] [stderr]  Documenting devdump-rs v0.1.0 (/opt/rustwide/workdir)
[INFO] [stderr]     Checking devdump-rs v0.1.0 (/opt/rustwide/workdir)
[INFO] [stdout] error[E0412]: cannot find type `PathBuf` in this scope
[INFO] [stdout]   --> src/command.rs:77:14
[INFO] [stdout]    |
[INFO] [stdout] 77 |     archive: PathBuf,
[INFO] [stdout]    |              ^^^^^^^ not found in this scope
[INFO] [stdout]    |
[INFO] [stdout] help: consider importing this struct
[INFO] [stdout]    |
[INFO] [stdout] 3  + use std::path::PathBuf;
[INFO] [stdout]    |
[INFO] [stdout] 
[INFO] [stdout] 
[INFO] [stdout] error[E0412]: cannot find type `PathBuf` in this scope
[INFO] [stdout]   --> src/command.rs:77:14
[INFO] [stdout]    |
[INFO] [stdout] 77 |     archive: PathBuf,
[INFO] [stdout]    |              ^^^^^^^ not found in this scope
[INFO] [stdout]    |
[INFO] [stdout] help: consider importing this struct
[INFO] [stdout]    |
[INFO] [stdout] 3  + use std::path::PathBuf;
[INFO] [stdout]    |
[INFO] [stdout] 
[INFO] [stdout] 
[INFO] [stdout] warning: unused import: `crate::util::ExistingFilePath`
[INFO] [stdout]  --> src/command.rs:8:5
[INFO] [stdout]   |
[INFO] [stdout] 8 | use crate::util::ExistingFilePath;
[INFO] [stdout]   |     ^^^^^^^^^^^^^^^^^^^^^^^^^^^^^
[INFO] [stdout]   |
[INFO] [stdout]   = note: `#[warn(unused_imports)]` on by default
[INFO] [stdout] 
[INFO] [stdout] 
[INFO] [stdout] error: aborting due to previous error
[INFO] [stdout] 
[INFO] [stdout] 
[INFO] [stdout] For more information about this error, try `rustc --explain E0412`.
[INFO] [stdout] 
[INFO] [stderr] error: could not document `devdump-rs`
[INFO] [stderr] 
[INFO] [stderr] Caused by:
[INFO] [stderr]   process didn't exit successfully: `/opt/rustwide/rustup-home/toolchains/1.75.0-x86_64-unknown-linux-gnu/bin/rustdoc --edition=2021 --crate-type lib --crate-name devdump_rs src/lib.rs -o /opt/rustwide/target/doc --error-format=json --json=diagnostic-rendered-ansi,artifacts,future-incompat --document-private-items -C metadata=81a1ca5e64547b42 -L dependency=/opt/rustwide/target/debug/deps --extern anyhow=/opt/rustwide/target/debug/deps/libanyhow-86b35dd314969008.rmeta --extern camino=/opt/rustwide/target/debug/deps/libcamino-d9b2757f325e2c84.rmeta --extern clap=/opt/rustwide/target/debug/deps/libclap-171a5f72029f28c0.rmeta --extern clap_complete=/opt/rustwide/target/debug/deps/libclap_complete-d1b4970585dd68e6.rmeta --extern console_subscriber=/opt/rustwide/target/debug/deps/libconsole_subscriber-2d7ad9c90651eaa9.rmeta --extern dotenvy=/opt/rustwide/target/debug/deps/libdotenvy-0c1934b4f0a99f97.rmeta --extern fake=/opt/rustwide/target/debug/deps/libfake-267937e5f8b00f0f.rmeta --extern log=/opt/rustwide/target/debug/deps/liblog-b834150bfc1f186a.rmeta --extern miette=/opt/rustwide/target/debug/deps/libmiette-8dc3670f6ca5d9ba.rmeta --extern mimalloc=/opt/rustwide/target/debug/deps/libmimalloc-031f88627cfd3629.rmeta --extern num_cpus=/opt/rustwide/target/debug/deps/libnum_cpus-a5a31b04006e42d4.rmeta --extern once_cell=/opt/rustwide/target/debug/deps/libonce_cell-a362be40712cfec2.rmeta --extern regex=/opt/rustwide/target/debug/deps/libregex-122cfde3b535e5f7.rmeta --extern rlua=/opt/rustwide/target/debug/deps/librlua-d1ff329bfa3d8481.rmeta --extern serde=/opt/rustwide/target/debug/deps/libserde-a1572044fc8d349e.rmeta --extern serde_yaml=/opt/rustwide/target/debug/deps/libserde_yaml-dd1ffa7d5db9adb6.rmeta --extern sqlx=/opt/rustwide/target/debug/deps/libsqlx-0bac439373a3e1c2.rmeta --extern thiserror=/opt/rustwide/target/debug/deps/libthiserror-dde3762af8503ce1.rmeta --extern tokio=/opt/rustwide/target/debug/deps/libtokio-dc73b4d0900256e1.rmeta --extern tracing_subscriber=/opt/rustwide/target/debug/deps/libtracing_subscriber-16c10570a1cd8d74.rmeta --extern url=/opt/rustwide/target/debug/deps/liburl-5ece3cef4c5e4f3c.rmeta --cap-lints=warn --crate-version 0.1.0` (exit status: 1)
[INFO] [stderr] warning: build failed, waiting for other jobs to finish...
[INFO] [stdout] error: aborting due to previous error; 1 warning emitted
[INFO] [stdout] 
[INFO] [stdout] 
[INFO] [stdout] For more information about this error, try `rustc --explain E0412`.
[INFO] [stdout] 
[INFO] [stderr] error: could not compile `devdump-rs` (lib) due to 2 previous errors; 1 warning emitted
[INFO] running `Command { std: "docker" "inspect" "6a05a897145ffe8fd5a65dc6a8c799f85d7e9d33cb6f42268a68326990e2f26a", kill_on_drop: false }`
[INFO] running `Command { std: "docker" "rm" "-f" "6a05a897145ffe8fd5a65dc6a8c799f85d7e9d33cb6f42268a68326990e2f26a", kill_on_drop: false }`
[INFO] [stdout] 6a05a897145ffe8fd5a65dc6a8c799f85d7e9d33cb6f42268a68326990e2f26a
[INFO] documenting Iverian/devdump-rs against beta-2023-12-22 for beta-1.76-rustdoc-1
[INFO] running `Command { std: "git" "clone" "/workspace/cache/git-repos/https%3A%2F%2Fgithub.com%2FIverian%2Fdevdump-rs" "/workspace/builds/worker-7-tc2/source", kill_on_drop: false }`
[INFO] [stderr] Cloning into '/workspace/builds/worker-7-tc2/source'...
[INFO] [stderr] done.
[INFO] validating manifest of git repo https://github.com/Iverian/devdump-rs on toolchain beta-2023-12-22
[INFO] running `Command { std: CARGO_HOME="/workspace/cargo-home" RUSTUP_HOME="/workspace/rustup-home" "/workspace/cargo-home/bin/cargo" "+beta-2023-12-22" "metadata" "--manifest-path" "Cargo.toml" "--no-deps", kill_on_drop: false }`
[INFO] removed /workspace/builds/worker-7-tc2/source/.cargo/config.toml
[INFO] started tweaking git repo https://github.com/Iverian/devdump-rs
[INFO] finished tweaking git repo https://github.com/Iverian/devdump-rs
[INFO] tweaked toml for git repo https://github.com/Iverian/devdump-rs written to /workspace/builds/worker-7-tc2/source/Cargo.toml
[INFO] crate git repo https://github.com/Iverian/devdump-rs already has a lockfile, it will not be regenerated
[INFO] running `Command { std: CARGO_HOME="/workspace/cargo-home" RUSTUP_HOME="/workspace/rustup-home" "/workspace/cargo-home/bin/cargo" "+beta-2023-12-22" "fetch" "--manifest-path" "Cargo.toml", kill_on_drop: false }`
[INFO] [stderr]     Blocking waiting for file lock on package cache
[INFO] running `Command { std: "docker" "create" "-v" "/var/lib/crater-agent-workspace/builds/worker-7-tc2/target:/opt/rustwide/target:rw,Z" "-v" "/var/lib/crater-agent-workspace/builds/worker-7-tc2/source:/opt/rustwide/workdir:ro,Z" "-v" "/var/lib/crater-agent-workspace/cargo-home:/opt/rustwide/cargo-home:ro,Z" "-v" "/var/lib/crater-agent-workspace/rustup-home:/opt/rustwide/rustup-home:ro,Z" "-e" "SOURCE_DIR=/opt/rustwide/workdir" "-e" "CARGO_TARGET_DIR=/opt/rustwide/target" "-e" "CARGO_HOME=/opt/rustwide/cargo-home" "-e" "RUSTUP_HOME=/opt/rustwide/rustup-home" "-w" "/opt/rustwide/workdir" "-m" "1610612736" "--user" "0:0" "--network" "none" "ghcr.io/rust-lang/crates-build-env/linux@sha256:2788e3201cd34a07e3172128adcd8b3090168a8e3bcc40d7c032b9dda1df7d1c" "/opt/rustwide/cargo-home/bin/cargo" "+beta-2023-12-22" "metadata" "--no-deps" "--format-version=1", kill_on_drop: false }`
[INFO] [stdout] beed2078df6ed668ae4f549570371bb1383af352e47de0a6430f05623dd5a4e2
[INFO] running `Command { std: "docker" "start" "-a" "beed2078df6ed668ae4f549570371bb1383af352e47de0a6430f05623dd5a4e2", kill_on_drop: false }`
[INFO] running `Command { std: "docker" "inspect" "beed2078df6ed668ae4f549570371bb1383af352e47de0a6430f05623dd5a4e2", kill_on_drop: false }`
[INFO] running `Command { std: "docker" "rm" "-f" "beed2078df6ed668ae4f549570371bb1383af352e47de0a6430f05623dd5a4e2", kill_on_drop: false }`
[INFO] [stdout] beed2078df6ed668ae4f549570371bb1383af352e47de0a6430f05623dd5a4e2
[INFO] running `Command { std: "docker" "create" "-v" "/var/lib/crater-agent-workspace/builds/worker-7-tc2/target:/opt/rustwide/target:rw,Z" "-v" "/var/lib/crater-agent-workspace/builds/worker-7-tc2/source:/opt/rustwide/workdir:ro,Z" "-v" "/var/lib/crater-agent-workspace/cargo-home:/opt/rustwide/cargo-home:ro,Z" "-v" "/var/lib/crater-agent-workspace/rustup-home:/opt/rustwide/rustup-home:ro,Z" "-e" "SOURCE_DIR=/opt/rustwide/workdir" "-e" "CARGO_TARGET_DIR=/opt/rustwide/target" "-e" "CARGO_INCREMENTAL=0" "-e" "RUST_BACKTRACE=full" "-e" "RUSTFLAGS=--cap-lints=warn" "-e" "RUSTDOCFLAGS=--cap-lints=warn" "-e" "CARGO_HOME=/opt/rustwide/cargo-home" "-e" "RUSTUP_HOME=/opt/rustwide/rustup-home" "-w" "/opt/rustwide/workdir" "-m" "1610612736" "--user" "0:0" "--network" "none" "ghcr.io/rust-lang/crates-build-env/linux@sha256:2788e3201cd34a07e3172128adcd8b3090168a8e3bcc40d7c032b9dda1df7d1c" "/opt/rustwide/cargo-home/bin/cargo" "+beta-2023-12-22" "doc" "--frozen" "--no-deps" "--document-private-items" "--message-format=json", kill_on_drop: false }`
[INFO] [stdout] 95e834f9afcb1364cec0d85e2ac1973635992ef30b2673c31ced5b9360b58d57
[INFO] running `Command { std: "docker" "start" "-a" "95e834f9afcb1364cec0d85e2ac1973635992ef30b2673c31ced5b9360b58d57", kill_on_drop: false }`
[INFO] [stderr]    Compiling libc v0.2.138
[INFO] [stderr]    Compiling unicode-ident v1.0.4
[INFO] [stderr]    Compiling syn v1.0.99
[INFO] [stderr]    Compiling serde_derive v1.0.145
[INFO] [stderr]    Compiling serde v1.0.145
[INFO] [stderr]    Compiling lock_api v0.4.8
[INFO] [stderr]    Compiling futures-core v0.3.24
[INFO] [stderr]    Compiling proc-macro2 v1.0.43
[INFO] [stderr]    Compiling log v0.4.17
[INFO] [stderr]    Compiling once_cell v1.16.0
[INFO] [stderr]    Compiling futures-task v0.3.24
[INFO] [stderr]    Compiling futures-util v0.3.24
[INFO] [stderr]    Compiling tokio v1.21.1
[INFO] [stderr]     Checking futures-sink v0.3.24
[INFO] [stderr]    Compiling indexmap v1.9.1
[INFO] [stderr]    Compiling quote v1.0.21
[INFO] [stderr]    Compiling pkg-config v0.3.25
[INFO] [stderr]    Compiling parking_lot_core v0.8.5
[INFO] [stderr]    Compiling futures-channel v0.3.24
[INFO] [stderr]    Compiling rustls v0.20.7
[INFO] [stderr]    Compiling either v1.8.0
[INFO] [stderr]    Compiling getrandom v0.2.7
[INFO] [stderr]    Compiling ahash v0.7.6
[INFO] [stderr]    Compiling ring v0.16.20
[INFO] [stderr]    Compiling itertools v0.10.4
[INFO] [stderr]    Compiling regex v1.7.0
[INFO] [stderr]    Compiling hashbrown v0.12.3
[INFO] [stderr]    Compiling block-buffer v0.10.3
[INFO] [stderr]    Compiling crypto-common v0.1.6
[INFO] [stderr]    Compiling anyhow v1.0.65
[INFO] [stderr]     Checking parking_lot_core v0.9.3
[INFO] [stderr]     Checking parking_lot v0.12.1
[INFO] [stderr]     Checking num_cpus v1.13.1
[INFO] [stderr]     Checking socket2 v0.4.7
[INFO] [stderr]     Checking tracing-core v0.1.29
[INFO] [stderr]     Checking rand_core v0.6.4
[INFO] [stderr]     Checking rand_chacha v0.3.1
[INFO] [stderr]     Checking rand v0.8.5
[INFO] [stderr]    Compiling digest v0.10.5
[INFO] [stderr]     Checking atty v0.2.14
[INFO] [stderr]     Checking http-body v0.4.5
[INFO] [stderr]     Checking os_str_bytes v6.3.0
[INFO] [stderr]    Compiling serde_json v1.0.85
[INFO] [stderr]    Compiling thiserror v1.0.37
[INFO] [stderr]    Compiling libsqlite3-sys v0.24.2
[INFO] [stderr]    Compiling webpki v0.22.0
[INFO] [stderr]    Compiling mio v0.8.4
[INFO] [stderr]    Compiling bytes v1.2.1
[INFO] [stderr]     Checking tower-layer v0.3.1
[INFO] [stderr]     Checking base64 v0.13.0
[INFO] [stderr]    Compiling crossbeam-utils v0.8.11
[INFO] [stderr]    Compiling unicode-normalization v0.1.22
[INFO] [stderr]    Compiling sct v0.7.0
[INFO] [stderr]     Checking termcolor v1.1.3
[INFO] [stderr]    Compiling unicode-linebreak v0.1.4
[INFO] [stderr]     Checking smawk v0.3.1
[INFO] [stderr]    Compiling paste v1.0.11
[INFO] [stderr]    Compiling unicode-segmentation v1.10.0
[INFO] [stderr]    Compiling io-lifetimes v1.0.3
[INFO] [stderr]    Compiling unicode-bidi v0.3.8
[INFO] [stderr]     Checking miniz_oxide v0.5.4
[INFO] [stderr]    Compiling heck v0.4.0
[INFO] [stderr]     Checking nom v7.1.1
[INFO] [stderr]    Compiling dirs-sys v0.3.7
[INFO] [stderr]     Checking http-range-header v0.3.0
[INFO] [stderr]     Checking mime v0.3.16
[INFO] [stderr]    Compiling cpufeatures v0.2.5
[INFO] [stderr]    Compiling rustix v0.36.5
[INFO] [stderr]     Checking textwrap v0.15.1
[INFO] [stderr]    Compiling dirs v4.0.0
[INFO] [stderr]     Checking parking_lot v0.11.2
[INFO] [stderr]    Compiling proc-macro-error-attr v1.0.4
[INFO] [stderr]    Compiling idna v0.3.0
[INFO] [stderr]    Compiling tokio-macros v1.8.0
[INFO] [stderr]    Compiling pin-project-internal v1.0.12
[INFO] [stderr]    Compiling tracing-attributes v0.1.22
[INFO] [stderr]    Compiling thiserror-impl v1.0.37
[INFO] [stderr]    Compiling async-trait v0.1.57
[INFO] [stderr]    Compiling prost-derive v0.11.0
[INFO] [stderr]     Checking pin-project v1.0.12
[INFO] [stderr]    Compiling tokio-rustls v0.23.4
[INFO] [stderr]    Compiling async-stream-impl v0.3.3
[INFO] [stderr]    Compiling spin v0.9.4
[INFO] [stderr]     Checking axum-core v0.2.8
[INFO] [stderr]     Checking clap_lex v0.2.4
[INFO] [stderr]    Compiling hmac v0.12.1
[INFO] [stderr]    Compiling rlua-lua54-sys v0.1.3
[INFO] [stderr]     Checking matchit v0.5.0
[INFO] [stderr]     Checking sync_wrapper v0.1.1
[INFO] [stderr]     Checking linux-raw-sys v0.1.4
[INFO] [stderr]    Compiling rustls-pemfile v1.0.1
[INFO] [stderr]    Compiling sqlformat v0.2.0
[INFO] [stderr]     Checking prost v0.11.0
[INFO] [stderr]     Checking async-stream v0.3.3
[INFO] [stderr]    Compiling hkdf v0.12.3
[INFO] [stderr]     Checking clap v3.2.22
[INFO] [stderr]    Compiling flume v0.10.14
[INFO] [stderr]    Compiling crossbeam-queue v0.3.8
[INFO] [stderr]    Compiling sqlx-rt v0.6.2
[INFO] [stderr]    Compiling futures-executor v0.3.24
[INFO] [stderr]    Compiling tokio-stream v0.1.9
[INFO] [stderr]    Compiling url v2.3.1
[INFO] [stderr]    Compiling proc-macro-error v1.0.4
[INFO] [stderr]    Compiling futures-intrusive v0.4.2
[INFO] [stderr]    Compiling dotenvy v0.15.3
[INFO] [stderr]    Compiling sha2 v0.10.6
[INFO] [stderr]    Compiling sha1 v0.10.5
[INFO] [stderr]    Compiling stringprep v0.1.2
[INFO] [stderr]    Compiling webpki-roots v0.22.6
[INFO] [stderr]    Compiling md-5 v0.10.5
[INFO] [stderr]    Compiling hashlink v0.8.1
[INFO] [stderr]    Compiling libmimalloc-sys v0.1.28
[INFO] [stderr]    Compiling bitflags v1.3.2
[INFO] [stderr]    Compiling whoami v1.2.3
[INFO] [stderr]     Checking matchers v0.1.0
[INFO] [stderr]     Checking flate2 v1.0.24
[INFO] [stderr]    Compiling clap_derive v4.0.21
[INFO] [stderr]     Checking is-terminal v0.4.1
[INFO] [stderr]     Checking prost-types v0.11.1
[INFO] [stderr]     Checking tracing v0.1.36
[INFO] [stderr]     Checking want v0.3.0
[INFO] [stderr]     Checking tracing-log v0.1.3
[INFO] [stderr]     Checking tracing-futures v0.2.5
[INFO] [stderr]     Checking clap_lex v0.3.0
[INFO] [stderr]     Checking thread_local v1.1.4
[INFO] [stderr]     Checking futures-io v0.3.24
[INFO] [stderr]    Compiling camino v1.1.1
[INFO] [stderr]    Compiling rlua v0.19.4
[INFO] [stderr]     Checking is_ci v1.1.1
[INFO] [stderr]     Checking backtrace v0.3.66
[INFO] [stderr]     Checking supports-color v1.3.1
[INFO] [stderr]     Checking futures v0.3.24
[INFO] [stderr]     Checking tracing-subscriber v0.3.15
[INFO] [stderr]     Checking hdrhistogram v7.5.1
[INFO] [stderr]    Compiling miette-derive v5.5.0
[INFO] [stderr]     Checking crossbeam-channel v0.5.6
[INFO] [stderr]     Checking supports-hyperlinks v1.2.0
[INFO] [stderr]     Checking supports-unicode v1.0.2
[INFO] [stderr]     Checking terminal_size v0.1.17
[INFO] [stderr]     Checking bstr v0.2.17
[INFO] [stderr]     Checking unsafe-libyaml v0.2.4
[INFO] [stderr]     Checking mimalloc v0.1.32
[INFO] [stderr]    Compiling sqlx-core v0.6.2
[INFO] [stderr]     Checking fake v2.5.0
[INFO] [stderr]     Checking clap v4.0.29
[INFO] [stderr]     Checking serde_yaml v0.9.13
[INFO] [stderr]     Checking miette v5.5.0
[INFO] [stderr]     Checking tokio-util v0.7.4
[INFO] [stderr]     Checking tokio-io-timeout v1.2.0
[INFO] [stderr]     Checking clap_complete v4.0.6
[INFO] [stderr]     Checking h2 v0.3.14
[INFO] [stderr]     Checking tower v0.4.13
[INFO] [stderr]     Checking tower-http v0.3.4
[INFO] [stderr]     Checking hyper v0.14.20
[INFO] [stderr]    Compiling sqlx-macros v0.6.2
[INFO] [stderr]     Checking axum v0.5.16
[INFO] [stderr]     Checking hyper-timeout v0.4.1
[INFO] [stderr]     Checking sqlx v0.6.2
[INFO] [stderr]     Checking tonic v0.8.1
[INFO] [stderr]     Checking console-api v0.4.0
[INFO] [stderr]     Checking console-subscriber v0.1.8
[INFO] [stderr]  Documenting devdump-rs v0.1.0 (/opt/rustwide/workdir)
[INFO] [stderr]     Checking devdump-rs v0.1.0 (/opt/rustwide/workdir)
[INFO] [stdout] error[E0412]: cannot find type `PathBuf` in this scope
[INFO] [stdout]   --> src/command.rs:77:14
[INFO] [stdout]    |
[INFO] [stdout] 77 |     archive: PathBuf,
[INFO] [stdout]    |              ^^^^^^^ not found in this scope
[INFO] [stdout]    |
[INFO] [stdout] help: consider importing this struct
[INFO] [stdout]    |
[INFO] [stdout] 3  + use std::path::PathBuf;
[INFO] [stdout]    |
[INFO] [stdout] 
[INFO] [stdout] 
[INFO] [stdout] error[E0412]: cannot find type `PathBuf` in this scope
[INFO] [stdout]   --> src/command.rs:77:14
[INFO] [stdout]    |
[INFO] [stdout] 77 |     archive: PathBuf,
[INFO] [stdout]    |              ^^^^^^^ not found in this scope
[INFO] [stdout]    |
[INFO] [stdout] help: consider importing this struct
[INFO] [stdout]    |
[INFO] [stdout] 3  + use std::path::PathBuf;
[INFO] [stdout]    |
[INFO] [stdout] 
[INFO] [stdout] 
[INFO] [stdout] warning: unused import: `crate::util::ExistingFilePath`
[INFO] [stdout]  --> src/command.rs:8:5
[INFO] [stdout]   |
[INFO] [stdout] 8 | use crate::util::ExistingFilePath;
[INFO] [stdout]   |     ^^^^^^^^^^^^^^^^^^^^^^^^^^^^^
[INFO] [stdout]   |
[INFO] [stdout]   = note: `#[warn(unused_imports)]` on by default
[INFO] [stdout] 
[INFO] [stdout] 
[INFO] [stdout] error: aborting due to 1 previous error
[INFO] [stdout] 
[INFO] [stdout] 
[INFO] [stdout] For more information about this error, try `rustc --explain E0412`.
[INFO] [stdout] 
[INFO] [stderr] error: could not document `devdump-rs`
[INFO] [stderr] 
[INFO] [stderr] Caused by:
[INFO] [stderr]   process didn't exit successfully: `/opt/rustwide/rustup-home/toolchains/beta-2023-12-22-x86_64-unknown-linux-gnu/bin/rustdoc --edition=2021 --crate-type lib --crate-name devdump_rs src/lib.rs -o /opt/rustwide/target/doc --error-format=json --json=diagnostic-rendered-ansi,artifacts,future-incompat --document-private-items -C metadata=14ebba59bfa919a1 -L dependency=/opt/rustwide/target/debug/deps --extern anyhow=/opt/rustwide/target/debug/deps/libanyhow-9ecaf4b7a0b995cb.rmeta --extern camino=/opt/rustwide/target/debug/deps/libcamino-aded7ad0f88b0174.rmeta --extern clap=/opt/rustwide/target/debug/deps/libclap-566ea4ac5f43c72b.rmeta --extern clap_complete=/opt/rustwide/target/debug/deps/libclap_complete-963a949fc38d1723.rmeta --extern console_subscriber=/opt/rustwide/target/debug/deps/libconsole_subscriber-e3b6465c0321ac05.rmeta --extern dotenvy=/opt/rustwide/target/debug/deps/libdotenvy-2580c1f5f69f6a5e.rmeta --extern fake=/opt/rustwide/target/debug/deps/libfake-dbda3fbbe2d58797.rmeta --extern log=/opt/rustwide/target/debug/deps/liblog-de947e01490b6b19.rmeta --extern miette=/opt/rustwide/target/debug/deps/libmiette-e1d97287c4792f4b.rmeta --extern mimalloc=/opt/rustwide/target/debug/deps/libmimalloc-8df1dae120754933.rmeta --extern num_cpus=/opt/rustwide/target/debug/deps/libnum_cpus-d32d71379d9ad9e0.rmeta --extern once_cell=/opt/rustwide/target/debug/deps/libonce_cell-f24b32ca6ed5f6fb.rmeta --extern regex=/opt/rustwide/target/debug/deps/libregex-dd171fbfa3121cbb.rmeta --extern rlua=/opt/rustwide/target/debug/deps/librlua-10d73a3cf96cf515.rmeta --extern serde=/opt/rustwide/target/debug/deps/libserde-f610f796d8556e91.rmeta --extern serde_yaml=/opt/rustwide/target/debug/deps/libserde_yaml-0f05222952acb5f9.rmeta --extern sqlx=/opt/rustwide/target/debug/deps/libsqlx-918827dcad2c0062.rmeta --extern thiserror=/opt/rustwide/target/debug/deps/libthiserror-ff58fd390b24c11a.rmeta --extern tokio=/opt/rustwide/target/debug/deps/libtokio-67288b8d6f2b03e8.rmeta --extern tracing_subscriber=/opt/rustwide/target/debug/deps/libtracing_subscriber-54f61c13dec128e3.rmeta --extern url=/opt/rustwide/target/debug/deps/liburl-5d09f4ccc0835262.rmeta --cap-lints=warn --crate-version 0.1.0` (exit status: 1)
[INFO] [stderr] warning: build failed, waiting for other jobs to finish...
[INFO] [stdout] error: aborting due to 1 previous error; 1 warning emitted
[INFO] [stdout] 
[INFO] [stdout] 
[INFO] [stdout] For more information about this error, try `rustc --explain E0412`.
[INFO] [stdout] 
[INFO] [stderr] error: could not compile `devdump-rs` (lib) due to 2 previous errors; 1 warning emitted
[INFO] running `Command { std: "docker" "inspect" "95e834f9afcb1364cec0d85e2ac1973635992ef30b2673c31ced5b9360b58d57", kill_on_drop: false }`
[INFO] running `Command { std: "docker" "rm" "-f" "95e834f9afcb1364cec0d85e2ac1973635992ef30b2673c31ced5b9360b58d57", kill_on_drop: false }`
[INFO] [stdout] 95e834f9afcb1364cec0d85e2ac1973635992ef30b2673c31ced5b9360b58d57
