[INFO] cloning repository https://github.com/Itsusinn/genshin-overlay
[INFO] running `Command { std: "git" "-c" "credential.helper=" "-c" "credential.helper=/workspace/cargo-home/bin/git-credential-null" "clone" "--bare" "https://github.com/Itsusinn/genshin-overlay" "/workspace/cache/git-repos/https%3A%2F%2Fgithub.com%2FItsusinn%2Fgenshin-overlay", kill_on_drop: false }`
[INFO] [stderr] Cloning into bare repository '/workspace/cache/git-repos/https%3A%2F%2Fgithub.com%2FItsusinn%2Fgenshin-overlay'...
[INFO] running `Command { std: "git" "rev-parse" "HEAD", kill_on_drop: false }`
[INFO] [stdout] 714baf2900d74a74f15e36a147ce4394eacfd77b
[INFO] documenting Itsusinn/genshin-overlay against 1.75.0 for beta-1.76-rustdoc-1
[INFO] running `Command { std: "git" "clone" "/workspace/cache/git-repos/https%3A%2F%2Fgithub.com%2FItsusinn%2Fgenshin-overlay" "/workspace/builds/worker-7-tc1/source", kill_on_drop: false }`
[INFO] [stderr] Cloning into '/workspace/builds/worker-7-tc1/source'...
[INFO] [stderr] done.
[INFO] validating manifest of git repo https://github.com/Itsusinn/genshin-overlay on toolchain 1.75.0
[INFO] running `Command { std: CARGO_HOME="/workspace/cargo-home" RUSTUP_HOME="/workspace/rustup-home" "/workspace/cargo-home/bin/cargo" "+1.75.0" "metadata" "--manifest-path" "Cargo.toml" "--no-deps", kill_on_drop: false }`
[INFO] started tweaking git repo https://github.com/Itsusinn/genshin-overlay
[INFO] finished tweaking git repo https://github.com/Itsusinn/genshin-overlay
[INFO] tweaked toml for git repo https://github.com/Itsusinn/genshin-overlay written to /workspace/builds/worker-7-tc1/source/Cargo.toml
[INFO] crate git repo https://github.com/Itsusinn/genshin-overlay already has a lockfile, it will not be regenerated
[INFO] running `Command { std: CARGO_HOME="/workspace/cargo-home" RUSTUP_HOME="/workspace/rustup-home" "/workspace/cargo-home/bin/cargo" "+1.75.0" "fetch" "--manifest-path" "Cargo.toml", kill_on_drop: false }`
[INFO] [stderr]     Updating crates.io index
[INFO] [stderr]  Downloading crates ...
[INFO] [stderr]   Downloaded egui_winit_platform v0.18.0
[INFO] [stderr]   Downloaded egui_wgpu_backend v0.22.0
[INFO] [stderr]   Downloaded epi v0.17.0
[INFO] [stderr]   Downloaded zune-inflate v0.2.52
[INFO] [stderr]   Downloaded egui v0.17.0
[INFO] [stderr]   Downloaded emath v0.17.0
[INFO] [stderr]   Downloaded epaint v0.17.0
[INFO] [stderr]   Downloaded win-screenshot v4.0.0
[INFO] running `Command { std: "docker" "create" "-v" "/var/lib/crater-agent-workspace/builds/worker-7-tc1/target:/opt/rustwide/target:rw,Z" "-v" "/var/lib/crater-agent-workspace/builds/worker-7-tc1/source:/opt/rustwide/workdir:ro,Z" "-v" "/var/lib/crater-agent-workspace/cargo-home:/opt/rustwide/cargo-home:ro,Z" "-v" "/var/lib/crater-agent-workspace/rustup-home:/opt/rustwide/rustup-home:ro,Z" "-e" "SOURCE_DIR=/opt/rustwide/workdir" "-e" "CARGO_TARGET_DIR=/opt/rustwide/target" "-e" "CARGO_HOME=/opt/rustwide/cargo-home" "-e" "RUSTUP_HOME=/opt/rustwide/rustup-home" "-w" "/opt/rustwide/workdir" "-m" "1610612736" "--user" "0:0" "--network" "none" "ghcr.io/rust-lang/crates-build-env/linux@sha256:2788e3201cd34a07e3172128adcd8b3090168a8e3bcc40d7c032b9dda1df7d1c" "/opt/rustwide/cargo-home/bin/cargo" "+1.75.0" "metadata" "--no-deps" "--format-version=1", kill_on_drop: false }`
[INFO] [stdout] 8e9b909ee9b26383821641545a5c7a1f88b70db2b05c7ed42498470b875a944f
[INFO] running `Command { std: "docker" "start" "-a" "8e9b909ee9b26383821641545a5c7a1f88b70db2b05c7ed42498470b875a944f", kill_on_drop: false }`
[INFO] running `Command { std: "docker" "inspect" "8e9b909ee9b26383821641545a5c7a1f88b70db2b05c7ed42498470b875a944f", kill_on_drop: false }`
[INFO] running `Command { std: "docker" "rm" "-f" "8e9b909ee9b26383821641545a5c7a1f88b70db2b05c7ed42498470b875a944f", kill_on_drop: false }`
[INFO] [stdout] 8e9b909ee9b26383821641545a5c7a1f88b70db2b05c7ed42498470b875a944f
[INFO] running `Command { std: "docker" "create" "-v" "/var/lib/crater-agent-workspace/builds/worker-7-tc1/target:/opt/rustwide/target:rw,Z" "-v" "/var/lib/crater-agent-workspace/builds/worker-7-tc1/source:/opt/rustwide/workdir:ro,Z" "-v" "/var/lib/crater-agent-workspace/cargo-home:/opt/rustwide/cargo-home:ro,Z" "-v" "/var/lib/crater-agent-workspace/rustup-home:/opt/rustwide/rustup-home:ro,Z" "-e" "SOURCE_DIR=/opt/rustwide/workdir" "-e" "CARGO_TARGET_DIR=/opt/rustwide/target" "-e" "CARGO_INCREMENTAL=0" "-e" "RUST_BACKTRACE=full" "-e" "RUSTFLAGS=--cap-lints=warn" "-e" "RUSTDOCFLAGS=--cap-lints=warn" "-e" "CARGO_HOME=/opt/rustwide/cargo-home" "-e" "RUSTUP_HOME=/opt/rustwide/rustup-home" "-w" "/opt/rustwide/workdir" "-m" "1610612736" "--user" "0:0" "--network" "none" "ghcr.io/rust-lang/crates-build-env/linux@sha256:2788e3201cd34a07e3172128adcd8b3090168a8e3bcc40d7c032b9dda1df7d1c" "/opt/rustwide/cargo-home/bin/cargo" "+1.75.0" "doc" "--frozen" "--no-deps" "--document-private-items" "--message-format=json", kill_on_drop: false }`
[INFO] [stdout] f214499e50df79eb3717a9771b89cbfdc0a90a4f3d95ff8b69eadd0844b94f86
[INFO] running `Command { std: "docker" "start" "-a" "f214499e50df79eb3717a9771b89cbfdc0a90a4f3d95ff8b69eadd0844b94f86", kill_on_drop: false }`
[INFO] [stderr]    Compiling proc-macro2 v1.0.53
[INFO] [stderr]    Compiling quote v1.0.26
[INFO] [stderr]    Compiling unicode-ident v1.0.8
[INFO] [stderr]    Compiling libc v0.2.140
[INFO] [stderr]     Checking once_cell v1.17.1
[INFO] [stderr]     Checking smallvec v1.10.0
[INFO] [stderr]     Checking libloading v0.7.4
[INFO] [stderr]    Compiling lock_api v0.4.9
[INFO] [stderr]    Compiling syn v1.0.109
[INFO] [stderr]    Compiling thiserror v1.0.40
[INFO] [stderr]    Compiling crossbeam-utils v0.8.15
[INFO] [stderr]     Checking ttf-parser v0.18.1
[INFO] [stderr]    Compiling wayland-sys v0.29.5
[INFO] [stderr]    Compiling memoffset v0.8.0
[INFO] [stderr]     Checking ab_glyph_rasterizer v0.1.8
[INFO] [stderr]    Compiling parking_lot_core v0.9.7
[INFO] [stderr]     Checking miniz_oxide v0.6.2
[INFO] [stderr]     Checking dlib v0.5.0
[INFO] [stderr]    Compiling crossbeam-epoch v0.9.14
[INFO] [stderr]     Checking flate2 v1.0.25
[INFO] [stderr]    Compiling slotmap v1.0.6
[INFO] [stderr]    Compiling indexmap v1.9.2
[INFO] [stderr]    Compiling rayon-core v1.11.0
[INFO] [stderr]     Checking scoped-tls v1.0.1
[INFO] [stderr]     Checking nom v7.1.3
[INFO] [stderr]     Checking crossbeam-channel v0.5.7
[INFO] [stderr]    Compiling ahash v0.8.3
[INFO] [stderr]    Compiling syn v2.0.8
[INFO] [stderr]    Compiling wayland-scanner v0.29.5
[INFO] [stderr]     Checking crossbeam-deque v0.8.3
[INFO] [stderr]     Checking termcolor v1.2.0
[INFO] [stderr]     Checking getrandom v0.2.8
[INFO] [stderr]     Checking ahash v0.7.6
[INFO] [stderr]     Checking nix v0.24.3
[INFO] [stderr]     Checking parking_lot v0.12.1
[INFO] [stderr]     Checking hashbrown v0.12.3
[INFO] [stderr]     Checking owned_ttf_parser v0.18.1
[INFO] [stderr]     Checking num_cpus v1.15.0
[INFO] [stderr]     Checking ab_glyph v0.2.20
[INFO] [stderr]    Compiling ash v0.37.2+1.3.238
[INFO] [stderr]     Checking raw-window-handle v0.5.1
[INFO] [stderr]     Checking codespan-reporting v0.11.1
[INFO] [stderr]     Checking nix v0.25.1
[INFO] [stderr]     Checking bit-set v0.5.3
[INFO] [stderr]     Checking png v0.17.7
[INFO] [stderr]    Compiling wayland-client v0.29.5
[INFO] [stderr]    Compiling wayland-protocols v0.29.5
[INFO] [stderr]     Checking xcursor v0.3.4
[INFO] [stderr]    Compiling smithay-client-toolkit v0.16.0
[INFO] [stderr]     Checking wayland-commons v0.29.5
[INFO] [stderr]     Checking strict-num v0.1.0
[INFO] [stderr]    Compiling futures-core v0.3.27
[INFO] [stderr]     Checking arrayref v0.3.7
[INFO] [stderr]     Checking unicode-xid v0.2.4
[INFO] [stderr]     Checking gpu-descriptor v0.2.3
[INFO] [stderr]     Checking khronos-egl v4.1.0
[INFO] [stderr]     Checking memmap2 v0.5.10
[INFO] [stderr]    Compiling x11-dl v2.21.0
[INFO] [stderr]     Checking wgpu-types v0.15.2
[INFO] [stderr]     Checking glow v0.12.1
[INFO] [stderr]     Checking profiling v1.0.7
[INFO] [stderr]     Checking either v1.8.1
[INFO] [stderr]    Compiling winit v0.28.3
[INFO] [stderr]    Compiling bytemuck_derive v1.4.1
[INFO] [stderr]    Compiling thiserror-impl v1.0.40
[INFO] [stderr]     Checking rayon v1.7.0
[INFO] [stderr]     Checking nanorand v0.7.0
[INFO] [stderr]     Checking spin v0.9.6
[INFO] [stderr]     Checking bytemuck v1.13.1
[INFO] [stderr]    Compiling num-rational v0.4.1
[INFO] [stderr]     Checking tiny-skia-path v0.8.3
[INFO] [stderr]     Checking wayland-cursor v0.29.5
[INFO] [stderr]     Checking emath v0.21.0
[INFO] [stderr]     Checking ecolor v0.21.0
[INFO] [stderr]     Checking futures-sink v0.3.27
[INFO] [stderr]     Checking epaint v0.21.0
[INFO] [stderr]     Checking naga v0.11.0
[INFO] [stderr]     Checking calloop v0.10.5
[INFO] [stderr]     Checking tiny-skia v0.8.3
[INFO] [stderr]     Checking weezl v0.1.7
[INFO] [stderr]     Checking simd-adler32 v0.3.5
[INFO] [stderr]     Checking atomic_refcell v0.1.9
[INFO] [stderr]     Checking emath v0.17.0
[INFO] [stderr]     Checking egui v0.21.0
[INFO] [stderr]     Checking zune-inflate v0.2.52
[INFO] [stderr]     Checking epaint v0.17.0
[INFO] [stderr]     Checking jpeg-decoder v0.3.0
[INFO] [stderr]     Checking num-integer v0.1.45
[INFO] [stderr]    Compiling pin-project-internal v1.0.12
[INFO] [stderr]    Compiling tracing-attributes v0.1.23
[INFO] [stderr]     Checking mio v0.8.6
[INFO] [stderr]     Checking tracing-core v0.1.30
[INFO] [stderr]    Compiling tokio v1.26.0
[INFO] [stderr]     Checking color_quant v1.1.0
[INFO] [stderr]     Checking lebe v0.5.2
[INFO] [stderr]    Compiling anyhow v1.0.70
[INFO] [stderr]     Checking windows-targets v0.42.2
[INFO] [stderr]     Checking percent-encoding v2.2.0
[INFO] [stderr]     Checking pin-project v1.0.12
[INFO] [stderr]     Checking half v2.2.1
[INFO] [stderr]     Checking windows v0.46.0
[INFO] [stderr]     Checking flume v0.10.14
[INFO] [stderr]     Checking gif v0.12.0
[INFO] [stderr]     Checking exr v1.6.3
[INFO] [stderr]    Compiling tokio-macros v1.8.2
[INFO] [stderr]     Checking tiff v0.8.1
[INFO] [stderr]     Checking tracing v0.1.37
[INFO] [stderr]     Checking egui v0.17.0
[INFO] [stderr]     Checking qoi v0.4.1
[INFO] [stderr]     Checking epi v0.17.0
[INFO] [stderr]     Checking image v0.24.6
[INFO] [stderr]     Checking wgpu-hal v0.15.4
[INFO] [stderr]     Checking win-screenshot v4.0.0
[INFO] [stdout] error[E0433]: failed to resolve: could not find `windows` in `os`
[INFO] [stdout]  --> /opt/rustwide/cargo-home/registry/src/index.crates.io-6f17d22bba15001f/win-screenshot-4.0.0/src/utils.rs:2:14
[INFO] [stdout]   |
[INFO] [stdout] 2 | use std::os::windows::ffi::OsStrExt;
[INFO] [stdout]   |              ^^^^^^^ could not find `windows` in `os`
[INFO] [stdout] 
[INFO] [stdout] 
[INFO] [stdout] error[E0599]: no method named `encode_wide` found for struct `OsString` in the current scope
[INFO] [stdout]   --> /opt/rustwide/cargo-home/registry/src/index.crates.io-6f17d22bba15001f/win-screenshot-4.0.0/src/utils.rs:26:22
[INFO] [stdout]    |
[INFO] [stdout] 25 | /                 OsString::from(window_name)
[INFO] [stdout] 26 | |                     .encode_wide()
[INFO] [stdout]    | |                     -^^^^^^^^^^^ method not found in `OsString`
[INFO] [stdout]    | |_____________________|
[INFO] [stdout]    | 
[INFO] [stdout] 
[INFO] [stdout] 
[INFO] [stdout] error: aborting due to 2 previous errors
[INFO] [stdout] 
[INFO] [stdout] 
[INFO] [stdout] Some errors have detailed explanations: E0433, E0599.
[INFO] [stdout] 
[INFO] [stdout] For more information about an error, try `rustc --explain E0433`.
[INFO] [stdout] 
[INFO] [stderr] error: could not compile `win-screenshot` (lib) due to 3 previous errors
[INFO] [stderr] warning: build failed, waiting for other jobs to finish...
[INFO] running `Command { std: "docker" "inspect" "f214499e50df79eb3717a9771b89cbfdc0a90a4f3d95ff8b69eadd0844b94f86", kill_on_drop: false }`
[INFO] running `Command { std: "docker" "rm" "-f" "f214499e50df79eb3717a9771b89cbfdc0a90a4f3d95ff8b69eadd0844b94f86", kill_on_drop: false }`
[INFO] [stdout] f214499e50df79eb3717a9771b89cbfdc0a90a4f3d95ff8b69eadd0844b94f86
[INFO] documenting Itsusinn/genshin-overlay against beta-2023-12-22 for beta-1.76-rustdoc-1
[INFO] running `Command { std: "git" "clone" "/workspace/cache/git-repos/https%3A%2F%2Fgithub.com%2FItsusinn%2Fgenshin-overlay" "/workspace/builds/worker-7-tc2/source", kill_on_drop: false }`
[INFO] [stderr] Cloning into '/workspace/builds/worker-7-tc2/source'...
[INFO] [stderr] done.
[INFO] validating manifest of git repo https://github.com/Itsusinn/genshin-overlay on toolchain beta-2023-12-22
[INFO] running `Command { std: CARGO_HOME="/workspace/cargo-home" RUSTUP_HOME="/workspace/rustup-home" "/workspace/cargo-home/bin/cargo" "+beta-2023-12-22" "metadata" "--manifest-path" "Cargo.toml" "--no-deps", kill_on_drop: false }`
[INFO] started tweaking git repo https://github.com/Itsusinn/genshin-overlay
[INFO] finished tweaking git repo https://github.com/Itsusinn/genshin-overlay
[INFO] tweaked toml for git repo https://github.com/Itsusinn/genshin-overlay written to /workspace/builds/worker-7-tc2/source/Cargo.toml
[INFO] crate git repo https://github.com/Itsusinn/genshin-overlay already has a lockfile, it will not be regenerated
[INFO] running `Command { std: CARGO_HOME="/workspace/cargo-home" RUSTUP_HOME="/workspace/rustup-home" "/workspace/cargo-home/bin/cargo" "+beta-2023-12-22" "fetch" "--manifest-path" "Cargo.toml", kill_on_drop: false }`
[INFO] running `Command { std: "docker" "create" "-v" "/var/lib/crater-agent-workspace/builds/worker-7-tc2/target:/opt/rustwide/target:rw,Z" "-v" "/var/lib/crater-agent-workspace/builds/worker-7-tc2/source:/opt/rustwide/workdir:ro,Z" "-v" "/var/lib/crater-agent-workspace/cargo-home:/opt/rustwide/cargo-home:ro,Z" "-v" "/var/lib/crater-agent-workspace/rustup-home:/opt/rustwide/rustup-home:ro,Z" "-e" "SOURCE_DIR=/opt/rustwide/workdir" "-e" "CARGO_TARGET_DIR=/opt/rustwide/target" "-e" "CARGO_HOME=/opt/rustwide/cargo-home" "-e" "RUSTUP_HOME=/opt/rustwide/rustup-home" "-w" "/opt/rustwide/workdir" "-m" "1610612736" "--user" "0:0" "--network" "none" "ghcr.io/rust-lang/crates-build-env/linux@sha256:2788e3201cd34a07e3172128adcd8b3090168a8e3bcc40d7c032b9dda1df7d1c" "/opt/rustwide/cargo-home/bin/cargo" "+beta-2023-12-22" "metadata" "--no-deps" "--format-version=1", kill_on_drop: false }`
[INFO] [stdout] 92b91293c138b9a74acbb816e15aa82023b84ad6c211dad1c6ab074907efa70d
[INFO] running `Command { std: "docker" "start" "-a" "92b91293c138b9a74acbb816e15aa82023b84ad6c211dad1c6ab074907efa70d", kill_on_drop: false }`
[INFO] running `Command { std: "docker" "inspect" "92b91293c138b9a74acbb816e15aa82023b84ad6c211dad1c6ab074907efa70d", kill_on_drop: false }`
[INFO] running `Command { std: "docker" "rm" "-f" "92b91293c138b9a74acbb816e15aa82023b84ad6c211dad1c6ab074907efa70d", kill_on_drop: false }`
[INFO] [stdout] 92b91293c138b9a74acbb816e15aa82023b84ad6c211dad1c6ab074907efa70d
[INFO] running `Command { std: "docker" "create" "-v" "/var/lib/crater-agent-workspace/builds/worker-7-tc2/target:/opt/rustwide/target:rw,Z" "-v" "/var/lib/crater-agent-workspace/builds/worker-7-tc2/source:/opt/rustwide/workdir:ro,Z" "-v" "/var/lib/crater-agent-workspace/cargo-home:/opt/rustwide/cargo-home:ro,Z" "-v" "/var/lib/crater-agent-workspace/rustup-home:/opt/rustwide/rustup-home:ro,Z" "-e" "SOURCE_DIR=/opt/rustwide/workdir" "-e" "CARGO_TARGET_DIR=/opt/rustwide/target" "-e" "CARGO_INCREMENTAL=0" "-e" "RUST_BACKTRACE=full" "-e" "RUSTFLAGS=--cap-lints=warn" "-e" "RUSTDOCFLAGS=--cap-lints=warn" "-e" "CARGO_HOME=/opt/rustwide/cargo-home" "-e" "RUSTUP_HOME=/opt/rustwide/rustup-home" "-w" "/opt/rustwide/workdir" "-m" "1610612736" "--user" "0:0" "--network" "none" "ghcr.io/rust-lang/crates-build-env/linux@sha256:2788e3201cd34a07e3172128adcd8b3090168a8e3bcc40d7c032b9dda1df7d1c" "/opt/rustwide/cargo-home/bin/cargo" "+beta-2023-12-22" "doc" "--frozen" "--no-deps" "--document-private-items" "--message-format=json", kill_on_drop: false }`
[INFO] [stdout] 4878a552696f5871497f021bb8c3f595c9c19a6602a22d11bf59a4356a5d02cd
[INFO] running `Command { std: "docker" "start" "-a" "4878a552696f5871497f021bb8c3f595c9c19a6602a22d11bf59a4356a5d02cd", kill_on_drop: false }`
[INFO] [stderr]    Compiling proc-macro2 v1.0.53
[INFO] [stderr]    Compiling unicode-ident v1.0.8
[INFO] [stderr]    Compiling quote v1.0.26
[INFO] [stderr]    Compiling libc v0.2.140
[INFO] [stderr]     Checking once_cell v1.17.1
[INFO] [stderr]     Checking smallvec v1.10.0
[INFO] [stderr]     Checking libloading v0.7.4
[INFO] [stderr]    Compiling lock_api v0.4.9
[INFO] [stderr]    Compiling thiserror v1.0.40
[INFO] [stderr]    Compiling syn v1.0.109
[INFO] [stderr]    Compiling crossbeam-utils v0.8.15
[INFO] [stderr]     Checking ttf-parser v0.18.1
[INFO] [stderr]    Compiling wayland-sys v0.29.5
[INFO] [stderr]    Compiling memoffset v0.8.0
[INFO] [stderr]     Checking ab_glyph_rasterizer v0.1.8
[INFO] [stderr]    Compiling parking_lot_core v0.9.7
[INFO] [stderr]     Checking miniz_oxide v0.6.2
[INFO] [stderr]     Checking dlib v0.5.0
[INFO] [stderr]    Compiling crossbeam-epoch v0.9.14
[INFO] [stderr]     Checking flate2 v1.0.25
[INFO] [stderr]    Compiling slotmap v1.0.6
[INFO] [stderr]    Compiling syn v2.0.8
[INFO] [stderr]    Compiling wayland-scanner v0.29.5
[INFO] [stderr]    Compiling indexmap v1.9.2
[INFO] [stderr]    Compiling rayon-core v1.11.0
[INFO] [stderr]     Checking scoped-tls v1.0.1
[INFO] [stderr]     Checking nom v7.1.3
[INFO] [stderr]     Checking crossbeam-deque v0.8.3
[INFO] [stderr]     Checking crossbeam-channel v0.5.7
[INFO] [stderr]    Compiling ahash v0.8.3
[INFO] [stderr]     Checking getrandom v0.2.8
[INFO] [stderr]     Checking ahash v0.7.6
[INFO] [stderr]     Checking nix v0.24.3
[INFO] [stderr]     Checking parking_lot v0.12.1
[INFO] [stderr]     Checking hashbrown v0.12.3
[INFO] [stderr]     Checking owned_ttf_parser v0.18.1
[INFO] [stderr]     Checking ab_glyph v0.2.20
[INFO] [stderr]     Checking num_cpus v1.15.0
[INFO] [stderr]     Checking termcolor v1.2.0
[INFO] [stderr]    Compiling wayland-client v0.29.5
[INFO] [stderr]    Compiling wayland-protocols v0.29.5
[INFO] [stderr]     Checking raw-window-handle v0.5.1
[INFO] [stderr]    Compiling ash v0.37.2+1.3.238
[INFO] [stderr]     Checking bit-set v0.5.3
[INFO] [stderr]     Checking codespan-reporting v0.11.1
[INFO] [stderr]     Checking xcursor v0.3.4
[INFO] [stderr]     Checking nix v0.25.1
[INFO] [stderr]     Checking wayland-commons v0.29.5
[INFO] [stderr]     Checking png v0.17.7
[INFO] [stderr]    Compiling smithay-client-toolkit v0.16.0
[INFO] [stderr]     Checking strict-num v0.1.0
[INFO] [stderr]    Compiling futures-core v0.3.27
[INFO] [stderr]     Checking unicode-xid v0.2.4
[INFO] [stderr]     Checking arrayref v0.3.7
[INFO] [stderr]     Checking gpu-descriptor v0.2.3
[INFO] [stderr]    Compiling bytemuck_derive v1.4.1
[INFO] [stderr]    Compiling thiserror-impl v1.0.40
[INFO] [stderr]     Checking khronos-egl v4.1.0
[INFO] [stderr]     Checking memmap2 v0.5.10
[INFO] [stderr]    Compiling x11-dl v2.21.0
[INFO] [stderr]     Checking wgpu-types v0.15.2
[INFO] [stderr]     Checking glow v0.12.1
[INFO] [stderr]     Checking profiling v1.0.7
[INFO] [stderr]     Checking either v1.8.1
[INFO] [stderr]     Checking bytemuck v1.13.1
[INFO] [stderr]     Checking rayon v1.7.0
[INFO] [stderr]     Checking emath v0.21.0
[INFO] [stderr]     Checking tiny-skia-path v0.8.3
[INFO] [stderr]     Checking wayland-cursor v0.29.5
[INFO] [stderr]     Checking calloop v0.10.5
[INFO] [stderr]     Checking naga v0.11.0
[INFO] [stderr]     Checking ecolor v0.21.0
[INFO] [stderr]     Checking tiny-skia v0.8.3
[INFO] [stderr]    Compiling winit v0.28.3
[INFO] [stderr]     Checking epaint v0.21.0
[INFO] [stderr]     Checking nanorand v0.7.0
[INFO] [stderr]     Checking spin v0.9.6
[INFO] [stderr]    Compiling num-rational v0.4.1
[INFO] [stderr]     Checking futures-sink v0.3.27
[INFO] [stderr]     Checking atomic_refcell v0.1.9
[INFO] [stderr]     Checking emath v0.17.0
[INFO] [stderr]     Checking simd-adler32 v0.3.5
[INFO] [stderr]     Checking weezl v0.1.7
[INFO] [stderr]     Checking jpeg-decoder v0.3.0
[INFO] [stderr]     Checking zune-inflate v0.2.52
[INFO] [stderr]     Checking epaint v0.17.0
[INFO] [stderr]     Checking egui v0.21.0
[INFO] [stderr]    Compiling pin-project-internal v1.0.12
[INFO] [stderr]    Compiling tracing-attributes v0.1.23
[INFO] [stderr]     Checking num-integer v0.1.45
[INFO] [stderr]     Checking mio v0.8.6
[INFO] [stderr]     Checking tracing-core v0.1.30
[INFO] [stderr]     Checking pin-project v1.0.12
[INFO] [stderr]     Checking flume v0.10.14
[INFO] [stderr]    Compiling tokio v1.26.0
[INFO] [stderr]     Checking color_quant v1.1.0
[INFO] [stderr]     Checking lebe v0.5.2
[INFO] [stderr]     Checking percent-encoding v2.2.0
[INFO] [stderr]     Checking half v2.2.1
[INFO] [stderr]     Checking windows-targets v0.42.2
[INFO] [stderr]    Compiling anyhow v1.0.70
[INFO] [stderr]     Checking windows v0.46.0
[INFO] [stderr]     Checking tracing v0.1.37
[INFO] [stderr]     Checking gif v0.12.0
[INFO] [stderr]     Checking exr v1.6.3
[INFO] [stderr]     Checking egui v0.17.0
[INFO] [stderr]     Checking tiff v0.8.1
[INFO] [stderr]    Compiling tokio-macros v1.8.2
[INFO] [stderr]     Checking qoi v0.4.1
[INFO] [stderr]     Checking epi v0.17.0
[INFO] [stderr]     Checking image v0.24.6
[INFO] [stderr]     Checking wgpu-hal v0.15.4
[INFO] [stderr]     Checking win-screenshot v4.0.0
[INFO] [stdout] error[E0433]: failed to resolve: could not find `windows` in `os`
[INFO] [stdout]  --> /opt/rustwide/cargo-home/registry/src/index.crates.io-6f17d22bba15001f/win-screenshot-4.0.0/src/utils.rs:2:14
[INFO] [stdout]   |
[INFO] [stdout] 2 | use std::os::windows::ffi::OsStrExt;
[INFO] [stdout]   |              ^^^^^^^ could not find `windows` in `os`
[INFO] [stdout] 
[INFO] [stdout] 
[INFO] [stdout] error[E0599]: no method named `encode_wide` found for struct `OsString` in the current scope
[INFO] [stdout]   --> /opt/rustwide/cargo-home/registry/src/index.crates.io-6f17d22bba15001f/win-screenshot-4.0.0/src/utils.rs:26:22
[INFO] [stdout]    |
[INFO] [stdout] 25 | /                 OsString::from(window_name)
[INFO] [stdout] 26 | |                     .encode_wide()
[INFO] [stdout]    | |                     -^^^^^^^^^^^ method not found in `OsString`
[INFO] [stdout]    | |_____________________|
[INFO] [stdout]    | 
[INFO] [stdout] 
[INFO] [stdout] 
[INFO] [stdout] error: aborting due to 2 previous errors
[INFO] [stdout] 
[INFO] [stdout] 
[INFO] [stdout] Some errors have detailed explanations: E0433, E0599.
[INFO] [stdout] 
[INFO] [stdout] For more information about an error, try `rustc --explain E0433`.
[INFO] [stdout] 
[INFO] [stderr] error: could not compile `win-screenshot` (lib) due to 3 previous errors
[INFO] [stderr] warning: build failed, waiting for other jobs to finish...
[INFO] running `Command { std: "docker" "inspect" "4878a552696f5871497f021bb8c3f595c9c19a6602a22d11bf59a4356a5d02cd", kill_on_drop: false }`
[INFO] running `Command { std: "docker" "rm" "-f" "4878a552696f5871497f021bb8c3f595c9c19a6602a22d11bf59a4356a5d02cd", kill_on_drop: false }`
[INFO] [stdout] 4878a552696f5871497f021bb8c3f595c9c19a6602a22d11bf59a4356a5d02cd
