[INFO] cloning repository https://github.com/Its-its/Clipboard
[INFO] running `Command { std: "git" "-c" "credential.helper=" "-c" "credential.helper=/workspace/cargo-home/bin/git-credential-null" "clone" "--bare" "https://github.com/Its-its/Clipboard" "/workspace/cache/git-repos/https%3A%2F%2Fgithub.com%2FIts-its%2FClipboard", kill_on_drop: false }`
[INFO] [stderr] Cloning into bare repository '/workspace/cache/git-repos/https%3A%2F%2Fgithub.com%2FIts-its%2FClipboard'...
[INFO] running `Command { std: "git" "rev-parse" "HEAD", kill_on_drop: false }`
[INFO] [stdout] 2c91e696e1524f0260c740de1a9ccf1c9bc01fe9
[INFO] documenting Its-its/Clipboard against 1.75.0 for beta-1.76-rustdoc-1
[INFO] running `Command { std: "git" "clone" "/workspace/cache/git-repos/https%3A%2F%2Fgithub.com%2FIts-its%2FClipboard" "/workspace/builds/worker-7-tc1/source", kill_on_drop: false }`
[INFO] [stderr] Cloning into '/workspace/builds/worker-7-tc1/source'...
[INFO] [stderr] done.
[INFO] validating manifest of git repo https://github.com/Its-its/Clipboard on toolchain 1.75.0
[INFO] running `Command { std: CARGO_HOME="/workspace/cargo-home" RUSTUP_HOME="/workspace/rustup-home" "/workspace/cargo-home/bin/cargo" "+1.75.0" "metadata" "--manifest-path" "Cargo.toml" "--no-deps", kill_on_drop: false }`
[INFO] started tweaking git repo https://github.com/Its-its/Clipboard
[INFO] finished tweaking git repo https://github.com/Its-its/Clipboard
[INFO] tweaked toml for git repo https://github.com/Its-its/Clipboard written to /workspace/builds/worker-7-tc1/source/Cargo.toml
[INFO] crate git repo https://github.com/Its-its/Clipboard already has a lockfile, it will not be regenerated
[INFO] running `Command { std: CARGO_HOME="/workspace/cargo-home" RUSTUP_HOME="/workspace/rustup-home" "/workspace/cargo-home/bin/cargo" "+1.75.0" "fetch" "--manifest-path" "Cargo.toml", kill_on_drop: false }`
[INFO] [stderr] warning: virtual workspace defaulting to `resolver = "1"` despite one or more workspace members being on edition 2021 which implies `resolver = "2"`
[INFO] [stderr] note: to keep the current resolver, specify `workspace.resolver = "1"` in the workspace root's manifest
[INFO] [stderr] note: to use the edition 2021 resolver, specify `workspace.resolver = "2"` in the workspace root's manifest
[INFO] [stderr] note: for more details see https://doc.rust-lang.org/cargo/reference/resolver.html#resolver-versions
[INFO] [stderr]     Updating crates.io index
[INFO] [stderr]  Downloading crates ...
[INFO] [stderr]   Downloaded png v0.17.3
[INFO] [stderr]   Downloaded os_pipe v0.9.2
[INFO] [stderr]   Downloaded rusqlite v0.26.3
[INFO] [stderr]   Downloaded block-buffer v0.10.0
[INFO] [stderr]   Downloaded egui-winit v0.16.0
[INFO] [stderr]   Downloaded emath v0.16.0
[INFO] [stderr]   Downloaded epi v0.16.0
[INFO] [stderr]   Downloaded wayland-scanner v0.27.0
[INFO] [stderr]   Downloaded nanorand v0.6.1
[INFO] [stderr]   Downloaded wayland-client v0.27.0
[INFO] [stderr]   Downloaded wayland-protocols v0.27.0
[INFO] [stderr]   Downloaded egui v0.16.1
[INFO] [stderr]   Downloaded epaint v0.16.0
[INFO] [stderr]   Downloaded libsqlite3-sys v0.23.2
[INFO] [stderr]   Downloaded smithay-client-toolkit v0.15.3
[INFO] [stderr]   Downloaded tree_magic v0.2.3
[INFO] [stderr]   Downloaded wayland-commons v0.27.0
[INFO] [stderr]   Downloaded owned_ttf_parser v0.14.0
[INFO] [stderr]   Downloaded wayland-egl v0.29.4
[INFO] [stderr]   Downloaded wayland-sys v0.27.0
[INFO] [stderr]   Downloaded ab_glyph v0.2.13
[INFO] [stderr]   Downloaded num_enum v0.5.6
[INFO] [stderr]   Downloaded crypto-common v0.1.1
[INFO] [stderr]   Downloaded trayicon v0.1.3
[INFO] [stderr]   Downloaded num_enum_derive v0.5.6
[INFO] [stderr]   Downloaded smithay-clipboard v0.6.5
[INFO] [stderr]   Downloaded digest v0.10.1
[INFO] [stderr]   Downloaded wl-clipboard-rs v0.4.1
[INFO] [stderr]   Downloaded cli-clipboard v0.2.0
[INFO] [stderr]   Downloaded eframe v0.16.0
[INFO] [stderr]   Downloaded egui_glium v0.16.0
[INFO] [stderr]   Downloaded egui_web v0.16.0
[INFO] [stderr]   Downloaded windows-win v2.4.1
[INFO] [stderr]   Downloaded flume v0.10.10
[INFO] [stderr]   Downloaded ttf-parser v0.14.0
[INFO] [stderr]   Downloaded image v0.24.0
[INFO] [stderr]   Downloaded jpeg-decoder v0.2.2
[INFO] running `Command { std: "docker" "create" "-v" "/var/lib/crater-agent-workspace/builds/worker-7-tc1/target:/opt/rustwide/target:rw,Z" "-v" "/var/lib/crater-agent-workspace/builds/worker-7-tc1/source:/opt/rustwide/workdir:ro,Z" "-v" "/var/lib/crater-agent-workspace/cargo-home:/opt/rustwide/cargo-home:ro,Z" "-v" "/var/lib/crater-agent-workspace/rustup-home:/opt/rustwide/rustup-home:ro,Z" "-e" "SOURCE_DIR=/opt/rustwide/workdir" "-e" "CARGO_TARGET_DIR=/opt/rustwide/target" "-e" "CARGO_HOME=/opt/rustwide/cargo-home" "-e" "RUSTUP_HOME=/opt/rustwide/rustup-home" "-w" "/opt/rustwide/workdir" "-m" "1610612736" "--user" "0:0" "--network" "none" "ghcr.io/rust-lang/crates-build-env/linux@sha256:2788e3201cd34a07e3172128adcd8b3090168a8e3bcc40d7c032b9dda1df7d1c" "/opt/rustwide/cargo-home/bin/cargo" "+1.75.0" "metadata" "--no-deps" "--format-version=1", kill_on_drop: false }`
[INFO] [stdout] 923cfc2bce080734367265c0058670aabaa97be45c923574cfd607d5fb7015b4
[INFO] running `Command { std: "docker" "start" "-a" "923cfc2bce080734367265c0058670aabaa97be45c923574cfd607d5fb7015b4", kill_on_drop: false }`
[INFO] running `Command { std: "docker" "inspect" "923cfc2bce080734367265c0058670aabaa97be45c923574cfd607d5fb7015b4", kill_on_drop: false }`
[INFO] running `Command { std: "docker" "rm" "-f" "923cfc2bce080734367265c0058670aabaa97be45c923574cfd607d5fb7015b4", kill_on_drop: false }`
[INFO] [stdout] 923cfc2bce080734367265c0058670aabaa97be45c923574cfd607d5fb7015b4
[INFO] running `Command { std: "docker" "create" "-v" "/var/lib/crater-agent-workspace/builds/worker-7-tc1/target:/opt/rustwide/target:rw,Z" "-v" "/var/lib/crater-agent-workspace/builds/worker-7-tc1/source:/opt/rustwide/workdir:ro,Z" "-v" "/var/lib/crater-agent-workspace/cargo-home:/opt/rustwide/cargo-home:ro,Z" "-v" "/var/lib/crater-agent-workspace/rustup-home:/opt/rustwide/rustup-home:ro,Z" "-e" "SOURCE_DIR=/opt/rustwide/workdir" "-e" "CARGO_TARGET_DIR=/opt/rustwide/target" "-e" "CARGO_INCREMENTAL=0" "-e" "RUST_BACKTRACE=full" "-e" "RUSTFLAGS=--cap-lints=warn" "-e" "RUSTDOCFLAGS=--cap-lints=warn" "-e" "CARGO_HOME=/opt/rustwide/cargo-home" "-e" "RUSTUP_HOME=/opt/rustwide/rustup-home" "-w" "/opt/rustwide/workdir" "-m" "1610612736" "--user" "0:0" "--network" "none" "ghcr.io/rust-lang/crates-build-env/linux@sha256:2788e3201cd34a07e3172128adcd8b3090168a8e3bcc40d7c032b9dda1df7d1c" "/opt/rustwide/cargo-home/bin/cargo" "+1.75.0" "doc" "--frozen" "--no-deps" "--document-private-items" "--message-format=json", kill_on_drop: false }`
[INFO] [stdout] 90c3e91991d86a3ac7bad2078d59e7dffb3a582113a8a72febd391c65c0624fd
[INFO] running `Command { std: "docker" "start" "-a" "90c3e91991d86a3ac7bad2078d59e7dffb3a582113a8a72febd391c65c0624fd", kill_on_drop: false }`
[INFO] [stderr] warning: virtual workspace defaulting to `resolver = "1"` despite one or more workspace members being on edition 2021 which implies `resolver = "2"`
[INFO] [stderr] note: to keep the current resolver, specify `workspace.resolver = "1"` in the workspace root's manifest
[INFO] [stderr] note: to use the edition 2021 resolver, specify `workspace.resolver = "2"` in the workspace root's manifest
[INFO] [stderr] note: for more details see https://doc.rust-lang.org/cargo/reference/resolver.html#resolver-versions
[INFO] [stderr]    Compiling proc-macro2 v1.0.36
[INFO] [stderr]    Compiling unicode-xid v0.2.2
[INFO] [stderr]    Compiling libc v0.2.116
[INFO] [stderr]    Compiling syn v1.0.86
[INFO] [stderr]    Compiling autocfg v1.0.1
[INFO] [stderr]    Compiling version_check v0.9.3
[INFO] [stderr]    Compiling serde_derive v1.0.136
[INFO] [stderr]    Compiling serde v1.0.136
[INFO] [stderr]    Compiling pkg-config v0.3.19
[INFO] [stderr]    Compiling bitflags v1.2.1
[INFO] [stderr]     Checking once_cell v1.9.0
[INFO] [stderr]    Compiling log v0.4.14
[INFO] [stderr]     Checking smallvec v1.8.0
[INFO] [stderr]    Compiling memchr v2.3.4
[INFO] [stderr]    Compiling cc v1.0.67
[INFO] [stderr]     Checking libloading v0.7.3
[INFO] [stderr]     Checking lock_api v0.4.6
[INFO] [stderr]     Checking dlib v0.5.0
[INFO] [stderr]     Checking scoped-tls v1.0.0
[INFO] [stderr]    Compiling crossbeam-utils v0.8.7
[INFO] [stderr]     Checking void v1.0.2
[INFO] [stderr]     Checking gimli v0.24.0
[INFO] [stderr]     Checking rustc-demangle v0.1.21
[INFO] [stderr]     Checking object v0.24.0
[INFO] [stderr]     Checking instant v0.1.12
[INFO] [stderr]    Compiling nix v0.17.0
[INFO] [stderr]    Compiling typenum v1.15.0
[INFO] [stderr]    Compiling crossbeam-epoch v0.9.7
[INFO] [stderr]    Compiling memoffset v0.6.5
[INFO] [stderr]    Compiling ahash v0.7.6
[INFO] [stderr]    Compiling num-traits v0.2.14
[INFO] [stderr]    Compiling miniz_oxide v0.4.4
[INFO] [stderr]    Compiling num-integer v0.1.44
[INFO] [stderr]    Compiling wayland-sys v0.29.4
[INFO] [stderr]    Compiling nom v7.1.0
[INFO] [stderr]    Compiling unicase v2.6.0
[INFO] [stderr]    Compiling indexmap v1.8.0
[INFO] [stderr]    Compiling smithay-client-toolkit v0.15.3
[INFO] [stderr]    Compiling quote v1.0.15
[INFO] [stderr]    Compiling quick-xml v0.22.0
[INFO] [stderr]    Compiling wayland-sys v0.27.0
[INFO] [stderr]    Compiling proc-macro-error-attr v1.0.4
[INFO] [stderr]    Compiling wayland-scanner v0.29.4
[INFO] [stderr]    Compiling wayland-scanner v0.27.0
[INFO] [stderr]    Compiling x11-dl v2.19.1
[INFO] [stderr]    Compiling generic-array v0.14.5
[INFO] [stderr]    Compiling proc-macro-error v1.0.4
[INFO] [stderr]    Compiling backtrace v0.3.59
[INFO] [stderr]    Compiling failure_derive v0.1.8
[INFO] [stderr]    Compiling rayon-core v1.9.1
[INFO] [stderr]     Checking crossbeam-channel v0.5.2
[INFO] [stderr]     Checking adler32 v1.2.0
[INFO] [stderr]     Checking unicode-width v0.1.9
[INFO] [stderr]    Compiling futures-core v0.3.21
[INFO] [stderr]     Checking getrandom v0.2.4
[INFO] [stderr]     Checking nix v0.22.3
[INFO] [stderr]     Checking memmap2 v0.3.1
[INFO] [stderr]     Checking parking_lot_core v0.8.5
[INFO] [stderr]     Checking num_cpus v1.13.1
[INFO] [stderr]     Checking time v0.1.44
[INFO] [stderr]     Checking atty v0.2.11
[INFO] [stderr]     Checking term_size v0.3.2
[INFO] [stderr]    Compiling xcb v0.10.1
[INFO] [stderr]     Checking parking_lot v0.11.2
[INFO] [stderr]     Checking ttf-parser v0.14.0
[INFO] [stderr]    Compiling unicode-segmentation v1.9.0
[INFO] [stderr]     Checking textwrap v0.11.0
[INFO] [stderr]     Checking chrono v0.4.19
[INFO] [stderr]     Checking crossbeam-deque v0.8.1
[INFO] [stderr]    Compiling mime_guess v2.0.3
[INFO] [stderr]     Checking addr2line v0.15.2
[INFO] [stderr]     Checking parking_lot_core v0.7.2
[INFO] [stderr]    Compiling heck v0.3.3
[INFO] [stderr]     Checking memchr v1.0.2
[INFO] [stderr]    Compiling wayland-client v0.27.0
[INFO] [stderr]    Compiling wayland-protocols v0.27.0
[INFO] [stderr]    Compiling rayon v1.5.1
[INFO] [stderr]    Compiling wayland-client v0.29.4
[INFO] [stderr]    Compiling wayland-protocols v0.29.4
[INFO] [stderr]     Checking xcursor v0.3.4
[INFO] [stderr]     Checking unreachable v1.0.0
[INFO] [stderr]     Checking lock_api v0.3.4
[INFO] [stderr]    Compiling vcpkg v0.2.11
[INFO] [stderr]     Checking ab_glyph_rasterizer v0.1.4
[INFO] [stderr]    Compiling serde_json v1.0.78
[INFO] [stderr]     Checking lazy_static v0.2.11
[INFO] [stderr]    Compiling anyhow v1.0.53
[INFO] [stderr]     Checking fixedbitset v0.2.0
[INFO] [stderr]     Checking ryu v1.0.9
[INFO] [stderr]    Compiling winit v0.26.1
[INFO] [stderr]     Checking clap v2.34.0
[INFO] [stderr]     Checking thread_local v0.3.4
[INFO] [stderr]     Checking parking_lot v0.10.2
[INFO] [stderr]     Checking raw-window-handle v0.4.2
[INFO] [stderr]     Checking owned_ttf_parser v0.14.0
[INFO] [stderr]     Checking nom v3.2.1
[INFO] [stderr]     Checking ab_glyph v0.2.13
[INFO] [stderr]     Checking nanorand v0.6.1
[INFO] [stderr]     Checking deflate v1.0.0
[INFO] [stderr]    Compiling num-rational v0.4.0
[INFO] [stderr]    Compiling libsqlite3-sys v0.23.2
[INFO] [stderr]    Compiling num-iter v0.1.42
[INFO] [stderr]     Checking spin v0.9.2
[INFO] [stderr]     Checking remove_dir_all v0.5.3
[INFO] [stderr]    Compiling convert_case v0.4.0
[INFO] [stderr]     Checking base64 v0.13.0
[INFO] [stderr]     Checking percent-encoding v2.1.0
[INFO] [stderr]     Checking termcolor v1.1.2
[INFO] [stderr]     Checking mime v0.3.16
[INFO] [stderr]     Checking either v1.6.1
[INFO] [stderr]     Checking futures-sink v0.3.21
[INFO] [stderr]     Checking itoa v1.0.1
[INFO] [stderr]     Checking atomic_refcell v0.1.8
[INFO] [stderr]     Checking fastrand v1.7.0
[INFO] [stderr]     Checking nohash-hasher v0.2.0
[INFO] [stderr]     Checking weezl v0.1.5
[INFO] [stderr]     Checking tempfile v3.3.0
[INFO] [stderr]     Checking nix v0.18.0
[INFO] [stderr]     Checking crypto-common v0.1.1
[INFO] [stderr]     Checking block-buffer v0.10.0
[INFO] [stderr]     Checking wayland-commons v0.27.0
[INFO] [stderr]     Checking wayland-commons v0.29.4
[INFO] [stderr]     Checking flate2 v1.0.22
[INFO] [stderr]     Checking threadpool v1.8.1
[INFO] [stderr]     Checking dirs-sys-next v0.1.2
[INFO] [stderr]     Checking shared_library v0.1.9
[INFO] [stderr]     Checking os_pipe v0.9.2
[INFO] [stderr]     Checking inflate v0.4.5
[INFO] [stderr]     Checking miniz_oxide v0.5.1
[INFO] [stderr]     Checking jpeg-decoder v0.1.22
[INFO] [stderr]     Checking lebe v0.5.1
[INFO] [stderr]     Checking half v1.8.2
[INFO] [stderr]     Checking gif v0.11.3
[INFO] [stderr]     Checking osmesa-sys v0.1.2
[INFO] [stderr]     Checking directories-next v2.0.0
[INFO] [stderr]     Checking digest v0.10.1
[INFO] [stderr]     Checking cpufeatures v0.2.1
[INFO] [stderr]     Checking fallible-iterator v0.2.0
[INFO] [stderr]     Checking traitobject v0.1.0
[INFO] [stderr]     Checking linked-hash-map v0.5.4
[INFO] [stderr]     Checking fallible-streaming-iterator v0.1.9
[INFO] [stderr]     Checking bytemuck v1.7.3
[INFO] [stderr]     Checking unsafe-any v0.4.2
[INFO] [stderr]     Checking tiff v0.7.1
[INFO] [stderr]     Checking png v0.17.3
[INFO] [stderr]     Checking sha2 v0.10.1
[INFO] [stderr]     Checking ordered-float v2.10.0
[INFO] [stderr]    Compiling synstructure v0.12.6
[INFO] [stderr]     Checking yaml-rust v0.4.5
[INFO] [stderr]     Checking aho-corasick v0.7.15
[INFO] [stderr]     Checking webbrowser v0.5.5
[INFO] [stderr]     Checking takeable-option v0.5.0
[INFO] [stderr]     Checking regex-syntax v0.6.25
[INFO] [stderr]     Checking typemap v0.3.3
[INFO] [stderr]     Checking thread-id v3.3.0
[INFO] [stderr]     Checking arc-swap v0.4.8
[INFO] [stderr]     Checking log-mdc v0.1.0
[INFO] [stderr]    Compiling winapi v0.3.9
[INFO] [stderr]     Checking humantime v2.1.0
[INFO] [stderr]    Compiling clipboard-app v0.1.0 (/opt/rustwide/workdir/application)
[INFO] [stderr]     Checking trayicon v0.1.3
[INFO] [stdout] error[E0432]: unresolved import `crate::sys`
[INFO] [stdout]   --> /opt/rustwide/cargo-home/registry/src/index.crates.io-6f17d22bba15001f/trayicon-0.1.3/src/lib.rs:22:23
[INFO] [stdout]    |
[INFO] [stdout] 22 | pub(crate) use crate::sys::{
[INFO] [stdout]    |                       ^^^ could not find `sys` in the crate root
[INFO] [stdout] 
[INFO] [stdout] 
[INFO] [stderr] error: failed to run custom build command for `clipboard-app v0.1.0 (/opt/rustwide/workdir/application)`
[INFO] [stderr] note: To improve backtraces for build dependencies, set the CARGO_PROFILE_DEV_BUILD_OVERRIDE_DEBUG=true environment variable to enable debug information generation.
[INFO] [stderr] 
[INFO] [stderr] Caused by:
[INFO] [stderr]   process didn't exit successfully: `/opt/rustwide/target/debug/build/clipboard-app-b9bb4e4305a88826/build-script-build` (exit status: 101)
[INFO] [stderr]   --- stderr
[INFO] [stderr]   thread 'main' panicked at application/build.rs:18:5:
[INFO] [stderr]   Non Windows not implemented.
[INFO] [stderr]   stack backtrace:
[INFO] [stderr]      0:     0x5600c871ed1c - std::backtrace_rs::backtrace::libunwind::trace::ha637c64ce894333a
[INFO] [stderr]                                  at /rustc/82e1608dfa6e0b5569232559e3d385fea5a93112/library/std/src/../../backtrace/src/backtrace/libunwind.rs:104:5
[INFO] [stderr]      1:     0x5600c871ed1c - std::backtrace_rs::backtrace::trace_unsynchronized::h47f62dea28e0c88d
[INFO] [stderr]                                  at /rustc/82e1608dfa6e0b5569232559e3d385fea5a93112/library/std/src/../../backtrace/src/backtrace/mod.rs:66:5
[INFO] [stderr]      2:     0x5600c871ed1c - std::sys_common::backtrace::_print_fmt::h9eef0abe20ede486
[INFO] [stderr]                                  at /rustc/82e1608dfa6e0b5569232559e3d385fea5a93112/library/std/src/sys_common/backtrace.rs:67:5
[INFO] [stderr]      3:     0x5600c871ed1c - <std::sys_common::backtrace::_print::DisplayBacktrace as core::fmt::Display>::fmt::hed7f999df88cc644
[INFO] [stderr]                                  at /rustc/82e1608dfa6e0b5569232559e3d385fea5a93112/library/std/src/sys_common/backtrace.rs:44:22
[INFO] [stderr]      4:     0x5600c873e600 - core::fmt::rt::Argument::fmt::h1539a9308b8d058d
[INFO] [stderr]                                  at /rustc/82e1608dfa6e0b5569232559e3d385fea5a93112/library/core/src/fmt/rt.rs:142:9
[INFO] [stderr]      5:     0x5600c873e600 - core::fmt::write::h3a39390d8560d9c9
[INFO] [stderr]                                  at /rustc/82e1608dfa6e0b5569232559e3d385fea5a93112/library/core/src/fmt/mod.rs:1120:17
[INFO] [stderr]      6:     0x5600c871d1cf - std::io::Write::write_fmt::h5fc9997dfe05f882
[INFO] [stderr]                                  at /rustc/82e1608dfa6e0b5569232559e3d385fea5a93112/library/std/src/io/mod.rs:1762:15
[INFO] [stderr]      7:     0x5600c871eb04 - std::sys_common::backtrace::_print::h894006fb5c6f3d45
[INFO] [stderr]                                  at /rustc/82e1608dfa6e0b5569232559e3d385fea5a93112/library/std/src/sys_common/backtrace.rs:47:5
[INFO] [stderr]      8:     0x5600c871eb04 - std::sys_common::backtrace::print::h23a2d212c6fff936
[INFO] [stderr]                                  at /rustc/82e1608dfa6e0b5569232559e3d385fea5a93112/library/std/src/sys_common/backtrace.rs:34:9
[INFO] [stderr]      9:     0x5600c8720017 - std::panicking::default_hook::{{closure}}::h8a1d2ee00185001a
[INFO] [stderr]     10:     0x5600c871fd7f - std::panicking::default_hook::h6038f2eba384e475
[INFO] [stderr]                                  at /rustc/82e1608dfa6e0b5569232559e3d385fea5a93112/library/std/src/panicking.rs:292:9
[INFO] [stderr]     11:     0x5600c8720498 - std::panicking::rust_panic_with_hook::h2b5517d590cab22e
[INFO] [stderr]                                  at /rustc/82e1608dfa6e0b5569232559e3d385fea5a93112/library/std/src/panicking.rs:779:13
[INFO] [stderr]     12:     0x5600c8720349 - std::panicking::begin_panic_handler::{{closure}}::h233112c06e0ef43e
[INFO] [stderr]                                  at /rustc/82e1608dfa6e0b5569232559e3d385fea5a93112/library/std/src/panicking.rs:649:13
[INFO] [stderr]     13:     0x5600c871f1e6 - std::sys_common::backtrace::__rust_end_short_backtrace::h6e893f24d7ebbff8
[INFO] [stderr]                                  at /rustc/82e1608dfa6e0b5569232559e3d385fea5a93112/library/std/src/sys_common/backtrace.rs:170:18
[INFO] [stderr]     14:     0x5600c87200e2 - rust_begin_unwind
[INFO] [stderr]                                  at /rustc/82e1608dfa6e0b5569232559e3d385fea5a93112/library/std/src/panicking.rs:645:5
[INFO] [stderr]     15:     0x5600c8703df5 - core::panicking::panic_fmt::hbf0e066aabfa482c
[INFO] [stderr]                                  at /rustc/82e1608dfa6e0b5569232559e3d385fea5a93112/library/core/src/panicking.rs:72:14
[INFO] [stderr]     16:     0x5600c87047a2 - build_script_build::main::hda21698ad4b8cc00
[INFO] [stderr]     17:     0x5600c8704703 - core::ops::function::FnOnce::call_once::h653526720f9ef7e2
[INFO] [stderr]     18:     0x5600c87045e6 - std::sys_common::backtrace::__rust_begin_short_backtrace::h5a520d5d48a54315
[INFO] [stderr]     19:     0x5600c8704639 - std::rt::lang_start::{{closure}}::h8c173c09959561dc
[INFO] [stderr]     20:     0x5600c871b217 - core::ops::function::impls::<impl core::ops::function::FnOnce<A> for &F>::call_once::hd95060ecd5e1ca24
[INFO] [stderr]                                  at /rustc/82e1608dfa6e0b5569232559e3d385fea5a93112/library/core/src/ops/function.rs:284:13
[INFO] [stderr]     21:     0x5600c871b217 - std::panicking::try::do_call::h6e8cf51db32a6e4b
[INFO] [stderr]                                  at /rustc/82e1608dfa6e0b5569232559e3d385fea5a93112/library/std/src/panicking.rs:552:40
[INFO] [stderr]     22:     0x5600c871b217 - std::panicking::try::h3a52eefe24fe3c29
[INFO] [stderr]                                  at /rustc/82e1608dfa6e0b5569232559e3d385fea5a93112/library/std/src/panicking.rs:516:19
[INFO] [stderr]     23:     0x5600c871b217 - std::panic::catch_unwind::h24c28c23c02c3841
[INFO] [stderr]                                  at /rustc/82e1608dfa6e0b5569232559e3d385fea5a93112/library/std/src/panic.rs:142:14
[INFO] [stderr]     24:     0x5600c871b217 - std::rt::lang_start_internal::{{closure}}::h705d3c9cbc06ef47
[INFO] [stderr]                                  at /rustc/82e1608dfa6e0b5569232559e3d385fea5a93112/library/std/src/rt.rs:148:48
[INFO] [stderr]     25:     0x5600c871b217 - std::panicking::try::do_call::ha21f52ba13158470
[INFO] [stderr]                                  at /rustc/82e1608dfa6e0b5569232559e3d385fea5a93112/library/std/src/panicking.rs:552:40
[INFO] [stderr]     26:     0x5600c871b217 - std::panicking::try::h5581346bf6aeb1f8
[INFO] [stderr]                                  at /rustc/82e1608dfa6e0b5569232559e3d385fea5a93112/library/std/src/panicking.rs:516:19
[INFO] [stderr]     27:     0x5600c871b217 - std::panic::catch_unwind::h7919645a6b72e25b
[INFO] [stderr]                                  at /rustc/82e1608dfa6e0b5569232559e3d385fea5a93112/library/std/src/panic.rs:142:14
[INFO] [stderr]     28:     0x5600c871b217 - std::rt::lang_start_internal::h12de51168669836e
[INFO] [stderr]                                  at /rustc/82e1608dfa6e0b5569232559e3d385fea5a93112/library/std/src/rt.rs:148:20
[INFO] [stderr]     29:     0x5600c8704617 - std::rt::lang_start::h2eeb5a241cfd8b95
[INFO] [stderr]     30:     0x5600c87047c5 - main
[INFO] [stderr]     31:     0x7fec3f605d90 - <unknown>
[INFO] [stderr]     32:     0x7fec3f605e40 - __libc_start_main
[INFO] [stderr]     33:     0x5600c8704515 - _start
[INFO] [stderr]     34:                0x0 - <unknown>
[INFO] [stderr] warning: build failed, waiting for other jobs to finish...
[INFO] [stdout] error: aborting due to previous error
[INFO] [stdout] 
[INFO] [stdout] 
[INFO] [stdout] For more information about this error, try `rustc --explain E0432`.
[INFO] [stdout] 
[INFO] [stderr] error: could not compile `trayicon` (lib) due to 2 previous errors
[INFO] running `Command { std: "docker" "inspect" "90c3e91991d86a3ac7bad2078d59e7dffb3a582113a8a72febd391c65c0624fd", kill_on_drop: false }`
[INFO] running `Command { std: "docker" "rm" "-f" "90c3e91991d86a3ac7bad2078d59e7dffb3a582113a8a72febd391c65c0624fd", kill_on_drop: false }`
[INFO] [stdout] 90c3e91991d86a3ac7bad2078d59e7dffb3a582113a8a72febd391c65c0624fd
[INFO] documenting Its-its/Clipboard against beta-2023-12-22 for beta-1.76-rustdoc-1
[INFO] running `Command { std: "git" "clone" "/workspace/cache/git-repos/https%3A%2F%2Fgithub.com%2FIts-its%2FClipboard" "/workspace/builds/worker-7-tc2/source", kill_on_drop: false }`
[INFO] [stderr] Cloning into '/workspace/builds/worker-7-tc2/source'...
[INFO] [stderr] done.
[INFO] validating manifest of git repo https://github.com/Its-its/Clipboard on toolchain beta-2023-12-22
[INFO] running `Command { std: CARGO_HOME="/workspace/cargo-home" RUSTUP_HOME="/workspace/rustup-home" "/workspace/cargo-home/bin/cargo" "+beta-2023-12-22" "metadata" "--manifest-path" "Cargo.toml" "--no-deps", kill_on_drop: false }`
[INFO] started tweaking git repo https://github.com/Its-its/Clipboard
[INFO] finished tweaking git repo https://github.com/Its-its/Clipboard
[INFO] tweaked toml for git repo https://github.com/Its-its/Clipboard written to /workspace/builds/worker-7-tc2/source/Cargo.toml
[INFO] crate git repo https://github.com/Its-its/Clipboard already has a lockfile, it will not be regenerated
[INFO] running `Command { std: CARGO_HOME="/workspace/cargo-home" RUSTUP_HOME="/workspace/rustup-home" "/workspace/cargo-home/bin/cargo" "+beta-2023-12-22" "fetch" "--manifest-path" "Cargo.toml", kill_on_drop: false }`
[INFO] [stderr] warning: virtual workspace defaulting to `resolver = "1"` despite one or more workspace members being on edition 2021 which implies `resolver = "2"`
[INFO] [stderr] note: to keep the current resolver, specify `workspace.resolver = "1"` in the workspace root's manifest
[INFO] [stderr] note: to use the edition 2021 resolver, specify `workspace.resolver = "2"` in the workspace root's manifest
[INFO] [stderr] note: for more details see https://doc.rust-lang.org/cargo/reference/resolver.html#resolver-versions
[INFO] running `Command { std: "docker" "create" "-v" "/var/lib/crater-agent-workspace/builds/worker-7-tc2/target:/opt/rustwide/target:rw,Z" "-v" "/var/lib/crater-agent-workspace/builds/worker-7-tc2/source:/opt/rustwide/workdir:ro,Z" "-v" "/var/lib/crater-agent-workspace/cargo-home:/opt/rustwide/cargo-home:ro,Z" "-v" "/var/lib/crater-agent-workspace/rustup-home:/opt/rustwide/rustup-home:ro,Z" "-e" "SOURCE_DIR=/opt/rustwide/workdir" "-e" "CARGO_TARGET_DIR=/opt/rustwide/target" "-e" "CARGO_HOME=/opt/rustwide/cargo-home" "-e" "RUSTUP_HOME=/opt/rustwide/rustup-home" "-w" "/opt/rustwide/workdir" "-m" "1610612736" "--user" "0:0" "--network" "none" "ghcr.io/rust-lang/crates-build-env/linux@sha256:2788e3201cd34a07e3172128adcd8b3090168a8e3bcc40d7c032b9dda1df7d1c" "/opt/rustwide/cargo-home/bin/cargo" "+beta-2023-12-22" "metadata" "--no-deps" "--format-version=1", kill_on_drop: false }`
[INFO] [stdout] f8ac3276123b142831f91f4e09bb695bbc039a66a4a76d9572c30165f29be5d9
[INFO] running `Command { std: "docker" "start" "-a" "f8ac3276123b142831f91f4e09bb695bbc039a66a4a76d9572c30165f29be5d9", kill_on_drop: false }`
[INFO] running `Command { std: "docker" "inspect" "f8ac3276123b142831f91f4e09bb695bbc039a66a4a76d9572c30165f29be5d9", kill_on_drop: false }`
[INFO] running `Command { std: "docker" "rm" "-f" "f8ac3276123b142831f91f4e09bb695bbc039a66a4a76d9572c30165f29be5d9", kill_on_drop: false }`
[INFO] [stdout] f8ac3276123b142831f91f4e09bb695bbc039a66a4a76d9572c30165f29be5d9
[INFO] running `Command { std: "docker" "create" "-v" "/var/lib/crater-agent-workspace/builds/worker-7-tc2/target:/opt/rustwide/target:rw,Z" "-v" "/var/lib/crater-agent-workspace/builds/worker-7-tc2/source:/opt/rustwide/workdir:ro,Z" "-v" "/var/lib/crater-agent-workspace/cargo-home:/opt/rustwide/cargo-home:ro,Z" "-v" "/var/lib/crater-agent-workspace/rustup-home:/opt/rustwide/rustup-home:ro,Z" "-e" "SOURCE_DIR=/opt/rustwide/workdir" "-e" "CARGO_TARGET_DIR=/opt/rustwide/target" "-e" "CARGO_INCREMENTAL=0" "-e" "RUST_BACKTRACE=full" "-e" "RUSTFLAGS=--cap-lints=warn" "-e" "RUSTDOCFLAGS=--cap-lints=warn" "-e" "CARGO_HOME=/opt/rustwide/cargo-home" "-e" "RUSTUP_HOME=/opt/rustwide/rustup-home" "-w" "/opt/rustwide/workdir" "-m" "1610612736" "--user" "0:0" "--network" "none" "ghcr.io/rust-lang/crates-build-env/linux@sha256:2788e3201cd34a07e3172128adcd8b3090168a8e3bcc40d7c032b9dda1df7d1c" "/opt/rustwide/cargo-home/bin/cargo" "+beta-2023-12-22" "doc" "--frozen" "--no-deps" "--document-private-items" "--message-format=json", kill_on_drop: false }`
[INFO] [stdout] 46b92c93df81975d0ee0baad7b95f734eade1dc71f29cdffa2d785bc1abf09be
[INFO] running `Command { std: "docker" "start" "-a" "46b92c93df81975d0ee0baad7b95f734eade1dc71f29cdffa2d785bc1abf09be", kill_on_drop: false }`
[INFO] [stderr] warning: virtual workspace defaulting to `resolver = "1"` despite one or more workspace members being on edition 2021 which implies `resolver = "2"`
[INFO] [stderr] note: to keep the current resolver, specify `workspace.resolver = "1"` in the workspace root's manifest
[INFO] [stderr] note: to use the edition 2021 resolver, specify `workspace.resolver = "2"` in the workspace root's manifest
[INFO] [stderr] note: for more details see https://doc.rust-lang.org/cargo/reference/resolver.html#resolver-versions
[INFO] [stderr]    Compiling proc-macro2 v1.0.36
[INFO] [stderr]    Compiling unicode-xid v0.2.2
[INFO] [stderr]    Compiling libc v0.2.116
[INFO] [stderr]    Compiling syn v1.0.86
[INFO] [stderr]    Compiling autocfg v1.0.1
[INFO] [stderr]    Compiling version_check v0.9.3
[INFO] [stderr]    Compiling serde_derive v1.0.136
[INFO] [stderr]    Compiling serde v1.0.136
[INFO] [stderr]    Compiling pkg-config v0.3.19
[INFO] [stderr]    Compiling bitflags v1.2.1
[INFO] [stderr]     Checking once_cell v1.9.0
[INFO] [stderr]    Compiling log v0.4.14
[INFO] [stderr]     Checking smallvec v1.8.0
[INFO] [stderr]    Compiling memchr v2.3.4
[INFO] [stderr]    Compiling cc v1.0.67
[INFO] [stderr]     Checking libloading v0.7.3
[INFO] [stderr]     Checking lock_api v0.4.6
[INFO] [stderr]    Compiling crossbeam-utils v0.8.7
[INFO] [stderr]     Checking dlib v0.5.0
[INFO] [stderr]     Checking scoped-tls v1.0.0
[INFO] [stderr]     Checking gimli v0.24.0
[INFO] [stderr]     Checking void v1.0.2
[INFO] [stderr]     Checking object v0.24.0
[INFO] [stderr]     Checking rustc-demangle v0.1.21
[INFO] [stderr]     Checking instant v0.1.12
[INFO] [stderr]    Compiling ahash v0.7.6
[INFO] [stderr]    Compiling nom v7.1.0
[INFO] [stderr]    Compiling memoffset v0.6.5
[INFO] [stderr]    Compiling num-traits v0.2.14
[INFO] [stderr]    Compiling miniz_oxide v0.4.4
[INFO] [stderr]    Compiling num-integer v0.1.44
[INFO] [stderr]    Compiling quick-xml v0.22.0
[INFO] [stderr]    Compiling indexmap v1.8.0
[INFO] [stderr]    Compiling unicase v2.6.0
[INFO] [stderr]    Compiling wayland-sys v0.29.4
[INFO] [stderr]    Compiling smithay-client-toolkit v0.15.3
[INFO] [stderr]    Compiling wayland-sys v0.27.0
[INFO] [stderr]    Compiling proc-macro-error-attr v1.0.4
[INFO] [stderr]    Compiling quote v1.0.15
[INFO] [stderr]    Compiling nix v0.17.0
[INFO] [stderr]    Compiling wayland-scanner v0.29.4
[INFO] [stderr]    Compiling wayland-scanner v0.27.0
[INFO] [stderr]    Compiling backtrace v0.3.59
[INFO] [stderr]    Compiling typenum v1.15.0
[INFO] [stderr]    Compiling crossbeam-epoch v0.9.7
[INFO] [stderr]    Compiling x11-dl v2.19.1
[INFO] [stderr]    Compiling generic-array v0.14.5
[INFO] [stderr]    Compiling proc-macro-error v1.0.4
[INFO] [stderr]    Compiling failure_derive v0.1.8
[INFO] [stderr]     Checking getrandom v0.2.4
[INFO] [stderr]     Checking nix v0.22.3
[INFO] [stderr]     Checking num_cpus v1.13.1
[INFO] [stderr]     Checking parking_lot_core v0.8.5
[INFO] [stderr]     Checking time v0.1.44
[INFO] [stderr]    Compiling xcb v0.10.1
[INFO] [stderr]     Checking memmap2 v0.3.1
[INFO] [stderr]    Compiling rayon-core v1.9.1
[INFO] [stderr]     Checking parking_lot v0.11.2
[INFO] [stderr]     Checking term_size v0.3.2
[INFO] [stderr]     Checking atty v0.2.11
[INFO] [stderr]     Checking crossbeam-channel v0.5.2
[INFO] [stderr]    Compiling unicode-segmentation v1.9.0
[INFO] [stderr]     Checking unicode-width v0.1.9
[INFO] [stderr]     Checking chrono v0.4.19
[INFO] [stderr]     Checking adler32 v1.2.0
[INFO] [stderr]     Checking addr2line v0.15.2
[INFO] [stderr]     Checking ttf-parser v0.14.0
[INFO] [stderr]    Compiling futures-core v0.3.21
[INFO] [stderr]     Checking xcursor v0.3.4
[INFO] [stderr]    Compiling heck v0.3.3
[INFO] [stderr]    Compiling mime_guess v2.0.3
[INFO] [stderr]     Checking textwrap v0.11.0
[INFO] [stderr]     Checking crossbeam-deque v0.8.1
[INFO] [stderr]     Checking parking_lot_core v0.7.2
[INFO] [stderr]     Checking memchr v1.0.2
[INFO] [stderr]    Compiling rayon v1.5.1
[INFO] [stderr]    Compiling wayland-client v0.27.0
[INFO] [stderr]    Compiling wayland-protocols v0.27.0
[INFO] [stderr]    Compiling wayland-client v0.29.4
[INFO] [stderr]    Compiling wayland-protocols v0.29.4
[INFO] [stderr]     Checking unreachable v1.0.0
[INFO] [stderr]     Checking lock_api v0.3.4
[INFO] [stderr]    Compiling anyhow v1.0.53
[INFO] [stderr]     Checking ab_glyph_rasterizer v0.1.4
[INFO] [stderr]    Compiling serde_json v1.0.78
[INFO] [stderr]    Compiling winit v0.26.1
[INFO] [stderr]     Checking fixedbitset v0.2.0
[INFO] [stderr]    Compiling vcpkg v0.2.11
[INFO] [stderr]     Checking ryu v1.0.9
[INFO] [stderr]     Checking lazy_static v0.2.11
[INFO] [stderr]     Checking clap v2.34.0
[INFO] [stderr]     Checking thread_local v0.3.4
[INFO] [stderr]     Checking parking_lot v0.10.2
[INFO] [stderr]     Checking raw-window-handle v0.4.2
[INFO] [stderr]     Checking nom v3.2.1
[INFO] [stderr]     Checking deflate v1.0.0
[INFO] [stderr]     Checking nanorand v0.6.1
[INFO] [stderr]     Checking owned_ttf_parser v0.14.0
[INFO] [stderr]     Checking ab_glyph v0.2.13
[INFO] [stderr]    Compiling num-rational v0.4.0
[INFO] [stderr]    Compiling num-iter v0.1.42
[INFO] [stderr]    Compiling libsqlite3-sys v0.23.2
[INFO] [stderr]     Checking spin v0.9.2
[INFO] [stderr]     Checking remove_dir_all v0.5.3
[INFO] [stderr]     Checking atomic_refcell v0.1.8
[INFO] [stderr]     Checking percent-encoding v2.1.0
[INFO] [stderr]     Checking fastrand v1.7.0
[INFO] [stderr]     Checking nohash-hasher v0.2.0
[INFO] [stderr]     Checking base64 v0.13.0
[INFO] [stderr]     Checking termcolor v1.1.2
[INFO] [stderr]    Compiling convert_case v0.4.0
[INFO] [stderr]     Checking weezl v0.1.5
[INFO] [stderr]     Checking mime v0.3.16
[INFO] [stderr]     Checking itoa v1.0.1
[INFO] [stderr]     Checking futures-sink v0.3.21
[INFO] [stderr]     Checking wayland-commons v0.27.0
[INFO] [stderr]     Checking either v1.6.1
[INFO] [stderr]     Checking tempfile v3.3.0
[INFO] [stderr]     Checking wayland-commons v0.29.4
[INFO] [stderr]     Checking nix v0.18.0
[INFO] [stderr]     Checking crypto-common v0.1.1
[INFO] [stderr]     Checking block-buffer v0.10.0
[INFO] [stderr]     Checking flate2 v1.0.22
[INFO] [stderr]     Checking inflate v0.4.5
[INFO] [stderr]     Checking threadpool v1.8.1
[INFO] [stderr]     Checking dirs-sys-next v0.1.2
[INFO] [stderr]     Checking shared_library v0.1.9
[INFO] [stderr]     Checking os_pipe v0.9.2
[INFO] [stderr]     Checking miniz_oxide v0.5.1
[INFO] [stderr]     Checking half v1.8.2
[INFO] [stderr]     Checking lebe v0.5.1
[INFO] [stderr]     Checking jpeg-decoder v0.1.22
[INFO] [stderr]     Checking osmesa-sys v0.1.2
[INFO] [stderr]     Checking directories-next v2.0.0
[INFO] [stderr]     Checking gif v0.11.3
[INFO] [stderr]     Checking digest v0.10.1
[INFO] [stderr]     Checking fallible-iterator v0.2.0
[INFO] [stderr]     Checking fallible-streaming-iterator v0.1.9
[INFO] [stderr]     Checking linked-hash-map v0.5.4
[INFO] [stderr]     Checking traitobject v0.1.0
[INFO] [stderr]     Checking cpufeatures v0.2.1
[INFO] [stderr]     Checking bytemuck v1.7.3
[INFO] [stderr]     Checking png v0.17.3
[INFO] [stderr]     Checking sha2 v0.10.1
[INFO] [stderr]     Checking unsafe-any v0.4.2
[INFO] [stderr]     Checking yaml-rust v0.4.5
[INFO] [stderr]     Checking tiff v0.7.1
[INFO] [stderr]     Checking ordered-float v2.10.0
[INFO] [stderr]     Checking aho-corasick v0.7.15
[INFO] [stderr]     Checking regex-syntax v0.6.25
[INFO] [stderr]     Checking webbrowser v0.5.5
[INFO] [stderr]    Compiling synstructure v0.12.6
[INFO] [stderr]     Checking takeable-option v0.5.0
[INFO] [stderr]     Checking typemap v0.3.3
[INFO] [stderr]     Checking thread-id v3.3.0
[INFO] [stderr]    Compiling winapi v0.3.9
[INFO] [stderr]     Checking log-mdc v0.1.0
[INFO] [stderr]     Checking arc-swap v0.4.8
[INFO] [stderr]     Checking humantime v2.1.0
[INFO] [stderr]    Compiling clipboard-app v0.1.0 (/opt/rustwide/workdir/application)
[INFO] [stderr]     Checking trayicon v0.1.3
[INFO] [stdout] error[E0432]: unresolved import `crate::sys`
[INFO] [stdout]   --> /opt/rustwide/cargo-home/registry/src/index.crates.io-6f17d22bba15001f/trayicon-0.1.3/src/lib.rs:22:23
[INFO] [stdout]    |
[INFO] [stdout] 22 | pub(crate) use crate::sys::{
[INFO] [stdout]    |                       ^^^ could not find `sys` in the crate root
[INFO] [stdout] 
[INFO] [stdout] 
[INFO] [stdout] error: aborting due to 1 previous error
[INFO] [stdout] 
[INFO] [stdout] 
[INFO] [stdout] For more information about this error, try `rustc --explain E0432`.
[INFO] [stdout] 
[INFO] [stderr] error: could not compile `trayicon` (lib) due to 2 previous errors
[INFO] [stderr] warning: build failed, waiting for other jobs to finish...
[INFO] running `Command { std: "docker" "inspect" "46b92c93df81975d0ee0baad7b95f734eade1dc71f29cdffa2d785bc1abf09be", kill_on_drop: false }`
[INFO] running `Command { std: "docker" "rm" "-f" "46b92c93df81975d0ee0baad7b95f734eade1dc71f29cdffa2d785bc1abf09be", kill_on_drop: false }`
[INFO] [stdout] 46b92c93df81975d0ee0baad7b95f734eade1dc71f29cdffa2d785bc1abf09be
