[INFO] cloning repository https://github.com/IsseW/rtsim-browser
[INFO] running `Command { std: "git" "-c" "credential.helper=" "-c" "credential.helper=/workspace/cargo-home/bin/git-credential-null" "clone" "--bare" "https://github.com/IsseW/rtsim-browser" "/workspace/cache/git-repos/https%3A%2F%2Fgithub.com%2FIsseW%2Frtsim-browser", kill_on_drop: false }`
[INFO] [stderr] Cloning into bare repository '/workspace/cache/git-repos/https%3A%2F%2Fgithub.com%2FIsseW%2Frtsim-browser'...
[INFO] running `Command { std: "git" "rev-parse" "HEAD", kill_on_drop: false }`
[INFO] [stdout] b7a1cb985ad74bfa1b541a97372dc6716bbb4a1e
[INFO] documenting IsseW/rtsim-browser against 1.75.0 for beta-1.76-rustdoc-1
[INFO] running `Command { std: "git" "clone" "/workspace/cache/git-repos/https%3A%2F%2Fgithub.com%2FIsseW%2Frtsim-browser" "/workspace/builds/worker-5-tc1/source", kill_on_drop: false }`
[INFO] [stderr] Cloning into '/workspace/builds/worker-5-tc1/source'...
[INFO] [stderr] done.
[INFO] [stderr] Updating files:  29% (2411/8249)
Updating files:  30% (2475/8249)
Updating files:  31% (2558/8249)
Updating files:  32% (2640/8249)
Updating files:  33% (2723/8249)
Updating files:  34% (2805/8249)
Updating files:  35% (2888/8249)
Updating files:  36% (2970/8249)
Updating files:  37% (3053/8249)
Updating files:  38% (3135/8249)
Updating files:  39% (3218/8249)
Updating files:  40% (3300/8249)
Updating files:  41% (3383/8249)
Updating files:  42% (3465/8249)
Updating files:  43% (3548/8249)
Updating files:  44% (3630/8249)
Updating files:  45% (3713/8249)
Updating files:  46% (3795/8249)
Updating files:  47% (3878/8249)
Updating files:  48% (3960/8249)
Updating files:  49% (4043/8249)
Updating files:  50% (4125/8249)
Updating files:  51% (4207/8249)
Updating files:  52% (4290/8249)
Updating files:  53% (4372/8249)
Updating files:  54% (4455/8249)
Updating files:  55% (4537/8249)
Updating files:  56% (4620/8249)
Updating files:  57% (4702/8249)
Updating files:  58% (4785/8249)
Updating files:  59% (4867/8249)
Updating files:  60% (4950/8249)
Updating files:  61% (5032/8249)
Updating files:  62% (5115/8249)
Updating files:  63% (5197/8249)
Updating files:  64% (5280/8249)
Updating files:  65% (5362/8249)
Updating files:  66% (5445/8249)
Updating files:  67% (5527/8249)
Updating files:  68% (5610/8249)
Updating files:  69% (5692/8249)
Updating files:  70% (5775/8249)
Updating files:  71% (5857/8249)
Updating files:  72% (5940/8249)
Updating files:  73% (6022/8249)
Updating files:  74% (6105/8249)
Updating files:  75% (6187/8249)
Updating files:  76% (6270/8249)
Updating files:  77% (6352/8249)
Updating files:  78% (6435/8249)
Updating files:  79% (6517/8249)
Updating files:  80% (6600/8249)
Updating files:  81% (6682/8249)
Updating files:  82% (6765/8249)
Updating files:  83% (6847/8249)
Updating files:  84% (6930/8249)
Updating files:  85% (7012/8249)
Updating files:  86% (7095/8249)
Updating files:  87% (7177/8249)
Updating files:  88% (7260/8249)
Updating files:  89% (7342/8249)
Updating files:  90% (7425/8249)
Updating files:  91% (7507/8249)
Updating files:  92% (7590/8249)
Updating files:  93% (7672/8249)
Updating files:  94% (7755/8249)
Updating files:  95% (7837/8249)
Updating files:  96% (7920/8249)
Updating files:  97% (8002/8249)
Updating files:  98% (8085/8249)
Updating files:  99% (8167/8249)
Updating files: 100% (8249/8249)
Updating files: 100% (8249/8249), done.
[INFO] validating manifest of git repo https://github.com/IsseW/rtsim-browser on toolchain 1.75.0
[INFO] running `Command { std: CARGO_HOME="/workspace/cargo-home" RUSTUP_HOME="/workspace/rustup-home" "/workspace/cargo-home/bin/cargo" "+1.75.0" "metadata" "--manifest-path" "Cargo.toml" "--no-deps", kill_on_drop: false }`
[INFO] started tweaking git repo https://github.com/IsseW/rtsim-browser
[INFO] finished tweaking git repo https://github.com/IsseW/rtsim-browser
[INFO] tweaked toml for git repo https://github.com/IsseW/rtsim-browser written to /workspace/builds/worker-5-tc1/source/Cargo.toml
[INFO] crate git repo https://github.com/IsseW/rtsim-browser already has a lockfile, it will not be regenerated
[INFO] running `Command { std: CARGO_HOME="/workspace/cargo-home" RUSTUP_HOME="/workspace/rustup-home" "/workspace/cargo-home/bin/cargo" "+1.75.0" "fetch" "--manifest-path" "Cargo.toml", kill_on_drop: false }`
[INFO] [stderr]     Updating crates.io index
[INFO] [stderr]     Updating git repository `https://gitlab.com/veloren/veloren.git`
[INFO] [stderr]  Downloading crates ...
[INFO] [stderr]   Downloaded gilrs-core v0.5.5
[INFO] [stderr]   Downloaded wavefront v0.2.3
[INFO] [stderr]   Downloaded refinery-macros v0.8.10
[INFO] [stderr]   Downloaded enum-map-derive v0.11.0
[INFO] [stderr]   Downloaded tynm v0.1.8
[INFO] [stderr]   Downloaded wat v1.0.66
[INFO] [stderr]   Downloaded arr_macro_impl v0.2.1
[INFO] [stderr]   Downloaded cranelift-codegen-meta v0.82.3
[INFO] [stderr]   Downloaded seldom_fn_plugin v0.3.0
[INFO] [stderr]   Downloaded wasmer-compiler-cranelift v2.3.0
[INFO] [stderr]   Downloaded cranelift-codegen-shared v0.82.3
[INFO] [stderr]   Downloaded cranelift-bforest v0.82.3
[INFO] [stderr]   Downloaded atomicwrites v0.4.1
[INFO] [stderr]   Downloaded enum-map v2.5.0
[INFO] [stderr]   Downloaded wasm-encoder v0.29.0
[INFO] [stderr]   Downloaded vek v0.15.10
[INFO] [stderr]   Downloaded regalloc v0.0.34
[INFO] [stderr]   Downloaded naga v0.11.1
[INFO] [stderr]   Downloaded cranelift-codegen v0.82.3
[INFO] [stderr]   Downloaded assets_manager v0.10.1
[INFO] [stderr]   Downloaded wast v60.0.0
[INFO] [stderr]   Downloaded bevy_egui v0.20.3
[INFO] [stderr]   Downloaded hashlink v0.8.2
[INFO] [stderr]   Downloaded cranelift-frontend v0.82.3
[INFO] [stderr]   Downloaded refinery v0.8.10
[INFO] [stderr]   Downloaded refinery-core v0.8.10
[INFO] [stderr]   Downloaded dot_vox v5.1.1
[INFO] [stderr]   Downloaded timer-queue v0.1.0
[INFO] [stderr]   Downloaded inline_tweak v1.0.9
[INFO] [stderr]   Downloaded arr_macro v0.2.1
[INFO] [stderr]   Downloaded censor v0.3.0
[INFO] [stderr]   Downloaded prometheus-hyper v0.1.5
[INFO] [stderr]   Downloaded drop_guard v0.3.0
[INFO] [stderr]   Downloaded bevy_pancam v0.8.0
[INFO] [stderr]   Downloaded kiddo v0.2.5
[INFO] running `Command { std: "docker" "create" "-v" "/var/lib/crater-agent-workspace/builds/worker-5-tc1/target:/opt/rustwide/target:rw,Z" "-v" "/var/lib/crater-agent-workspace/builds/worker-5-tc1/source:/opt/rustwide/workdir:ro,Z" "-v" "/var/lib/crater-agent-workspace/cargo-home:/opt/rustwide/cargo-home:ro,Z" "-v" "/var/lib/crater-agent-workspace/rustup-home:/opt/rustwide/rustup-home:ro,Z" "-e" "SOURCE_DIR=/opt/rustwide/workdir" "-e" "CARGO_TARGET_DIR=/opt/rustwide/target" "-e" "CARGO_HOME=/opt/rustwide/cargo-home" "-e" "RUSTUP_HOME=/opt/rustwide/rustup-home" "-w" "/opt/rustwide/workdir" "-m" "1610612736" "--user" "0:0" "--network" "none" "ghcr.io/rust-lang/crates-build-env/linux@sha256:2788e3201cd34a07e3172128adcd8b3090168a8e3bcc40d7c032b9dda1df7d1c" "/opt/rustwide/cargo-home/bin/cargo" "+1.75.0" "metadata" "--no-deps" "--format-version=1", kill_on_drop: false }`
[INFO] [stdout] 5f8b92c7c5029f0a95f115070a7c1083fd1a2805fe110d2a9795496596c1533b
[INFO] running `Command { std: "docker" "start" "-a" "5f8b92c7c5029f0a95f115070a7c1083fd1a2805fe110d2a9795496596c1533b", kill_on_drop: false }`
[INFO] running `Command { std: "docker" "inspect" "5f8b92c7c5029f0a95f115070a7c1083fd1a2805fe110d2a9795496596c1533b", kill_on_drop: false }`
[INFO] running `Command { std: "docker" "rm" "-f" "5f8b92c7c5029f0a95f115070a7c1083fd1a2805fe110d2a9795496596c1533b", kill_on_drop: false }`
[INFO] [stdout] 5f8b92c7c5029f0a95f115070a7c1083fd1a2805fe110d2a9795496596c1533b
[INFO] running `Command { std: "docker" "create" "-v" "/var/lib/crater-agent-workspace/builds/worker-5-tc1/target:/opt/rustwide/target:rw,Z" "-v" "/var/lib/crater-agent-workspace/builds/worker-5-tc1/source:/opt/rustwide/workdir:ro,Z" "-v" "/var/lib/crater-agent-workspace/cargo-home:/opt/rustwide/cargo-home:ro,Z" "-v" "/var/lib/crater-agent-workspace/rustup-home:/opt/rustwide/rustup-home:ro,Z" "-e" "SOURCE_DIR=/opt/rustwide/workdir" "-e" "CARGO_TARGET_DIR=/opt/rustwide/target" "-e" "CARGO_INCREMENTAL=0" "-e" "RUST_BACKTRACE=full" "-e" "RUSTFLAGS=--cap-lints=warn" "-e" "RUSTDOCFLAGS=--cap-lints=warn" "-e" "CARGO_HOME=/opt/rustwide/cargo-home" "-e" "RUSTUP_HOME=/opt/rustwide/rustup-home" "-w" "/opt/rustwide/workdir" "-m" "1610612736" "--user" "0:0" "--network" "none" "ghcr.io/rust-lang/crates-build-env/linux@sha256:2788e3201cd34a07e3172128adcd8b3090168a8e3bcc40d7c032b9dda1df7d1c" "/opt/rustwide/cargo-home/bin/cargo" "+1.75.0" "doc" "--frozen" "--no-deps" "--document-private-items" "--message-format=json", kill_on_drop: false }`
[INFO] [stdout] 6efa1fb8ae31f848b8f1ffec360263b6b3e32345c5d444347c97f8edf0d4c483
[INFO] running `Command { std: "docker" "start" "-a" "6efa1fb8ae31f848b8f1ffec360263b6b3e32345c5d444347c97f8edf0d4c483", kill_on_drop: false }`
[INFO] [stderr]    Compiling proc-macro2 v1.0.59
[INFO] [stderr]    Compiling unicode-ident v1.0.9
[INFO] [stderr]    Compiling quote v1.0.28
[INFO] [stderr]    Compiling autocfg v1.1.0
[INFO] [stderr]    Compiling libc v0.2.144
[INFO] [stderr]     Checking cfg-if v1.0.0
[INFO] [stderr]    Compiling serde v1.0.163
[INFO] [stderr]     Checking once_cell v1.17.2
[INFO] [stderr]    Compiling version_check v0.9.4
[INFO] [stderr]     Checking scopeguard v1.1.0
[INFO] [stderr]    Compiling crossbeam-utils v0.8.15
[INFO] [stderr]    Compiling memchr v2.5.0
[INFO] [stderr]    Compiling syn v1.0.109
[INFO] [stderr]    Compiling log v0.4.18
[INFO] [stderr]     Checking either v1.8.1
[INFO] [stderr]    Compiling rayon-core v1.11.0
[INFO] [stderr]     Checking crossbeam-channel v0.5.8
[INFO] [stderr]     Checking bitflags v1.3.2
[INFO] [stderr]    Compiling memoffset v0.8.0
[INFO] [stderr]    Compiling crossbeam-epoch v0.9.14
[INFO] [stderr]    Compiling ahash v0.7.6
[INFO] [stderr]    Compiling syn v2.0.18
[INFO] [stderr]    Compiling indexmap v1.9.3
[INFO] [stderr]     Checking pin-project-lite v0.2.9
[INFO] [stderr]    Compiling thiserror v1.0.40
[INFO] [stderr]     Checking tracing-core v0.1.31
[INFO] [stderr]     Checking crossbeam-deque v0.8.3
[INFO] [stderr]     Checking getrandom v0.2.9
[INFO] [stderr]     Checking num_cpus v1.15.0
[INFO] [stderr]    Compiling lock_api v0.4.9
[INFO] [stderr]    Compiling parking_lot_core v0.9.7
[INFO] [stderr]    Compiling libm v0.2.7
[INFO] [stderr]    Compiling num-traits v0.2.15
[INFO] [stderr]    Compiling slab v0.4.8
[INFO] [stderr]    Compiling futures-core v0.3.28
[INFO] [stderr]     Checking rayon v1.7.0
[INFO] [stderr]     Checking lazy_static v1.4.0
[INFO] [stderr]    Compiling hashbrown v0.12.3
[INFO] [stderr]     Checking byteorder v1.4.3
[INFO] [stderr]     Checking futures-io v0.3.28
[INFO] [stderr]    Compiling winnow v0.4.6
[INFO] [stderr]    Compiling cc v1.0.79
[INFO] [stderr]     Checking adler v1.0.2
[INFO] [stderr]     Checking rustc-hash v1.1.0
[INFO] [stderr]     Checking fastrand v1.9.0
[INFO] [stderr]     Checking fixedbitset v0.4.2
[INFO] [stderr]     Checking event-listener v2.5.3
[INFO] [stderr]     Checking concurrent-queue v2.2.0
[INFO] [stderr]     Checking mio v0.8.8
[INFO] [stderr]     Checking instant v0.1.12
[INFO] [stderr]    Compiling crc32fast v1.3.2
[INFO] [stderr]     Checking async-channel v1.8.0
[INFO] [stderr]    Compiling num-integer v0.1.45
[INFO] [stderr]    Compiling erased-serde v0.3.25
[INFO] [stderr]     Checking waker-fn v1.1.0
[INFO] [stderr]     Checking parking v2.1.0
[INFO] [stderr]    Compiling bit-vec v0.6.3
[INFO] [stderr]     Checking futures-lite v1.13.0
[INFO] [stderr]    Compiling bit-set v0.5.3
[INFO] [stderr]     Checking async-lock v2.7.0
[INFO] [stderr]     Checking async-task v4.4.0
[INFO] [stderr]    Compiling uuid v1.3.3
[INFO] [stderr]    Compiling pkg-config v0.3.27
[INFO] [stderr]     Checking fxhash v0.2.1
[INFO] [stderr]     Checking thread_local v1.1.7
[INFO] [stderr]     Checking async-executor v1.5.1
[INFO] [stderr]     Checking downcast-rs v1.2.0
[INFO] [stderr]     Checking base64 v0.13.1
[INFO] [stderr]     Checking bevy_ptr v0.10.1
[INFO] [stderr]     Checking itoa v1.0.6
[INFO] [stderr]     Checking bevy_tasks v0.10.1
[INFO] [stderr]    Compiling num-bigint v0.4.3
[INFO] [stderr]     Checking arrayvec v0.7.2
[INFO] [stderr]     Checking simd-adler32 v0.3.5
[INFO] [stderr]    Compiling num-rational v0.4.1
[INFO] [stderr]     Checking aho-corasick v1.0.1
[INFO] [stderr]     Checking miniz_oxide v0.7.1
[INFO] [stderr]     Checking fdeflate v0.3.0
[INFO] [stderr]     Checking flate2 v1.0.26
[INFO] [stderr]     Checking regex-syntax v0.7.2
[INFO] [stderr]     Checking png v0.17.8
[INFO] [stderr]    Compiling ahash v0.8.3
[INFO] [stderr]     Checking color_quant v1.1.0
[INFO] [stderr]     Checking jpeg-decoder v0.3.0
[INFO] [stderr]    Compiling rustversion v1.0.12
[INFO] [stderr]     Checking regex-syntax v0.6.29
[INFO] [stderr]     Checking static_assertions v1.1.0
[INFO] [stderr]     Checking unicode-width v0.1.10
[INFO] [stderr]     Checking ppv-lite86 v0.2.17
[INFO] [stderr]     Checking overload v0.1.1
[INFO] [stderr]     Checking sharded-slab v0.1.4
[INFO] [stderr]     Checking nu-ansi-term v0.46.0
[INFO] [stderr]     Checking tracing-log v0.1.3
[INFO] [stderr]    Compiling memoffset v0.6.5
[INFO] [stderr]     Checking libloading v0.7.4
[INFO] [stderr]    Compiling serde_json v1.0.96
[INFO] [stderr]     Checking regex v1.8.3
[INFO] [stderr]     Checking same-file v1.0.6
[INFO] [stderr]     Checking ryu v1.0.13
[INFO] [stderr]     Checking walkdir v2.3.3
[INFO] [stderr]     Checking rand_core v0.6.4
[INFO] [stderr]     Checking filetime v0.2.21
[INFO] [stderr]     Checking tinyvec_macros v0.1.1
[INFO] [stderr]    Compiling siphasher v0.3.10
[INFO] [stderr]     Checking raw-window-handle v0.5.2
[INFO] [stderr]     Checking tinyvec v1.6.0
[INFO] [stderr]     Checking rand_chacha v0.3.1
[INFO] [stderr]    Compiling ring v0.16.20
[INFO] [stderr]     Checking approx v0.5.1
[INFO] [stderr]     Checking regex-automata v0.1.10
[INFO] [stderr]     Checking rand v0.8.5
[INFO] [stderr]     Checking inotify-sys v0.1.5
[INFO] [stderr]     Checking matchers v0.1.0
[INFO] [stderr]    Compiling slotmap v1.0.6
[INFO] [stderr]    Compiling khronos-egl v4.1.0
[INFO] [stderr]     Checking fnv v1.0.7
[INFO] [stderr]     Checking unicode-xid v0.2.4
[INFO] [stderr]     Checking termcolor v1.2.0
[INFO] [stderr]    Compiling anyhow v1.0.71
[INFO] [stderr]    Compiling ash v0.37.3+1.3.251
[INFO] [stderr]     Checking codespan-reporting v0.11.1
[INFO] [stderr]     Checking pp-rs v0.2.1
[INFO] [stderr]     Checking inotify v0.9.6
[INFO] [stderr]     Checking twox-hash v1.6.3
[INFO] [stderr]     Checking spirv v0.2.0+1.5.4
[INFO] [stderr]     Checking sysinfo v0.28.4
[INFO] [stderr]     Checking gpu-descriptor-types v0.1.1
[INFO] [stderr]     Checking gpu-alloc-types v0.2.0
[INFO] [stderr]     Checking hexf-parse v0.2.1
[INFO] [stderr]     Checking spin v0.5.2
[INFO] [stderr]     Checking untrusted v0.7.1
[INFO] [stderr]     Checking bytes v1.4.0
[INFO] [stderr]    Compiling ident_case v1.0.1
[INFO] [stderr]    Compiling darling_core v0.20.1
[INFO] [stderr]     Checking gpu-alloc v0.5.4
[INFO] [stderr]     Checking notify v5.2.0
[INFO] [stderr]    Compiling phf_shared v0.11.1
[INFO] [stderr]    Compiling encase_derive_impl v0.5.0
[INFO] [stderr]     Checking wgpu-types v0.15.2
[INFO] [stderr]    Compiling target-lexicon v0.12.7
[INFO] [stderr]     Checking renderdoc-sys v0.7.1
[INFO] [stderr]     Checking minimal-lexical v0.2.1
[INFO] [stderr]     Checking glow v0.12.2
[INFO] [stderr]    Compiling typenum v1.16.0
[INFO] [stderr]     Checking profiling v1.0.8
[INFO] [stderr]     Checking nom v7.1.3
[INFO] [stderr]    Compiling backtrace v0.3.67
[INFO] [stderr]    Compiling generic-array v0.14.7
[INFO] [stderr]    Compiling rkyv v0.7.42
[INFO] [stderr]     Checking gimli v0.27.2
[INFO] [stderr]     Checking percent-encoding v2.2.0
[INFO] [stderr]    Compiling semver v1.0.17
[INFO] [stderr]    Compiling phf_generator v0.11.1
[INFO] [stderr]     Checking miniz_oxide v0.6.2
[INFO] [stderr]     Checking object v0.30.3
[INFO] [stderr]    Compiling tokio v1.28.2
[INFO] [stderr]     Checking const_panic v0.2.8
[INFO] [stderr]     Checking rustc-demangle v0.1.23
[INFO] [stderr]     Checking seahash v4.1.0
[INFO] [stderr]    Compiling phf_codegen v0.11.1
[INFO] [stderr]     Checking addr2line v0.19.0
[INFO] [stderr]    Compiling phf v0.11.1
[INFO] [stderr]    Compiling parse-zoneinfo v0.3.0
[INFO] [stderr]     Checking ruzstd v0.2.4
[INFO] [stderr]     Checking signal-hook-registry v1.4.1
[INFO] [stderr]     Checking socket2 v0.4.9
[INFO] [stderr]     Checking ktx2 v0.3.0
[INFO] [stderr]    Compiling crossbeam-queue v0.3.8
[INFO] [stderr]     Checking more-asserts v0.2.2
[INFO] [stderr]    Compiling chrono-tz-build v0.1.0
[INFO] [stderr]    Compiling rustc_version v0.4.0
[INFO] [stderr]     Checking tynm v0.1.8
[INFO] [stderr]     Checking nix v0.24.3
[INFO] [stderr]     Checking dirs-sys-next v0.1.2
[INFO] [stderr]    Compiling futures-task v0.3.28
[INFO] [stderr]     Checking ttf-parser v0.19.0
[INFO] [stderr]     Checking atom v0.3.6
[INFO] [stderr]     Checking ahash v0.4.7
[INFO] [stderr]     Checking wasmparser v0.83.0
[INFO] [stderr]     Checking mopa v0.2.2
[INFO] [stderr]     Checking hashbrown v0.9.1
[INFO] [stderr]     Checking hibitset v0.6.3
[INFO] [stderr]    Compiling chrono-tz v0.8.2
[INFO] [stderr]     Checking directories-next v2.0.0
[INFO] [stderr]    Compiling vek v0.15.10
[INFO] [stderr]     Checking owned_ttf_parser v0.19.0
[INFO] [stderr]     Checking crypto-common v0.1.6
[INFO] [stderr]     Checking block-buffer v0.10.4
[INFO] [stderr]    Compiling alsa-sys v0.3.1
[INFO] [stderr]     Checking shrev v1.1.3
[INFO] [stderr]     Checking iana-time-zone v0.1.56
[INFO] [stderr]    Compiling getrandom v0.1.16
[INFO] [stderr]    Compiling xml-rs v0.8.14
[INFO] [stderr]     Checking tuple_utils v0.4.0
[INFO] [stderr]    Compiling futures-util v0.3.28
[INFO] [stderr]     Checking radsort v0.1.0
[INFO] [stderr]     Checking ab_glyph_rasterizer v0.1.8
[INFO] [stderr]    Compiling heck v0.4.1
[INFO] [stderr]     Checking ab_glyph v0.2.21
[INFO] [stderr]     Checking digest v0.10.7
[INFO] [stderr]     Checking wavefront v0.2.3
[INFO] [stderr]    Compiling wayland-scanner v0.29.5
[INFO] [stderr]     Checking dot_vox v5.1.1
[INFO] [stderr]    Compiling libudev-sys v0.1.4
[INFO] [stderr]    Compiling x11-dl v2.21.0
[INFO] [stderr]    Compiling cfg_aliases v0.1.1
[INFO] [stderr]     Checking fallible-iterator v0.2.0
[INFO] [stderr]     Checking pin-utils v0.1.0
[INFO] [stderr]    Compiling veloren-common v0.10.0 (https://gitlab.com/veloren/veloren.git#d90926e4)
[INFO] [stderr]     Checking cpufeatures v0.2.7
[INFO] [stderr]     Checking sha2 v0.10.6
[INFO] [stderr]     Checking euclid v0.22.9
[INFO] [stderr]     Checking ordered-float v3.7.0
[INFO] [stderr]     Checking approx v0.4.0
[INFO] [stderr]    Compiling corosensei v0.1.3
[INFO] [stderr]     Checking itertools v0.10.5
[INFO] [stderr]     Checking accesskit v0.10.1
[INFO] [stderr]    Compiling cpal v0.15.2
[INFO] [stderr]     Checking roots v0.0.6
[INFO] [stderr]    Compiling io-lifetimes v1.0.11
[INFO] [stderr]    Compiling inflections v1.1.1
[INFO] [stderr]    Compiling futures-channel v0.3.28
[INFO] [stderr]    Compiling bevy_utils_proc_macros v0.10.1
[INFO] [stderr]    Compiling ptr_meta_derive v0.1.4
[INFO] [stderr]    Compiling loupe-derive v0.1.3
[INFO] [stderr]    Compiling encase_derive v0.5.0
[INFO] [stderr]    Compiling rkyv_derive v0.7.42
[INFO] [stderr]    Compiling enum-iterator-derive v0.7.0
[INFO] [stderr]    Compiling shred-derive v0.6.3
[INFO] [stderr]    Compiling serde_derive v1.0.163
[INFO] [stderr]    Compiling thiserror-impl v1.0.40
[INFO] [stderr]    Compiling tracing-attributes v0.1.24
[INFO] [stderr]    Compiling bytemuck_derive v1.4.1
[INFO] [stderr]    Compiling darling_macro v0.20.1
[INFO] [stderr]     Checking ptr_meta v0.1.4
[INFO] [stderr]     Checking enum-iterator v0.7.0
[INFO] [stderr]    Compiling tokio-macros v2.1.0
[INFO] [stderr]    Compiling specs-derive v0.4.1
[INFO] [stderr]    Compiling darling v0.20.1
[INFO] [stderr]    Compiling enumset_derive v0.8.1
[INFO] [stderr]    Compiling futures-macro v0.3.28
[INFO] [stderr]     Checking bytemuck v1.13.1
[INFO] [stderr]    Compiling strum_macros v0.24.3
[INFO] [stderr]     Checking image v0.24.6
[INFO] [stderr]    Compiling enum-map-derive v0.11.0
[INFO] [stderr]     Checking enumset v1.1.2
[INFO] [stderr]    Compiling winit v0.28.6
[INFO] [stderr]    Compiling serde_repr v0.1.12
[INFO] [stderr]    Compiling num-derive v0.3.3
[INFO] [stderr]     Checking svg_fmt v0.4.1
[INFO] [stderr]     Checking tracing v0.1.37
[INFO] [stderr]     Checking openssl-probe v0.1.5
[INFO] [stderr]    Compiling cranelift-codegen-shared v0.82.3
[INFO] [stderr]     Checking spin_sleep v1.1.1
[INFO] [stderr]     Checking veloren-common-base v0.10.0 (https://gitlab.com/veloren/veloren.git#d90926e4)
[INFO] [stderr]    Compiling async-trait v0.1.68
[INFO] [stderr]    Compiling cranelift-codegen-meta v0.82.3
[INFO] [stderr]     Checking guillotiere v0.6.2
[INFO] [stderr]    Compiling gltf-derive v1.1.0
[INFO] [stderr]     Checking alsa v0.7.0
[INFO] [stderr]     Checking rand_core v0.5.1
[INFO] [stderr]     Checking nix v0.26.2
[INFO] [stderr]     Checking ogg v0.8.0
[INFO] [stderr]    Compiling rustix v0.37.19
[INFO] [stderr]     Checking xi-unicode v0.3.0
[INFO] [stderr]     Checking leb128 v0.2.5
[INFO] [stderr]     Checking vec_map v0.8.2
[INFO] [stderr]     Checking rectangle-pack v0.4.2
[INFO] [stderr]    Compiling gilrs v0.10.2
[INFO] [stderr]     Checking dasp_sample v0.11.0
[INFO] [stderr]    Compiling proc-macro-hack v0.5.20+deprecated
[INFO] [stderr]     Checking glyph_brush_layout v0.2.3
[INFO] [stderr]     Checking lewton v0.10.2
[INFO] [stderr]     Checking sct v0.6.1
[INFO] [stderr]     Checking http v0.2.9
[INFO] [stderr]     Checking unicode-normalization v0.1.22
[INFO] [stderr]     Checking region v3.0.0
[INFO] [stderr]    Compiling proc-macro-error-attr v1.0.4
[INFO] [stderr]     Checking smallvec v1.10.0
[INFO] [stderr]     Checking glam v0.23.0
[INFO] [stderr]     Checking parking_lot v0.12.1
[INFO] [stderr]    Compiling serde_spanned v0.6.2
[INFO] [stderr]    Compiling toml_datetime v0.6.2
[INFO] [stderr]     Checking tracing-subscriber v0.3.17
[INFO] [stderr]    Compiling toml_edit v0.19.10
[INFO] [stderr]     Checking petgraph v0.6.3
[INFO] [stderr]     Checking ron v0.8.0
[INFO] [stderr]     Checking gpu-descriptor v0.2.3
[INFO] [stderr]     Checking hashbrown v0.13.2
[INFO] [stderr]     Checking bevy_math v0.10.1
[INFO] [stdout] error[E0554]: `#![feature]` may not be used on the stable release channel
[INFO] [stdout]   --> /opt/rustwide/cargo-home/registry/src/index.crates.io-6f17d22bba15001f/hashbrown-0.13.2/src/lib.rs:15:5
[INFO] [stdout]    |
[INFO] [stdout] 15 | /     feature(
[INFO] [stdout] 16 | |         test,
[INFO] [stdout] 17 | |         core_intrinsics,
[INFO] [stdout] 18 | |         dropck_eyepatch,
[INFO] [stdout] ...  |
[INFO] [stdout] 25 | |         build_hasher_simple_hash_one
[INFO] [stdout] 26 | |     )
[INFO] [stdout]    | |_____^
[INFO] [stdout] 
[INFO] [stdout] 
[INFO] [stdout] error[E0554]: `#![feature]` may not be used on the stable release channel
[INFO] [stdout]   --> /opt/rustwide/cargo-home/registry/src/index.crates.io-6f17d22bba15001f/hashbrown-0.13.2/src/lib.rs:16:9
[INFO] [stdout]    |
[INFO] [stdout] 16 |         test,
[INFO] [stdout]    |         ^^^^
[INFO] [stdout] 
[INFO] [stdout] 
[INFO] [stdout] error[E0554]: `#![feature]` may not be used on the stable release channel
[INFO] [stdout]   --> /opt/rustwide/cargo-home/registry/src/index.crates.io-6f17d22bba15001f/hashbrown-0.13.2/src/lib.rs:17:9
[INFO] [stdout]    |
[INFO] [stdout] 17 |         core_intrinsics,
[INFO] [stdout]    |         ^^^^^^^^^^^^^^^
[INFO] [stdout] 
[INFO] [stdout] 
[INFO] [stdout] error[E0554]: `#![feature]` may not be used on the stable release channel
[INFO] [stdout]   --> /opt/rustwide/cargo-home/registry/src/index.crates.io-6f17d22bba15001f/hashbrown-0.13.2/src/lib.rs:20:9
[INFO] [stdout]    |
[INFO] [stdout] 20 |         extend_one,
[INFO] [stdout]    |         ^^^^^^^^^^
[INFO] [stdout] 
[INFO] [stdout] 
[INFO] [stdout] error[E0554]: `#![feature]` may not be used on the stable release channel
[INFO] [stdout]   --> /opt/rustwide/cargo-home/registry/src/index.crates.io-6f17d22bba15001f/hashbrown-0.13.2/src/lib.rs:21:9
[INFO] [stdout]    |
[INFO] [stdout] 21 |         allocator_api,
[INFO] [stdout]    |         ^^^^^^^^^^^^^
[INFO] [stdout] 
[INFO] [stdout] 
[INFO] [stdout] error[E0554]: `#![feature]` may not be used on the stable release channel
[INFO] [stdout]   --> /opt/rustwide/cargo-home/registry/src/index.crates.io-6f17d22bba15001f/hashbrown-0.13.2/src/lib.rs:22:9
[INFO] [stdout]    |
[INFO] [stdout] 22 |         slice_ptr_get,
[INFO] [stdout]    |         ^^^^^^^^^^^^^
[INFO] [stdout] 
[INFO] [stdout] 
[INFO] [stdout] error[E0554]: `#![feature]` may not be used on the stable release channel
[INFO] [stdout]   --> /opt/rustwide/cargo-home/registry/src/index.crates.io-6f17d22bba15001f/hashbrown-0.13.2/src/lib.rs:23:9
[INFO] [stdout]    |
[INFO] [stdout] 23 |         nonnull_slice_from_raw_parts,
[INFO] [stdout]    |         ^^^^^^^^^^^^^^^^^^^^^^^^^^^^
[INFO] [stdout] 
[INFO] [stdout] 
[INFO] [stdout] error[E0554]: `#![feature]` may not be used on the stable release channel
[INFO] [stdout]   --> /opt/rustwide/cargo-home/registry/src/index.crates.io-6f17d22bba15001f/hashbrown-0.13.2/src/lib.rs:24:9
[INFO] [stdout]    |
[INFO] [stdout] 24 |         maybe_uninit_array_assume_init,
[INFO] [stdout]    |         ^^^^^^^^^^^^^^^^^^^^^^^^^^^^^^
[INFO] [stdout] 
[INFO] [stdout] 
[INFO] [stdout] error[E0554]: `#![feature]` may not be used on the stable release channel
[INFO] [stdout]   --> /opt/rustwide/cargo-home/registry/src/index.crates.io-6f17d22bba15001f/hashbrown-0.13.2/src/lib.rs:25:9
[INFO] [stdout]    |
[INFO] [stdout] 25 |         build_hasher_simple_hash_one
[INFO] [stdout]    |         ^^^^^^^^^^^^^^^^^^^^^^^^^^^^
[INFO] [stdout] 
[INFO] [stdout] 
[INFO] [stderr]     Checking encase v0.5.0
[INFO] [stderr]     Checking bevy_mikktspace v0.10.1
[INFO] [stderr]     Checking bevy_utils v0.10.1
[INFO] [stdout] error: aborting due to 9 previous errors
[INFO] [stdout] 
[INFO] [stdout] 
[INFO] [stdout] For more information about this error, try `rustc --explain E0554`.
[INFO] [stdout] 
[INFO] [stderr] error: could not compile `hashbrown` (lib) due to 10 previous errors
[INFO] [stderr] warning: build failed, waiting for other jobs to finish...
[INFO] running `Command { std: "docker" "inspect" "6efa1fb8ae31f848b8f1ffec360263b6b3e32345c5d444347c97f8edf0d4c483", kill_on_drop: false }`
[INFO] running `Command { std: "docker" "rm" "-f" "6efa1fb8ae31f848b8f1ffec360263b6b3e32345c5d444347c97f8edf0d4c483", kill_on_drop: false }`
[INFO] [stdout] 6efa1fb8ae31f848b8f1ffec360263b6b3e32345c5d444347c97f8edf0d4c483
