[INFO] cloning repository https://github.com/IsseW/rsn
[INFO] running `Command { std: "git" "-c" "credential.helper=" "-c" "credential.helper=/workspace/cargo-home/bin/git-credential-null" "clone" "--bare" "https://github.com/IsseW/rsn" "/workspace/cache/git-repos/https%3A%2F%2Fgithub.com%2FIsseW%2Frsn", kill_on_drop: false }`
[INFO] [stderr] Cloning into bare repository '/workspace/cache/git-repos/https%3A%2F%2Fgithub.com%2FIsseW%2Frsn'...
[INFO] running `Command { std: "git" "rev-parse" "HEAD", kill_on_drop: false }`
[INFO] [stdout] 74c18ebfdbff8598d686b62f965819479a415a57
[INFO] documenting IsseW/rsn against 1.75.0 for beta-1.76-rustdoc-1
[INFO] running `Command { std: "git" "clone" "/workspace/cache/git-repos/https%3A%2F%2Fgithub.com%2FIsseW%2Frsn" "/workspace/builds/worker-6-tc1/source", kill_on_drop: false }`
[INFO] [stderr] Cloning into '/workspace/builds/worker-6-tc1/source'...
[INFO] [stderr] done.
[INFO] validating manifest of git repo https://github.com/IsseW/rsn on toolchain 1.75.0
[INFO] running `Command { std: CARGO_HOME="/workspace/cargo-home" RUSTUP_HOME="/workspace/rustup-home" "/workspace/cargo-home/bin/cargo" "+1.75.0" "metadata" "--manifest-path" "Cargo.toml" "--no-deps", kill_on_drop: false }`
[INFO] started tweaking git repo https://github.com/IsseW/rsn
[INFO] finished tweaking git repo https://github.com/IsseW/rsn
[INFO] tweaked toml for git repo https://github.com/IsseW/rsn written to /workspace/builds/worker-6-tc1/source/Cargo.toml
[INFO] crate git repo https://github.com/IsseW/rsn already has a lockfile, it will not be regenerated
[INFO] running `Command { std: CARGO_HOME="/workspace/cargo-home" RUSTUP_HOME="/workspace/rustup-home" "/workspace/cargo-home/bin/cargo" "+1.75.0" "fetch" "--manifest-path" "Cargo.toml", kill_on_drop: false }`
[INFO] [stderr] warning: /workspace/builds/worker-6-tc1/source/rsn_derive/Cargo.toml: unused manifest key: package.author
[INFO] [stderr] warning: /workspace/builds/worker-6-tc1/source/tests/Cargo.toml: unused manifest key: package.author
[INFO] [stderr] warning: /workspace/builds/worker-6-tc1/source/rsn/Cargo.toml: unused manifest key: package.author
[INFO] [stderr]  Downloading crates ...
[INFO] [stderr]   Downloaded vek v0.15.8
[INFO] running `Command { std: "docker" "create" "-v" "/var/lib/crater-agent-workspace/builds/worker-6-tc1/target:/opt/rustwide/target:rw,Z" "-v" "/var/lib/crater-agent-workspace/builds/worker-6-tc1/source:/opt/rustwide/workdir:ro,Z" "-v" "/var/lib/crater-agent-workspace/cargo-home:/opt/rustwide/cargo-home:ro,Z" "-v" "/var/lib/crater-agent-workspace/rustup-home:/opt/rustwide/rustup-home:ro,Z" "-e" "SOURCE_DIR=/opt/rustwide/workdir" "-e" "CARGO_TARGET_DIR=/opt/rustwide/target" "-e" "CARGO_HOME=/opt/rustwide/cargo-home" "-e" "RUSTUP_HOME=/opt/rustwide/rustup-home" "-w" "/opt/rustwide/workdir" "-m" "1610612736" "--user" "0:0" "--network" "none" "ghcr.io/rust-lang/crates-build-env/linux@sha256:2788e3201cd34a07e3172128adcd8b3090168a8e3bcc40d7c032b9dda1df7d1c" "/opt/rustwide/cargo-home/bin/cargo" "+1.75.0" "metadata" "--no-deps" "--format-version=1", kill_on_drop: false }`
[INFO] [stdout] 884686658c505834a6ae502a8f3ed443d09d84945bdf0b4a2991523b5ebe7f1f
[INFO] running `Command { std: "docker" "start" "-a" "884686658c505834a6ae502a8f3ed443d09d84945bdf0b4a2991523b5ebe7f1f", kill_on_drop: false }`
[INFO] running `Command { std: "docker" "inspect" "884686658c505834a6ae502a8f3ed443d09d84945bdf0b4a2991523b5ebe7f1f", kill_on_drop: false }`
[INFO] running `Command { std: "docker" "rm" "-f" "884686658c505834a6ae502a8f3ed443d09d84945bdf0b4a2991523b5ebe7f1f", kill_on_drop: false }`
[INFO] [stdout] 884686658c505834a6ae502a8f3ed443d09d84945bdf0b4a2991523b5ebe7f1f
[INFO] running `Command { std: "docker" "create" "-v" "/var/lib/crater-agent-workspace/builds/worker-6-tc1/target:/opt/rustwide/target:rw,Z" "-v" "/var/lib/crater-agent-workspace/builds/worker-6-tc1/source:/opt/rustwide/workdir:ro,Z" "-v" "/var/lib/crater-agent-workspace/cargo-home:/opt/rustwide/cargo-home:ro,Z" "-v" "/var/lib/crater-agent-workspace/rustup-home:/opt/rustwide/rustup-home:ro,Z" "-e" "SOURCE_DIR=/opt/rustwide/workdir" "-e" "CARGO_TARGET_DIR=/opt/rustwide/target" "-e" "CARGO_INCREMENTAL=0" "-e" "RUST_BACKTRACE=full" "-e" "RUSTFLAGS=--cap-lints=warn" "-e" "RUSTDOCFLAGS=--cap-lints=warn" "-e" "CARGO_HOME=/opt/rustwide/cargo-home" "-e" "RUSTUP_HOME=/opt/rustwide/rustup-home" "-w" "/opt/rustwide/workdir" "-m" "1610612736" "--user" "0:0" "--network" "none" "ghcr.io/rust-lang/crates-build-env/linux@sha256:2788e3201cd34a07e3172128adcd8b3090168a8e3bcc40d7c032b9dda1df7d1c" "/opt/rustwide/cargo-home/bin/cargo" "+1.75.0" "doc" "--frozen" "--no-deps" "--document-private-items" "--message-format=json", kill_on_drop: false }`
[INFO] [stdout] c1c75eb3f26c446130765847df61f465c0a7e784989eaa8c7da771cbd51f73e2
[INFO] running `Command { std: "docker" "start" "-a" "c1c75eb3f26c446130765847df61f465c0a7e784989eaa8c7da771cbd51f73e2", kill_on_drop: false }`
[INFO] [stderr] warning: /opt/rustwide/workdir/tests/Cargo.toml: unused manifest key: package.author
[INFO] [stderr] warning: /opt/rustwide/workdir/rsn_derive/Cargo.toml: unused manifest key: package.author
[INFO] [stderr] warning: /opt/rustwide/workdir/rsn/Cargo.toml: unused manifest key: package.author
[INFO] [stderr]    Compiling proc-macro2 v1.0.47
[INFO] [stderr]    Compiling quote v1.0.21
[INFO] [stderr]    Compiling syn v1.0.103
[INFO] [stderr]    Compiling unicode-ident v1.0.5
[INFO] [stderr]     Checking arrayvec v0.7.2
[INFO] [stderr]    Compiling indexmap v1.9.2
[INFO] [stderr]  Documenting rsn_derive v0.1.0 (/opt/rustwide/workdir/rsn_derive)
[INFO] [stderr]    Compiling rsn_derive v0.1.0 (/opt/rustwide/workdir/rsn_derive)
[INFO] [stderr]    Compiling impl-trait-for-tuples v0.2.2
[INFO] [stderr]     Checking rsn v0.1.0 (/opt/rustwide/workdir/rsn)
[INFO] [stderr]  Documenting rsn v0.1.0 (/opt/rustwide/workdir/rsn)
[INFO] [stdout] error[E0554]: `#![feature]` may not be used on the stable release channel
[INFO] [stdout]  --> rsn/src/lib.rs:2:1
[INFO] [stdout]   |
[INFO] [stdout] 2 | / #![feature(
[INFO] [stdout] 3 | |     array_try_map,
[INFO] [stdout] 4 | |     iterator_try_collect,
[INFO] [stdout] 5 | |     iter_collect_into,
[INFO] [stdout] 6 | |     specialization,
[INFO] [stdout] 7 | |     const_trait_impl,
[INFO] [stdout] 8 | | )]
[INFO] [stdout]   | |__^
[INFO] [stdout] 
[INFO] [stdout] 
[INFO] [stdout] error[E0554]: `#![feature]` may not be used on the stable release channel
[INFO] [stdout]  --> rsn/src/lib.rs:2:1
[INFO] [stdout]   |
[INFO] [stdout] 2 | / #![feature(
[INFO] [stdout] 3 | |     array_try_map,
[INFO] [stdout] 4 | |     iterator_try_collect,
[INFO] [stdout] 5 | |     iter_collect_into,
[INFO] [stdout] 6 | |     specialization,
[INFO] [stdout] 7 | |     const_trait_impl,
[INFO] [stdout] 8 | | )]
[INFO] [stdout]   | |__^
[INFO] [stdout] 
[INFO] [stdout] 
[INFO] [stdout] error[E0554]: `#![feature]` may not be used on the stable release channel
[INFO] [stdout]  --> rsn/src/lib.rs:3:5
[INFO] [stdout]   |
[INFO] [stdout] 3 |     array_try_map,
[INFO] [stdout]   |     ^^^^^^^^^^^^^
[INFO] [stdout] 
[INFO] [stdout] 
[INFO] [stdout] error[E0554]: `#![feature]` may not be used on the stable release channel
[INFO] [stdout]  --> rsn/src/lib.rs:4:5
[INFO] [stdout]   |
[INFO] [stdout] 4 |     iterator_try_collect,
[INFO] [stdout]   |     ^^^^^^^^^^^^^^^^^^^^
[INFO] [stdout] 
[INFO] [stdout] 
[INFO] [stdout] error[E0554]: `#![feature]` may not be used on the stable release channel
[INFO] [stdout]  --> rsn/src/lib.rs:5:5
[INFO] [stdout]   |
[INFO] [stdout] 5 |     iter_collect_into,
[INFO] [stdout]   |     ^^^^^^^^^^^^^^^^^
[INFO] [stdout] 
[INFO] [stdout] 
[INFO] [stdout] error: aborting due to previous error
[INFO] [stdout] 
[INFO] [stdout] 
[INFO] [stdout] For more information about this error, try `rustc --explain E0554`.
[INFO] [stdout] 
[INFO] [stderr] error: could not document `rsn`
[INFO] [stderr] 
[INFO] [stderr] Caused by:
[INFO] [stderr]   process didn't exit successfully: `/opt/rustwide/rustup-home/toolchains/1.75.0-x86_64-unknown-linux-gnu/bin/rustdoc --edition=2021 --crate-type lib --crate-name rsn rsn/src/lib.rs -o /opt/rustwide/target/doc --cfg 'feature="default"' --cfg 'feature="derive"' --cfg 'feature="rsn_derive"' --error-format=json --json=diagnostic-rendered-ansi,artifacts,future-incompat --document-private-items -C metadata=76205324a56dd0c7 -L dependency=/opt/rustwide/target/debug/deps --extern arrayvec=/opt/rustwide/target/debug/deps/libarrayvec-601c416dd35a7fcc.rmeta --extern impl_trait_for_tuples=/opt/rustwide/target/debug/deps/libimpl_trait_for_tuples-54f02bbee6303fb9.so --extern indexmap=/opt/rustwide/target/debug/deps/libindexmap-cc83717105ac8e29.rmeta --extern rsn_derive=/opt/rustwide/target/debug/deps/librsn_derive-f289feaac726a21e.so --cap-lints=warn --crate-version 0.1.0` (exit status: 1)
[INFO] [stderr] warning: build failed, waiting for other jobs to finish...
[INFO] [stdout] error: aborting due to 4 previous errors
[INFO] [stdout] 
[INFO] [stdout] 
[INFO] [stdout] For more information about this error, try `rustc --explain E0554`.
[INFO] [stdout] 
[INFO] [stderr] error: could not compile `rsn` (lib) due to 5 previous errors
[INFO] running `Command { std: "docker" "inspect" "c1c75eb3f26c446130765847df61f465c0a7e784989eaa8c7da771cbd51f73e2", kill_on_drop: false }`
[INFO] running `Command { std: "docker" "rm" "-f" "c1c75eb3f26c446130765847df61f465c0a7e784989eaa8c7da771cbd51f73e2", kill_on_drop: false }`
[INFO] [stdout] c1c75eb3f26c446130765847df61f465c0a7e784989eaa8c7da771cbd51f73e2
[INFO] documenting IsseW/rsn against beta-2023-12-22 for beta-1.76-rustdoc-1
[INFO] running `Command { std: "git" "clone" "/workspace/cache/git-repos/https%3A%2F%2Fgithub.com%2FIsseW%2Frsn" "/workspace/builds/worker-6-tc2/source", kill_on_drop: false }`
[INFO] [stderr] Cloning into '/workspace/builds/worker-6-tc2/source'...
[INFO] [stderr] done.
[INFO] validating manifest of git repo https://github.com/IsseW/rsn on toolchain beta-2023-12-22
[INFO] running `Command { std: CARGO_HOME="/workspace/cargo-home" RUSTUP_HOME="/workspace/rustup-home" "/workspace/cargo-home/bin/cargo" "+beta-2023-12-22" "metadata" "--manifest-path" "Cargo.toml" "--no-deps", kill_on_drop: false }`
[INFO] started tweaking git repo https://github.com/IsseW/rsn
[INFO] finished tweaking git repo https://github.com/IsseW/rsn
[INFO] tweaked toml for git repo https://github.com/IsseW/rsn written to /workspace/builds/worker-6-tc2/source/Cargo.toml
[INFO] crate git repo https://github.com/IsseW/rsn already has a lockfile, it will not be regenerated
[INFO] running `Command { std: CARGO_HOME="/workspace/cargo-home" RUSTUP_HOME="/workspace/rustup-home" "/workspace/cargo-home/bin/cargo" "+beta-2023-12-22" "fetch" "--manifest-path" "Cargo.toml", kill_on_drop: false }`
[INFO] [stderr] warning: /workspace/builds/worker-6-tc2/source/rsn_derive/Cargo.toml: unused manifest key: package.author
[INFO] [stderr] warning: /workspace/builds/worker-6-tc2/source/tests/Cargo.toml: unused manifest key: package.author
[INFO] [stderr] warning: /workspace/builds/worker-6-tc2/source/rsn/Cargo.toml: unused manifest key: package.author
[INFO] running `Command { std: "docker" "create" "-v" "/var/lib/crater-agent-workspace/builds/worker-6-tc2/target:/opt/rustwide/target:rw,Z" "-v" "/var/lib/crater-agent-workspace/builds/worker-6-tc2/source:/opt/rustwide/workdir:ro,Z" "-v" "/var/lib/crater-agent-workspace/cargo-home:/opt/rustwide/cargo-home:ro,Z" "-v" "/var/lib/crater-agent-workspace/rustup-home:/opt/rustwide/rustup-home:ro,Z" "-e" "SOURCE_DIR=/opt/rustwide/workdir" "-e" "CARGO_TARGET_DIR=/opt/rustwide/target" "-e" "CARGO_HOME=/opt/rustwide/cargo-home" "-e" "RUSTUP_HOME=/opt/rustwide/rustup-home" "-w" "/opt/rustwide/workdir" "-m" "1610612736" "--user" "0:0" "--network" "none" "ghcr.io/rust-lang/crates-build-env/linux@sha256:2788e3201cd34a07e3172128adcd8b3090168a8e3bcc40d7c032b9dda1df7d1c" "/opt/rustwide/cargo-home/bin/cargo" "+beta-2023-12-22" "metadata" "--no-deps" "--format-version=1", kill_on_drop: false }`
[INFO] [stdout] bb4b9257baf832090d1e5744f7fcc9982169e4ad337eee845e4fadc49e72cf76
[INFO] running `Command { std: "docker" "start" "-a" "bb4b9257baf832090d1e5744f7fcc9982169e4ad337eee845e4fadc49e72cf76", kill_on_drop: false }`
[INFO] running `Command { std: "docker" "inspect" "bb4b9257baf832090d1e5744f7fcc9982169e4ad337eee845e4fadc49e72cf76", kill_on_drop: false }`
[INFO] running `Command { std: "docker" "rm" "-f" "bb4b9257baf832090d1e5744f7fcc9982169e4ad337eee845e4fadc49e72cf76", kill_on_drop: false }`
[INFO] [stdout] bb4b9257baf832090d1e5744f7fcc9982169e4ad337eee845e4fadc49e72cf76
[INFO] running `Command { std: "docker" "create" "-v" "/var/lib/crater-agent-workspace/builds/worker-6-tc2/target:/opt/rustwide/target:rw,Z" "-v" "/var/lib/crater-agent-workspace/builds/worker-6-tc2/source:/opt/rustwide/workdir:ro,Z" "-v" "/var/lib/crater-agent-workspace/cargo-home:/opt/rustwide/cargo-home:ro,Z" "-v" "/var/lib/crater-agent-workspace/rustup-home:/opt/rustwide/rustup-home:ro,Z" "-e" "SOURCE_DIR=/opt/rustwide/workdir" "-e" "CARGO_TARGET_DIR=/opt/rustwide/target" "-e" "CARGO_INCREMENTAL=0" "-e" "RUST_BACKTRACE=full" "-e" "RUSTFLAGS=--cap-lints=warn" "-e" "RUSTDOCFLAGS=--cap-lints=warn" "-e" "CARGO_HOME=/opt/rustwide/cargo-home" "-e" "RUSTUP_HOME=/opt/rustwide/rustup-home" "-w" "/opt/rustwide/workdir" "-m" "1610612736" "--user" "0:0" "--network" "none" "ghcr.io/rust-lang/crates-build-env/linux@sha256:2788e3201cd34a07e3172128adcd8b3090168a8e3bcc40d7c032b9dda1df7d1c" "/opt/rustwide/cargo-home/bin/cargo" "+beta-2023-12-22" "doc" "--frozen" "--no-deps" "--document-private-items" "--message-format=json", kill_on_drop: false }`
[INFO] [stdout] 22b9c754628a67c15a9bc9ecd1490ea6c2b12127b8ce45b88852f99711aa7cdb
[INFO] running `Command { std: "docker" "start" "-a" "22b9c754628a67c15a9bc9ecd1490ea6c2b12127b8ce45b88852f99711aa7cdb", kill_on_drop: false }`
[INFO] [stderr] warning: /opt/rustwide/workdir/tests/Cargo.toml: unused manifest key: package.author
[INFO] [stderr] warning: /opt/rustwide/workdir/rsn/Cargo.toml: unused manifest key: package.author
[INFO] [stderr] warning: /opt/rustwide/workdir/rsn_derive/Cargo.toml: unused manifest key: package.author
[INFO] [stderr]    Compiling proc-macro2 v1.0.47
[INFO] [stderr]    Compiling quote v1.0.21
[INFO] [stderr]    Compiling syn v1.0.103
[INFO] [stderr]    Compiling unicode-ident v1.0.5
[INFO] [stderr]     Checking arrayvec v0.7.2
[INFO] [stderr]    Compiling indexmap v1.9.2
[INFO] [stderr]  Documenting rsn_derive v0.1.0 (/opt/rustwide/workdir/rsn_derive)
[INFO] [stderr]    Compiling impl-trait-for-tuples v0.2.2
[INFO] [stderr]    Compiling rsn_derive v0.1.0 (/opt/rustwide/workdir/rsn_derive)
[INFO] [stderr]     Checking rsn v0.1.0 (/opt/rustwide/workdir/rsn)
[INFO] [stderr]  Documenting rsn v0.1.0 (/opt/rustwide/workdir/rsn)
[INFO] [stdout] error[E0554]: `#![feature]` may not be used on the beta release channel
[INFO] [stdout]  --> rsn/src/lib.rs:2:1
[INFO] [stdout]   |
[INFO] [stdout] 2 | / #![feature(
[INFO] [stdout] 3 | |     array_try_map,
[INFO] [stdout] 4 | |     iterator_try_collect,
[INFO] [stdout] 5 | |     iter_collect_into,
[INFO] [stdout] 6 | |     specialization,
[INFO] [stdout] 7 | |     const_trait_impl,
[INFO] [stdout] 8 | | )]
[INFO] [stdout]   | |__^
[INFO] [stdout] 
[INFO] [stdout] 
[INFO] [stdout] error[E0554]: `#![feature]` may not be used on the beta release channel
[INFO] [stdout]  --> rsn/src/lib.rs:2:1
[INFO] [stdout]   |
[INFO] [stdout] 2 | / #![feature(
[INFO] [stdout] 3 | |     array_try_map,
[INFO] [stdout] 4 | |     iterator_try_collect,
[INFO] [stdout] 5 | |     iter_collect_into,
[INFO] [stdout] 6 | |     specialization,
[INFO] [stdout] 7 | |     const_trait_impl,
[INFO] [stdout] 8 | | )]
[INFO] [stdout]   | |__^
[INFO] [stdout] 
[INFO] [stdout] 
[INFO] [stdout] error[E0554]: `#![feature]` may not be used on the beta release channel
[INFO] [stdout]  --> rsn/src/lib.rs:3:5
[INFO] [stdout]   |
[INFO] [stdout] 3 |     array_try_map,
[INFO] [stdout]   |     ^^^^^^^^^^^^^
[INFO] [stdout] 
[INFO] [stdout] 
[INFO] [stdout] error[E0554]: `#![feature]` may not be used on the beta release channel
[INFO] [stdout]  --> rsn/src/lib.rs:4:5
[INFO] [stdout]   |
[INFO] [stdout] 4 |     iterator_try_collect,
[INFO] [stdout]   |     ^^^^^^^^^^^^^^^^^^^^
[INFO] [stdout] 
[INFO] [stdout] 
[INFO] [stdout] error[E0554]: `#![feature]` may not be used on the beta release channel
[INFO] [stdout]  --> rsn/src/lib.rs:5:5
[INFO] [stdout]   |
[INFO] [stdout] 5 |     iter_collect_into,
[INFO] [stdout]   |     ^^^^^^^^^^^^^^^^^
[INFO] [stdout] 
[INFO] [stdout] 
[INFO] [stdout] error: aborting due to 1 previous error
[INFO] [stdout] 
[INFO] [stdout] 
[INFO] [stdout] For more information about this error, try `rustc --explain E0554`.
[INFO] [stdout] 
[INFO] [stderr] error: could not document `rsn`
[INFO] [stderr] 
[INFO] [stderr] Caused by:
[INFO] [stderr]   process didn't exit successfully: `/opt/rustwide/rustup-home/toolchains/beta-2023-12-22-x86_64-unknown-linux-gnu/bin/rustdoc --edition=2021 --crate-type lib --crate-name rsn rsn/src/lib.rs -o /opt/rustwide/target/doc --cfg 'feature="default"' --cfg 'feature="derive"' --cfg 'feature="rsn_derive"' --error-format=json --json=diagnostic-rendered-ansi,artifacts,future-incompat --document-private-items -C metadata=99690a0bf3e67eb1 -L dependency=/opt/rustwide/target/debug/deps --extern arrayvec=/opt/rustwide/target/debug/deps/libarrayvec-befa2d3795527ab9.rmeta --extern impl_trait_for_tuples=/opt/rustwide/target/debug/deps/libimpl_trait_for_tuples-536ff1721506cc21.so --extern indexmap=/opt/rustwide/target/debug/deps/libindexmap-85d5e61e6ea74826.rmeta --extern rsn_derive=/opt/rustwide/target/debug/deps/librsn_derive-7fbc62f37f67640d.so --cap-lints=warn --crate-version 0.1.0` (exit status: 1)
[INFO] [stderr] warning: build failed, waiting for other jobs to finish...
[INFO] [stdout] error: aborting due to 4 previous errors
[INFO] [stdout] 
[INFO] [stdout] 
[INFO] [stdout] For more information about this error, try `rustc --explain E0554`.
[INFO] [stdout] 
[INFO] [stderr] error: could not compile `rsn` (lib) due to 5 previous errors
[INFO] running `Command { std: "docker" "inspect" "22b9c754628a67c15a9bc9ecd1490ea6c2b12127b8ce45b88852f99711aa7cdb", kill_on_drop: false }`
[INFO] running `Command { std: "docker" "rm" "-f" "22b9c754628a67c15a9bc9ecd1490ea6c2b12127b8ce45b88852f99711aa7cdb", kill_on_drop: false }`
[INFO] [stdout] 22b9c754628a67c15a9bc9ecd1490ea6c2b12127b8ce45b88852f99711aa7cdb
