[INFO] cloning repository https://github.com/Inuani/icp_sveltekit_rust_tests
[INFO] running `Command { std: "git" "-c" "credential.helper=" "-c" "credential.helper=/workspace/cargo-home/bin/git-credential-null" "clone" "--bare" "https://github.com/Inuani/icp_sveltekit_rust_tests" "/workspace/cache/git-repos/https%3A%2F%2Fgithub.com%2FInuani%2Ficp_sveltekit_rust_tests", kill_on_drop: false }`
[INFO] [stderr] Cloning into bare repository '/workspace/cache/git-repos/https%3A%2F%2Fgithub.com%2FInuani%2Ficp_sveltekit_rust_tests'...
[INFO] running `Command { std: "git" "rev-parse" "HEAD", kill_on_drop: false }`
[INFO] [stdout] fae6d76cf04211d01b0c74fc3518075c00d2ecec
[INFO] documenting Inuani/icp_sveltekit_rust_tests against 1.75.0 for beta-1.76-rustdoc-1
[INFO] running `Command { std: "git" "clone" "/workspace/cache/git-repos/https%3A%2F%2Fgithub.com%2FInuani%2Ficp_sveltekit_rust_tests" "/workspace/builds/worker-3-tc1/source", kill_on_drop: false }`
[INFO] [stderr] Cloning into '/workspace/builds/worker-3-tc1/source'...
[INFO] [stderr] done.
[INFO] validating manifest of git repo https://github.com/Inuani/icp_sveltekit_rust_tests on toolchain 1.75.0
[INFO] running `Command { std: CARGO_HOME="/workspace/cargo-home" RUSTUP_HOME="/workspace/rustup-home" "/workspace/cargo-home/bin/cargo" "+1.75.0" "metadata" "--manifest-path" "Cargo.toml" "--no-deps", kill_on_drop: false }`
[INFO] started tweaking git repo https://github.com/Inuani/icp_sveltekit_rust_tests
[INFO] finished tweaking git repo https://github.com/Inuani/icp_sveltekit_rust_tests
[INFO] tweaked toml for git repo https://github.com/Inuani/icp_sveltekit_rust_tests written to /workspace/builds/worker-3-tc1/source/Cargo.toml
[INFO] crate git repo https://github.com/Inuani/icp_sveltekit_rust_tests already has a lockfile, it will not be regenerated
[INFO] running `Command { std: CARGO_HOME="/workspace/cargo-home" RUSTUP_HOME="/workspace/rustup-home" "/workspace/cargo-home/bin/cargo" "+1.75.0" "fetch" "--manifest-path" "Cargo.toml", kill_on_drop: false }`
[INFO] [stderr]     Updating crates.io index
[INFO] [stderr]  Downloading crates ...
[INFO] [stderr]   Downloaded ic-ledger-types v0.8.0
[INFO] [stderr]   Downloaded ic-stable-structures v0.6.0
[INFO] [stderr]   Downloaded ic0 v0.21.1
[INFO] [stderr]   Downloaded ic-cdk v0.11.3
[INFO] [stderr]   Downloaded ic-cdk-macros v0.8.1
[INFO] [stderr]   Downloaded winnow v0.5.16
[INFO] running `Command { std: "docker" "create" "-v" "/var/lib/crater-agent-workspace/builds/worker-3-tc1/target:/opt/rustwide/target:rw,Z" "-v" "/var/lib/crater-agent-workspace/builds/worker-3-tc1/source:/opt/rustwide/workdir:ro,Z" "-v" "/var/lib/crater-agent-workspace/cargo-home:/opt/rustwide/cargo-home:ro,Z" "-v" "/var/lib/crater-agent-workspace/rustup-home:/opt/rustwide/rustup-home:ro,Z" "-e" "SOURCE_DIR=/opt/rustwide/workdir" "-e" "CARGO_TARGET_DIR=/opt/rustwide/target" "-e" "CARGO_HOME=/opt/rustwide/cargo-home" "-e" "RUSTUP_HOME=/opt/rustwide/rustup-home" "-w" "/opt/rustwide/workdir" "-m" "1610612736" "--user" "0:0" "--network" "none" "ghcr.io/rust-lang/crates-build-env/linux@sha256:2788e3201cd34a07e3172128adcd8b3090168a8e3bcc40d7c032b9dda1df7d1c" "/opt/rustwide/cargo-home/bin/cargo" "+1.75.0" "metadata" "--no-deps" "--format-version=1", kill_on_drop: false }`
[INFO] [stdout] 8b31b4def7726b89b381e78730958a52dad0633ea54555f4bd0b9812f26a2fad
[INFO] running `Command { std: "docker" "start" "-a" "8b31b4def7726b89b381e78730958a52dad0633ea54555f4bd0b9812f26a2fad", kill_on_drop: false }`
[INFO] running `Command { std: "docker" "inspect" "8b31b4def7726b89b381e78730958a52dad0633ea54555f4bd0b9812f26a2fad", kill_on_drop: false }`
[INFO] running `Command { std: "docker" "rm" "-f" "8b31b4def7726b89b381e78730958a52dad0633ea54555f4bd0b9812f26a2fad", kill_on_drop: false }`
[INFO] [stdout] 8b31b4def7726b89b381e78730958a52dad0633ea54555f4bd0b9812f26a2fad
[INFO] running `Command { std: "docker" "create" "-v" "/var/lib/crater-agent-workspace/builds/worker-3-tc1/target:/opt/rustwide/target:rw,Z" "-v" "/var/lib/crater-agent-workspace/builds/worker-3-tc1/source:/opt/rustwide/workdir:ro,Z" "-v" "/var/lib/crater-agent-workspace/cargo-home:/opt/rustwide/cargo-home:ro,Z" "-v" "/var/lib/crater-agent-workspace/rustup-home:/opt/rustwide/rustup-home:ro,Z" "-e" "SOURCE_DIR=/opt/rustwide/workdir" "-e" "CARGO_TARGET_DIR=/opt/rustwide/target" "-e" "CARGO_INCREMENTAL=0" "-e" "RUST_BACKTRACE=full" "-e" "RUSTFLAGS=--cap-lints=warn" "-e" "RUSTDOCFLAGS=--cap-lints=warn" "-e" "CARGO_HOME=/opt/rustwide/cargo-home" "-e" "RUSTUP_HOME=/opt/rustwide/rustup-home" "-w" "/opt/rustwide/workdir" "-m" "1610612736" "--user" "0:0" "--network" "none" "ghcr.io/rust-lang/crates-build-env/linux@sha256:2788e3201cd34a07e3172128adcd8b3090168a8e3bcc40d7c032b9dda1df7d1c" "/opt/rustwide/cargo-home/bin/cargo" "+1.75.0" "doc" "--frozen" "--no-deps" "--document-private-items" "--message-format=json", kill_on_drop: false }`
[INFO] [stdout] 626b7ba332542531e1850f96714afa6bc17ee234594f18b55fbc0e33bc1fa175
[INFO] running `Command { std: "docker" "start" "-a" "626b7ba332542531e1850f96714afa6bc17ee234594f18b55fbc0e33bc1fa175", kill_on_drop: false }`
[INFO] [stderr]    Compiling proc-macro2 v1.0.68
[INFO] [stderr]    Compiling typenum v1.17.0
[INFO] [stderr]    Compiling libc v0.2.149
[INFO] [stderr]    Compiling serde v1.0.190
[INFO] [stderr]    Compiling syn v1.0.109
[INFO] [stderr]    Compiling generic-array v0.14.7
[INFO] [stderr]    Compiling num-traits v0.2.16
[INFO] [stderr]    Compiling equivalent v1.0.1
[INFO] [stderr]    Compiling hashbrown v0.14.1
[INFO] [stderr]    Compiling num-integer v0.1.45
[INFO] [stderr]    Compiling toml_datetime v0.6.3
[INFO] [stderr]    Compiling winnow v0.5.16
[INFO] [stderr]    Compiling once_cell v1.18.0
[INFO] [stderr]    Compiling rustversion v1.0.14
[INFO] [stderr]    Compiling num-bigint v0.4.4
[INFO] [stderr]    Compiling thiserror v1.0.49
[INFO] [stderr]    Compiling indexmap v2.0.2
[INFO] [stderr]    Compiling either v1.9.0
[INFO] [stderr]    Compiling quote v1.0.33
[INFO] [stderr]    Compiling anyhow v1.0.75
[INFO] [stderr]    Compiling syn v2.0.38
[INFO] [stderr]    Compiling cc v1.0.83
[INFO] [stderr]    Compiling paste v1.0.14
[INFO] [stderr]    Compiling lazy_static v1.4.0
[INFO] [stderr]    Compiling block-buffer v0.10.4
[INFO] [stderr]    Compiling crypto-common v0.1.6
[INFO] [stderr]    Compiling candid v0.9.11
[INFO] [stderr]    Compiling unicode-width v0.1.11
[INFO] [stderr]    Compiling digest v0.10.7
[INFO] [stderr]    Compiling toml_edit v0.19.15
[INFO] [stderr]    Compiling cpufeatures v0.2.9
[INFO] [stderr]    Compiling typed-arena v2.0.2
[INFO] [stderr]    Compiling termcolor v1.3.0
[INFO] [stderr]    Compiling psm v0.1.21
[INFO] [stderr]    Compiling stacker v0.1.15
[INFO] [stderr]    Compiling arrayvec v0.5.2
[INFO] [stderr]    Compiling codespan-reporting v0.11.1
[INFO] [stderr]    Compiling pretty v0.12.3
[INFO] [stderr]    Compiling sha2 v0.10.8
[INFO] [stderr]    Compiling crc32fast v1.3.2
[INFO] [stderr]    Compiling proc-macro-crate v1.3.1
[INFO] [stderr]    Compiling hex v0.4.3
[INFO] [stderr]    Compiling leb128 v0.2.5
[INFO] [stderr]    Compiling data-encoding v2.4.0
[INFO] [stderr]    Compiling byteorder v1.5.0
[INFO] [stderr]     Checking ic0 v0.21.1
[INFO] [stderr]     Checking ic-stable-structures v0.6.0
[INFO] [stderr]    Compiling serde_derive v1.0.190
[INFO] [stderr]    Compiling num_enum_derive v0.6.1
[INFO] [stderr]    Compiling thiserror-impl v1.0.49
[INFO] [stderr]    Compiling candid_derive v0.6.4
[INFO] [stderr]    Compiling binread_derive v2.1.0
[INFO] [stderr]    Compiling num_enum v0.6.1
[INFO] [stderr]    Compiling binread v2.2.0
[INFO] [stderr]     Checking serde_bytes v0.11.12
[INFO] [stderr]    Compiling serde_tokenstream v0.1.7
[INFO] [stderr]    Compiling ic-cdk-macros v0.8.1
[INFO] [stderr]     Checking ic-cdk v0.11.3
[INFO] [stderr]     Checking ic-ledger-types v0.8.0
[INFO] [stderr]  Documenting backend v0.1.0 (/opt/rustwide/workdir/src/backend)
[INFO] [stderr]  Documenting template v0.1.0 (/opt/rustwide/workdir/src/template)
[INFO] [stdout] error[E0277]: the trait bound `candid::Principal: ic_stable_structures::Storable` is not satisfied
[INFO] [stdout]   --> src/backend/src/lib.rs:19:36
[INFO] [stdout]    |
[INFO] [stdout] 19 |     pub static S_DENIZENS: RefCell<StableBTreeMap<Principal, Denizen, Memory>> = RefCell::new(
[INFO] [stdout]    |                                    ^^^^^^^^^^^^^^^^^^^^^^^^^^^^^^^^^^^^^^^^^^ the trait `ic_stable_structures::Storable` is not implemented for `candid::Principal`
[INFO] [stdout]    |
[INFO] [stdout]    = help: the following other types implement trait `ic_stable_structures::Storable`:
[INFO] [stdout]              u8
[INFO] [stdout]              u16
[INFO] [stdout]              u32
[INFO] [stdout]              u64
[INFO] [stdout]              u128
[INFO] [stdout]              f32
[INFO] [stdout]              f64
[INFO] [stdout]              types::Denizen
[INFO] [stdout]            and 9 others
[INFO] [stdout] note: required by a bound in `ic_stable_structures::BTreeMap`
[INFO] [stdout]   --> /opt/rustwide/cargo-home/registry/src/index.crates.io-6f17d22bba15001f/ic-stable-structures-0.6.0/src/btreemap.rs:90:8
[INFO] [stdout]    |
[INFO] [stdout] 88 | pub struct BTreeMap<K, V, M>
[INFO] [stdout]    |            -------- required by a bound in this struct
[INFO] [stdout] 89 | where
[INFO] [stdout] 90 |     K: Storable + Ord + Clone,
[INFO] [stdout]    |        ^^^^^^^^ required by this bound in `BTreeMap`
[INFO] [stdout] 
[INFO] [stdout] 
[INFO] [stdout] error[E0277]: the trait bound `candid::Principal: ic_stable_structures::Storable` is not satisfied
[INFO] [stdout]   --> src/backend/src/lib.rs:14:1
[INFO] [stdout]    |
[INFO] [stdout] 14 | / thread_local! {
[INFO] [stdout] 15 | |     pub static H_DENIZENS: RefCell<BTreeMap<Principal, Denizen>> = RefCell::new(BTreeMap::new());
[INFO] [stdout] 16 | |
[INFO] [stdout] 17 | |     static MEMORY_MANAGER: RefCell<MemoryManager<DefaultMemoryImpl>> =
[INFO] [stdout] ...  |
[INFO] [stdout] 23 | |     );
[INFO] [stdout] 24 | | }
[INFO] [stdout]    | |_^ the trait `ic_stable_structures::Storable` is not implemented for `candid::Principal`
[INFO] [stdout]    |
[INFO] [stdout]    = help: the following other types implement trait `ic_stable_structures::Storable`:
[INFO] [stdout]              u8
[INFO] [stdout]              u16
[INFO] [stdout]              u32
[INFO] [stdout]              u64
[INFO] [stdout]              u128
[INFO] [stdout]              f32
[INFO] [stdout]              f64
[INFO] [stdout]              types::Denizen
[INFO] [stdout]            and 9 others
[INFO] [stdout] note: required by a bound in `ic_stable_structures::BTreeMap`
[INFO] [stdout]   --> /opt/rustwide/cargo-home/registry/src/index.crates.io-6f17d22bba15001f/ic-stable-structures-0.6.0/src/btreemap.rs:90:8
[INFO] [stdout]    |
[INFO] [stdout] 88 | pub struct BTreeMap<K, V, M>
[INFO] [stdout]    |            -------- required by a bound in this struct
[INFO] [stdout] 89 | where
[INFO] [stdout] 90 |     K: Storable + Ord + Clone,
[INFO] [stdout]    |        ^^^^^^^^ required by this bound in `BTreeMap`
[INFO] [stdout]    = note: this error originates in the macro `$crate::thread::local_impl::thread_local_inner` which comes from the expansion of the macro `thread_local` (in Nightly builds, run with -Z macro-backtrace for more info)
[INFO] [stdout] 
[INFO] [stdout] 
[INFO] [stdout] error[E0277]: the trait bound `candid::Principal: ic_stable_structures::Storable` is not satisfied
[INFO] [stdout]   --> src/backend/src/lib.rs:14:1
[INFO] [stdout]    |
[INFO] [stdout] 14 | / thread_local! {
[INFO] [stdout] 15 | |     pub static H_DENIZENS: RefCell<BTreeMap<Principal, Denizen>> = RefCell::new(BTreeMap::new());
[INFO] [stdout] 16 | |
[INFO] [stdout] 17 | |     static MEMORY_MANAGER: RefCell<MemoryManager<DefaultMemoryImpl>> =
[INFO] [stdout] ...  |
[INFO] [stdout] 23 | |     );
[INFO] [stdout] 24 | | }
[INFO] [stdout]    | |_^ the trait `ic_stable_structures::Storable` is not implemented for `candid::Principal`
[INFO] [stdout]    |
[INFO] [stdout]    = help: the following other types implement trait `ic_stable_structures::Storable`:
[INFO] [stdout]              u8
[INFO] [stdout]              u16
[INFO] [stdout]              u32
[INFO] [stdout]              u64
[INFO] [stdout]              u128
[INFO] [stdout]              f32
[INFO] [stdout]              f64
[INFO] [stdout]              types::Denizen
[INFO] [stdout]            and 9 others
[INFO] [stdout] note: required by a bound in `ic_stable_structures::BTreeMap`
[INFO] [stdout]   --> /opt/rustwide/cargo-home/registry/src/index.crates.io-6f17d22bba15001f/ic-stable-structures-0.6.0/src/btreemap.rs:90:8
[INFO] [stdout]    |
[INFO] [stdout] 88 | pub struct BTreeMap<K, V, M>
[INFO] [stdout]    |            -------- required by a bound in this struct
[INFO] [stdout] 89 | where
[INFO] [stdout] 90 |     K: Storable + Ord + Clone,
[INFO] [stdout]    |        ^^^^^^^^ required by this bound in `BTreeMap`
[INFO] [stdout]    = note: this error originates in the macro `$crate::thread::local_impl::thread_local_inner` which comes from the expansion of the macro `thread_local` (in Nightly builds, run with -Z macro-backtrace for more info)
[INFO] [stdout] 
[INFO] [stdout] 
[INFO] [stdout] error[E0277]: the trait bound `candid::Principal: ic_stable_structures::Storable` is not satisfied
[INFO] [stdout]   --> src/backend/src/lib.rs:14:1
[INFO] [stdout]    |
[INFO] [stdout] 14 | / thread_local! {
[INFO] [stdout] 15 | |     pub static H_DENIZENS: RefCell<BTreeMap<Principal, Denizen>> = RefCell::new(BTreeMap::new());
[INFO] [stdout] 16 | |
[INFO] [stdout] 17 | |     static MEMORY_MANAGER: RefCell<MemoryManager<DefaultMemoryImpl>> =
[INFO] [stdout] ...  |
[INFO] [stdout] 23 | |     );
[INFO] [stdout] 24 | | }
[INFO] [stdout]    | |_^ the trait `ic_stable_structures::Storable` is not implemented for `candid::Principal`
[INFO] [stdout]    |
[INFO] [stdout]    = help: the following other types implement trait `ic_stable_structures::Storable`:
[INFO] [stdout]              u8
[INFO] [stdout]              u16
[INFO] [stdout]              u32
[INFO] [stdout]              u64
[INFO] [stdout]              u128
[INFO] [stdout]              f32
[INFO] [stdout]              f64
[INFO] [stdout]              types::Denizen
[INFO] [stdout]            and 9 others
[INFO] [stdout] note: required by a bound in `ic_stable_structures::BTreeMap`
[INFO] [stdout]   --> /opt/rustwide/cargo-home/registry/src/index.crates.io-6f17d22bba15001f/ic-stable-structures-0.6.0/src/btreemap.rs:90:8
[INFO] [stdout]    |
[INFO] [stdout] 88 | pub struct BTreeMap<K, V, M>
[INFO] [stdout]    |            -------- required by a bound in this struct
[INFO] [stdout] 89 | where
[INFO] [stdout] 90 |     K: Storable + Ord + Clone,
[INFO] [stdout]    |        ^^^^^^^^ required by this bound in `BTreeMap`
[INFO] [stdout]    = note: this error originates in the macro `$crate::thread::local_impl::thread_local_inner` which comes from the expansion of the macro `thread_local` (in Nightly builds, run with -Z macro-backtrace for more info)
[INFO] [stdout] 
[INFO] [stdout] 
[INFO] [stdout] error[E0277]: the trait bound `candid::Principal: ic_stable_structures::Storable` is not satisfied
[INFO] [stdout]   --> src/backend/src/lib.rs:14:1
[INFO] [stdout]    |
[INFO] [stdout] 14 | / thread_local! {
[INFO] [stdout] 15 | |     pub static H_DENIZENS: RefCell<BTreeMap<Principal, Denizen>> = RefCell::new(BTreeMap::new());
[INFO] [stdout] 16 | |
[INFO] [stdout] 17 | |     static MEMORY_MANAGER: RefCell<MemoryManager<DefaultMemoryImpl>> =
[INFO] [stdout] ...  |
[INFO] [stdout] 23 | |     );
[INFO] [stdout] 24 | | }
[INFO] [stdout]    | |_^ the trait `ic_stable_structures::Storable` is not implemented for `candid::Principal`
[INFO] [stdout]    |
[INFO] [stdout]    = help: the following other types implement trait `ic_stable_structures::Storable`:
[INFO] [stdout]              u8
[INFO] [stdout]              u16
[INFO] [stdout]              u32
[INFO] [stdout]              u64
[INFO] [stdout]              u128
[INFO] [stdout]              f32
[INFO] [stdout]              f64
[INFO] [stdout]              types::Denizen
[INFO] [stdout]            and 9 others
[INFO] [stdout] note: required by a bound in `ic_stable_structures::BTreeMap`
[INFO] [stdout]   --> /opt/rustwide/cargo-home/registry/src/index.crates.io-6f17d22bba15001f/ic-stable-structures-0.6.0/src/btreemap.rs:90:8
[INFO] [stdout]    |
[INFO] [stdout] 88 | pub struct BTreeMap<K, V, M>
[INFO] [stdout]    |            -------- required by a bound in this struct
[INFO] [stdout] 89 | where
[INFO] [stdout] 90 |     K: Storable + Ord + Clone,
[INFO] [stdout]    |        ^^^^^^^^ required by this bound in `BTreeMap`
[INFO] [stdout]    = note: this error originates in the macro `$crate::thread::local_impl::thread_local_inner` which comes from the expansion of the macro `thread_local` (in Nightly builds, run with -Z macro-backtrace for more info)
[INFO] [stdout] 
[INFO] [stdout] 
[INFO] [stdout] error: aborting due to 5 previous errors
[INFO] [stdout] 
[INFO] [stdout] 
[INFO] [stdout] For more information about this error, try `rustc --explain E0277`.
[INFO] [stdout] 
[INFO] [stderr] error: could not document `backend`
[INFO] [stderr] 
[INFO] [stderr] Caused by:
[INFO] [stderr]   process didn't exit successfully: `/opt/rustwide/rustup-home/toolchains/1.75.0-x86_64-unknown-linux-gnu/bin/rustdoc --edition=2021 --crate-type cdylib --crate-name backend src/backend/src/lib.rs -o /opt/rustwide/target/doc --error-format=json --json=diagnostic-rendered-ansi,artifacts,future-incompat --document-private-items -C metadata=b734434a5e62d33c -L dependency=/opt/rustwide/target/debug/deps --extern candid=/opt/rustwide/target/debug/deps/libcandid-3f51b627b6e73146.rmeta --extern ic_cdk=/opt/rustwide/target/debug/deps/libic_cdk-2f3f7a8685d7c1df.rmeta --extern ic_cdk_macros=/opt/rustwide/target/debug/deps/libic_cdk_macros-b6beb41d7d6fdffb.so --extern ic_stable_structures=/opt/rustwide/target/debug/deps/libic_stable_structures-f658ab6281970c57.rmeta --extern serde=/opt/rustwide/target/debug/deps/libserde-ff641d7d5e06b63c.rmeta --cap-lints=warn --crate-version 0.1.0` (exit status: 1)
[INFO] [stderr] warning: build failed, waiting for other jobs to finish...
[INFO] running `Command { std: "docker" "inspect" "626b7ba332542531e1850f96714afa6bc17ee234594f18b55fbc0e33bc1fa175", kill_on_drop: false }`
[INFO] running `Command { std: "docker" "rm" "-f" "626b7ba332542531e1850f96714afa6bc17ee234594f18b55fbc0e33bc1fa175", kill_on_drop: false }`
[INFO] [stdout] 626b7ba332542531e1850f96714afa6bc17ee234594f18b55fbc0e33bc1fa175
[INFO] documenting Inuani/icp_sveltekit_rust_tests against beta-2023-12-22 for beta-1.76-rustdoc-1
[INFO] running `Command { std: "git" "clone" "/workspace/cache/git-repos/https%3A%2F%2Fgithub.com%2FInuani%2Ficp_sveltekit_rust_tests" "/workspace/builds/worker-3-tc2/source", kill_on_drop: false }`
[INFO] [stderr] Cloning into '/workspace/builds/worker-3-tc2/source'...
[INFO] [stderr] done.
[INFO] validating manifest of git repo https://github.com/Inuani/icp_sveltekit_rust_tests on toolchain beta-2023-12-22
[INFO] running `Command { std: CARGO_HOME="/workspace/cargo-home" RUSTUP_HOME="/workspace/rustup-home" "/workspace/cargo-home/bin/cargo" "+beta-2023-12-22" "metadata" "--manifest-path" "Cargo.toml" "--no-deps", kill_on_drop: false }`
[INFO] started tweaking git repo https://github.com/Inuani/icp_sveltekit_rust_tests
[INFO] finished tweaking git repo https://github.com/Inuani/icp_sveltekit_rust_tests
[INFO] tweaked toml for git repo https://github.com/Inuani/icp_sveltekit_rust_tests written to /workspace/builds/worker-3-tc2/source/Cargo.toml
[INFO] crate git repo https://github.com/Inuani/icp_sveltekit_rust_tests already has a lockfile, it will not be regenerated
[INFO] running `Command { std: CARGO_HOME="/workspace/cargo-home" RUSTUP_HOME="/workspace/rustup-home" "/workspace/cargo-home/bin/cargo" "+beta-2023-12-22" "fetch" "--manifest-path" "Cargo.toml", kill_on_drop: false }`
[INFO] running `Command { std: "docker" "create" "-v" "/var/lib/crater-agent-workspace/builds/worker-3-tc2/target:/opt/rustwide/target:rw,Z" "-v" "/var/lib/crater-agent-workspace/builds/worker-3-tc2/source:/opt/rustwide/workdir:ro,Z" "-v" "/var/lib/crater-agent-workspace/cargo-home:/opt/rustwide/cargo-home:ro,Z" "-v" "/var/lib/crater-agent-workspace/rustup-home:/opt/rustwide/rustup-home:ro,Z" "-e" "SOURCE_DIR=/opt/rustwide/workdir" "-e" "CARGO_TARGET_DIR=/opt/rustwide/target" "-e" "CARGO_HOME=/opt/rustwide/cargo-home" "-e" "RUSTUP_HOME=/opt/rustwide/rustup-home" "-w" "/opt/rustwide/workdir" "-m" "1610612736" "--user" "0:0" "--network" "none" "ghcr.io/rust-lang/crates-build-env/linux@sha256:2788e3201cd34a07e3172128adcd8b3090168a8e3bcc40d7c032b9dda1df7d1c" "/opt/rustwide/cargo-home/bin/cargo" "+beta-2023-12-22" "metadata" "--no-deps" "--format-version=1", kill_on_drop: false }`
[INFO] [stdout] 5cabe9e3e8d969eed4476921875d1da47784ee6d41fc076426afeeddf39b7bf4
[INFO] running `Command { std: "docker" "start" "-a" "5cabe9e3e8d969eed4476921875d1da47784ee6d41fc076426afeeddf39b7bf4", kill_on_drop: false }`
[INFO] running `Command { std: "docker" "inspect" "5cabe9e3e8d969eed4476921875d1da47784ee6d41fc076426afeeddf39b7bf4", kill_on_drop: false }`
[INFO] running `Command { std: "docker" "rm" "-f" "5cabe9e3e8d969eed4476921875d1da47784ee6d41fc076426afeeddf39b7bf4", kill_on_drop: false }`
[INFO] [stdout] 5cabe9e3e8d969eed4476921875d1da47784ee6d41fc076426afeeddf39b7bf4
[INFO] running `Command { std: "docker" "create" "-v" "/var/lib/crater-agent-workspace/builds/worker-3-tc2/target:/opt/rustwide/target:rw,Z" "-v" "/var/lib/crater-agent-workspace/builds/worker-3-tc2/source:/opt/rustwide/workdir:ro,Z" "-v" "/var/lib/crater-agent-workspace/cargo-home:/opt/rustwide/cargo-home:ro,Z" "-v" "/var/lib/crater-agent-workspace/rustup-home:/opt/rustwide/rustup-home:ro,Z" "-e" "SOURCE_DIR=/opt/rustwide/workdir" "-e" "CARGO_TARGET_DIR=/opt/rustwide/target" "-e" "CARGO_INCREMENTAL=0" "-e" "RUST_BACKTRACE=full" "-e" "RUSTFLAGS=--cap-lints=warn" "-e" "RUSTDOCFLAGS=--cap-lints=warn" "-e" "CARGO_HOME=/opt/rustwide/cargo-home" "-e" "RUSTUP_HOME=/opt/rustwide/rustup-home" "-w" "/opt/rustwide/workdir" "-m" "1610612736" "--user" "0:0" "--network" "none" "ghcr.io/rust-lang/crates-build-env/linux@sha256:2788e3201cd34a07e3172128adcd8b3090168a8e3bcc40d7c032b9dda1df7d1c" "/opt/rustwide/cargo-home/bin/cargo" "+beta-2023-12-22" "doc" "--frozen" "--no-deps" "--document-private-items" "--message-format=json", kill_on_drop: false }`
[INFO] [stdout] 37a97bbb916c82268c329264b012162e17d45bbbb48008aa07f11393b808866f
[INFO] running `Command { std: "docker" "start" "-a" "37a97bbb916c82268c329264b012162e17d45bbbb48008aa07f11393b808866f", kill_on_drop: false }`
[INFO] [stderr]    Compiling proc-macro2 v1.0.68
[INFO] [stderr]    Compiling typenum v1.17.0
[INFO] [stderr]    Compiling libc v0.2.149
[INFO] [stderr]    Compiling serde v1.0.190
[INFO] [stderr]    Compiling equivalent v1.0.1
[INFO] [stderr]    Compiling generic-array v0.14.7
[INFO] [stderr]    Compiling num-traits v0.2.16
[INFO] [stderr]    Compiling syn v1.0.109
[INFO] [stderr]    Compiling hashbrown v0.14.1
[INFO] [stderr]    Compiling num-integer v0.1.45
[INFO] [stderr]    Compiling winnow v0.5.16
[INFO] [stderr]    Compiling toml_datetime v0.6.3
[INFO] [stderr]    Compiling indexmap v2.0.2
[INFO] [stderr]    Compiling once_cell v1.18.0
[INFO] [stderr]    Compiling rustversion v1.0.14
[INFO] [stderr]    Compiling quote v1.0.33
[INFO] [stderr]    Compiling syn v2.0.38
[INFO] [stderr]    Compiling cc v1.0.83
[INFO] [stderr]    Compiling num-bigint v0.4.4
[INFO] [stderr]    Compiling anyhow v1.0.75
[INFO] [stderr]    Compiling either v1.9.0
[INFO] [stderr]    Compiling thiserror v1.0.49
[INFO] [stderr]    Compiling paste v1.0.14
[INFO] [stderr]    Compiling lazy_static v1.4.0
[INFO] [stderr]    Compiling crypto-common v0.1.6
[INFO] [stderr]    Compiling block-buffer v0.10.4
[INFO] [stderr]    Compiling unicode-width v0.1.11
[INFO] [stderr]    Compiling candid v0.9.11
[INFO] [stderr]    Compiling psm v0.1.21
[INFO] [stderr]    Compiling toml_edit v0.19.15
[INFO] [stderr]    Compiling stacker v0.1.15
[INFO] [stderr]    Compiling digest v0.10.7
[INFO] [stderr]    Compiling termcolor v1.3.0
[INFO] [stderr]    Compiling typed-arena v2.0.2
[INFO] [stderr]    Compiling arrayvec v0.5.2
[INFO] [stderr]    Compiling cpufeatures v0.2.9
[INFO] [stderr]    Compiling sha2 v0.10.8
[INFO] [stderr]    Compiling codespan-reporting v0.11.1
[INFO] [stderr]    Compiling pretty v0.12.3
[INFO] [stderr]    Compiling crc32fast v1.3.2
[INFO] [stderr]    Compiling proc-macro-crate v1.3.1
[INFO] [stderr]    Compiling hex v0.4.3
[INFO] [stderr]    Compiling data-encoding v2.4.0
[INFO] [stderr]    Compiling leb128 v0.2.5
[INFO] [stderr]    Compiling byteorder v1.5.0
[INFO] [stderr]     Checking ic0 v0.21.1
[INFO] [stderr]     Checking ic-stable-structures v0.6.0
[INFO] [stderr]    Compiling serde_derive v1.0.190
[INFO] [stderr]    Compiling thiserror-impl v1.0.49
[INFO] [stderr]    Compiling num_enum_derive v0.6.1
[INFO] [stderr]    Compiling candid_derive v0.6.4
[INFO] [stderr]    Compiling binread_derive v2.1.0
[INFO] [stderr]    Compiling num_enum v0.6.1
[INFO] [stderr]    Compiling binread v2.2.0
[INFO] [stderr]     Checking serde_bytes v0.11.12
[INFO] [stderr]    Compiling serde_tokenstream v0.1.7
[INFO] [stderr]    Compiling ic-cdk-macros v0.8.1
[INFO] [stderr]     Checking ic-cdk v0.11.3
[INFO] [stderr]     Checking ic-ledger-types v0.8.0
[INFO] [stderr]  Documenting template v0.1.0 (/opt/rustwide/workdir/src/template)
[INFO] [stderr]  Documenting backend v0.1.0 (/opt/rustwide/workdir/src/backend)
[INFO] [stdout] error[E0277]: the trait bound `candid::Principal: ic_stable_structures::Storable` is not satisfied
[INFO] [stdout]   --> src/backend/src/lib.rs:19:36
[INFO] [stdout]    |
[INFO] [stdout] 19 |     pub static S_DENIZENS: RefCell<StableBTreeMap<Principal, Denizen, Memory>> = RefCell::new(
[INFO] [stdout]    |                                    ^^^^^^^^^^^^^^^^^^^^^^^^^^^^^^^^^^^^^^^^^^ the trait `ic_stable_structures::Storable` is not implemented for `candid::Principal`
[INFO] [stdout]    |
[INFO] [stdout]    = help: the following other types implement trait `ic_stable_structures::Storable`:
[INFO] [stdout]              u8
[INFO] [stdout]              u16
[INFO] [stdout]              u32
[INFO] [stdout]              u64
[INFO] [stdout]              u128
[INFO] [stdout]              f32
[INFO] [stdout]              f64
[INFO] [stdout]              types::Denizen
[INFO] [stdout]            and 9 others
[INFO] [stdout] note: required by a bound in `ic_stable_structures::BTreeMap`
[INFO] [stdout]   --> /opt/rustwide/cargo-home/registry/src/index.crates.io-6f17d22bba15001f/ic-stable-structures-0.6.0/src/btreemap.rs:90:8
[INFO] [stdout]    |
[INFO] [stdout] 88 | pub struct BTreeMap<K, V, M>
[INFO] [stdout]    |            -------- required by a bound in this struct
[INFO] [stdout] 89 | where
[INFO] [stdout] 90 |     K: Storable + Ord + Clone,
[INFO] [stdout]    |        ^^^^^^^^ required by this bound in `BTreeMap`
[INFO] [stdout] 
[INFO] [stdout] 
[INFO] [stdout] error[E0277]: the trait bound `candid::Principal: ic_stable_structures::Storable` is not satisfied
[INFO] [stdout]   --> src/backend/src/lib.rs:14:1
[INFO] [stdout]    |
[INFO] [stdout] 14 | / thread_local! {
[INFO] [stdout] 15 | |     pub static H_DENIZENS: RefCell<BTreeMap<Principal, Denizen>> = RefCell::new(BTreeMap::new());
[INFO] [stdout] 16 | |
[INFO] [stdout] 17 | |     static MEMORY_MANAGER: RefCell<MemoryManager<DefaultMemoryImpl>> =
[INFO] [stdout] ...  |
[INFO] [stdout] 23 | |     );
[INFO] [stdout] 24 | | }
[INFO] [stdout]    | |_^ the trait `ic_stable_structures::Storable` is not implemented for `candid::Principal`
[INFO] [stdout]    |
[INFO] [stdout]    = help: the following other types implement trait `ic_stable_structures::Storable`:
[INFO] [stdout]              u8
[INFO] [stdout]              u16
[INFO] [stdout]              u32
[INFO] [stdout]              u64
[INFO] [stdout]              u128
[INFO] [stdout]              f32
[INFO] [stdout]              f64
[INFO] [stdout]              types::Denizen
[INFO] [stdout]            and 9 others
[INFO] [stdout] note: required by a bound in `ic_stable_structures::BTreeMap`
[INFO] [stdout]   --> /opt/rustwide/cargo-home/registry/src/index.crates.io-6f17d22bba15001f/ic-stable-structures-0.6.0/src/btreemap.rs:90:8
[INFO] [stdout]    |
[INFO] [stdout] 88 | pub struct BTreeMap<K, V, M>
[INFO] [stdout]    |            -------- required by a bound in this struct
[INFO] [stdout] 89 | where
[INFO] [stdout] 90 |     K: Storable + Ord + Clone,
[INFO] [stdout]    |        ^^^^^^^^ required by this bound in `BTreeMap`
[INFO] [stdout]    = note: this error originates in the macro `$crate::thread::local_impl::thread_local_inner` which comes from the expansion of the macro `thread_local` (in Nightly builds, run with -Z macro-backtrace for more info)
[INFO] [stdout] 
[INFO] [stdout] 
[INFO] [stdout] error[E0277]: the trait bound `candid::Principal: ic_stable_structures::Storable` is not satisfied
[INFO] [stdout]   --> src/backend/src/lib.rs:14:1
[INFO] [stdout]    |
[INFO] [stdout] 14 | / thread_local! {
[INFO] [stdout] 15 | |     pub static H_DENIZENS: RefCell<BTreeMap<Principal, Denizen>> = RefCell::new(BTreeMap::new());
[INFO] [stdout] 16 | |
[INFO] [stdout] 17 | |     static MEMORY_MANAGER: RefCell<MemoryManager<DefaultMemoryImpl>> =
[INFO] [stdout] ...  |
[INFO] [stdout] 23 | |     );
[INFO] [stdout] 24 | | }
[INFO] [stdout]    | |_^ the trait `ic_stable_structures::Storable` is not implemented for `candid::Principal`
[INFO] [stdout]    |
[INFO] [stdout]    = help: the following other types implement trait `ic_stable_structures::Storable`:
[INFO] [stdout]              u8
[INFO] [stdout]              u16
[INFO] [stdout]              u32
[INFO] [stdout]              u64
[INFO] [stdout]              u128
[INFO] [stdout]              f32
[INFO] [stdout]              f64
[INFO] [stdout]              types::Denizen
[INFO] [stdout]            and 9 others
[INFO] [stdout] note: required by a bound in `ic_stable_structures::BTreeMap`
[INFO] [stdout]   --> /opt/rustwide/cargo-home/registry/src/index.crates.io-6f17d22bba15001f/ic-stable-structures-0.6.0/src/btreemap.rs:90:8
[INFO] [stdout]    |
[INFO] [stdout] 88 | pub struct BTreeMap<K, V, M>
[INFO] [stdout]    |            -------- required by a bound in this struct
[INFO] [stdout] 89 | where
[INFO] [stdout] 90 |     K: Storable + Ord + Clone,
[INFO] [stdout]    |        ^^^^^^^^ required by this bound in `BTreeMap`
[INFO] [stdout]    = note: this error originates in the macro `$crate::thread::local_impl::thread_local_inner` which comes from the expansion of the macro `thread_local` (in Nightly builds, run with -Z macro-backtrace for more info)
[INFO] [stdout] 
[INFO] [stdout] 
[INFO] [stdout] error[E0277]: the trait bound `candid::Principal: ic_stable_structures::Storable` is not satisfied
[INFO] [stdout]   --> src/backend/src/lib.rs:14:1
[INFO] [stdout]    |
[INFO] [stdout] 14 | / thread_local! {
[INFO] [stdout] 15 | |     pub static H_DENIZENS: RefCell<BTreeMap<Principal, Denizen>> = RefCell::new(BTreeMap::new());
[INFO] [stdout] 16 | |
[INFO] [stdout] 17 | |     static MEMORY_MANAGER: RefCell<MemoryManager<DefaultMemoryImpl>> =
[INFO] [stdout] ...  |
[INFO] [stdout] 23 | |     );
[INFO] [stdout] 24 | | }
[INFO] [stdout]    | |_^ the trait `ic_stable_structures::Storable` is not implemented for `candid::Principal`
[INFO] [stdout]    |
[INFO] [stdout]    = help: the following other types implement trait `ic_stable_structures::Storable`:
[INFO] [stdout]              u8
[INFO] [stdout]              u16
[INFO] [stdout]              u32
[INFO] [stdout]              u64
[INFO] [stdout]              u128
[INFO] [stdout]              f32
[INFO] [stdout]              f64
[INFO] [stdout]              types::Denizen
[INFO] [stdout]            and 9 others
[INFO] [stdout] note: required by a bound in `ic_stable_structures::BTreeMap`
[INFO] [stdout]   --> /opt/rustwide/cargo-home/registry/src/index.crates.io-6f17d22bba15001f/ic-stable-structures-0.6.0/src/btreemap.rs:90:8
[INFO] [stdout]    |
[INFO] [stdout] 88 | pub struct BTreeMap<K, V, M>
[INFO] [stdout]    |            -------- required by a bound in this struct
[INFO] [stdout] 89 | where
[INFO] [stdout] 90 |     K: Storable + Ord + Clone,
[INFO] [stdout]    |        ^^^^^^^^ required by this bound in `BTreeMap`
[INFO] [stdout]    = note: this error originates in the macro `$crate::thread::local_impl::thread_local_inner` which comes from the expansion of the macro `thread_local` (in Nightly builds, run with -Z macro-backtrace for more info)
[INFO] [stdout] 
[INFO] [stdout] 
[INFO] [stdout] error[E0277]: the trait bound `candid::Principal: ic_stable_structures::Storable` is not satisfied
[INFO] [stdout]   --> src/backend/src/lib.rs:14:1
[INFO] [stdout]    |
[INFO] [stdout] 14 | / thread_local! {
[INFO] [stdout] 15 | |     pub static H_DENIZENS: RefCell<BTreeMap<Principal, Denizen>> = RefCell::new(BTreeMap::new());
[INFO] [stdout] 16 | |
[INFO] [stdout] 17 | |     static MEMORY_MANAGER: RefCell<MemoryManager<DefaultMemoryImpl>> =
[INFO] [stdout] ...  |
[INFO] [stdout] 23 | |     );
[INFO] [stdout] 24 | | }
[INFO] [stdout]    | |_^ the trait `ic_stable_structures::Storable` is not implemented for `candid::Principal`
[INFO] [stdout]    |
[INFO] [stdout]    = help: the following other types implement trait `ic_stable_structures::Storable`:
[INFO] [stdout]              u8
[INFO] [stdout]              u16
[INFO] [stdout]              u32
[INFO] [stdout]              u64
[INFO] [stdout]              u128
[INFO] [stdout]              f32
[INFO] [stdout]              f64
[INFO] [stdout]              types::Denizen
[INFO] [stdout]            and 9 others
[INFO] [stdout] note: required by a bound in `ic_stable_structures::BTreeMap`
[INFO] [stdout]   --> /opt/rustwide/cargo-home/registry/src/index.crates.io-6f17d22bba15001f/ic-stable-structures-0.6.0/src/btreemap.rs:90:8
[INFO] [stdout]    |
[INFO] [stdout] 88 | pub struct BTreeMap<K, V, M>
[INFO] [stdout]    |            -------- required by a bound in this struct
[INFO] [stdout] 89 | where
[INFO] [stdout] 90 |     K: Storable + Ord + Clone,
[INFO] [stdout]    |        ^^^^^^^^ required by this bound in `BTreeMap`
[INFO] [stdout]    = note: this error originates in the macro `$crate::thread::local_impl::thread_local_inner` which comes from the expansion of the macro `thread_local` (in Nightly builds, run with -Z macro-backtrace for more info)
[INFO] [stdout] 
[INFO] [stdout] 
[INFO] [stdout] error: aborting due to 5 previous errors
[INFO] [stdout] 
[INFO] [stdout] 
[INFO] [stdout] For more information about this error, try `rustc --explain E0277`.
[INFO] [stdout] 
[INFO] [stderr] error: could not document `backend`
[INFO] [stderr] 
[INFO] [stderr] Caused by:
[INFO] [stderr]   process didn't exit successfully: `/opt/rustwide/rustup-home/toolchains/beta-2023-12-22-x86_64-unknown-linux-gnu/bin/rustdoc --edition=2021 --crate-type cdylib --crate-name backend src/backend/src/lib.rs -o /opt/rustwide/target/doc --error-format=json --json=diagnostic-rendered-ansi,artifacts,future-incompat --document-private-items -C metadata=c24d3df568fdcd7f -L dependency=/opt/rustwide/target/debug/deps --extern candid=/opt/rustwide/target/debug/deps/libcandid-9f376b705539cf4e.rmeta --extern ic_cdk=/opt/rustwide/target/debug/deps/libic_cdk-a74ff137746d11b5.rmeta --extern ic_cdk_macros=/opt/rustwide/target/debug/deps/libic_cdk_macros-9a9e8f9cf59625c8.so --extern ic_stable_structures=/opt/rustwide/target/debug/deps/libic_stable_structures-3263001821b128ef.rmeta --extern serde=/opt/rustwide/target/debug/deps/libserde-8aa4e22f2e2c21b3.rmeta --cap-lints=warn --crate-version 0.1.0` (exit status: 1)
[INFO] [stderr] warning: build failed, waiting for other jobs to finish...
[INFO] running `Command { std: "docker" "inspect" "37a97bbb916c82268c329264b012162e17d45bbbb48008aa07f11393b808866f", kill_on_drop: false }`
[INFO] running `Command { std: "docker" "rm" "-f" "37a97bbb916c82268c329264b012162e17d45bbbb48008aa07f11393b808866f", kill_on_drop: false }`
[INFO] [stdout] 37a97bbb916c82268c329264b012162e17d45bbbb48008aa07f11393b808866f
