[INFO] cloning repository https://github.com/Inphi/zk-rshell
[INFO] running `Command { std: "git" "-c" "credential.helper=" "-c" "credential.helper=/workspace/cargo-home/bin/git-credential-null" "clone" "--bare" "https://github.com/Inphi/zk-rshell" "/workspace/cache/git-repos/https%3A%2F%2Fgithub.com%2FInphi%2Fzk-rshell", kill_on_drop: false }`
[INFO] [stderr] Cloning into bare repository '/workspace/cache/git-repos/https%3A%2F%2Fgithub.com%2FInphi%2Fzk-rshell'...
[INFO] running `Command { std: "git" "rev-parse" "HEAD", kill_on_drop: false }`
[INFO] [stdout] 0b2bad143ba0488820175f34c5209fff9e352e03
[INFO] documenting Inphi/zk-rshell against 1.75.0 for beta-1.76-rustdoc-1
[INFO] running `Command { std: "git" "clone" "/workspace/cache/git-repos/https%3A%2F%2Fgithub.com%2FInphi%2Fzk-rshell" "/workspace/builds/worker-7-tc1/source", kill_on_drop: false }`
[INFO] [stderr] Cloning into '/workspace/builds/worker-7-tc1/source'...
[INFO] [stderr] done.
[INFO] validating manifest of git repo https://github.com/Inphi/zk-rshell on toolchain 1.75.0
[INFO] running `Command { std: CARGO_HOME="/workspace/cargo-home" RUSTUP_HOME="/workspace/rustup-home" "/workspace/cargo-home/bin/cargo" "+1.75.0" "metadata" "--manifest-path" "Cargo.toml" "--no-deps", kill_on_drop: false }`
[INFO] started tweaking git repo https://github.com/Inphi/zk-rshell
[INFO] finished tweaking git repo https://github.com/Inphi/zk-rshell
[INFO] tweaked toml for git repo https://github.com/Inphi/zk-rshell written to /workspace/builds/worker-7-tc1/source/Cargo.toml
[INFO] crate git repo https://github.com/Inphi/zk-rshell already has a lockfile, it will not be regenerated
[INFO] running `Command { std: CARGO_HOME="/workspace/cargo-home" RUSTUP_HOME="/workspace/rustup-home" "/workspace/cargo-home/bin/cargo" "+1.75.0" "fetch" "--manifest-path" "Cargo.toml", kill_on_drop: false }`
[INFO] [stderr]     Updating git repository `https://github.com/kkawakam/rustyline`
[INFO] [stderr]     Updating crates.io index
[INFO] [stderr]  Downloading crates ...
[INFO] [stderr]   Downloaded backtrace v0.3.12
[INFO] [stderr]   Downloaded bytes v0.4.7
[INFO] [stderr]   Downloaded byteorder v1.2.2
[INFO] [stderr]   Downloaded zookeeper_derive v0.3.0
[INFO] [stderr]   Downloaded snowflake v1.3.0
[INFO] [stderr]   Downloaded redox_users v0.3.0
[INFO] [stderr]   Downloaded nix v0.8.1
[INFO] [stderr]   Downloaded syn v0.15.31
[INFO] [stderr]   Downloaded regex-syntax v0.6.0
[INFO] [stderr]   Downloaded regex v1.0.0
[INFO] [stderr]   Downloaded mio-extras v2.0.4
[INFO] [stderr]   Downloaded zookeeper v0.5.1
[INFO] running `Command { std: "docker" "create" "-v" "/var/lib/crater-agent-workspace/builds/worker-7-tc1/target:/opt/rustwide/target:rw,Z" "-v" "/var/lib/crater-agent-workspace/builds/worker-7-tc1/source:/opt/rustwide/workdir:ro,Z" "-v" "/var/lib/crater-agent-workspace/cargo-home:/opt/rustwide/cargo-home:ro,Z" "-v" "/var/lib/crater-agent-workspace/rustup-home:/opt/rustwide/rustup-home:ro,Z" "-e" "SOURCE_DIR=/opt/rustwide/workdir" "-e" "CARGO_TARGET_DIR=/opt/rustwide/target" "-e" "CARGO_HOME=/opt/rustwide/cargo-home" "-e" "RUSTUP_HOME=/opt/rustwide/rustup-home" "-w" "/opt/rustwide/workdir" "-m" "1610612736" "--user" "0:0" "--network" "none" "ghcr.io/rust-lang/crates-build-env/linux@sha256:2788e3201cd34a07e3172128adcd8b3090168a8e3bcc40d7c032b9dda1df7d1c" "/opt/rustwide/cargo-home/bin/cargo" "+1.75.0" "metadata" "--no-deps" "--format-version=1", kill_on_drop: false }`
[INFO] [stdout] 9f457cd3948a5f083b8805b1cb58e65c56f73d2ee3c6a40db32f1e76cfb56578
[INFO] running `Command { std: "docker" "start" "-a" "9f457cd3948a5f083b8805b1cb58e65c56f73d2ee3c6a40db32f1e76cfb56578", kill_on_drop: false }`
[INFO] running `Command { std: "docker" "inspect" "9f457cd3948a5f083b8805b1cb58e65c56f73d2ee3c6a40db32f1e76cfb56578", kill_on_drop: false }`
[INFO] running `Command { std: "docker" "rm" "-f" "9f457cd3948a5f083b8805b1cb58e65c56f73d2ee3c6a40db32f1e76cfb56578", kill_on_drop: false }`
[INFO] [stdout] 9f457cd3948a5f083b8805b1cb58e65c56f73d2ee3c6a40db32f1e76cfb56578
[INFO] running `Command { std: "docker" "create" "-v" "/var/lib/crater-agent-workspace/builds/worker-7-tc1/target:/opt/rustwide/target:rw,Z" "-v" "/var/lib/crater-agent-workspace/builds/worker-7-tc1/source:/opt/rustwide/workdir:ro,Z" "-v" "/var/lib/crater-agent-workspace/cargo-home:/opt/rustwide/cargo-home:ro,Z" "-v" "/var/lib/crater-agent-workspace/rustup-home:/opt/rustwide/rustup-home:ro,Z" "-e" "SOURCE_DIR=/opt/rustwide/workdir" "-e" "CARGO_TARGET_DIR=/opt/rustwide/target" "-e" "CARGO_INCREMENTAL=0" "-e" "RUST_BACKTRACE=full" "-e" "RUSTFLAGS=--cap-lints=warn" "-e" "RUSTDOCFLAGS=--cap-lints=warn" "-e" "CARGO_HOME=/opt/rustwide/cargo-home" "-e" "RUSTUP_HOME=/opt/rustwide/rustup-home" "-w" "/opt/rustwide/workdir" "-m" "1610612736" "--user" "0:0" "--network" "none" "ghcr.io/rust-lang/crates-build-env/linux@sha256:2788e3201cd34a07e3172128adcd8b3090168a8e3bcc40d7c032b9dda1df7d1c" "/opt/rustwide/cargo-home/bin/cargo" "+1.75.0" "doc" "--frozen" "--no-deps" "--document-private-items" "--message-format=json", kill_on_drop: false }`
[INFO] [stdout] 5b175d4c92d2cf9fd45adfc05b2c310b8fd36f81b1ca074f18998cbf39c06605
[INFO] running `Command { std: "docker" "start" "-a" "5b175d4c92d2cf9fd45adfc05b2c310b8fd36f81b1ca074f18998cbf39c06605", kill_on_drop: false }`
[INFO] [stderr]    Compiling libc v0.2.51
[INFO] [stderr]     Checking cfg-if v0.1.3
[INFO] [stderr]    Compiling unicode-xid v0.0.4
[INFO] [stderr]     Checking slab v0.4.0
[INFO] [stderr]     Checking unicode-width v0.1.4
[INFO] [stderr]    Compiling quote v0.3.15
[INFO] [stderr]     Checking lazycell v0.6.0
[INFO] [stderr]    Compiling regex v1.0.0
[INFO] [stderr]     Checking ucd-util v0.1.1
[INFO] [stderr]     Checking lazy_static v1.0.0
[INFO] [stderr]     Checking byteorder v1.2.2
[INFO] [stderr]     Checking bitflags v0.7.0
[INFO] [stderr]     Checking encode_unicode v0.1.3
[INFO] [stderr]     Checking unicode-segmentation v1.2.1
[INFO] [stderr]     Checking snowflake v1.3.0
[INFO] [stderr]     Checking unreachable v1.0.0
[INFO] [stderr]     Checking log v0.4.1
[INFO] [stderr]    Compiling synom v0.11.3
[INFO] [stderr]     Checking utf8-ranges v1.0.0
[INFO] [stderr]     Checking thread_local v0.3.5
[INFO] [stderr]     Checking bitflags v1.0.3
[INFO] [stderr]     Checking lazy_static v0.1.16
[INFO] [stderr]     Checking textwrap v0.9.0
[INFO] [stderr]     Checking regex-syntax v0.6.0
[INFO] [stderr]     Checking log v0.3.9
[INFO] [stderr]    Compiling syn v0.11.11
[INFO] [stderr]     Checking clap v2.31.2
[INFO] [stderr]     Checking iovec v0.1.2
[INFO] [stderr]     Checking net2 v0.2.32
[INFO] [stderr]     Checking memchr v2.0.1
[INFO] [stderr]     Checking nix v0.8.1
[INFO] [stderr]     Checking dirs v1.0.5
[INFO] [stderr]     Checking bytes v0.4.7
[INFO] [stderr]     Checking aho-corasick v0.6.4
[INFO] [stderr]     Checking mio v0.6.14
[INFO] [stderr]    Compiling zookeeper_derive v0.3.0
[INFO] [stderr]     Checking mio-extras v2.0.4
[INFO] [stderr]     Checking zookeeper v0.5.1
[INFO] [stderr]     Checking rustyline v1.0.0 (https://github.com/kkawakam/rustyline?branch=master#15de3486)
[INFO] [stdout] error[E0283]: type annotations needed
[INFO] [stdout]    --> /opt/rustwide/cargo-home/git/checkouts/rustyline-98638c01accab86a/15de348/src/history.rs:137:18
[INFO] [stdout]     |
[INFO] [stdout] 137 |             self.add(try!(line).as_ref()); // TODO truncate to MAX_LINE
[INFO] [stdout]     |                  ^^^            ------ type must be known at this point
[INFO] [stdout]     |                  |
[INFO] [stdout]     |                  cannot infer type of the type parameter `S` declared on the method `add`
[INFO] [stdout]     |
[INFO] [stdout]     = note: multiple `impl`s satisfying `String: AsRef<_>` found in the following crates: `alloc`, `std`:
[INFO] [stdout]             - impl AsRef<OsStr> for String;
[INFO] [stdout]             - impl AsRef<Path> for String;
[INFO] [stdout]             - impl AsRef<[u8]> for String;
[INFO] [stdout]             - impl AsRef<str> for String;
[INFO] [stdout] help: consider specifying the generic argument
[INFO] [stdout]     |
[INFO] [stdout] 137 |             self.add::<&T>(try!(line).as_ref()); // TODO truncate to MAX_LINE
[INFO] [stdout]     |                     ++++++
[INFO] [stdout] 
[INFO] [stdout] 
[INFO] [stdout] error[E0283]: type annotations needed
[INFO] [stdout]    --> /opt/rustwide/cargo-home/git/checkouts/rustyline-98638c01accab86a/15de348/src/history.rs:137:18
[INFO] [stdout]     |
[INFO] [stdout] 137 |             self.add(try!(line).as_ref()); // TODO truncate to MAX_LINE
[INFO] [stdout]     |                  ^^^ cannot infer type of the type parameter `S` declared on the method `add`
[INFO] [stdout]     |
[INFO] [stdout]     = note: multiple `impl`s satisfying `_: AsRef<str>` found in the following crates: `alloc`, `core`, `encode_unicode`:
[INFO] [stdout]             - impl AsRef<str> for String;
[INFO] [stdout]             - impl AsRef<str> for Utf8Char;
[INFO] [stdout]             - impl AsRef<str> for str;
[INFO] [stdout]     = note: required for `&_` to implement `AsRef<str>`
[INFO] [stdout] note: required by a bound in `History::add`
[INFO] [stdout]    --> /opt/rustwide/cargo-home/git/checkouts/rustyline-98638c01accab86a/15de348/src/history.rs:54:19
[INFO] [stdout]     |
[INFO] [stdout] 54  |     pub fn add<S: AsRef<str> + Into<String>>(&mut self, line: S) -> bool {
[INFO] [stdout]     |                   ^^^^^^^^^^ required by this bound in `History::add`
[INFO] [stdout] help: consider specifying the generic argument
[INFO] [stdout]     |
[INFO] [stdout] 137 |             self.add::<&T>(try!(line).as_ref()); // TODO truncate to MAX_LINE
[INFO] [stdout]     |                     ++++++
[INFO] [stdout] 
[INFO] [stdout] 
[INFO] [stdout] error[E0283]: type annotations needed
[INFO] [stdout]     --> /opt/rustwide/cargo-home/git/checkouts/rustyline-98638c01accab86a/15de348/src/lib.rs:1268:29
[INFO] [stdout]      |
[INFO] [stdout] 1268 |                 self.editor.add_history_entry(l.as_ref()); // TODO Validate
[INFO] [stdout]      |                             ^^^^^^^^^^^^^^^^^   ------ type must be known at this point
[INFO] [stdout]      |                             |
[INFO] [stdout]      |                             cannot infer type of the type parameter `S` declared on the method `add_history_entry`
[INFO] [stdout]      |
[INFO] [stdout]      = note: multiple `impl`s satisfying `String: AsRef<_>` found in the following crates: `alloc`, `std`:
[INFO] [stdout]              - impl AsRef<OsStr> for String;
[INFO] [stdout]              - impl AsRef<Path> for String;
[INFO] [stdout]              - impl AsRef<[u8]> for String;
[INFO] [stdout]              - impl AsRef<str> for String;
[INFO] [stdout] help: consider specifying the generic argument
[INFO] [stdout]      |
[INFO] [stdout] 1268 |                 self.editor.add_history_entry::<&T>(l.as_ref()); // TODO Validate
[INFO] [stdout]      |                                              ++++++
[INFO] [stdout] 
[INFO] [stdout] 
[INFO] [stdout] error[E0283]: type annotations needed
[INFO] [stdout]     --> /opt/rustwide/cargo-home/git/checkouts/rustyline-98638c01accab86a/15de348/src/lib.rs:1268:29
[INFO] [stdout]      |
[INFO] [stdout] 1268 |                 self.editor.add_history_entry(l.as_ref()); // TODO Validate
[INFO] [stdout]      |                             ^^^^^^^^^^^^^^^^^ cannot infer type of the type parameter `S` declared on the method `add_history_entry`
[INFO] [stdout]      |
[INFO] [stdout]      = note: multiple `impl`s satisfying `_: AsRef<str>` found in the following crates: `alloc`, `core`, `encode_unicode`:
[INFO] [stdout]              - impl AsRef<str> for String;
[INFO] [stdout]              - impl AsRef<str> for Utf8Char;
[INFO] [stdout]              - impl AsRef<str> for str;
[INFO] [stdout]      = note: required for `&_` to implement `AsRef<str>`
[INFO] [stdout] note: required by a bound in `Editor::<C>::add_history_entry`
[INFO] [stdout]     --> /opt/rustwide/cargo-home/git/checkouts/rustyline-98638c01accab86a/15de348/src/lib.rs:1193:33
[INFO] [stdout]      |
[INFO] [stdout] 1193 |     pub fn add_history_entry<S: AsRef<str> + Into<String>>(&mut self, line: S) -> bool {
[INFO] [stdout]      |                                 ^^^^^^^^^^ required by this bound in `Editor::<C>::add_history_entry`
[INFO] [stdout] help: consider specifying the generic argument
[INFO] [stdout]      |
[INFO] [stdout] 1268 |                 self.editor.add_history_entry::<&T>(l.as_ref()); // TODO Validate
[INFO] [stdout]      |                                              ++++++
[INFO] [stdout] 
[INFO] [stdout] 
[INFO] [stdout] error: aborting due to 4 previous errors
[INFO] [stdout] 
[INFO] [stdout] 
[INFO] [stdout] For more information about this error, try `rustc --explain E0283`.
[INFO] [stdout] 
[INFO] [stderr] error: could not compile `rustyline` (lib) due to 5 previous errors
[INFO] running `Command { std: "docker" "inspect" "5b175d4c92d2cf9fd45adfc05b2c310b8fd36f81b1ca074f18998cbf39c06605", kill_on_drop: false }`
[INFO] running `Command { std: "docker" "rm" "-f" "5b175d4c92d2cf9fd45adfc05b2c310b8fd36f81b1ca074f18998cbf39c06605", kill_on_drop: false }`
[INFO] [stdout] 5b175d4c92d2cf9fd45adfc05b2c310b8fd36f81b1ca074f18998cbf39c06605
[INFO] documenting Inphi/zk-rshell against beta-2023-12-22 for beta-1.76-rustdoc-1
[INFO] running `Command { std: "git" "clone" "/workspace/cache/git-repos/https%3A%2F%2Fgithub.com%2FInphi%2Fzk-rshell" "/workspace/builds/worker-7-tc2/source", kill_on_drop: false }`
[INFO] [stderr] Cloning into '/workspace/builds/worker-7-tc2/source'...
[INFO] [stderr] done.
[INFO] validating manifest of git repo https://github.com/Inphi/zk-rshell on toolchain beta-2023-12-22
[INFO] running `Command { std: CARGO_HOME="/workspace/cargo-home" RUSTUP_HOME="/workspace/rustup-home" "/workspace/cargo-home/bin/cargo" "+beta-2023-12-22" "metadata" "--manifest-path" "Cargo.toml" "--no-deps", kill_on_drop: false }`
[INFO] started tweaking git repo https://github.com/Inphi/zk-rshell
[INFO] finished tweaking git repo https://github.com/Inphi/zk-rshell
[INFO] tweaked toml for git repo https://github.com/Inphi/zk-rshell written to /workspace/builds/worker-7-tc2/source/Cargo.toml
[INFO] crate git repo https://github.com/Inphi/zk-rshell already has a lockfile, it will not be regenerated
[INFO] running `Command { std: CARGO_HOME="/workspace/cargo-home" RUSTUP_HOME="/workspace/rustup-home" "/workspace/cargo-home/bin/cargo" "+beta-2023-12-22" "fetch" "--manifest-path" "Cargo.toml", kill_on_drop: false }`
[INFO] running `Command { std: "docker" "create" "-v" "/var/lib/crater-agent-workspace/builds/worker-7-tc2/target:/opt/rustwide/target:rw,Z" "-v" "/var/lib/crater-agent-workspace/builds/worker-7-tc2/source:/opt/rustwide/workdir:ro,Z" "-v" "/var/lib/crater-agent-workspace/cargo-home:/opt/rustwide/cargo-home:ro,Z" "-v" "/var/lib/crater-agent-workspace/rustup-home:/opt/rustwide/rustup-home:ro,Z" "-e" "SOURCE_DIR=/opt/rustwide/workdir" "-e" "CARGO_TARGET_DIR=/opt/rustwide/target" "-e" "CARGO_HOME=/opt/rustwide/cargo-home" "-e" "RUSTUP_HOME=/opt/rustwide/rustup-home" "-w" "/opt/rustwide/workdir" "-m" "1610612736" "--user" "0:0" "--network" "none" "ghcr.io/rust-lang/crates-build-env/linux@sha256:2788e3201cd34a07e3172128adcd8b3090168a8e3bcc40d7c032b9dda1df7d1c" "/opt/rustwide/cargo-home/bin/cargo" "+beta-2023-12-22" "metadata" "--no-deps" "--format-version=1", kill_on_drop: false }`
[INFO] [stdout] e5aa9ddc38ec28d597f150c9b9e246727ded549d32f0b8858b81432df95b6326
[INFO] running `Command { std: "docker" "start" "-a" "e5aa9ddc38ec28d597f150c9b9e246727ded549d32f0b8858b81432df95b6326", kill_on_drop: false }`
[INFO] running `Command { std: "docker" "inspect" "e5aa9ddc38ec28d597f150c9b9e246727ded549d32f0b8858b81432df95b6326", kill_on_drop: false }`
[INFO] running `Command { std: "docker" "rm" "-f" "e5aa9ddc38ec28d597f150c9b9e246727ded549d32f0b8858b81432df95b6326", kill_on_drop: false }`
[INFO] [stdout] e5aa9ddc38ec28d597f150c9b9e246727ded549d32f0b8858b81432df95b6326
[INFO] running `Command { std: "docker" "create" "-v" "/var/lib/crater-agent-workspace/builds/worker-7-tc2/target:/opt/rustwide/target:rw,Z" "-v" "/var/lib/crater-agent-workspace/builds/worker-7-tc2/source:/opt/rustwide/workdir:ro,Z" "-v" "/var/lib/crater-agent-workspace/cargo-home:/opt/rustwide/cargo-home:ro,Z" "-v" "/var/lib/crater-agent-workspace/rustup-home:/opt/rustwide/rustup-home:ro,Z" "-e" "SOURCE_DIR=/opt/rustwide/workdir" "-e" "CARGO_TARGET_DIR=/opt/rustwide/target" "-e" "CARGO_INCREMENTAL=0" "-e" "RUST_BACKTRACE=full" "-e" "RUSTFLAGS=--cap-lints=warn" "-e" "RUSTDOCFLAGS=--cap-lints=warn" "-e" "CARGO_HOME=/opt/rustwide/cargo-home" "-e" "RUSTUP_HOME=/opt/rustwide/rustup-home" "-w" "/opt/rustwide/workdir" "-m" "1610612736" "--user" "0:0" "--network" "none" "ghcr.io/rust-lang/crates-build-env/linux@sha256:2788e3201cd34a07e3172128adcd8b3090168a8e3bcc40d7c032b9dda1df7d1c" "/opt/rustwide/cargo-home/bin/cargo" "+beta-2023-12-22" "doc" "--frozen" "--no-deps" "--document-private-items" "--message-format=json", kill_on_drop: false }`
[INFO] [stdout] 4455119e2c39a1663bca1aeb02c6d930e2dcfa0f770378b6a3b0603048c36998
[INFO] running `Command { std: "docker" "start" "-a" "4455119e2c39a1663bca1aeb02c6d930e2dcfa0f770378b6a3b0603048c36998", kill_on_drop: false }`
[INFO] [stderr]    Compiling libc v0.2.51
[INFO] [stderr]     Checking cfg-if v0.1.3
[INFO] [stderr]    Compiling unicode-xid v0.0.4
[INFO] [stderr]     Checking slab v0.4.0
[INFO] [stderr]     Checking unicode-width v0.1.4
[INFO] [stderr]     Checking lazycell v0.6.0
[INFO] [stderr]    Compiling quote v0.3.15
[INFO] [stderr]     Checking byteorder v1.2.2
[INFO] [stderr]     Checking ucd-util v0.1.1
[INFO] [stderr]     Checking lazy_static v1.0.0
[INFO] [stderr]    Compiling regex v1.0.0
[INFO] [stderr]     Checking bitflags v0.7.0
[INFO] [stderr]     Checking bitflags v1.0.3
[INFO] [stderr]     Checking encode_unicode v0.1.3
[INFO] [stderr]     Checking lazy_static v0.1.16
[INFO] [stderr]     Checking unreachable v1.0.0
[INFO] [stderr]     Checking log v0.4.1
[INFO] [stderr]    Compiling synom v0.11.3
[INFO] [stderr]     Checking unicode-segmentation v1.2.1
[INFO] [stderr]     Checking textwrap v0.9.0
[INFO] [stderr]     Checking snowflake v1.3.0
[INFO] [stderr]     Checking utf8-ranges v1.0.0
[INFO] [stderr]     Checking thread_local v0.3.5
[INFO] [stderr]     Checking regex-syntax v0.6.0
[INFO] [stderr]    Compiling syn v0.11.11
[INFO] [stderr]     Checking log v0.3.9
[INFO] [stderr]     Checking clap v2.31.2
[INFO] [stderr]     Checking iovec v0.1.2
[INFO] [stderr]     Checking net2 v0.2.32
[INFO] [stderr]     Checking memchr v2.0.1
[INFO] [stderr]     Checking nix v0.8.1
[INFO] [stderr]     Checking dirs v1.0.5
[INFO] [stderr]     Checking bytes v0.4.7
[INFO] [stderr]     Checking aho-corasick v0.6.4
[INFO] [stderr]     Checking mio v0.6.14
[INFO] [stderr]    Compiling zookeeper_derive v0.3.0
[INFO] [stderr]     Checking mio-extras v2.0.4
[INFO] [stderr]     Checking zookeeper v0.5.1
[INFO] [stderr]     Checking rustyline v1.0.0 (https://github.com/kkawakam/rustyline?branch=master#15de3486)
[INFO] [stdout] error[E0283]: type annotations needed
[INFO] [stdout]    --> /opt/rustwide/cargo-home/git/checkouts/rustyline-98638c01accab86a/15de348/src/history.rs:137:18
[INFO] [stdout]     |
[INFO] [stdout] 137 |             self.add(try!(line).as_ref()); // TODO truncate to MAX_LINE
[INFO] [stdout]     |                  ^^^            ------ type must be known at this point
[INFO] [stdout]     |                  |
[INFO] [stdout]     |                  cannot infer type of the type parameter `S` declared on the method `add`
[INFO] [stdout]     |
[INFO] [stdout]     = note: multiple `impl`s satisfying `String: AsRef<_>` found in the following crates: `alloc`, `std`:
[INFO] [stdout]             - impl AsRef<OsStr> for String;
[INFO] [stdout]             - impl AsRef<Path> for String;
[INFO] [stdout]             - impl AsRef<[u8]> for String;
[INFO] [stdout]             - impl AsRef<str> for String;
[INFO] [stdout] help: consider specifying the generic argument
[INFO] [stdout]     |
[INFO] [stdout] 137 |             self.add::<&T>(try!(line).as_ref()); // TODO truncate to MAX_LINE
[INFO] [stdout]     |                     ++++++
[INFO] [stdout] 
[INFO] [stdout] 
[INFO] [stdout] error[E0283]: type annotations needed
[INFO] [stdout]    --> /opt/rustwide/cargo-home/git/checkouts/rustyline-98638c01accab86a/15de348/src/history.rs:137:18
[INFO] [stdout]     |
[INFO] [stdout] 137 |             self.add(try!(line).as_ref()); // TODO truncate to MAX_LINE
[INFO] [stdout]     |                  ^^^ cannot infer type of the type parameter `S` declared on the method `add`
[INFO] [stdout]     |
[INFO] [stdout]     = note: multiple `impl`s satisfying `_: AsRef<str>` found in the following crates: `alloc`, `core`, `encode_unicode`:
[INFO] [stdout]             - impl AsRef<str> for String;
[INFO] [stdout]             - impl AsRef<str> for Utf8Char;
[INFO] [stdout]             - impl AsRef<str> for str;
[INFO] [stdout]     = note: required for `&_` to implement `AsRef<str>`
[INFO] [stdout] note: required by a bound in `History::add`
[INFO] [stdout]    --> /opt/rustwide/cargo-home/git/checkouts/rustyline-98638c01accab86a/15de348/src/history.rs:54:19
[INFO] [stdout]     |
[INFO] [stdout] 54  |     pub fn add<S: AsRef<str> + Into<String>>(&mut self, line: S) -> bool {
[INFO] [stdout]     |                   ^^^^^^^^^^ required by this bound in `History::add`
[INFO] [stdout] help: consider specifying the generic argument
[INFO] [stdout]     |
[INFO] [stdout] 137 |             self.add::<&T>(try!(line).as_ref()); // TODO truncate to MAX_LINE
[INFO] [stdout]     |                     ++++++
[INFO] [stdout] 
[INFO] [stdout] 
[INFO] [stdout] error[E0283]: type annotations needed
[INFO] [stdout]     --> /opt/rustwide/cargo-home/git/checkouts/rustyline-98638c01accab86a/15de348/src/lib.rs:1268:29
[INFO] [stdout]      |
[INFO] [stdout] 1268 |                 self.editor.add_history_entry(l.as_ref()); // TODO Validate
[INFO] [stdout]      |                             ^^^^^^^^^^^^^^^^^   ------ type must be known at this point
[INFO] [stdout]      |                             |
[INFO] [stdout]      |                             cannot infer type of the type parameter `S` declared on the method `add_history_entry`
[INFO] [stdout]      |
[INFO] [stdout]      = note: multiple `impl`s satisfying `String: AsRef<_>` found in the following crates: `alloc`, `std`:
[INFO] [stdout]              - impl AsRef<OsStr> for String;
[INFO] [stdout]              - impl AsRef<Path> for String;
[INFO] [stdout]              - impl AsRef<[u8]> for String;
[INFO] [stdout]              - impl AsRef<str> for String;
[INFO] [stdout] help: consider specifying the generic argument
[INFO] [stdout]      |
[INFO] [stdout] 1268 |                 self.editor.add_history_entry::<&T>(l.as_ref()); // TODO Validate
[INFO] [stdout]      |                                              ++++++
[INFO] [stdout] 
[INFO] [stdout] 
[INFO] [stdout] error[E0283]: type annotations needed
[INFO] [stdout]     --> /opt/rustwide/cargo-home/git/checkouts/rustyline-98638c01accab86a/15de348/src/lib.rs:1268:29
[INFO] [stdout]      |
[INFO] [stdout] 1268 |                 self.editor.add_history_entry(l.as_ref()); // TODO Validate
[INFO] [stdout]      |                             ^^^^^^^^^^^^^^^^^ cannot infer type of the type parameter `S` declared on the method `add_history_entry`
[INFO] [stdout]      |
[INFO] [stdout]      = note: multiple `impl`s satisfying `_: AsRef<str>` found in the following crates: `alloc`, `core`, `encode_unicode`:
[INFO] [stdout]              - impl AsRef<str> for String;
[INFO] [stdout]              - impl AsRef<str> for Utf8Char;
[INFO] [stdout]              - impl AsRef<str> for str;
[INFO] [stdout]      = note: required for `&_` to implement `AsRef<str>`
[INFO] [stdout] note: required by a bound in `Editor::<C>::add_history_entry`
[INFO] [stdout]     --> /opt/rustwide/cargo-home/git/checkouts/rustyline-98638c01accab86a/15de348/src/lib.rs:1193:33
[INFO] [stdout]      |
[INFO] [stdout] 1193 |     pub fn add_history_entry<S: AsRef<str> + Into<String>>(&mut self, line: S) -> bool {
[INFO] [stdout]      |                                 ^^^^^^^^^^ required by this bound in `Editor::<C>::add_history_entry`
[INFO] [stdout] help: consider specifying the generic argument
[INFO] [stdout]      |
[INFO] [stdout] 1268 |                 self.editor.add_history_entry::<&T>(l.as_ref()); // TODO Validate
[INFO] [stdout]      |                                              ++++++
[INFO] [stdout] 
[INFO] [stdout] 
[INFO] [stdout] error: aborting due to 4 previous errors
[INFO] [stdout] 
[INFO] [stdout] 
[INFO] [stdout] For more information about this error, try `rustc --explain E0283`.
[INFO] [stdout] 
[INFO] [stderr] error: could not compile `rustyline` (lib) due to 5 previous errors
[INFO] [stderr] warning: build failed, waiting for other jobs to finish...
[INFO] running `Command { std: "docker" "inspect" "4455119e2c39a1663bca1aeb02c6d930e2dcfa0f770378b6a3b0603048c36998", kill_on_drop: false }`
[INFO] running `Command { std: "docker" "rm" "-f" "4455119e2c39a1663bca1aeb02c6d930e2dcfa0f770378b6a3b0603048c36998", kill_on_drop: false }`
[INFO] [stdout] 4455119e2c39a1663bca1aeb02c6d930e2dcfa0f770378b6a3b0603048c36998
