[INFO] cloning repository https://github.com/Informasjonsforvaltning/rdf-diff-store
[INFO] running `Command { std: "git" "-c" "credential.helper=" "-c" "credential.helper=/workspace/cargo-home/bin/git-credential-null" "clone" "--bare" "https://github.com/Informasjonsforvaltning/rdf-diff-store" "/workspace/cache/git-repos/https%3A%2F%2Fgithub.com%2FInformasjonsforvaltning%2Frdf-diff-store", kill_on_drop: false }`
[INFO] [stderr] Cloning into bare repository '/workspace/cache/git-repos/https%3A%2F%2Fgithub.com%2FInformasjonsforvaltning%2Frdf-diff-store'...
[INFO] running `Command { std: "git" "rev-parse" "HEAD", kill_on_drop: false }`
[INFO] [stdout] 1dbce8899374fda4c78a3db0d7609094c0aafbd8
[INFO] documenting Informasjonsforvaltning/rdf-diff-store against 1.75.0 for beta-1.76-rustdoc-1
[INFO] running `Command { std: "git" "clone" "/workspace/cache/git-repos/https%3A%2F%2Fgithub.com%2FInformasjonsforvaltning%2Frdf-diff-store" "/workspace/builds/worker-2-tc1/source", kill_on_drop: false }`
[INFO] [stderr] Cloning into '/workspace/builds/worker-2-tc1/source'...
[INFO] [stderr] done.
[INFO] validating manifest of git repo https://github.com/Informasjonsforvaltning/rdf-diff-store on toolchain 1.75.0
[INFO] running `Command { std: CARGO_HOME="/workspace/cargo-home" RUSTUP_HOME="/workspace/rustup-home" "/workspace/cargo-home/bin/cargo" "+1.75.0" "metadata" "--manifest-path" "Cargo.toml" "--no-deps", kill_on_drop: false }`
[INFO] started tweaking git repo https://github.com/Informasjonsforvaltning/rdf-diff-store
[INFO] finished tweaking git repo https://github.com/Informasjonsforvaltning/rdf-diff-store
[INFO] tweaked toml for git repo https://github.com/Informasjonsforvaltning/rdf-diff-store written to /workspace/builds/worker-2-tc1/source/Cargo.toml
[INFO] crate git repo https://github.com/Informasjonsforvaltning/rdf-diff-store already has a lockfile, it will not be regenerated
[INFO] running `Command { std: CARGO_HOME="/workspace/cargo-home" RUSTUP_HOME="/workspace/rustup-home" "/workspace/cargo-home/bin/cargo" "+1.75.0" "fetch" "--manifest-path" "Cargo.toml", kill_on_drop: false }`
[INFO] [stderr]     Updating crates.io index
[INFO] [stderr]  Downloading crates ...
[INFO] [stderr]   Downloaded rio_xml v0.8.4
[INFO] [stderr]   Downloaded rio_turtle v0.8.4
[INFO] [stderr]   Downloaded sparesults v0.1.8
[INFO] [stderr]   Downloaded rio_api v0.8.4
[INFO] [stderr]   Downloaded spargebra v0.2.8
[INFO] [stderr]   Downloaded moka v0.11.2
[INFO] [stderr]   Downloaded oxrocksdb-sys v0.3.18
[INFO] [stderr]   Downloaded json-event-parser v0.1.1
[INFO] [stderr]   Downloaded oxsdatatypes v0.1.3
[INFO] [stderr]   Downloaded oxigraph v0.3.18
[INFO] running `Command { std: "docker" "create" "-v" "/var/lib/crater-agent-workspace/builds/worker-2-tc1/target:/opt/rustwide/target:rw,Z" "-v" "/var/lib/crater-agent-workspace/builds/worker-2-tc1/source:/opt/rustwide/workdir:ro,Z" "-v" "/var/lib/crater-agent-workspace/cargo-home:/opt/rustwide/cargo-home:ro,Z" "-v" "/var/lib/crater-agent-workspace/rustup-home:/opt/rustwide/rustup-home:ro,Z" "-e" "SOURCE_DIR=/opt/rustwide/workdir" "-e" "CARGO_TARGET_DIR=/opt/rustwide/target" "-e" "CARGO_HOME=/opt/rustwide/cargo-home" "-e" "RUSTUP_HOME=/opt/rustwide/rustup-home" "-w" "/opt/rustwide/workdir" "-m" "1610612736" "--user" "0:0" "--network" "none" "ghcr.io/rust-lang/crates-build-env/linux@sha256:2788e3201cd34a07e3172128adcd8b3090168a8e3bcc40d7c032b9dda1df7d1c" "/opt/rustwide/cargo-home/bin/cargo" "+1.75.0" "metadata" "--no-deps" "--format-version=1", kill_on_drop: false }`
[INFO] [stdout] 4eab2b23e3edd7fcbacbd1a5f600372b552797f280501cfe5176269520997452
[INFO] running `Command { std: "docker" "start" "-a" "4eab2b23e3edd7fcbacbd1a5f600372b552797f280501cfe5176269520997452", kill_on_drop: false }`
[INFO] running `Command { std: "docker" "inspect" "4eab2b23e3edd7fcbacbd1a5f600372b552797f280501cfe5176269520997452", kill_on_drop: false }`
[INFO] running `Command { std: "docker" "rm" "-f" "4eab2b23e3edd7fcbacbd1a5f600372b552797f280501cfe5176269520997452", kill_on_drop: false }`
[INFO] [stdout] 4eab2b23e3edd7fcbacbd1a5f600372b552797f280501cfe5176269520997452
[INFO] running `Command { std: "docker" "create" "-v" "/var/lib/crater-agent-workspace/builds/worker-2-tc1/target:/opt/rustwide/target:rw,Z" "-v" "/var/lib/crater-agent-workspace/builds/worker-2-tc1/source:/opt/rustwide/workdir:ro,Z" "-v" "/var/lib/crater-agent-workspace/cargo-home:/opt/rustwide/cargo-home:ro,Z" "-v" "/var/lib/crater-agent-workspace/rustup-home:/opt/rustwide/rustup-home:ro,Z" "-e" "SOURCE_DIR=/opt/rustwide/workdir" "-e" "CARGO_TARGET_DIR=/opt/rustwide/target" "-e" "CARGO_INCREMENTAL=0" "-e" "RUST_BACKTRACE=full" "-e" "RUSTFLAGS=--cap-lints=warn" "-e" "RUSTDOCFLAGS=--cap-lints=warn" "-e" "CARGO_HOME=/opt/rustwide/cargo-home" "-e" "RUSTUP_HOME=/opt/rustwide/rustup-home" "-w" "/opt/rustwide/workdir" "-m" "1610612736" "--user" "0:0" "--network" "none" "ghcr.io/rust-lang/crates-build-env/linux@sha256:2788e3201cd34a07e3172128adcd8b3090168a8e3bcc40d7c032b9dda1df7d1c" "/opt/rustwide/cargo-home/bin/cargo" "+1.75.0" "doc" "--frozen" "--no-deps" "--document-private-items" "--message-format=json", kill_on_drop: false }`
[INFO] [stdout] 04f07d87bad73135a5d2180f8b384e0080a81b7a1926a05ddea7405336088dc8
[INFO] running `Command { std: "docker" "start" "-a" "04f07d87bad73135a5d2180f8b384e0080a81b7a1926a05ddea7405336088dc8", kill_on_drop: false }`
[INFO] [stderr]    Compiling libc v0.2.147
[INFO] [stderr]    Compiling proc-macro2 v1.0.63
[INFO] [stderr]    Compiling unicode-ident v1.0.9
[INFO] [stderr]    Compiling quote v1.0.29
[INFO] [stderr]     Checking value-bag v1.4.1
[INFO] [stderr]     Checking tracing-core v0.1.31
[INFO] [stderr]    Compiling tokio v1.29.0
[INFO] [stderr]    Compiling crossbeam-utils v0.8.16
[INFO] [stderr]     Checking lock_api v0.4.10
[INFO] [stderr]    Compiling futures-util v0.3.28
[INFO] [stderr]    Compiling aho-corasick v1.0.2
[INFO] [stderr]    Compiling glob v0.3.1
[INFO] [stderr]    Compiling serde v1.0.164
[INFO] [stderr]    Compiling log v0.4.19
[INFO] [stderr]    Compiling regex-syntax v0.7.2
[INFO] [stderr]     Checking crypto-common v0.1.6
[INFO] [stderr]    Compiling prettyplease v0.2.9
[INFO] [stderr]     Checking digest v0.10.7
[INFO] [stderr]     Checking event-listener v2.5.3
[INFO] [stderr]    Compiling nom v7.1.3
[INFO] [stderr]    Compiling libloading v0.7.4
[INFO] [stderr]    Compiling bindgen v0.65.1
[INFO] [stderr]     Checking oxiri v0.2.2
[INFO] [stderr]     Checking fastrand v1.9.0
[INFO] [stderr]     Checking waker-fn v1.1.0
[INFO] [stderr]     Checking cpufeatures v0.2.8
[INFO] [stderr]     Checking futures-io v0.3.28
[INFO] [stderr]    Compiling io-lifetimes v1.0.11
[INFO] [stderr]     Checking oxilangtag v0.1.3
[INFO] [stderr]    Compiling openssl v0.10.55
[INFO] [stderr]     Checking parking v2.1.0
[INFO] [stderr]     Checking async-lock v2.7.0
[INFO] [stderr]    Compiling polling v2.8.0
[INFO] [stderr]    Compiling clang-sys v1.6.1
[INFO] [stderr]    Compiling peeking_take_while v0.1.2
[INFO] [stderr]    Compiling futures-channel v0.3.28
[INFO] [stderr]     Checking futures-lite v1.13.0
[INFO] [stderr]    Compiling native-tls v0.2.11
[INFO] [stderr]    Compiling serde_json v1.0.99
[INFO] [stderr]    Compiling lazycell v1.3.0
[INFO] [stderr]    Compiling rustix v0.37.20
[INFO] [stderr]     Checking concurrent-queue v2.2.0
[INFO] [stderr]     Checking openssl-probe v0.1.5
[INFO] [stderr]    Compiling rustc-hash v1.1.0
[INFO] [stderr]    Compiling bitflags v1.3.2
[INFO] [stderr]    Compiling lazy_static v1.4.0
[INFO] [stderr]    Compiling shlex v1.1.0
[INFO] [stderr]     Checking httpdate v1.0.2
[INFO] [stderr]    Compiling async-io v1.13.0
[INFO] [stderr]    Compiling memoffset v0.9.0
[INFO] [stderr]     Checking linux-raw-sys v0.3.8
[INFO] [stderr]     Checking oxsdatatypes v0.1.3
[INFO] [stderr]     Checking try-lock v0.2.4
[INFO] [stderr]    Compiling syn v2.0.22
[INFO] [stderr]    Compiling syn v1.0.109
[INFO] [stderr]     Checking parking_lot_core v0.9.8
[INFO] [stderr]     Checking socket2 v0.4.9
[INFO] [stderr]    Compiling jobserver v0.1.26
[INFO] [stderr]     Checking getrandom v0.2.10
[INFO] [stderr]     Checking signal-hook-registry v1.4.1
[INFO] [stderr]     Checking num_cpus v1.15.0
[INFO] [stderr]     Checking mio v0.8.8
[INFO] [stderr]     Checking rand_core v0.6.4
[INFO] [stderr]     Checking parking_lot v0.12.1
[INFO] [stderr]    Compiling which v4.4.0
[INFO] [stderr]    Compiling cc v1.0.79
[INFO] [stderr]     Checking rand_chacha v0.3.1
[INFO] [stderr]     Checking async-task v4.4.0
[INFO] [stderr]    Compiling peg-runtime v0.8.1
[INFO] [stderr]    Compiling time-macros v0.2.9
[INFO] [stderr]     Checking rand v0.8.5
[INFO] [stderr]     Checking want v0.3.1
[INFO] [stderr]    Compiling tracing v0.1.37
[INFO] [stderr]    Compiling peg-macros v0.8.1
[INFO] [stderr]     Checking url v2.4.0
[INFO] [stderr]     Checking async-channel v1.8.0
[INFO] [stderr]     Checking http-body v0.4.5
[INFO] [stderr]     Checking quick-xml v0.28.2
[INFO] [stderr]     Checking encoding_rs v0.8.32
[INFO] [stderr]    Compiling regex v1.8.4
[INFO] [stderr]    Compiling cexpr v0.6.0
[INFO] [stderr]     Checking oxrdf v0.1.7
[INFO] [stderr]    Compiling crossbeam-epoch v0.9.15
[INFO] [stderr]     Checking atomic-waker v1.1.1
[INFO] [stderr]     Checking base64 v0.21.2
[INFO] [stderr]    Compiling openssl-sys v0.9.90
[INFO] [stderr]    Compiling libz-sys v1.1.9
[INFO] [stderr]    Compiling zstd-sys v2.0.8+zstd.1.5.5
[INFO] [stderr]    Compiling libssh2-sys v0.2.23
[INFO] [stderr]    Compiling libgit2-sys v0.14.2+1.5.1
[INFO] [stderr]     Checking tower-service v0.3.2
[INFO] [stderr]    Compiling protobuf v2.28.0
[INFO] [stderr]     Checking rio_api v0.8.4
[INFO] [stderr]     Checking blocking v1.3.1
[INFO] [stderr]     Checking flate2 v1.0.26
[INFO] [stderr]     Checking ahash v0.8.3
[INFO] [stderr]     Checking async-executor v1.5.1
[INFO] [stderr]     Checking sha1 v0.10.5
[INFO] [stderr]     Checking time v0.3.22
[INFO] [stderr]     Checking raw-cpuid v10.7.0
[INFO] [stderr]     Checking json-event-parser v0.1.1
[INFO] [stderr]    Compiling prometheus v0.13.3
[INFO] [stderr]    Compiling moka v0.11.2
[INFO] [stderr]    Compiling async-trait v0.1.68
[INFO] [stderr]     Checking overload v0.1.1
[INFO] [stderr]     Checking nu-ansi-term v0.46.0
[INFO] [stderr]     Checking sparesults v0.1.8
[INFO] [stderr]     Checking peg v0.8.1
[INFO] [stderr]     Checking spargebra v0.2.8
[INFO] [stderr]     Checking async-global-executor v2.3.1
[INFO] [stderr]     Checking ahash v0.7.6
[INFO] [stderr]     Checking rio_xml v0.8.4
[INFO] [stderr]     Checking rio_turtle v0.8.4
[INFO] [stderr]     Checking scheduled-thread-pool v0.2.7
[INFO] [stderr]     Checking uuid v1.4.0
[INFO] [stderr]     Checking crossbeam-channel v0.5.8
[INFO] [stderr]     Checking sharded-slab v0.1.4
[INFO] [stderr]     Checking tracing-log v0.1.3
[INFO] [stderr]     Checking kv-log-macro v1.0.7
[INFO] [stderr]     Checking sha2 v0.10.7
[INFO] [stderr]     Checking sha-1 v0.10.1
[INFO] [stderr]     Checking md-5 v0.10.5
[INFO] [stderr]     Checking thread_local v1.1.7
[INFO] [stderr]     Checking triomphe v0.1.8
[INFO] [stderr]     Checking hex v0.4.3
[INFO] [stderr]     Checking ipnet v2.8.0
[INFO] [stderr]     Checking tagptr v0.2.0
[INFO] [stderr]     Checking siphasher v0.3.10
[INFO] [stderr]     Checking quanta v0.11.1
[INFO] [stderr]     Checking async-std v1.12.0
[INFO] [stderr]    Compiling actix-router v0.5.1
[INFO] [stderr]     Checking cookie v0.16.2
[INFO] [stderr]    Compiling actix-macros v0.2.3
[INFO] [stderr]    Compiling derive_more v0.99.17
[INFO] [stderr]    Compiling actix-web-codegen v4.2.0
[INFO] [stderr]    Compiling tokio-macros v2.1.0
[INFO] [stderr]    Compiling tracing-attributes v0.1.26
[INFO] [stderr]    Compiling futures-macro v0.3.28
[INFO] [stderr]    Compiling serde_derive v1.0.164
[INFO] [stderr]    Compiling openssl-macros v0.1.1
[INFO] [stderr]    Compiling thiserror-impl v1.0.40
[INFO] [stderr]     Checking thiserror v1.0.40
[INFO] [stderr]     Checking local-channel v0.1.3
[INFO] [stderr]    Compiling zstd-safe v6.0.5+zstd.1.5.4
[INFO] [stderr]     Checking zstd v0.12.3+zstd.1.5.2
[INFO] [stderr]    Compiling oxrocksdb-sys v0.3.18
[INFO] [stderr]     Checking tokio-util v0.7.8
[INFO] [stderr]     Checking actix-rt v2.8.0
[INFO] [stderr]     Checking tokio-native-tls v0.3.1
[INFO] [stderr]     Checking actix-server v2.2.0
[INFO] [stderr]     Checking h2 v0.3.20
[INFO] [stderr]     Checking actix-codec v0.5.1
[INFO] [stderr]     Checking git2 v0.16.1
[INFO] [stderr]     Checking serde_urlencoded v0.7.1
[INFO] [stderr]     Checking tracing-serde v0.1.3
[INFO] [stderr]     Checking tracing-subscriber v0.3.17
[INFO] [stderr]     Checking hyper v0.14.27
[INFO] [stderr]     Checking actix-http v3.3.1
[INFO] [stderr] error: could not compile `hyper` (lib)
[INFO] [stderr] 
[INFO] [stderr] Caused by:
[INFO] [stderr]   process didn't exit successfully: `/opt/rustwide/rustup-home/toolchains/1.75.0-x86_64-unknown-linux-gnu/bin/rustc --crate-name hyper --edition=2018 /opt/rustwide/cargo-home/registry/src/index.crates.io-6f17d22bba15001f/hyper-0.14.27/src/lib.rs --error-format=json --json=diagnostic-rendered-ansi,artifacts,future-incompat --crate-type lib --emit=dep-info,metadata -C embed-bitcode=no -C debuginfo=2 --cfg 'feature="client"' --cfg 'feature="h2"' --cfg 'feature="http1"' --cfg 'feature="http2"' --cfg 'feature="runtime"' --cfg 'feature="socket2"' --cfg 'feature="tcp"' -C metadata=3e2d78eb5288c38e -C extra-filename=-3e2d78eb5288c38e --out-dir /opt/rustwide/target/debug/deps -L dependency=/opt/rustwide/target/debug/deps --extern bytes=/opt/rustwide/target/debug/deps/libbytes-a147f7542d0a905a.rmeta --extern futures_channel=/opt/rustwide/target/debug/deps/libfutures_channel-770ebc38d0817861.rmeta --extern futures_core=/opt/rustwide/target/debug/deps/libfutures_core-d748fbf360b066d2.rmeta --extern futures_util=/opt/rustwide/target/debug/deps/libfutures_util-653af87c9c833729.rmeta --extern h2=/opt/rustwide/target/debug/deps/libh2-ece4c12e66a5bd2c.rmeta --extern http=/opt/rustwide/target/debug/deps/libhttp-1315581ea2def1f5.rmeta --extern http_body=/opt/rustwide/target/debug/deps/libhttp_body-badb5ea80769e2e8.rmeta --extern httparse=/opt/rustwide/target/debug/deps/libhttparse-7c8a2d6bbc52db7d.rmeta --extern httpdate=/opt/rustwide/target/debug/deps/libhttpdate-d8b96c7b05a3fb74.rmeta --extern itoa=/opt/rustwide/target/debug/deps/libitoa-7798717abfe55fff.rmeta --extern pin_project_lite=/opt/rustwide/target/debug/deps/libpin_project_lite-12e98c1df7921299.rmeta --extern socket2=/opt/rustwide/target/debug/deps/libsocket2-e5c7f8b77ba707cd.rmeta --extern tokio=/opt/rustwide/target/debug/deps/libtokio-d5a31ef9280a02c3.rmeta --extern tower_service=/opt/rustwide/target/debug/deps/libtower_service-f0feaf64c8970dba.rmeta --extern tracing=/opt/rustwide/target/debug/deps/libtracing-90b5ca80154ca335.rmeta --extern want=/opt/rustwide/target/debug/deps/libwant-d8acb5b4af3d015c.rmeta --cap-lints allow --cap-lints=warn` (signal: 9, SIGKILL: kill)
[INFO] [stderr] warning: build failed, waiting for other jobs to finish...
[INFO] [stderr] The following warnings were emitted during compilation:
[INFO] [stderr] 
[INFO] [stderr] warning: oxrocksdb-sys@0.3.18: c++: fatal error: Killed signal terminated program cc1plus
[INFO] [stderr] warning: oxrocksdb-sys@0.3.18: compilation terminated.
[INFO] [stderr] warning: oxrocksdb-sys@0.3.18: c++: fatal error: Killed signal terminated program cc1plus
[INFO] [stderr] warning: oxrocksdb-sys@0.3.18: compilation terminated.
[INFO] [stderr] warning: oxrocksdb-sys@0.3.18: c++: fatal error: Killed signal terminated program cc1plus
[INFO] [stderr] warning: oxrocksdb-sys@0.3.18: compilation terminated.
[INFO] [stderr] 
[INFO] [stderr] error: failed to run custom build command for `oxrocksdb-sys v0.3.18`
[INFO] [stderr] note: To improve backtraces for build dependencies, set the CARGO_PROFILE_DEV_BUILD_OVERRIDE_DEBUG=true environment variable to enable debug information generation.
[INFO] [stderr] 
[INFO] [stderr] Caused by:
[INFO] [stderr]   process didn't exit successfully: `/opt/rustwide/target/debug/build/oxrocksdb-sys-e6d9055a9037584e/build-script-build` (exit status: 1)
[INFO] [stderr]   --- stdout
[INFO] [stderr]   cargo:rerun-if-changed=api/
[INFO] [stderr]   TARGET = Some("x86_64-unknown-linux-gnu")
[INFO] [stderr]   OPT_LEVEL = Some("0")
[INFO] [stderr]   HOST = Some("x86_64-unknown-linux-gnu")
[INFO] [stderr]   cargo:rerun-if-env-changed=CC_x86_64-unknown-linux-gnu
[INFO] [stderr]   CC_x86_64-unknown-linux-gnu = None
[INFO] [stderr]   cargo:rerun-if-env-changed=CC_x86_64_unknown_linux_gnu
[INFO] [stderr]   CC_x86_64_unknown_linux_gnu = None
[INFO] [stderr]   cargo:rerun-if-env-changed=HOST_CC
[INFO] [stderr]   HOST_CC = None
[INFO] [stderr]   cargo:rerun-if-env-changed=CC
[INFO] [stderr]   CC = None
[INFO] [stderr]   cargo:rerun-if-env-changed=CFLAGS_x86_64-unknown-linux-gnu
[INFO] [stderr]   CFLAGS_x86_64-unknown-linux-gnu = None
[INFO] [stderr]   cargo:rerun-if-env-changed=CFLAGS_x86_64_unknown_linux_gnu
[INFO] [stderr]   CFLAGS_x86_64_unknown_linux_gnu = None
[INFO] [stderr]   cargo:rerun-if-env-changed=HOST_CFLAGS
[INFO] [stderr]   HOST_CFLAGS = None
[INFO] [stderr]   cargo:rerun-if-env-changed=CFLAGS
[INFO] [stderr]   CFLAGS = None
[INFO] [stderr]   cargo:rerun-if-env-changed=CRATE_CC_NO_DEFAULTS
[INFO] [stderr]   CRATE_CC_NO_DEFAULTS = None
[INFO] [stderr]   DEBUG = Some("true")
[INFO] [stderr]   CARGO_CFG_TARGET_FEATURE = Some("fxsr,sse,sse2")
[INFO] [stderr]   running: "cc" "-O0" "-ffunction-sections" "-fdata-sections" "-fPIC" "-gdwarf-4" "-fno-omit-frame-pointer" "-m64" "-Wall" "-Wextra" "-o" "/opt/rustwide/target/debug/build/oxrocksdb-sys-73f298e58d6b8315/out/lz4/lib/lz4.o" "-c" "lz4/lib/lz4.c"
[INFO] [stderr]   running: "cc" "-O0" "-ffunction-sections" "-fdata-sections" "-fPIC" "-gdwarf-4" "-fno-omit-frame-pointer" "-m64" "-Wall" "-Wextra" "-o" "/opt/rustwide/target/debug/build/oxrocksdb-sys-73f298e58d6b8315/out/lz4/lib/lz4frame.o" "-c" "lz4/lib/lz4frame.c"
[INFO] [stderr]   running: "cc" "-O0" "-ffunction-sections" "-fdata-sections" "-fPIC" "-gdwarf-4" "-fno-omit-frame-pointer" "-m64" "-Wall" "-Wextra" "-o" "/opt/rustwide/target/debug/build/oxrocksdb-sys-73f298e58d6b8315/out/lz4/lib/xxhash.o" "-c" "lz4/lib/xxhash.c"
[INFO] [stderr]   running: "cc" "-O0" "-ffunction-sections" "-fdata-sections" "-fPIC" "-gdwarf-4" "-fno-omit-frame-pointer" "-m64" "-Wall" "-Wextra" "-o" "/opt/rustwide/target/debug/build/oxrocksdb-sys-73f298e58d6b8315/out/lz4/lib/lz4hc.o" "-c" "lz4/lib/lz4hc.c"
[INFO] [stderr]   exit status: 0
[INFO] [stderr]   exit status: 0
[INFO] [stderr]   exit status: 0
[INFO] [stderr]   exit status: 0
[INFO] [stderr]   cargo:rerun-if-env-changed=AR_x86_64-unknown-linux-gnu
[INFO] [stderr]   AR_x86_64-unknown-linux-gnu = None
[INFO] [stderr]   cargo:rerun-if-env-changed=AR_x86_64_unknown_linux_gnu
[INFO] [stderr]   AR_x86_64_unknown_linux_gnu = None
[INFO] [stderr]   cargo:rerun-if-env-changed=HOST_AR
[INFO] [stderr]   HOST_AR = None
[INFO] [stderr]   cargo:rerun-if-env-changed=AR
[INFO] [stderr]   AR = None
[INFO] [stderr]   cargo:rerun-if-env-changed=ARFLAGS_x86_64-unknown-linux-gnu
[INFO] [stderr]   ARFLAGS_x86_64-unknown-linux-gnu = None
[INFO] [stderr]   cargo:rerun-if-env-changed=ARFLAGS_x86_64_unknown_linux_gnu
[INFO] [stderr]   ARFLAGS_x86_64_unknown_linux_gnu = None
[INFO] [stderr]   cargo:rerun-if-env-changed=HOST_ARFLAGS
[INFO] [stderr]   HOST_ARFLAGS = None
[INFO] [stderr]   cargo:rerun-if-env-changed=ARFLAGS
[INFO] [stderr]   ARFLAGS = None
[INFO] [stderr]   running: ZERO_AR_DATE="1" "ar" "cq" "/opt/rustwide/target/debug/build/oxrocksdb-sys-73f298e58d6b8315/out/liblz4.a" "/opt/rustwide/target/debug/build/oxrocksdb-sys-73f298e58d6b8315/out/lz4/lib/lz4.o" "/opt/rustwide/target/debug/build/oxrocksdb-sys-73f298e58d6b8315/out/lz4/lib/lz4frame.o" "/opt/rustwide/target/debug/build/oxrocksdb-sys-73f298e58d6b8315/out/lz4/lib/lz4hc.o" "/opt/rustwide/target/debug/build/oxrocksdb-sys-73f298e58d6b8315/out/lz4/lib/xxhash.o"
[INFO] [stderr]   exit status: 0
[INFO] [stderr]   running: "ar" "s" "/opt/rustwide/target/debug/build/oxrocksdb-sys-73f298e58d6b8315/out/liblz4.a"
[INFO] [stderr]   exit status: 0
[INFO] [stderr]   cargo:rustc-link-lib=static=lz4
[INFO] [stderr]   cargo:rustc-link-search=native=/opt/rustwide/target/debug/build/oxrocksdb-sys-73f298e58d6b8315/out
[INFO] [stderr]   TARGET = Some("x86_64-unknown-linux-gnu")
[INFO] [stderr]   OPT_LEVEL = Some("0")
[INFO] [stderr]   HOST = Some("x86_64-unknown-linux-gnu")
[INFO] [stderr]   cargo:rerun-if-env-changed=CXX_x86_64-unknown-linux-gnu
[INFO] [stderr]   CXX_x86_64-unknown-linux-gnu = None
[INFO] [stderr]   cargo:rerun-if-env-changed=CXX_x86_64_unknown_linux_gnu
[INFO] [stderr]   CXX_x86_64_unknown_linux_gnu = None
[INFO] [stderr]   cargo:rerun-if-env-changed=HOST_CXX
[INFO] [stderr]   HOST_CXX = None
[INFO] [stderr]   cargo:rerun-if-env-changed=CXX
[INFO] [stderr]   CXX = None
[INFO] [stderr]   cargo:rerun-if-env-changed=CXXFLAGS_x86_64-unknown-linux-gnu
[INFO] [stderr]   CXXFLAGS_x86_64-unknown-linux-gnu = None
[INFO] [stderr]   cargo:rerun-if-env-changed=CXXFLAGS_x86_64_unknown_linux_gnu
[INFO] [stderr]   CXXFLAGS_x86_64_unknown_linux_gnu = None
[INFO] [stderr]   cargo:rerun-if-env-changed=HOST_CXXFLAGS
[INFO] [stderr]   HOST_CXXFLAGS = None
[INFO] [stderr]   cargo:rerun-if-env-changed=CXXFLAGS
[INFO] [stderr]   CXXFLAGS = None
[INFO] [stderr]   cargo:rerun-if-env-changed=CRATE_CC_NO_DEFAULTS
[INFO] [stderr]   CRATE_CC_NO_DEFAULTS = None
[INFO] [stderr]   DEBUG = Some("true")
[INFO] [stderr]   CARGO_CFG_TARGET_FEATURE = Some("fxsr,sse,sse2")
[INFO] [stderr]   cargo:rerun-if-env-changed=CXX_x86_64-unknown-linux-gnu
[INFO] [stderr]   CXX_x86_64-unknown-linux-gnu = None
[INFO] [stderr]   cargo:rerun-if-env-changed=CXX_x86_64_unknown_linux_gnu
[INFO] [stderr]   CXX_x86_64_unknown_linux_gnu = None
[INFO] [stderr]   cargo:rerun-if-env-changed=HOST_CXX
[INFO] [stderr]   HOST_CXX = None
[INFO] [stderr]   cargo:rerun-if-env-changed=CXX
[INFO] [stderr]   CXX = None
[INFO] [stderr]   cargo:rerun-if-env-changed=CXXFLAGS_x86_64-unknown-linux-gnu
[INFO] [stderr]   CXXFLAGS_x86_64-unknown-linux-gnu = None
[INFO] [stderr]   cargo:rerun-if-env-changed=CXXFLAGS_x86_64_unknown_linux_gnu
[INFO] [stderr]   CXXFLAGS_x86_64_unknown_linux_gnu = None
[INFO] [stderr]   cargo:rerun-if-env-changed=HOST_CXXFLAGS
[INFO] [stderr]   HOST_CXXFLAGS = None
[INFO] [stderr]   cargo:rerun-if-env-changed=CXXFLAGS
[INFO] [stderr]   CXXFLAGS = None
[INFO] [stderr]   cargo:rerun-if-env-changed=CRATE_CC_NO_DEFAULTS
[INFO] [stderr]   CRATE_CC_NO_DEFAULTS = None
[INFO] [stderr]   CARGO_CFG_TARGET_FEATURE = Some("fxsr,sse,sse2")
[INFO] [stderr]   running: "c++" "-O0" "-ffunction-sections" "-fdata-sections" "-fPIC" "-gdwarf-4" "-fno-omit-frame-pointer" "-m64" "-I" "rocksdb/include/" "-I" "rocksdb/" "-I" "lz4/lib/" "-Wall" "-Wextra" "-std=c++17" "-Wno-invalid-offsetof" "-msse2" "-DNDEBUG=1" "-DLZ4=1" "-DOS_LINUX" "-DROCKSDB_PLATFORM_POSIX" "-DROCKSDB_LIB_IO_POSIX" "-DROCKSDB_SUPPORT_THREAD_LOCAL" "-DHAVE_UINT128_EXTENSION=1" "-o" "/opt/rustwide/target/debug/build/oxrocksdb-sys-73f298e58d6b8315/out/api/build_version.o" "-c" "api/build_version.cc"
[INFO] [stderr]   running: "c++" "-O0" "-ffunction-sections" "-fdata-sections" "-fPIC" "-gdwarf-4" "-fno-omit-frame-pointer" "-m64" "-I" "rocksdb/include/" "-I" "rocksdb/" "-I" "lz4/lib/" "-Wall" "-Wextra" "-std=c++17" "-Wno-invalid-offsetof" "-msse2" "-DNDEBUG=1" "-DLZ4=1" "-DOS_LINUX" "-DROCKSDB_PLATFORM_POSIX" "-DROCKSDB_LIB_IO_POSIX" "-DROCKSDB_SUPPORT_THREAD_LOCAL" "-DHAVE_UINT128_EXTENSION=1" "-o" "/opt/rustwide/target/debug/build/oxrocksdb-sys-73f298e58d6b8315/out/rocksdb/cache/cache_reservation_manager.o" "-c" "rocksdb/cache/cache_reservation_manager.cc"
[INFO] [stderr]   running: "c++" "-O0" "-ffunction-sections" "-fdata-sections" "-fPIC" "-gdwarf-4" "-fno-omit-frame-pointer" "-m64" "-I" "rocksdb/include/" "-I" "rocksdb/" "-I" "lz4/lib/" "-Wall" "-Wextra" "-std=c++17" "-Wno-invalid-offsetof" "-msse2" "-DNDEBUG=1" "-DLZ4=1" "-DOS_LINUX" "-DROCKSDB_PLATFORM_POSIX" "-DROCKSDB_LIB_IO_POSIX" "-DROCKSDB_SUPPORT_THREAD_LOCAL" "-DHAVE_UINT128_EXTENSION=1" "-o" "/opt/rustwide/target/debug/build/oxrocksdb-sys-73f298e58d6b8315/out/rocksdb/cache/charged_cache.o" "-c" "rocksdb/cache/charged_cache.cc"
[INFO] [stderr]   running: "c++" "-O0" "-ffunction-sections" "-fdata-sections" "-fPIC" "-gdwarf-4" "-fno-omit-frame-pointer" "-m64" "-I" "rocksdb/include/" "-I" "rocksdb/" "-I" "lz4/lib/" "-Wall" "-Wextra" "-std=c++17" "-Wno-invalid-offsetof" "-msse2" "-DNDEBUG=1" "-DLZ4=1" "-DOS_LINUX" "-DROCKSDB_PLATFORM_POSIX" "-DROCKSDB_LIB_IO_POSIX" "-DROCKSDB_SUPPORT_THREAD_LOCAL" "-DHAVE_UINT128_EXTENSION=1" "-o" "/opt/rustwide/target/debug/build/oxrocksdb-sys-73f298e58d6b8315/out/rocksdb/cache/cache.o" "-c" "rocksdb/cache/cache.cc"
[INFO] [stderr]   running: "c++" "-O0" "-ffunction-sections" "-fdata-sections" "-fPIC" "-gdwarf-4" "-fno-omit-frame-pointer" "-m64" "-I" "rocksdb/include/" "-I" "rocksdb/" "-I" "lz4/lib/" "-Wall" "-Wextra" "-std=c++17" "-Wno-invalid-offsetof" "-msse2" "-DNDEBUG=1" "-DLZ4=1" "-DOS_LINUX" "-DROCKSDB_PLATFORM_POSIX" "-DROCKSDB_LIB_IO_POSIX" "-DROCKSDB_SUPPORT_THREAD_LOCAL" "-DHAVE_UINT128_EXTENSION=1" "-o" "/opt/rustwide/target/debug/build/oxrocksdb-sys-73f298e58d6b8315/out/api/c.o" "-c" "api/c.cc"
[INFO] [stderr]   running: "c++" "-O0" "-ffunction-sections" "-fdata-sections" "-fPIC" "-gdwarf-4" "-fno-omit-frame-pointer" "-m64" "-I" "rocksdb/include/" "-I" "rocksdb/" "-I" "lz4/lib/" "-Wall" "-Wextra" "-std=c++17" "-Wno-invalid-offsetof" "-msse2" "-DNDEBUG=1" "-DLZ4=1" "-DOS_LINUX" "-DROCKSDB_PLATFORM_POSIX" "-DROCKSDB_LIB_IO_POSIX" "-DROCKSDB_SUPPORT_THREAD_LOCAL" "-DHAVE_UINT128_EXTENSION=1" "-o" "/opt/rustwide/target/debug/build/oxrocksdb-sys-73f298e58d6b8315/out/rocksdb/cache/cache_entry_roles.o" "-c" "rocksdb/cache/cache_entry_roles.cc"
[INFO] [stderr]   running: "c++" "-O0" "-ffunction-sections" "-fdata-sections" "-fPIC" "-gdwarf-4" "-fno-omit-frame-pointer" "-m64" "-I" "rocksdb/include/" "-I" "rocksdb/" "-I" "lz4/lib/" "-Wall" "-Wextra" "-std=c++17" "-Wno-invalid-offsetof" "-msse2" "-DNDEBUG=1" "-DLZ4=1" "-DOS_LINUX" "-DROCKSDB_PLATFORM_POSIX" "-DROCKSDB_LIB_IO_POSIX" "-DROCKSDB_SUPPORT_THREAD_LOCAL" "-DHAVE_UINT128_EXTENSION=1" "-o" "/opt/rustwide/target/debug/build/oxrocksdb-sys-73f298e58d6b8315/out/rocksdb/cache/lru_cache.o" "-c" "rocksdb/cache/lru_cache.cc"
[INFO] [stderr]   running: "c++" "-O0" "-ffunction-sections" "-fdata-sections" "-fPIC" "-gdwarf-4" "-fno-omit-frame-pointer" "-m64" "-I" "rocksdb/include/" "-I" "rocksdb/" "-I" "lz4/lib/" "-Wall" "-Wextra" "-std=c++17" "-Wno-invalid-offsetof" "-msse2" "-DNDEBUG=1" "-DLZ4=1" "-DOS_LINUX" "-DROCKSDB_PLATFORM_POSIX" "-DROCKSDB_LIB_IO_POSIX" "-DROCKSDB_SUPPORT_THREAD_LOCAL" "-DHAVE_UINT128_EXTENSION=1" "-o" "/opt/rustwide/target/debug/build/oxrocksdb-sys-73f298e58d6b8315/out/rocksdb/cache/cache_helpers.o" "-c" "rocksdb/cache/cache_helpers.cc"
[INFO] [stderr]   running: "c++" "-O0" "-ffunction-sections" "-fdata-sections" "-fPIC" "-gdwarf-4" "-fno-omit-frame-pointer" "-m64" "-I" "rocksdb/include/" "-I" "rocksdb/" "-I" "lz4/lib/" "-Wall" "-Wextra" "-std=c++17" "-Wno-invalid-offsetof" "-msse2" "-DNDEBUG=1" "-DLZ4=1" "-DOS_LINUX" "-DROCKSDB_PLATFORM_POSIX" "-DROCKSDB_LIB_IO_POSIX" "-DROCKSDB_SUPPORT_THREAD_LOCAL" "-DHAVE_UINT128_EXTENSION=1" "-o" "/opt/rustwide/target/debug/build/oxrocksdb-sys-73f298e58d6b8315/out/rocksdb/cache/cache_key.o" "-c" "rocksdb/cache/cache_key.cc"
[INFO] [stderr]   running: "c++" "-O0" "-ffunction-sections" "-fdata-sections" "-fPIC" "-gdwarf-4" "-fno-omit-frame-pointer" "-m64" "-I" "rocksdb/include/" "-I" "rocksdb/" "-I" "lz4/lib/" "-Wall" "-Wextra" "-std=c++17" "-Wno-invalid-offsetof" "-msse2" "-DNDEBUG=1" "-DLZ4=1" "-DOS_LINUX" "-DROCKSDB_PLATFORM_POSIX" "-DROCKSDB_LIB_IO_POSIX" "-DROCKSDB_SUPPORT_THREAD_LOCAL" "-DHAVE_UINT128_EXTENSION=1" "-o" "/opt/rustwide/target/debug/build/oxrocksdb-sys-73f298e58d6b8315/out/rocksdb/cache/secondary_cache_adapter.o" "-c" "rocksdb/cache/secondary_cache_adapter.cc"
[INFO] [stderr]   running: "c++" "-O0" "-ffunction-sections" "-fdata-sections" "-fPIC" "-gdwarf-4" "-fno-omit-frame-pointer" "-m64" "-I" "rocksdb/include/" "-I" "rocksdb/" "-I" "lz4/lib/" "-Wall" "-Wextra" "-std=c++17" "-Wno-invalid-offsetof" "-msse2" "-DNDEBUG=1" "-DLZ4=1" "-DOS_LINUX" "-DROCKSDB_PLATFORM_POSIX" "-DROCKSDB_LIB_IO_POSIX" "-DROCKSDB_SUPPORT_THREAD_LOCAL" "-DHAVE_UINT128_EXTENSION=1" "-o" "/opt/rustwide/target/debug/build/oxrocksdb-sys-73f298e58d6b8315/out/rocksdb/cache/secondary_cache.o" "-c" "rocksdb/cache/secondary_cache.cc"
[INFO] [stderr]   running: "c++" "-O0" "-ffunction-sections" "-fdata-sections" "-fPIC" "-gdwarf-4" "-fno-omit-frame-pointer" "-m64" "-I" "rocksdb/include/" "-I" "rocksdb/" "-I" "lz4/lib/" "-Wall" "-Wextra" "-std=c++17" "-Wno-invalid-offsetof" "-msse2" "-DNDEBUG=1" "-DLZ4=1" "-DOS_LINUX" "-DROCKSDB_PLATFORM_POSIX" "-DROCKSDB_LIB_IO_POSIX" "-DROCKSDB_SUPPORT_THREAD_LOCAL" "-DHAVE_UINT128_EXTENSION=1" "-o" "/opt/rustwide/target/debug/build/oxrocksdb-sys-73f298e58d6b8315/out/rocksdb/cache/compressed_secondary_cache.o" "-c" "rocksdb/cache/compressed_secondary_cache.cc"
[INFO] [stderr]   running: "c++" "-O0" "-ffunction-sections" "-fdata-sections" "-fPIC" "-gdwarf-4" "-fno-omit-frame-pointer" "-m64" "-I" "rocksdb/include/" "-I" "rocksdb/" "-I" "lz4/lib/" "-Wall" "-Wextra" "-std=c++17" "-Wno-invalid-offsetof" "-msse2" "-DNDEBUG=1" "-DLZ4=1" "-DOS_LINUX" "-DROCKSDB_PLATFORM_POSIX" "-DROCKSDB_LIB_IO_POSIX" "-DROCKSDB_SUPPORT_THREAD_LOCAL" "-DHAVE_UINT128_EXTENSION=1" "-o" "/opt/rustwide/target/debug/build/oxrocksdb-sys-73f298e58d6b8315/out/rocksdb/cache/sharded_cache.o" "-c" "rocksdb/cache/sharded_cache.cc"
[INFO] [stderr]   running: "c++" "-O0" "-ffunction-sections" "-fdata-sections" "-fPIC" "-gdwarf-4" "-fno-omit-frame-pointer" "-m64" "-I" "rocksdb/include/" "-I" "rocksdb/" "-I" "lz4/lib/" "-Wall" "-Wextra" "-std=c++17" "-Wno-invalid-offsetof" "-msse2" "-DNDEBUG=1" "-DLZ4=1" "-DOS_LINUX" "-DROCKSDB_PLATFORM_POSIX" "-DROCKSDB_LIB_IO_POSIX" "-DROCKSDB_SUPPORT_THREAD_LOCAL" "-DHAVE_UINT128_EXTENSION=1" "-o" "/opt/rustwide/target/debug/build/oxrocksdb-sys-73f298e58d6b8315/out/rocksdb/cache/clock_cache.o" "-c" "rocksdb/cache/clock_cache.cc"
[INFO] [stderr]   exit status: 0
[INFO] [stderr]   running: "c++" "-O0" "-ffunction-sections" "-fdata-sections" "-fPIC" "-gdwarf-4" "-fno-omit-frame-pointer" "-m64" "-I" "rocksdb/include/" "-I" "rocksdb/" "-I" "lz4/lib/" "-Wall" "-Wextra" "-std=c++17" "-Wno-invalid-offsetof" "-msse2" "-DNDEBUG=1" "-DLZ4=1" "-DOS_LINUX" "-DROCKSDB_PLATFORM_POSIX" "-DROCKSDB_LIB_IO_POSIX" "-DROCKSDB_SUPPORT_THREAD_LOCAL" "-DHAVE_UINT128_EXTENSION=1" "-o" "/opt/rustwide/target/debug/build/oxrocksdb-sys-73f298e58d6b8315/out/rocksdb/db/arena_wrapped_db_iter.o" "-c" "rocksdb/db/arena_wrapped_db_iter.cc"
[INFO] [stderr]   exit status: 0
[INFO] [stderr]   running: "c++" "-O0" "-ffunction-sections" "-fdata-sections" "-fPIC" "-gdwarf-4" "-fno-omit-frame-pointer" "-m64" "-I" "rocksdb/include/" "-I" "rocksdb/" "-I" "lz4/lib/" "-Wall" "-Wextra" "-std=c++17" "-Wno-invalid-offsetof" "-msse2" "-DNDEBUG=1" "-DLZ4=1" "-DOS_LINUX" "-DROCKSDB_PLATFORM_POSIX" "-DROCKSDB_LIB_IO_POSIX" "-DROCKSDB_SUPPORT_THREAD_LOCAL" "-DHAVE_UINT128_EXTENSION=1" "-o" "/opt/rustwide/target/debug/build/oxrocksdb-sys-73f298e58d6b8315/out/rocksdb/db/blob/blob_contents.o" "-c" "rocksdb/db/blob/blob_contents.cc"
[INFO] [stderr]   exit status: 0
[INFO] [stderr]   running: "c++" "-O0" "-ffunction-sections" "-fdata-sections" "-fPIC" "-gdwarf-4" "-fno-omit-frame-pointer" "-m64" "-I" "rocksdb/include/" "-I" "rocksdb/" "-I" "lz4/lib/" "-Wall" "-Wextra" "-std=c++17" "-Wno-invalid-offsetof" "-msse2" "-DNDEBUG=1" "-DLZ4=1" "-DOS_LINUX" "-DROCKSDB_PLATFORM_POSIX" "-DROCKSDB_LIB_IO_POSIX" "-DROCKSDB_SUPPORT_THREAD_LOCAL" "-DHAVE_UINT128_EXTENSION=1" "-o" "/opt/rustwide/target/debug/build/oxrocksdb-sys-73f298e58d6b8315/out/rocksdb/db/blob/blob_fetcher.o" "-c" "rocksdb/db/blob/blob_fetcher.cc"
[INFO] [stderr]   exit status: 0
[INFO] [stderr]   running: "c++" "-O0" "-ffunction-sections" "-fdata-sections" "-fPIC" "-gdwarf-4" "-fno-omit-frame-pointer" "-m64" "-I" "rocksdb/include/" "-I" "rocksdb/" "-I" "lz4/lib/" "-Wall" "-Wextra" "-std=c++17" "-Wno-invalid-offsetof" "-msse2" "-DNDEBUG=1" "-DLZ4=1" "-DOS_LINUX" "-DROCKSDB_PLATFORM_POSIX" "-DROCKSDB_LIB_IO_POSIX" "-DROCKSDB_SUPPORT_THREAD_LOCAL" "-DHAVE_UINT128_EXTENSION=1" "-o" "/opt/rustwide/target/debug/build/oxrocksdb-sys-73f298e58d6b8315/out/rocksdb/db/blob/blob_file_addition.o" "-c" "rocksdb/db/blob/blob_file_addition.cc"
[INFO] [stderr]   exit status: 0
[INFO] [stderr]   running: "c++" "-O0" "-ffunction-sections" "-fdata-sections" "-fPIC" "-gdwarf-4" "-fno-omit-frame-pointer" "-m64" "-I" "rocksdb/include/" "-I" "rocksdb/" "-I" "lz4/lib/" "-Wall" "-Wextra" "-std=c++17" "-Wno-invalid-offsetof" "-msse2" "-DNDEBUG=1" "-DLZ4=1" "-DOS_LINUX" "-DROCKSDB_PLATFORM_POSIX" "-DROCKSDB_LIB_IO_POSIX" "-DROCKSDB_SUPPORT_THREAD_LOCAL" "-DHAVE_UINT128_EXTENSION=1" "-o" "/opt/rustwide/target/debug/build/oxrocksdb-sys-73f298e58d6b8315/out/rocksdb/db/blob/blob_file_builder.o" "-c" "rocksdb/db/blob/blob_file_builder.cc"
[INFO] [stderr]   running: "c++" "-O0" "-ffunction-sections" "-fdata-sections" "-fPIC" "-gdwarf-4" "-fno-omit-frame-pointer" "-m64" "-I" "rocksdb/include/" "-I" "rocksdb/" "-I" "lz4/lib/" "-Wall" "-Wextra" "-std=c++17" "-Wno-invalid-offsetof" "-msse2" "-DNDEBUG=1" "-DLZ4=1" "-DOS_LINUX" "-DROCKSDB_PLATFORM_POSIX" "-DROCKSDB_LIB_IO_POSIX" "-DROCKSDB_SUPPORT_THREAD_LOCAL" "-DHAVE_UINT128_EXTENSION=1" "-o" "/opt/rustwide/target/debug/build/oxrocksdb-sys-73f298e58d6b8315/out/rocksdb/db/blob/blob_file_cache.o" "-c" "rocksdb/db/blob/blob_file_cache.cc"
[INFO] [stderr]   running: "c++" "-O0" "-ffunction-sections" "-fdata-sections" "-fPIC" "-gdwarf-4" "-fno-omit-frame-pointer" "-m64" "-I" "rocksdb/include/" "-I" "rocksdb/" "-I" "lz4/lib/" "-Wall" "-Wextra" "-std=c++17" "-Wno-invalid-offsetof" "-msse2" "-DNDEBUG=1" "-DLZ4=1" "-DOS_LINUX" "-DROCKSDB_PLATFORM_POSIX" "-DROCKSDB_LIB_IO_POSIX" "-DROCKSDB_SUPPORT_THREAD_LOCAL" "-DHAVE_UINT128_EXTENSION=1" "-o" "/opt/rustwide/target/debug/build/oxrocksdb-sys-73f298e58d6b8315/out/rocksdb/db/blob/blob_file_garbage.o" "-c" "rocksdb/db/blob/blob_file_garbage.cc"
[INFO] [stderr]   exit status: 0
[INFO] [stderr]   running: "c++" "-O0" "-ffunction-sections" "-fdata-sections" "-fPIC" "-gdwarf-4" "-fno-omit-frame-pointer" "-m64" "-I" "rocksdb/include/" "-I" "rocksdb/" "-I" "lz4/lib/" "-Wall" "-Wextra" "-std=c++17" "-Wno-invalid-offsetof" "-msse2" "-DNDEBUG=1" "-DLZ4=1" "-DOS_LINUX" "-DROCKSDB_PLATFORM_POSIX" "-DROCKSDB_LIB_IO_POSIX" "-DROCKSDB_SUPPORT_THREAD_LOCAL" "-DHAVE_UINT128_EXTENSION=1" "-o" "/opt/rustwide/target/debug/build/oxrocksdb-sys-73f298e58d6b8315/out/rocksdb/db/blob/blob_file_meta.o" "-c" "rocksdb/db/blob/blob_file_meta.cc"
[INFO] [stderr]   exit status: 0
[INFO] [stderr]   running: "c++" "-O0" "-ffunction-sections" "-fdata-sections" "-fPIC" "-gdwarf-4" "-fno-omit-frame-pointer" "-m64" "-I" "rocksdb/include/" "-I" "rocksdb/" "-I" "lz4/lib/" "-Wall" "-Wextra" "-std=c++17" "-Wno-invalid-offsetof" "-msse2" "-DNDEBUG=1" "-DLZ4=1" "-DOS_LINUX" "-DROCKSDB_PLATFORM_POSIX" "-DROCKSDB_LIB_IO_POSIX" "-DROCKSDB_SUPPORT_THREAD_LOCAL" "-DHAVE_UINT128_EXTENSION=1" "-o" "/opt/rustwide/target/debug/build/oxrocksdb-sys-73f298e58d6b8315/out/rocksdb/db/blob/blob_file_reader.o" "-c" "rocksdb/db/blob/blob_file_reader.cc"
[INFO] [stderr]   cargo:warning=c++: fatal error: Killed signal terminated program cc1plus
[INFO] [stderr]   cargo:warning=compilation terminated.
[INFO] [stderr]   exit status: 1
[INFO] [stderr]   running: "c++" "-O0" "-ffunction-sections" "-fdata-sections" "-fPIC" "-gdwarf-4" "-fno-omit-frame-pointer" "-m64" "-I" "rocksdb/include/" "-I" "rocksdb/" "-I" "lz4/lib/" "-Wall" "-Wextra" "-std=c++17" "-Wno-invalid-offsetof" "-msse2" "-DNDEBUG=1" "-DLZ4=1" "-DOS_LINUX" "-DROCKSDB_PLATFORM_POSIX" "-DROCKSDB_LIB_IO_POSIX" "-DROCKSDB_SUPPORT_THREAD_LOCAL" "-DHAVE_UINT128_EXTENSION=1" "-o" "/opt/rustwide/target/debug/build/oxrocksdb-sys-73f298e58d6b8315/out/rocksdb/db/blob/blob_garbage_meter.o" "-c" "rocksdb/db/blob/blob_garbage_meter.cc"
[INFO] [stderr]   exit status: 0
[INFO] [stderr]   exit status: 0
[INFO] [stderr]   cargo:warning=c++: fatal error: Killed signal terminated program cc1plus
[INFO] [stderr]   cargo:warning=compilation terminated.
[INFO] [stderr]   exit status: 1
[INFO] [stderr]   exit status: 0
[INFO] [stderr]   exit status: 0
[INFO] [stderr]   exit status: 0
[INFO] [stderr]   exit status: 0
[INFO] [stderr]   exit status: 0
[INFO] [stderr]   exit status: 0
[INFO] [stderr]   exit status: 0
[INFO] [stderr]   cargo:warning=c++: fatal error: Killed signal terminated program cc1plus
[INFO] [stderr]   cargo:warning=compilation terminated.
[INFO] [stderr]   exit status: 1
[INFO] [stderr]   exit status: 0
[INFO] [stderr]   exit status: 0
[INFO] [stderr]   exit status: 0
[INFO] [stderr]   exit status: 0
[INFO] [stderr]   exit status: 0
[INFO] [stderr] 
[INFO] [stderr]   --- stderr
[INFO] [stderr]   error: 'rustfmt' is not installed for the toolchain '1.75.0-x86_64-unknown-linux-gnu'
[INFO] [stderr]   To install, run `rustup component add rustfmt --toolchain 1.75.0-x86_64-unknown-linux-gnu`
[INFO] [stderr]   Failed to run rustfmt: Internal rustfmt error (non-fatal, continuing)
[INFO] [stderr] 
[INFO] [stderr] 
[INFO] [stderr]   error occurred: Command "c++" "-O0" "-ffunction-sections" "-fdata-sections" "-fPIC" "-gdwarf-4" "-fno-omit-frame-pointer" "-m64" "-I" "rocksdb/include/" "-I" "rocksdb/" "-I" "lz4/lib/" "-Wall" "-Wextra" "-std=c++17" "-Wno-invalid-offsetof" "-msse2" "-DNDEBUG=1" "-DLZ4=1" "-DOS_LINUX" "-DROCKSDB_PLATFORM_POSIX" "-DROCKSDB_LIB_IO_POSIX" "-DROCKSDB_SUPPORT_THREAD_LOCAL" "-DHAVE_UINT128_EXTENSION=1" "-o" "/opt/rustwide/target/debug/build/oxrocksdb-sys-73f298e58d6b8315/out/api/c.o" "-c" "api/c.cc" with args "c++" did not execute successfully (status code exit status: 1).
[INFO] [stderr] 
[INFO] [stderr] 
[INFO] running `Command { std: "docker" "inspect" "04f07d87bad73135a5d2180f8b384e0080a81b7a1926a05ddea7405336088dc8", kill_on_drop: false }`
[INFO] running `Command { std: "docker" "rm" "-f" "04f07d87bad73135a5d2180f8b384e0080a81b7a1926a05ddea7405336088dc8", kill_on_drop: false }`
[INFO] [stdout] 04f07d87bad73135a5d2180f8b384e0080a81b7a1926a05ddea7405336088dc8
