[INFO] cloning repository https://github.com/IndustrialCraft/BlockByteServer
[INFO] running `Command { std: "git" "-c" "credential.helper=" "-c" "credential.helper=/workspace/cargo-home/bin/git-credential-null" "clone" "--bare" "https://github.com/IndustrialCraft/BlockByteServer" "/workspace/cache/git-repos/https%3A%2F%2Fgithub.com%2FIndustrialCraft%2FBlockByteServer", kill_on_drop: false }`
[INFO] [stderr] Cloning into bare repository '/workspace/cache/git-repos/https%3A%2F%2Fgithub.com%2FIndustrialCraft%2FBlockByteServer'...
[INFO] running `Command { std: "git" "rev-parse" "HEAD", kill_on_drop: false }`
[INFO] [stdout] 21f6e65136ab91602b40d79b3fa03cc3ffcf7793
[INFO] documenting IndustrialCraft/BlockByteServer against 1.75.0 for beta-1.76-rustdoc-1
[INFO] running `Command { std: "git" "clone" "/workspace/cache/git-repos/https%3A%2F%2Fgithub.com%2FIndustrialCraft%2FBlockByteServer" "/workspace/builds/worker-5-tc1/source", kill_on_drop: false }`
[INFO] [stderr] Cloning into '/workspace/builds/worker-5-tc1/source'...
[INFO] [stderr] done.
[INFO] validating manifest of git repo https://github.com/IndustrialCraft/BlockByteServer on toolchain 1.75.0
[INFO] running `Command { std: CARGO_HOME="/workspace/cargo-home" RUSTUP_HOME="/workspace/rustup-home" "/workspace/cargo-home/bin/cargo" "+1.75.0" "metadata" "--manifest-path" "Cargo.toml" "--no-deps", kill_on_drop: false }`
[INFO] started tweaking git repo https://github.com/IndustrialCraft/BlockByteServer
[INFO] finished tweaking git repo https://github.com/IndustrialCraft/BlockByteServer
[INFO] tweaked toml for git repo https://github.com/IndustrialCraft/BlockByteServer written to /workspace/builds/worker-5-tc1/source/Cargo.toml
[INFO] crate git repo https://github.com/IndustrialCraft/BlockByteServer already has a lockfile, it will not be regenerated
[INFO] running `Command { std: CARGO_HOME="/workspace/cargo-home" RUSTUP_HOME="/workspace/rustup-home" "/workspace/cargo-home/bin/cargo" "+1.75.0" "fetch" "--manifest-path" "Cargo.toml", kill_on_drop: false }`
[INFO] [stderr]     Blocking waiting for file lock on package cache
[ERROR] error running command: no output for 300 seconds
[ERROR] this task or one of its parent failed!
[ERROR] no output for 300 seconds
[ERROR] note: run with `RUST_BACKTRACE=1` to display a backtrace.
[INFO] documenting IndustrialCraft/BlockByteServer against beta-2023-12-22 for beta-1.76-rustdoc-1
[INFO] running `Command { std: "git" "clone" "/workspace/cache/git-repos/https%3A%2F%2Fgithub.com%2FIndustrialCraft%2FBlockByteServer" "/workspace/builds/worker-5-tc2/source", kill_on_drop: false }`
[INFO] [stderr] Cloning into '/workspace/builds/worker-5-tc2/source'...
[INFO] [stderr] done.
[INFO] validating manifest of git repo https://github.com/IndustrialCraft/BlockByteServer on toolchain beta-2023-12-22
[INFO] running `Command { std: CARGO_HOME="/workspace/cargo-home" RUSTUP_HOME="/workspace/rustup-home" "/workspace/cargo-home/bin/cargo" "+beta-2023-12-22" "metadata" "--manifest-path" "Cargo.toml" "--no-deps", kill_on_drop: false }`
[INFO] started tweaking git repo https://github.com/IndustrialCraft/BlockByteServer
[INFO] finished tweaking git repo https://github.com/IndustrialCraft/BlockByteServer
[INFO] tweaked toml for git repo https://github.com/IndustrialCraft/BlockByteServer written to /workspace/builds/worker-5-tc2/source/Cargo.toml
[INFO] crate git repo https://github.com/IndustrialCraft/BlockByteServer already has a lockfile, it will not be regenerated
[INFO] running `Command { std: CARGO_HOME="/workspace/cargo-home" RUSTUP_HOME="/workspace/rustup-home" "/workspace/cargo-home/bin/cargo" "+beta-2023-12-22" "fetch" "--manifest-path" "Cargo.toml", kill_on_drop: false }`
[INFO] [stderr]     Blocking waiting for file lock on package cache
[INFO] [stderr]     Updating crates.io index
[INFO] [stderr]     Blocking waiting for file lock on package cache
[ERROR] error running command: no output for 300 seconds
[INFO] documenting IndustrialCraft/BlockByteServer against beta-2023-12-22 for beta-1.76-rustdoc-1
[INFO] running `Command { std: "git" "clone" "/workspace/cache/git-repos/https%3A%2F%2Fgithub.com%2FIndustrialCraft%2FBlockByteServer" "/workspace/builds/worker-5-tc2/source", kill_on_drop: false }`
[INFO] [stderr] Cloning into '/workspace/builds/worker-5-tc2/source'...
[INFO] [stderr] done.
[INFO] validating manifest of git repo https://github.com/IndustrialCraft/BlockByteServer on toolchain beta-2023-12-22
[INFO] running `Command { std: CARGO_HOME="/workspace/cargo-home" RUSTUP_HOME="/workspace/rustup-home" "/workspace/cargo-home/bin/cargo" "+beta-2023-12-22" "metadata" "--manifest-path" "Cargo.toml" "--no-deps", kill_on_drop: false }`
[INFO] started tweaking git repo https://github.com/IndustrialCraft/BlockByteServer
[INFO] finished tweaking git repo https://github.com/IndustrialCraft/BlockByteServer
[INFO] tweaked toml for git repo https://github.com/IndustrialCraft/BlockByteServer written to /workspace/builds/worker-5-tc2/source/Cargo.toml
[INFO] crate git repo https://github.com/IndustrialCraft/BlockByteServer already has a lockfile, it will not be regenerated
[INFO] running `Command { std: CARGO_HOME="/workspace/cargo-home" RUSTUP_HOME="/workspace/rustup-home" "/workspace/cargo-home/bin/cargo" "+beta-2023-12-22" "fetch" "--manifest-path" "Cargo.toml", kill_on_drop: false }`
[INFO] [stderr]     Blocking waiting for file lock on package cache
[INFO] [stderr]     Blocking waiting for file lock on package cache
[ERROR] error running command: no output for 300 seconds
[INFO] documenting IndustrialCraft/BlockByteServer against beta-2023-12-22 for beta-1.76-rustdoc-1
[INFO] running `Command { std: "git" "clone" "/workspace/cache/git-repos/https%3A%2F%2Fgithub.com%2FIndustrialCraft%2FBlockByteServer" "/workspace/builds/worker-5-tc2/source", kill_on_drop: false }`
[INFO] [stderr] Cloning into '/workspace/builds/worker-5-tc2/source'...
[INFO] [stderr] done.
[INFO] validating manifest of git repo https://github.com/IndustrialCraft/BlockByteServer on toolchain beta-2023-12-22
[INFO] running `Command { std: CARGO_HOME="/workspace/cargo-home" RUSTUP_HOME="/workspace/rustup-home" "/workspace/cargo-home/bin/cargo" "+beta-2023-12-22" "metadata" "--manifest-path" "Cargo.toml" "--no-deps", kill_on_drop: false }`
[INFO] started tweaking git repo https://github.com/IndustrialCraft/BlockByteServer
[INFO] finished tweaking git repo https://github.com/IndustrialCraft/BlockByteServer
[INFO] tweaked toml for git repo https://github.com/IndustrialCraft/BlockByteServer written to /workspace/builds/worker-5-tc2/source/Cargo.toml
[INFO] crate git repo https://github.com/IndustrialCraft/BlockByteServer already has a lockfile, it will not be regenerated
[INFO] running `Command { std: CARGO_HOME="/workspace/cargo-home" RUSTUP_HOME="/workspace/rustup-home" "/workspace/cargo-home/bin/cargo" "+beta-2023-12-22" "fetch" "--manifest-path" "Cargo.toml", kill_on_drop: false }`
[INFO] [stderr]     Blocking waiting for file lock on package cache
[INFO] [stderr]     Blocking waiting for file lock on package cache
[ERROR] error running command: no output for 300 seconds
[INFO] documenting IndustrialCraft/BlockByteServer against beta-2023-12-22 for beta-1.76-rustdoc-1
[INFO] running `Command { std: "git" "clone" "/workspace/cache/git-repos/https%3A%2F%2Fgithub.com%2FIndustrialCraft%2FBlockByteServer" "/workspace/builds/worker-5-tc2/source", kill_on_drop: false }`
[INFO] [stderr] Cloning into '/workspace/builds/worker-5-tc2/source'...
[INFO] [stderr] done.
[INFO] validating manifest of git repo https://github.com/IndustrialCraft/BlockByteServer on toolchain beta-2023-12-22
[INFO] running `Command { std: CARGO_HOME="/workspace/cargo-home" RUSTUP_HOME="/workspace/rustup-home" "/workspace/cargo-home/bin/cargo" "+beta-2023-12-22" "metadata" "--manifest-path" "Cargo.toml" "--no-deps", kill_on_drop: false }`
[INFO] started tweaking git repo https://github.com/IndustrialCraft/BlockByteServer
[INFO] finished tweaking git repo https://github.com/IndustrialCraft/BlockByteServer
[INFO] tweaked toml for git repo https://github.com/IndustrialCraft/BlockByteServer written to /workspace/builds/worker-5-tc2/source/Cargo.toml
[INFO] crate git repo https://github.com/IndustrialCraft/BlockByteServer already has a lockfile, it will not be regenerated
[INFO] running `Command { std: CARGO_HOME="/workspace/cargo-home" RUSTUP_HOME="/workspace/rustup-home" "/workspace/cargo-home/bin/cargo" "+beta-2023-12-22" "fetch" "--manifest-path" "Cargo.toml", kill_on_drop: false }`
[INFO] [stderr]     Blocking waiting for file lock on package cache
[INFO] [stderr]     Blocking waiting for file lock on package cache
[ERROR] error running command: no output for 300 seconds
[INFO] documenting IndustrialCraft/BlockByteServer against beta-2023-12-22 for beta-1.76-rustdoc-1
[INFO] running `Command { std: "git" "clone" "/workspace/cache/git-repos/https%3A%2F%2Fgithub.com%2FIndustrialCraft%2FBlockByteServer" "/workspace/builds/worker-5-tc2/source", kill_on_drop: false }`
[INFO] [stderr] Cloning into '/workspace/builds/worker-5-tc2/source'...
[INFO] [stderr] done.
[INFO] validating manifest of git repo https://github.com/IndustrialCraft/BlockByteServer on toolchain beta-2023-12-22
[INFO] running `Command { std: CARGO_HOME="/workspace/cargo-home" RUSTUP_HOME="/workspace/rustup-home" "/workspace/cargo-home/bin/cargo" "+beta-2023-12-22" "metadata" "--manifest-path" "Cargo.toml" "--no-deps", kill_on_drop: false }`
[INFO] started tweaking git repo https://github.com/IndustrialCraft/BlockByteServer
[INFO] finished tweaking git repo https://github.com/IndustrialCraft/BlockByteServer
[INFO] tweaked toml for git repo https://github.com/IndustrialCraft/BlockByteServer written to /workspace/builds/worker-5-tc2/source/Cargo.toml
[INFO] crate git repo https://github.com/IndustrialCraft/BlockByteServer already has a lockfile, it will not be regenerated
[INFO] running `Command { std: CARGO_HOME="/workspace/cargo-home" RUSTUP_HOME="/workspace/rustup-home" "/workspace/cargo-home/bin/cargo" "+beta-2023-12-22" "fetch" "--manifest-path" "Cargo.toml", kill_on_drop: false }`
[INFO] [stderr]     Blocking waiting for file lock on package cache
[INFO] [stderr]     Blocking waiting for file lock on package cache
[INFO] [stderr]  Downloading crates ...
[INFO] [stderr]   Downloaded voxel-tile-raycast v0.1.0
[INFO] [stderr]   Downloaded splines v4.2.0
[INFO] [stderr]   Downloaded from_bytes_or_zeroed v0.1.0
[INFO] [stderr]   Downloaded residua-zigzag v0.1.0
[INFO] [stderr]   Downloaded deprecate-until v0.1.0
[INFO] [stderr]   Downloaded packagemerge v0.1.0
[INFO] [stderr]   Downloaded bitcode v0.4.0
[INFO] [stderr]   Downloaded ambisonic v0.4.1
[INFO] [stderr]   Downloaded bitcode_derive v0.1.4
[INFO] [stderr]   Downloaded triomphe v0.1.9
[INFO] [stderr]   Downloaded texture_packer v0.25.0
[INFO] [stderr]   Downloaded pathfinding v4.3.2
[INFO] [stderr]   Downloaded moka v0.12.1
[INFO] [stderr]   Downloaded rhai v1.16.1
[INFO] [stderr]   Downloaded atomic-counter v1.0.1
[INFO] [stderr]   Downloaded noise v0.8.2
[INFO] running `Command { std: "docker" "create" "-v" "/var/lib/crater-agent-workspace/builds/worker-5-tc2/target:/opt/rustwide/target:rw,Z" "-v" "/var/lib/crater-agent-workspace/builds/worker-5-tc2/source:/opt/rustwide/workdir:ro,Z" "-v" "/var/lib/crater-agent-workspace/cargo-home:/opt/rustwide/cargo-home:ro,Z" "-v" "/var/lib/crater-agent-workspace/rustup-home:/opt/rustwide/rustup-home:ro,Z" "-e" "SOURCE_DIR=/opt/rustwide/workdir" "-e" "CARGO_TARGET_DIR=/opt/rustwide/target" "-e" "CARGO_HOME=/opt/rustwide/cargo-home" "-e" "RUSTUP_HOME=/opt/rustwide/rustup-home" "-w" "/opt/rustwide/workdir" "-m" "1610612736" "--user" "0:0" "--network" "none" "ghcr.io/rust-lang/crates-build-env/linux@sha256:2788e3201cd34a07e3172128adcd8b3090168a8e3bcc40d7c032b9dda1df7d1c" "/opt/rustwide/cargo-home/bin/cargo" "+beta-2023-12-22" "metadata" "--no-deps" "--format-version=1", kill_on_drop: false }`
[INFO] [stdout] fdeecc803b2ef1ebb97c25e3db6b38e3ef5b25b60e696cfd0bc9bd7cb3c49a7f
[INFO] running `Command { std: "docker" "start" "-a" "fdeecc803b2ef1ebb97c25e3db6b38e3ef5b25b60e696cfd0bc9bd7cb3c49a7f", kill_on_drop: false }`
[INFO] running `Command { std: "docker" "inspect" "fdeecc803b2ef1ebb97c25e3db6b38e3ef5b25b60e696cfd0bc9bd7cb3c49a7f", kill_on_drop: false }`
[INFO] running `Command { std: "docker" "rm" "-f" "fdeecc803b2ef1ebb97c25e3db6b38e3ef5b25b60e696cfd0bc9bd7cb3c49a7f", kill_on_drop: false }`
[INFO] [stdout] fdeecc803b2ef1ebb97c25e3db6b38e3ef5b25b60e696cfd0bc9bd7cb3c49a7f
[INFO] running `Command { std: "docker" "create" "-v" "/var/lib/crater-agent-workspace/builds/worker-5-tc2/target:/opt/rustwide/target:rw,Z" "-v" "/var/lib/crater-agent-workspace/builds/worker-5-tc2/source:/opt/rustwide/workdir:ro,Z" "-v" "/var/lib/crater-agent-workspace/cargo-home:/opt/rustwide/cargo-home:ro,Z" "-v" "/var/lib/crater-agent-workspace/rustup-home:/opt/rustwide/rustup-home:ro,Z" "-e" "SOURCE_DIR=/opt/rustwide/workdir" "-e" "CARGO_TARGET_DIR=/opt/rustwide/target" "-e" "CARGO_INCREMENTAL=0" "-e" "RUST_BACKTRACE=full" "-e" "RUSTFLAGS=--cap-lints=warn" "-e" "RUSTDOCFLAGS=--cap-lints=warn" "-e" "CARGO_HOME=/opt/rustwide/cargo-home" "-e" "RUSTUP_HOME=/opt/rustwide/rustup-home" "-w" "/opt/rustwide/workdir" "-m" "1610612736" "--user" "0:0" "--network" "none" "ghcr.io/rust-lang/crates-build-env/linux@sha256:2788e3201cd34a07e3172128adcd8b3090168a8e3bcc40d7c032b9dda1df7d1c" "/opt/rustwide/cargo-home/bin/cargo" "+beta-2023-12-22" "doc" "--frozen" "--no-deps" "--document-private-items" "--message-format=json", kill_on_drop: false }`
[INFO] [stdout] 49af00674243411f2c7ef06f0d3bfc0fb384bab1aa1d7b066fd026e263ceb69e
[INFO] running `Command { std: "docker" "start" "-a" "49af00674243411f2c7ef06f0d3bfc0fb384bab1aa1d7b066fd026e263ceb69e", kill_on_drop: false }`
[INFO] [stderr]     Checking cfg-if v1.0.0
[INFO] [stderr]    Compiling libc v0.2.148
[INFO] [stderr]    Compiling autocfg v1.1.0
[INFO] [stderr]    Compiling proc-macro2 v1.0.67
[INFO] [stderr]    Compiling unicode-ident v1.0.12
[INFO] [stderr]    Compiling version_check v0.9.4
[INFO] [stderr]    Compiling pkg-config v0.3.27
[INFO] [stderr]    Compiling serde v1.0.188
[INFO] [stderr]    Compiling libm v0.2.8
[INFO] [stderr]    Compiling num-traits v0.2.16
[INFO] [stderr]     Checking once_cell v1.18.0
[INFO] [stderr]     Checking scopeguard v1.2.0
[INFO] [stderr]    Compiling typenum v1.17.0
[INFO] [stderr]    Compiling thiserror v1.0.48
[INFO] [stderr]    Compiling memoffset v0.6.5
[INFO] [stderr]    Compiling lock_api v0.4.10
[INFO] [stderr]    Compiling generic-array v0.14.7
[INFO] [stderr]    Compiling quote v1.0.33
[INFO] [stderr]    Compiling crossbeam-utils v0.8.16
[INFO] [stderr]    Compiling syn v2.0.37
[INFO] [stderr]    Compiling jobserver v0.1.26
[INFO] [stderr]     Checking bitflags v2.4.0
[INFO] [stderr]     Checking simd-adler32 v0.3.7
[INFO] [stderr]    Compiling memoffset v0.9.0
[INFO] [stderr]    Compiling cc v1.0.83
[INFO] [stderr]     Checking getrandom v0.2.10
[INFO] [stderr]    Compiling xml-rs v0.8.18
[INFO] [stderr]    Compiling crossbeam-epoch v0.9.15
[INFO] [stderr]     Checking libloading v0.8.0
[INFO] [stderr]    Compiling crc32fast v1.3.2
[INFO] [stderr]     Checking adler v1.0.2
[INFO] [stderr]     Checking log v0.4.20
[INFO] [stderr]     Checking miniz_oxide v0.7.1
[INFO] [stderr]     Checking rand_core v0.6.4
[INFO] [stderr]     Checking subtle v2.5.0
[INFO] [stderr]     Checking ppv-lite86 v0.2.17
[INFO] [stderr]     Checking memchr v2.6.3
[INFO] [stderr]     Checking byteorder v1.4.3
[INFO] [stderr]     Checking flate2 v1.0.27
[INFO] [stderr]    Compiling wayland-scanner v0.29.5
[INFO] [stderr]     Checking crypto-common v0.1.6
[INFO] [stderr]     Checking block-buffer v0.10.4
[INFO] [stderr]     Checking crossbeam-channel v0.5.8
[INFO] [stderr]    Compiling wayland-sys v0.29.5
[INFO] [stderr]    Compiling ahash v0.7.6
[INFO] [stderr]     Checking tinyvec_macros v0.1.1
[INFO] [stderr]    Compiling rayon-core v1.11.0
[INFO] [stderr]     Checking tinyvec v1.6.0
[INFO] [stderr]     Checking digest v0.10.7
[INFO] [stderr]     Checking crossbeam-deque v0.8.3
[INFO] [stderr]     Checking dlib v0.5.2
[INFO] [stderr]     Checking num_cpus v1.16.0
[INFO] [stderr]    Compiling num-integer v0.1.45
[INFO] [stderr]     Checking lazy_static v1.4.0
[INFO] [stderr]     Checking cpufeatures v0.2.9
[INFO] [stderr]    Compiling parking_lot_core v0.9.8
[INFO] [stderr]    Compiling zstd-sys v2.0.8+zstd.1.5.5
[INFO] [stderr]     Checking nix v0.24.3
[INFO] [stderr]     Checking fdeflate v0.3.0
[INFO] [stderr]    Compiling num-rational v0.4.1
[INFO] [stderr]    Compiling crunchy v0.2.2
[INFO] [stderr]    Compiling futures-core v0.3.28
[INFO] [stderr]     Checking either v1.9.0
[INFO] [stderr]    Compiling getrandom v0.1.16
[INFO] [stderr]     Checking png v0.17.10
[INFO] [stderr]     Checking hashbrown v0.12.3
[INFO] [stderr]    Compiling wayland-client v0.29.5
[INFO] [stderr]     Checking rand_chacha v0.3.1
[INFO] [stderr]    Compiling alsa-sys v0.3.1
[INFO] [stderr]    Compiling slotmap v1.0.6
[INFO] [stderr]    Compiling indexmap v1.9.3
[INFO] [stderr]     Checking instant v0.1.12
[INFO] [stderr]     Checking downcast-rs v1.2.0
[INFO] [stderr]    Compiling parking_lot_core v0.8.6
[INFO] [stderr]     Checking arrayvec v0.7.4
[INFO] [stderr]     Checking minimal-lexical v0.2.1
[INFO] [stderr]    Compiling tiny-keccak v2.0.2
[INFO] [stderr]     Checking termcolor v1.3.0
[INFO] [stderr]     Checking scoped-tls v1.0.1
[INFO] [stderr]     Checking rustc-hash v1.1.0
[INFO] [stderr]    Compiling proc-macro-hack v0.5.20+deprecated
[INFO] [stderr]     Checking nom v7.1.3
[INFO] [stderr]     Checking rand v0.8.5
[INFO] [stderr]    Compiling wayland-protocols v0.29.5
[INFO] [stderr]     Checking rayon v1.7.0
[INFO] [stderr]    Compiling minimp3-sys v0.3.2
[INFO] [stderr]    Compiling bzip2-sys v0.1.11+1.0.8
[INFO] [stderr]     Checking nanorand v0.7.0
[INFO] [stderr]     Checking spin v0.9.8
[INFO] [stderr]     Checking libloading v0.7.4
[INFO] [stderr]     Checking percent-encoding v2.3.0
[INFO] [stderr]     Checking bit-vec v0.6.3
[INFO] [stderr]    Compiling zstd-safe v5.0.2+zstd.1.5.2
[INFO] [stderr]     Checking weezl v0.1.7
[INFO] [stderr]    Compiling syn v1.0.109
[INFO] [stderr]     Checking static_assertions v1.1.0
[INFO] [stderr]     Checking bytes v1.5.0
[INFO] [stderr]    Compiling paste v1.0.14
[INFO] [stderr]    Compiling itertools v0.4.19
[INFO] [stderr]     Checking futures-sink v0.3.28
[INFO] [stderr]    Compiling ash v0.37.3+1.3.251
[INFO] [stderr]    Compiling khronos-egl v4.1.0
[INFO] [stderr]     Checking xcursor v0.3.4
[INFO] [stderr]     Checking bit-set v0.5.3
[INFO] [stderr]     Checking codespan-reporting v0.11.1
[INFO] [stderr]    Compiling packagemerge v0.1.0
[INFO] [stderr]     Checking rand_core v0.5.1
[INFO] [stderr]     Checking unicode-normalization v0.1.22
[INFO] [stderr]     Checking jpeg-decoder v0.3.0
[INFO] [stderr]     Checking sha2 v0.10.7
[INFO] [stderr]     Checking inout v0.1.3
[INFO] [stderr]     Checking spirv v0.2.0+1.5.4
[INFO] [stderr]     Checking nix v0.25.1
[INFO] [stderr]     Checking nix v0.23.2
[INFO] [stderr]     Checking zune-inflate v0.2.54
[INFO] [stderr]     Checking gpu-alloc-types v0.3.0
[INFO] [stderr]    Compiling smithay-client-toolkit v0.16.1
[INFO] [stderr]    Compiling matrixmultiply v0.3.8
[INFO] [stderr]    Compiling serde_derive v1.0.188
[INFO] [stderr]    Compiling thiserror-impl v1.0.48
[INFO] [stderr]    Compiling bytemuck_derive v1.5.0
[INFO] [stderr]    Compiling pin-project-internal v1.1.3
[INFO] [stderr]     Checking gpu-descriptor-types v0.1.1
[INFO] [stderr]    Compiling cpal v0.13.5
[INFO] [stderr]     Checking itoa v1.0.9
[INFO] [stderr]     Checking strict-num v0.1.1
[INFO] [stderr]    Compiling rustix v0.38.13
[INFO] [stderr]    Compiling httparse v1.8.0
[INFO] [stderr]     Checking base64ct v1.6.0
[INFO] [stderr]     Checking half v2.2.1
[INFO] [stderr]     Checking hexf-parse v0.2.1
[INFO] [stderr]     Checking color_quant v1.1.0
[INFO] [stderr]     Checking arrayref v0.3.7
[INFO] [stderr]     Checking ttf-parser v0.19.2
[INFO] [stderr]     Checking bit_field v0.10.2
[INFO] [stderr]    Compiling semver v1.0.20
[INFO] [stderr]     Checking unicode-xid v0.2.4
[INFO] [stderr]     Checking raw-window-handle v0.5.2
[INFO] [stderr]     Checking bytemuck v1.14.0
[INFO] [stderr]     Checking ab_glyph_rasterizer v0.1.8
[INFO] [stderr]     Checking unicode-bidi v0.3.13
[INFO] [stderr]     Checking lebe v0.5.2
[INFO] [stderr]     Checking safe_arch v0.7.1
[INFO] [stderr]     Checking qoi v0.4.1
[INFO] [stderr]     Checking idna v0.4.0
[INFO] [stderr]     Checking pin-project v1.1.3
[INFO] [stderr]     Checking tiny-skia-path v0.8.4
[INFO] [stderr]     Checking flume v0.10.14
[INFO] [stderr]     Checking wide v0.7.11
[INFO] [stderr]     Checking calloop v0.10.6
[INFO] [stderr]     Checking naga v0.13.0
[INFO] [stderr]     Checking alsa v0.6.0
[INFO] [stderr]    Compiling const-random-macro v0.1.15
[INFO] [stderr]     Checking gif v0.12.0
[INFO] [stderr]     Checking owned_ttf_parser v0.19.0
[INFO] [stderr]     Checking password-hash v0.4.2
[INFO] [stderr]     Checking gpu-descriptor v0.2.3
[INFO] [stderr]     Checking gpu-alloc v0.6.0
[INFO] [stderr]    Compiling bitcode_derive v0.1.4
[INFO] [stderr]     Checking tiff v0.9.0
[INFO] [stderr]     Checking cipher v0.4.4
[INFO] [stderr]     Checking form_urlencoded v1.2.0
[INFO] [stderr]     Checking sha1 v0.10.5
[INFO] [stderr]     Checking hmac v0.12.1
[INFO] [stderr]     Checking aho-corasick v1.1.0
[INFO] [stderr]     Checking ogg v0.8.0
[INFO] [stderr]     Checking approx v0.5.1
[INFO] [stderr]     Checking num-complex v0.4.4
[INFO] [stderr]     Checking slice-deque v0.3.0
[INFO] [stderr]     Checking memmap2 v0.5.10
[INFO] [stderr]     Checking wgpu-types v0.17.0
[INFO] [stderr]    Compiling x11-dl v2.21.0
[INFO] [stderr]    Compiling ahash v0.8.3
[INFO] [stderr]    Compiling smartstring v1.0.1
[INFO] [stderr]     Checking residua-zigzag v0.1.0
[INFO] [stderr]     Checking profiling v1.0.11
[INFO] [stderr]     Checking glow v0.12.3
[INFO] [stderr]     Checking linux-raw-sys v0.4.7
[INFO] [stderr]    Compiling async-trait v0.1.73
[INFO] [stderr]     Checking fnv v1.0.7
[INFO] [stderr]     Checking from_bytes_or_zeroed v0.1.0
[INFO] [stderr]     Checking renderdoc-sys v1.0.0
[INFO] [stderr]     Checking time-core v0.1.1
[INFO] [stderr]     Checking rawpointer v0.2.1
[INFO] [stderr]    Compiling serde_json v1.0.107
[INFO] [stderr]     Checking deranged v0.3.8
[INFO] [stderr]     Checking regex-syntax v0.7.5
[INFO] [stderr]    Compiling cfg_aliases v0.1.1
[INFO] [stderr]    Compiling winit v0.28.6
[INFO] [stderr]     Checking smallvec v1.11.0
[INFO] [stderr]     Checking block_byte_common v0.1.0 (/opt/rustwide/workdir/common)
[INFO] [stderr]     Checking time v0.3.28
[INFO] [stderr]     Checking wayland-commons v0.29.5
[INFO] [stdout] error[E0554]: `#![feature]` may not be used on the beta release channel
[INFO] [stdout]  --> common/src/lib.rs:1:12
[INFO] [stdout]   |
[INFO] [stdout] 1 | #![feature(int_roundings)]
[INFO] [stdout]   |            ^^^^^^^^^^^^^
[INFO] [stdout] 
[INFO] [stdout] 
[INFO] [stderr]     Checking parking_lot v0.12.1
[INFO] [stdout] error: aborting due to 1 previous error
[INFO] [stdout] 
[INFO] [stdout] 
[INFO] [stdout] For more information about this error, try `rustc --explain E0554`.
[INFO] [stdout] 
[INFO] [stderr] error: could not compile `block_byte_common` (lib) due to 2 previous errors
[INFO] [stderr] warning: build failed, waiting for other jobs to finish...
[INFO] running `Command { std: "docker" "inspect" "49af00674243411f2c7ef06f0d3bfc0fb384bab1aa1d7b066fd026e263ceb69e", kill_on_drop: false }`
[INFO] running `Command { std: "docker" "rm" "-f" "49af00674243411f2c7ef06f0d3bfc0fb384bab1aa1d7b066fd026e263ceb69e", kill_on_drop: false }`
[INFO] [stdout] 49af00674243411f2c7ef06f0d3bfc0fb384bab1aa1d7b066fd026e263ceb69e
