[INFO] cloning repository https://github.com/Implox/fractal
[INFO] running `Command { std: "git" "-c" "credential.helper=" "-c" "credential.helper=/workspace/cargo-home/bin/git-credential-null" "clone" "--bare" "https://github.com/Implox/fractal" "/workspace/cache/git-repos/https%3A%2F%2Fgithub.com%2FImplox%2Ffractal", kill_on_drop: false }`
[INFO] [stderr] Cloning into bare repository '/workspace/cache/git-repos/https%3A%2F%2Fgithub.com%2FImplox%2Ffractal'...
[INFO] running `Command { std: "git" "rev-parse" "HEAD", kill_on_drop: false }`
[INFO] [stdout] 31d8baed68622cfa320f9986bca7f992cb3f0016
[INFO] documenting Implox/fractal against 1.75.0 for beta-1.76-rustdoc-1
[INFO] running `Command { std: "git" "clone" "/workspace/cache/git-repos/https%3A%2F%2Fgithub.com%2FImplox%2Ffractal" "/workspace/builds/worker-4-tc1/source", kill_on_drop: false }`
[INFO] [stderr] Cloning into '/workspace/builds/worker-4-tc1/source'...
[INFO] [stderr] done.
[INFO] validating manifest of git repo https://github.com/Implox/fractal on toolchain 1.75.0
[INFO] running `Command { std: CARGO_HOME="/workspace/cargo-home" RUSTUP_HOME="/workspace/rustup-home" "/workspace/cargo-home/bin/cargo" "+1.75.0" "metadata" "--manifest-path" "Cargo.toml" "--no-deps", kill_on_drop: false }`
[INFO] started tweaking git repo https://github.com/Implox/fractal
[INFO] finished tweaking git repo https://github.com/Implox/fractal
[INFO] tweaked toml for git repo https://github.com/Implox/fractal written to /workspace/builds/worker-4-tc1/source/Cargo.toml
[INFO] crate git repo https://github.com/Implox/fractal already has a lockfile, it will not be regenerated
[INFO] running `Command { std: CARGO_HOME="/workspace/cargo-home" RUSTUP_HOME="/workspace/rustup-home" "/workspace/cargo-home/bin/cargo" "+1.75.0" "fetch" "--manifest-path" "Cargo.toml", kill_on_drop: false }`
[INFO] [stderr]     Updating crates.io index
[INFO] [stderr]  Downloading crates ...
[INFO] [stderr]   Downloaded libc v0.2.2
[INFO] [stderr]   Downloaded advapi32-sys v0.1.2
[INFO] [stderr]   Downloaded vec_map v0.4.0
[INFO] [stderr]   Downloaded strsim v0.4.1
[INFO] [stderr]   Downloaded ansi_term v0.7.5
[INFO] [stderr]   Downloaded deque v0.3.1
[INFO] [stderr]   Downloaded rustc-serialize v0.3.16
[INFO] [stderr]   Downloaded rayon v0.4.2
[INFO] [stderr]   Downloaded winapi v0.2.5
[INFO] [stderr]   Downloaded num v0.1.27
[INFO] [stderr]   Downloaded clap v2.1.2
[INFO] [stderr]   Downloaded rand v0.3.12
[INFO] [stderr]   Downloaded bmp v0.1.4
[INFO] running `Command { std: "docker" "create" "-v" "/var/lib/crater-agent-workspace/builds/worker-4-tc1/target:/opt/rustwide/target:rw,Z" "-v" "/var/lib/crater-agent-workspace/builds/worker-4-tc1/source:/opt/rustwide/workdir:ro,Z" "-v" "/var/lib/crater-agent-workspace/cargo-home:/opt/rustwide/cargo-home:ro,Z" "-v" "/var/lib/crater-agent-workspace/rustup-home:/opt/rustwide/rustup-home:ro,Z" "-e" "SOURCE_DIR=/opt/rustwide/workdir" "-e" "CARGO_TARGET_DIR=/opt/rustwide/target" "-e" "CARGO_HOME=/opt/rustwide/cargo-home" "-e" "RUSTUP_HOME=/opt/rustwide/rustup-home" "-w" "/opt/rustwide/workdir" "-m" "1610612736" "--user" "0:0" "--network" "none" "ghcr.io/rust-lang/crates-build-env/linux@sha256:2788e3201cd34a07e3172128adcd8b3090168a8e3bcc40d7c032b9dda1df7d1c" "/opt/rustwide/cargo-home/bin/cargo" "+1.75.0" "metadata" "--no-deps" "--format-version=1", kill_on_drop: false }`
[INFO] [stdout] edf9da6d28cdbc13f3ac76a3050b3268aa56e348486c0c620063cf98fdb4471e
[INFO] running `Command { std: "docker" "start" "-a" "edf9da6d28cdbc13f3ac76a3050b3268aa56e348486c0c620063cf98fdb4471e", kill_on_drop: false }`
[INFO] running `Command { std: "docker" "inspect" "edf9da6d28cdbc13f3ac76a3050b3268aa56e348486c0c620063cf98fdb4471e", kill_on_drop: false }`
[INFO] running `Command { std: "docker" "rm" "-f" "edf9da6d28cdbc13f3ac76a3050b3268aa56e348486c0c620063cf98fdb4471e", kill_on_drop: false }`
[INFO] [stdout] edf9da6d28cdbc13f3ac76a3050b3268aa56e348486c0c620063cf98fdb4471e
[INFO] running `Command { std: "docker" "create" "-v" "/var/lib/crater-agent-workspace/builds/worker-4-tc1/target:/opt/rustwide/target:rw,Z" "-v" "/var/lib/crater-agent-workspace/builds/worker-4-tc1/source:/opt/rustwide/workdir:ro,Z" "-v" "/var/lib/crater-agent-workspace/cargo-home:/opt/rustwide/cargo-home:ro,Z" "-v" "/var/lib/crater-agent-workspace/rustup-home:/opt/rustwide/rustup-home:ro,Z" "-e" "SOURCE_DIR=/opt/rustwide/workdir" "-e" "CARGO_TARGET_DIR=/opt/rustwide/target" "-e" "CARGO_INCREMENTAL=0" "-e" "RUST_BACKTRACE=full" "-e" "RUSTFLAGS=--cap-lints=warn" "-e" "RUSTDOCFLAGS=--cap-lints=warn" "-e" "CARGO_HOME=/opt/rustwide/cargo-home" "-e" "RUSTUP_HOME=/opt/rustwide/rustup-home" "-w" "/opt/rustwide/workdir" "-m" "1610612736" "--user" "0:0" "--network" "none" "ghcr.io/rust-lang/crates-build-env/linux@sha256:2788e3201cd34a07e3172128adcd8b3090168a8e3bcc40d7c032b9dda1df7d1c" "/opt/rustwide/cargo-home/bin/cargo" "+1.75.0" "doc" "--frozen" "--no-deps" "--document-private-items" "--message-format=json", kill_on_drop: false }`
[INFO] [stdout] 3783b3595586ec2239661fd658923dfe03ad2d72c70681f86a40b51eb4565e29
[INFO] running `Command { std: "docker" "start" "-a" "3783b3595586ec2239661fd658923dfe03ad2d72c70681f86a40b51eb4565e29", kill_on_drop: false }`
[INFO] [stderr]    Compiling winapi-build v0.1.1
[INFO] [stderr]     Checking libc v0.2.2
[INFO] [stderr]     Checking winapi v0.2.5
[INFO] [stderr]     Checking ansi_term v0.7.5
[INFO] [stderr]     Checking strsim v0.4.1
[INFO] [stderr]     Checking vec_map v0.4.0
[INFO] [stderr]     Checking rustc-serialize v0.3.16
[INFO] [stderr]     Checking byteorder v0.3.13
[INFO] [stderr]     Checking bitflags v0.4.0
[INFO] [stdout] error[E0642]: patterns aren't allowed in functions without bodies
[INFO] [stdout]    --> /opt/rustwide/cargo-home/registry/src/index.crates.io-6f17d22bba15001f/rustc-serialize-0.3.16/src/serialize.rs:145:45
[INFO] [stdout]     |
[INFO] [stdout] 145 | ...                   &f_name: &str,
[INFO] [stdout]     |                       ^^^^^^^ pattern not allowed in function without body
[INFO] [stdout] 
[INFO] [stdout] 
[INFO] [stderr]    Compiling advapi32-sys v0.1.2
[INFO] [stderr]     Checking clap v2.1.2
[INFO] [stderr]     Checking num_cpus v0.2.13
[INFO] [stderr]     Checking bmp v0.1.4
[INFO] [stderr]     Checking rand v0.3.12
[INFO] [stderr]     Checking deque v0.3.1
[INFO] [stderr]     Checking rayon v0.4.2
[INFO] [stdout] error: aborting due to previous error
[INFO] [stdout] 
[INFO] [stdout] 
[INFO] [stdout] For more information about this error, try `rustc --explain E0642`.
[INFO] [stdout] 
[INFO] [stderr] error: could not compile `rustc-serialize` (lib) due to 2 previous errors; 1 warning emitted
[INFO] [stderr] warning: build failed, waiting for other jobs to finish...
[INFO] running `Command { std: "docker" "inspect" "3783b3595586ec2239661fd658923dfe03ad2d72c70681f86a40b51eb4565e29", kill_on_drop: false }`
[INFO] running `Command { std: "docker" "rm" "-f" "3783b3595586ec2239661fd658923dfe03ad2d72c70681f86a40b51eb4565e29", kill_on_drop: false }`
[INFO] [stdout] 3783b3595586ec2239661fd658923dfe03ad2d72c70681f86a40b51eb4565e29
[INFO] documenting Implox/fractal against beta-2023-12-22 for beta-1.76-rustdoc-1
[INFO] running `Command { std: "git" "clone" "/workspace/cache/git-repos/https%3A%2F%2Fgithub.com%2FImplox%2Ffractal" "/workspace/builds/worker-4-tc2/source", kill_on_drop: false }`
[INFO] [stderr] Cloning into '/workspace/builds/worker-4-tc2/source'...
[INFO] [stderr] done.
[INFO] validating manifest of git repo https://github.com/Implox/fractal on toolchain beta-2023-12-22
[INFO] running `Command { std: CARGO_HOME="/workspace/cargo-home" RUSTUP_HOME="/workspace/rustup-home" "/workspace/cargo-home/bin/cargo" "+beta-2023-12-22" "metadata" "--manifest-path" "Cargo.toml" "--no-deps", kill_on_drop: false }`
[INFO] started tweaking git repo https://github.com/Implox/fractal
[INFO] finished tweaking git repo https://github.com/Implox/fractal
[INFO] tweaked toml for git repo https://github.com/Implox/fractal written to /workspace/builds/worker-4-tc2/source/Cargo.toml
[INFO] crate git repo https://github.com/Implox/fractal already has a lockfile, it will not be regenerated
[INFO] running `Command { std: CARGO_HOME="/workspace/cargo-home" RUSTUP_HOME="/workspace/rustup-home" "/workspace/cargo-home/bin/cargo" "+beta-2023-12-22" "fetch" "--manifest-path" "Cargo.toml", kill_on_drop: false }`
[INFO] running `Command { std: "docker" "create" "-v" "/var/lib/crater-agent-workspace/builds/worker-4-tc2/target:/opt/rustwide/target:rw,Z" "-v" "/var/lib/crater-agent-workspace/builds/worker-4-tc2/source:/opt/rustwide/workdir:ro,Z" "-v" "/var/lib/crater-agent-workspace/cargo-home:/opt/rustwide/cargo-home:ro,Z" "-v" "/var/lib/crater-agent-workspace/rustup-home:/opt/rustwide/rustup-home:ro,Z" "-e" "SOURCE_DIR=/opt/rustwide/workdir" "-e" "CARGO_TARGET_DIR=/opt/rustwide/target" "-e" "CARGO_HOME=/opt/rustwide/cargo-home" "-e" "RUSTUP_HOME=/opt/rustwide/rustup-home" "-w" "/opt/rustwide/workdir" "-m" "1610612736" "--user" "0:0" "--network" "none" "ghcr.io/rust-lang/crates-build-env/linux@sha256:2788e3201cd34a07e3172128adcd8b3090168a8e3bcc40d7c032b9dda1df7d1c" "/opt/rustwide/cargo-home/bin/cargo" "+beta-2023-12-22" "metadata" "--no-deps" "--format-version=1", kill_on_drop: false }`
[INFO] [stdout] 53f31c550baa9670c9c2334aa5fc8b71039f70d88d29a297dc3c170fa23cd30e
[INFO] running `Command { std: "docker" "start" "-a" "53f31c550baa9670c9c2334aa5fc8b71039f70d88d29a297dc3c170fa23cd30e", kill_on_drop: false }`
[INFO] running `Command { std: "docker" "inspect" "53f31c550baa9670c9c2334aa5fc8b71039f70d88d29a297dc3c170fa23cd30e", kill_on_drop: false }`
[INFO] running `Command { std: "docker" "rm" "-f" "53f31c550baa9670c9c2334aa5fc8b71039f70d88d29a297dc3c170fa23cd30e", kill_on_drop: false }`
[INFO] [stdout] 53f31c550baa9670c9c2334aa5fc8b71039f70d88d29a297dc3c170fa23cd30e
[INFO] running `Command { std: "docker" "create" "-v" "/var/lib/crater-agent-workspace/builds/worker-4-tc2/target:/opt/rustwide/target:rw,Z" "-v" "/var/lib/crater-agent-workspace/builds/worker-4-tc2/source:/opt/rustwide/workdir:ro,Z" "-v" "/var/lib/crater-agent-workspace/cargo-home:/opt/rustwide/cargo-home:ro,Z" "-v" "/var/lib/crater-agent-workspace/rustup-home:/opt/rustwide/rustup-home:ro,Z" "-e" "SOURCE_DIR=/opt/rustwide/workdir" "-e" "CARGO_TARGET_DIR=/opt/rustwide/target" "-e" "CARGO_INCREMENTAL=0" "-e" "RUST_BACKTRACE=full" "-e" "RUSTFLAGS=--cap-lints=warn" "-e" "RUSTDOCFLAGS=--cap-lints=warn" "-e" "CARGO_HOME=/opt/rustwide/cargo-home" "-e" "RUSTUP_HOME=/opt/rustwide/rustup-home" "-w" "/opt/rustwide/workdir" "-m" "1610612736" "--user" "0:0" "--network" "none" "ghcr.io/rust-lang/crates-build-env/linux@sha256:2788e3201cd34a07e3172128adcd8b3090168a8e3bcc40d7c032b9dda1df7d1c" "/opt/rustwide/cargo-home/bin/cargo" "+beta-2023-12-22" "doc" "--frozen" "--no-deps" "--document-private-items" "--message-format=json", kill_on_drop: false }`
[INFO] [stdout] ddc7238a8a9b1d01a275443a6eb736c7e5748c9ee9d9166eddb16133ac4d7d01
[INFO] running `Command { std: "docker" "start" "-a" "ddc7238a8a9b1d01a275443a6eb736c7e5748c9ee9d9166eddb16133ac4d7d01", kill_on_drop: false }`
[INFO] [stderr]    Compiling winapi-build v0.1.1
[INFO] [stderr]     Checking libc v0.2.2
[INFO] [stderr]     Checking winapi v0.2.5
[INFO] [stderr]     Checking vec_map v0.4.0
[INFO] [stderr]     Checking byteorder v0.3.13
[INFO] [stderr]     Checking strsim v0.4.1
[INFO] [stderr]     Checking ansi_term v0.7.5
[INFO] [stderr]     Checking rustc-serialize v0.3.16
[INFO] [stderr]     Checking bitflags v0.4.0
[INFO] [stdout] error[E0642]: patterns aren't allowed in functions without bodies
[INFO] [stdout]    --> /opt/rustwide/cargo-home/registry/src/index.crates.io-6f17d22bba15001f/rustc-serialize-0.3.16/src/serialize.rs:145:45
[INFO] [stdout]     |
[INFO] [stdout] 145 | ...                   &f_name: &str,
[INFO] [stdout]     |                       ^^^^^^^ pattern not allowed in function without body
[INFO] [stdout] 
[INFO] [stdout] 
[INFO] [stderr]     Checking bmp v0.1.4
[INFO] [stderr]     Checking num_cpus v0.2.13
[INFO] [stderr]    Compiling advapi32-sys v0.1.2
[INFO] [stderr]     Checking clap v2.1.2
[INFO] [stdout] error[E0310]: the parameter type `T` may not live long enough
[INFO] [stdout]    --> /opt/rustwide/cargo-home/registry/src/index.crates.io-6f17d22bba15001f/rustc-serialize-0.3.16/src/serialize.rs:452:5
[INFO] [stdout]     |
[INFO] [stdout] 452 |     fn decode<D: Decoder>(d: &mut D) -> Result<Cow<'static, T>, D::Error> {
[INFO] [stdout]     |     ^^^^^^^^^^^^^^^^^^^^^^^^^^^^^^^^^^^^^^^^^^^^^^^^^^^^^^^^^^^^^^^^^^^^^
[INFO] [stdout]     |     |
[INFO] [stdout]     |     the parameter type `T` must be valid for the static lifetime...
[INFO] [stdout]     |     ...so that the type `T` will meet its required lifetime bounds...
[INFO] [stdout]     |
[INFO] [stdout] note: ...that is required by this bound
[INFO] [stdout]    --> /rustc/0e09125c6c3c2fd70d7de961bcf0e51575235fad/library/alloc/src/borrow.rs:180:30
[INFO] [stdout] help: consider adding an explicit lifetime bound
[INFO] [stdout]     |
[INFO] [stdout] 448 | impl<'a, T: ?Sized + 'static> Decodable for Cow<'a, T>
[INFO] [stdout]     |                    +++++++++
[INFO] [stdout] 
[INFO] [stdout] 
[INFO] [stderr]     Checking rand v0.3.12
[INFO] [stderr]     Checking deque v0.3.1
[INFO] [stderr]     Checking rayon v0.4.2
[INFO] [stdout] error: aborting due to 2 previous errors
[INFO] [stdout] 
[INFO] [stdout] 
[INFO] [stdout] Some errors have detailed explanations: E0310, E0642.
[INFO] [stdout] 
[INFO] [stdout] For more information about an error, try `rustc --explain E0310`.
[INFO] [stdout] 
[INFO] [stderr] error: could not compile `rustc-serialize` (lib) due to 3 previous errors
[INFO] [stderr] warning: build failed, waiting for other jobs to finish...
[INFO] running `Command { std: "docker" "inspect" "ddc7238a8a9b1d01a275443a6eb736c7e5748c9ee9d9166eddb16133ac4d7d01", kill_on_drop: false }`
[INFO] running `Command { std: "docker" "rm" "-f" "ddc7238a8a9b1d01a275443a6eb736c7e5748c9ee9d9166eddb16133ac4d7d01", kill_on_drop: false }`
[INFO] [stdout] ddc7238a8a9b1d01a275443a6eb736c7e5748c9ee9d9166eddb16133ac4d7d01
