[INFO] cloning repository https://github.com/Implodent/tangi
[INFO] running `Command { std: "git" "-c" "credential.helper=" "-c" "credential.helper=/workspace/cargo-home/bin/git-credential-null" "clone" "--bare" "https://github.com/Implodent/tangi" "/workspace/cache/git-repos/https%3A%2F%2Fgithub.com%2FImplodent%2Ftangi", kill_on_drop: false }`
[INFO] [stderr] Cloning into bare repository '/workspace/cache/git-repos/https%3A%2F%2Fgithub.com%2FImplodent%2Ftangi'...
[INFO] running `Command { std: "git" "rev-parse" "HEAD", kill_on_drop: false }`
[INFO] [stdout] bdd172bba24efa983f92380635969bcc1638a2fe
[INFO] documenting Implodent/tangi against 1.75.0 for beta-1.76-rustdoc-1
[INFO] running `Command { std: "git" "clone" "/workspace/cache/git-repos/https%3A%2F%2Fgithub.com%2FImplodent%2Ftangi" "/workspace/builds/worker-3-tc1/source", kill_on_drop: false }`
[INFO] [stderr] Cloning into '/workspace/builds/worker-3-tc1/source'...
[INFO] [stderr] done.
[INFO] validating manifest of git repo https://github.com/Implodent/tangi on toolchain 1.75.0
[INFO] running `Command { std: CARGO_HOME="/workspace/cargo-home" RUSTUP_HOME="/workspace/rustup-home" "/workspace/cargo-home/bin/cargo" "+1.75.0" "metadata" "--manifest-path" "Cargo.toml" "--no-deps", kill_on_drop: false }`
[INFO] started tweaking git repo https://github.com/Implodent/tangi
[INFO] finished tweaking git repo https://github.com/Implodent/tangi
[INFO] tweaked toml for git repo https://github.com/Implodent/tangi written to /workspace/builds/worker-3-tc1/source/Cargo.toml
[INFO] crate git repo https://github.com/Implodent/tangi already has a lockfile, it will not be regenerated
[INFO] running `Command { std: CARGO_HOME="/workspace/cargo-home" RUSTUP_HOME="/workspace/rustup-home" "/workspace/cargo-home/bin/cargo" "+1.75.0" "fetch" "--manifest-path" "Cargo.toml", kill_on_drop: false }`
[INFO] [stderr]     Updating git repository `https://github.com/Implodent/AOTT.git`
[INFO] running `Command { std: "docker" "create" "-v" "/var/lib/crater-agent-workspace/builds/worker-3-tc1/target:/opt/rustwide/target:rw,Z" "-v" "/var/lib/crater-agent-workspace/builds/worker-3-tc1/source:/opt/rustwide/workdir:ro,Z" "-v" "/var/lib/crater-agent-workspace/cargo-home:/opt/rustwide/cargo-home:ro,Z" "-v" "/var/lib/crater-agent-workspace/rustup-home:/opt/rustwide/rustup-home:ro,Z" "-e" "SOURCE_DIR=/opt/rustwide/workdir" "-e" "CARGO_TARGET_DIR=/opt/rustwide/target" "-e" "CARGO_HOME=/opt/rustwide/cargo-home" "-e" "RUSTUP_HOME=/opt/rustwide/rustup-home" "-w" "/opt/rustwide/workdir" "-m" "1610612736" "--user" "0:0" "--network" "none" "ghcr.io/rust-lang/crates-build-env/linux@sha256:2788e3201cd34a07e3172128adcd8b3090168a8e3bcc40d7c032b9dda1df7d1c" "/opt/rustwide/cargo-home/bin/cargo" "+1.75.0" "metadata" "--no-deps" "--format-version=1", kill_on_drop: false }`
[INFO] [stdout] b35121ac15d2d2d2e14b133ad78290b0ed3a41f181c0055be8806e1b95fe9bf1
[INFO] running `Command { std: "docker" "start" "-a" "b35121ac15d2d2d2e14b133ad78290b0ed3a41f181c0055be8806e1b95fe9bf1", kill_on_drop: false }`
[INFO] running `Command { std: "docker" "inspect" "b35121ac15d2d2d2e14b133ad78290b0ed3a41f181c0055be8806e1b95fe9bf1", kill_on_drop: false }`
[INFO] running `Command { std: "docker" "rm" "-f" "b35121ac15d2d2d2e14b133ad78290b0ed3a41f181c0055be8806e1b95fe9bf1", kill_on_drop: false }`
[INFO] [stdout] b35121ac15d2d2d2e14b133ad78290b0ed3a41f181c0055be8806e1b95fe9bf1
[INFO] running `Command { std: "docker" "create" "-v" "/var/lib/crater-agent-workspace/builds/worker-3-tc1/target:/opt/rustwide/target:rw,Z" "-v" "/var/lib/crater-agent-workspace/builds/worker-3-tc1/source:/opt/rustwide/workdir:ro,Z" "-v" "/var/lib/crater-agent-workspace/cargo-home:/opt/rustwide/cargo-home:ro,Z" "-v" "/var/lib/crater-agent-workspace/rustup-home:/opt/rustwide/rustup-home:ro,Z" "-e" "SOURCE_DIR=/opt/rustwide/workdir" "-e" "CARGO_TARGET_DIR=/opt/rustwide/target" "-e" "CARGO_INCREMENTAL=0" "-e" "RUST_BACKTRACE=full" "-e" "RUSTFLAGS=--cap-lints=warn" "-e" "RUSTDOCFLAGS=--cap-lints=warn" "-e" "CARGO_HOME=/opt/rustwide/cargo-home" "-e" "RUSTUP_HOME=/opt/rustwide/rustup-home" "-w" "/opt/rustwide/workdir" "-m" "1610612736" "--user" "0:0" "--network" "none" "ghcr.io/rust-lang/crates-build-env/linux@sha256:2788e3201cd34a07e3172128adcd8b3090168a8e3bcc40d7c032b9dda1df7d1c" "/opt/rustwide/cargo-home/bin/cargo" "+1.75.0" "doc" "--frozen" "--no-deps" "--document-private-items" "--message-format=json", kill_on_drop: false }`
[INFO] [stdout] 09be96da8321302e392505eb79a4374a00c82215aa81d4ac79e6eff47edec121
[INFO] running `Command { std: "docker" "start" "-a" "09be96da8321302e392505eb79a4374a00c82215aa81d4ac79e6eff47edec121", kill_on_drop: false }`
[INFO] [stderr]     Checking once_cell v1.18.0
[INFO] [stderr]    Compiling libc v0.2.150
[INFO] [stderr]    Compiling rustix v0.38.24
[INFO] [stderr]     Checking linux-raw-sys v0.4.11
[INFO] [stderr]     Checking unicode-width v0.1.11
[INFO] [stderr]     Checking memchr v2.6.4
[INFO] [stderr]    Compiling syn v2.0.39
[INFO] [stderr]     Checking unicode-linebreak v0.1.5
[INFO] [stderr]    Compiling syn v1.0.109
[INFO] [stderr]     Checking smawk v0.3.2
[INFO] [stderr]    Compiling regex-syntax v0.6.29
[INFO] [stderr]    Compiling beef v0.5.2
[INFO] [stderr]     Checking object v0.32.1
[INFO] [stderr]    Compiling ahash v0.8.6
[INFO] [stderr]     Checking owo-colors v3.5.0
[INFO] [stderr]     Checking textwrap v0.15.2
[INFO] [stderr]    Compiling cc v1.0.83
[INFO] [stderr]     Checking is-terminal v0.4.9
[INFO] [stderr]     Checking tracing-core v0.1.32
[INFO] [stderr]     Checking terminal_size v0.1.17
[INFO] [stderr]     Checking supports-hyperlinks v2.1.0
[INFO] [stderr]     Checking supports-unicode v2.0.0
[INFO] [stderr]     Checking supports-color v2.1.0
[INFO] [stderr]     Checking zerocopy v0.7.26
[INFO] [stderr]     Checking allocator-api2 v0.2.16
[INFO] [stderr]     Checking regex-syntax v0.8.2
[INFO] [stderr]     Checking hashbrown v0.14.2
[INFO] [stderr]     Checking tangic_ast v0.1.0 (/opt/rustwide/workdir/middle/ast)
[INFO] [stderr]     Checking overload v0.1.1
[INFO] [stderr]    Compiling backtrace v0.3.69
[INFO] [stderr]     Checking sharded-slab v0.1.7
[INFO] [stderr]     Checking nu-ansi-term v0.46.0
[INFO] [stderr]     Checking tracing-log v0.2.0
[INFO] [stderr]     Checking regex-automata v0.1.10
[INFO] [stderr]     Checking regex-automata v0.4.3
[INFO] [stderr]     Checking thread_local v1.1.7
[INFO] [stderr]     Checking textwrap v0.16.0
[INFO] [stderr]     Checking backtrace-ext v0.2.1
[INFO] [stderr]  Documenting tangic_ast v0.1.0 (/opt/rustwide/workdir/middle/ast)
[INFO] [stderr]    Compiling logos-codegen v0.13.0
[INFO] [stderr]  Documenting tangic_explod v0.1.0 (/opt/rustwide/workdir/middle/explod)
[INFO] [stdout] error[E0432]: unresolved import `is_terminal`
[INFO] [stdout]  --> middle/explod/src/fmter_util.rs:1:5
[INFO] [stdout]   |
[INFO] [stdout] 1 | use is_terminal::IsTerminal;
[INFO] [stdout]   |     ^^^^^^^^^^^ use of undeclared crate or module `is_terminal`
[INFO] [stdout] 
[INFO] [stdout] 
[INFO] [stderr]  Documenting tangic_codegen v0.1.0 (/opt/rustwide/workdir/backend/codegen)
[INFO] [stdout] error[E0405]: cannot find trait `SourceCode` in this scope
[INFO] [stdout]    --> middle/explod/src/fmter.rs:223:33
[INFO] [stdout]     |
[INFO] [stdout] 223 |         parent_src: Option<&dyn SourceCode>,
[INFO] [stdout]     |                                 ^^^^^^^^^^ not found in this scope
[INFO] [stdout] 
[INFO] [stdout] 
[INFO] [stdout] error[E0405]: cannot find trait `SourceCode` in this scope
[INFO] [stdout]    --> middle/explod/src/fmter.rs:248:33
[INFO] [stdout]     |
[INFO] [stdout] 248 |         opt_source: Option<&dyn SourceCode>,
[INFO] [stdout]     |                                 ^^^^^^^^^^ not found in this scope
[INFO] [stdout] 
[INFO] [stdout] 
[INFO] [stdout] error[E0405]: cannot find trait `SourceCode` in this scope
[INFO] [stdout]    --> middle/explod/src/fmter.rs:316:22
[INFO] [stdout]     |
[INFO] [stdout] 316 |         source: &dyn SourceCode,
[INFO] [stdout]     |                      ^^^^^^^^^^ not found in this scope
[INFO] [stdout] 
[INFO] [stdout] 
[INFO] [stdout] error[E0412]: cannot find type `LabeledSpan` in this scope
[INFO] [stdout]    --> middle/explod/src/fmter.rs:317:19
[INFO] [stdout]     |
[INFO] [stdout] 317 |         context: &LabeledSpan,
[INFO] [stdout]     |                   ^^^^^^^^^^^ not found in this scope
[INFO] [stdout] 
[INFO] [stdout] 
[INFO] [stdout] error[E0412]: cannot find type `LabeledSpan` in this scope
[INFO] [stdout]    --> middle/explod/src/fmter.rs:318:19
[INFO] [stdout]     |
[INFO] [stdout] 318 |         labels: &[LabeledSpan],
[INFO] [stdout]     |                   ^^^^^^^^^^^ not found in this scope
[INFO] [stdout] 
[INFO] [stdout] 
[INFO] [stdout] error[E0405]: cannot find trait `SpanContents` in this scope
[INFO] [stdout]    --> middle/explod/src/fmter.rs:946:26
[INFO] [stdout]     |
[INFO] [stdout] 946 |     ) -> Result<(Box<dyn SpanContents<'a> + 'a>, Vec<Line>), fmt::Error> {
[INFO] [stdout]     |                          ^^^^^^^^^^^^ not found in this scope
[INFO] [stdout] 
[INFO] [stdout] 
[INFO] [stdout] error[E0412]: cannot find type `SourceSpan` in this scope
[INFO] [stdout]     --> middle/explod/src/fmter.rs:1088:11
[INFO] [stdout]      |
[INFO] [stdout] 1088 |     span: SourceSpan,
[INFO] [stdout]      |           ^^^^^^^^^^ not found in this scope
[INFO] [stdout] 
[INFO] [stdout] 
[INFO] [stdout] error[E0412]: cannot find type `SourceSpan` in this scope
[INFO] [stdout]     --> middle/explod/src/fmter.rs:1103:41
[INFO] [stdout]      |
[INFO] [stdout] 1103 |     fn new(label: Option<String>, span: SourceSpan, style: Style) -> Self {
[INFO] [stdout]      |                                         ^^^^^^^^^^ not found in this scope
[INFO] [stdout] 
[INFO] [stdout] 
[INFO] [stdout] error: aborting due to 9 previous errors
[INFO] [stdout] 
[INFO] [stdout] 
[INFO] [stdout] Some errors have detailed explanations: E0405, E0412, E0432.
[INFO] [stdout] 
[INFO] [stdout] For more information about an error, try `rustc --explain E0405`.
[INFO] [stdout] 
[INFO] [stderr] error: could not document `tangic_explod`
[INFO] [stderr] 
[INFO] [stderr] Caused by:
[INFO] [stderr]   process didn't exit successfully: `/opt/rustwide/rustup-home/toolchains/1.75.0-x86_64-unknown-linux-gnu/bin/rustdoc --edition=2021 --crate-type lib --crate-name tangic_explod middle/explod/src/lib.rs -o /opt/rustwide/target/doc --error-format=json --json=diagnostic-rendered-ansi,artifacts,future-incompat --document-private-items -C metadata=ae3f1911ae694638 -L dependency=/opt/rustwide/target/debug/deps --extern owo_colors=/opt/rustwide/target/debug/deps/libowo_colors-71927e04e8b19f1d.rmeta --extern textwrap=/opt/rustwide/target/debug/deps/libtextwrap-d324f216bdbf378a.rmeta --extern unicode_width=/opt/rustwide/target/debug/deps/libunicode_width-df3db1071f6f9b1d.rmeta --cap-lints=warn --crate-version 0.1.0` (exit status: 1)
[INFO] [stderr] warning: build failed, waiting for other jobs to finish...
[INFO] running `Command { std: "docker" "inspect" "09be96da8321302e392505eb79a4374a00c82215aa81d4ac79e6eff47edec121", kill_on_drop: false }`
[INFO] running `Command { std: "docker" "rm" "-f" "09be96da8321302e392505eb79a4374a00c82215aa81d4ac79e6eff47edec121", kill_on_drop: false }`
[INFO] [stdout] 09be96da8321302e392505eb79a4374a00c82215aa81d4ac79e6eff47edec121
[INFO] documenting Implodent/tangi against beta-2023-12-22 for beta-1.76-rustdoc-1
[INFO] running `Command { std: "git" "clone" "/workspace/cache/git-repos/https%3A%2F%2Fgithub.com%2FImplodent%2Ftangi" "/workspace/builds/worker-3-tc2/source", kill_on_drop: false }`
[INFO] [stderr] Cloning into '/workspace/builds/worker-3-tc2/source'...
[INFO] [stderr] done.
[INFO] validating manifest of git repo https://github.com/Implodent/tangi on toolchain beta-2023-12-22
[INFO] running `Command { std: CARGO_HOME="/workspace/cargo-home" RUSTUP_HOME="/workspace/rustup-home" "/workspace/cargo-home/bin/cargo" "+beta-2023-12-22" "metadata" "--manifest-path" "Cargo.toml" "--no-deps", kill_on_drop: false }`
[INFO] started tweaking git repo https://github.com/Implodent/tangi
[INFO] finished tweaking git repo https://github.com/Implodent/tangi
[INFO] tweaked toml for git repo https://github.com/Implodent/tangi written to /workspace/builds/worker-3-tc2/source/Cargo.toml
[INFO] crate git repo https://github.com/Implodent/tangi already has a lockfile, it will not be regenerated
[INFO] running `Command { std: CARGO_HOME="/workspace/cargo-home" RUSTUP_HOME="/workspace/rustup-home" "/workspace/cargo-home/bin/cargo" "+beta-2023-12-22" "fetch" "--manifest-path" "Cargo.toml", kill_on_drop: false }`
[INFO] running `Command { std: "docker" "create" "-v" "/var/lib/crater-agent-workspace/builds/worker-3-tc2/target:/opt/rustwide/target:rw,Z" "-v" "/var/lib/crater-agent-workspace/builds/worker-3-tc2/source:/opt/rustwide/workdir:ro,Z" "-v" "/var/lib/crater-agent-workspace/cargo-home:/opt/rustwide/cargo-home:ro,Z" "-v" "/var/lib/crater-agent-workspace/rustup-home:/opt/rustwide/rustup-home:ro,Z" "-e" "SOURCE_DIR=/opt/rustwide/workdir" "-e" "CARGO_TARGET_DIR=/opt/rustwide/target" "-e" "CARGO_HOME=/opt/rustwide/cargo-home" "-e" "RUSTUP_HOME=/opt/rustwide/rustup-home" "-w" "/opt/rustwide/workdir" "-m" "1610612736" "--user" "0:0" "--network" "none" "ghcr.io/rust-lang/crates-build-env/linux@sha256:2788e3201cd34a07e3172128adcd8b3090168a8e3bcc40d7c032b9dda1df7d1c" "/opt/rustwide/cargo-home/bin/cargo" "+beta-2023-12-22" "metadata" "--no-deps" "--format-version=1", kill_on_drop: false }`
[INFO] [stdout] 3a1374e145a308c14081717a1012baf10c235c6b50f5465a4fd406cab73a182c
[INFO] running `Command { std: "docker" "start" "-a" "3a1374e145a308c14081717a1012baf10c235c6b50f5465a4fd406cab73a182c", kill_on_drop: false }`
[INFO] running `Command { std: "docker" "inspect" "3a1374e145a308c14081717a1012baf10c235c6b50f5465a4fd406cab73a182c", kill_on_drop: false }`
[INFO] running `Command { std: "docker" "rm" "-f" "3a1374e145a308c14081717a1012baf10c235c6b50f5465a4fd406cab73a182c", kill_on_drop: false }`
[INFO] [stdout] 3a1374e145a308c14081717a1012baf10c235c6b50f5465a4fd406cab73a182c
[INFO] running `Command { std: "docker" "create" "-v" "/var/lib/crater-agent-workspace/builds/worker-3-tc2/target:/opt/rustwide/target:rw,Z" "-v" "/var/lib/crater-agent-workspace/builds/worker-3-tc2/source:/opt/rustwide/workdir:ro,Z" "-v" "/var/lib/crater-agent-workspace/cargo-home:/opt/rustwide/cargo-home:ro,Z" "-v" "/var/lib/crater-agent-workspace/rustup-home:/opt/rustwide/rustup-home:ro,Z" "-e" "SOURCE_DIR=/opt/rustwide/workdir" "-e" "CARGO_TARGET_DIR=/opt/rustwide/target" "-e" "CARGO_INCREMENTAL=0" "-e" "RUST_BACKTRACE=full" "-e" "RUSTFLAGS=--cap-lints=warn" "-e" "RUSTDOCFLAGS=--cap-lints=warn" "-e" "CARGO_HOME=/opt/rustwide/cargo-home" "-e" "RUSTUP_HOME=/opt/rustwide/rustup-home" "-w" "/opt/rustwide/workdir" "-m" "1610612736" "--user" "0:0" "--network" "none" "ghcr.io/rust-lang/crates-build-env/linux@sha256:2788e3201cd34a07e3172128adcd8b3090168a8e3bcc40d7c032b9dda1df7d1c" "/opt/rustwide/cargo-home/bin/cargo" "+beta-2023-12-22" "doc" "--frozen" "--no-deps" "--document-private-items" "--message-format=json", kill_on_drop: false }`
[INFO] [stdout] 29c527e30a85468a001fc2815406770974df85d34081356893795c33d0284d1e
[INFO] running `Command { std: "docker" "start" "-a" "29c527e30a85468a001fc2815406770974df85d34081356893795c33d0284d1e", kill_on_drop: false }`
[INFO] [stderr]     Checking once_cell v1.18.0
[INFO] [stderr]    Compiling libc v0.2.150
[INFO] [stderr]    Compiling rustix v0.38.24
[INFO] [stderr]     Checking linux-raw-sys v0.4.11
[INFO] [stderr]     Checking memchr v2.6.4
[INFO] [stderr]     Checking unicode-width v0.1.11
[INFO] [stderr]    Compiling syn v2.0.39
[INFO] [stderr]     Checking unicode-linebreak v0.1.5
[INFO] [stderr]     Checking smawk v0.3.2
[INFO] [stderr]    Compiling syn v1.0.109
[INFO] [stderr]    Compiling regex-syntax v0.6.29
[INFO] [stderr]    Compiling beef v0.5.2
[INFO] [stderr]    Compiling ahash v0.8.6
[INFO] [stderr]     Checking owo-colors v3.5.0
[INFO] [stderr]     Checking object v0.32.1
[INFO] [stderr]     Checking textwrap v0.15.2
[INFO] [stderr]     Checking tracing-core v0.1.32
[INFO] [stderr]     Checking terminal_size v0.1.17
[INFO] [stderr]    Compiling cc v1.0.83
[INFO] [stderr]     Checking is-terminal v0.4.9
[INFO] [stderr]     Checking zerocopy v0.7.26
[INFO] [stderr]     Checking supports-unicode v2.0.0
[INFO] [stderr]     Checking supports-color v2.1.0
[INFO] [stderr]     Checking supports-hyperlinks v2.1.0
[INFO] [stderr]     Checking allocator-api2 v0.2.16
[INFO] [stderr]     Checking regex-syntax v0.8.2
[INFO] [stderr]     Checking hashbrown v0.14.2
[INFO] [stderr]     Checking tangic_ast v0.1.0 (/opt/rustwide/workdir/middle/ast)
[INFO] [stderr]     Checking overload v0.1.1
[INFO] [stderr]    Compiling backtrace v0.3.69
[INFO] [stderr]     Checking tracing-log v0.2.0
[INFO] [stderr]     Checking nu-ansi-term v0.46.0
[INFO] [stderr]     Checking sharded-slab v0.1.7
[INFO] [stderr]     Checking regex-automata v0.4.3
[INFO] [stderr]     Checking thread_local v1.1.7
[INFO] [stderr]     Checking textwrap v0.16.0
[INFO] [stderr]  Documenting tangic_ast v0.1.0 (/opt/rustwide/workdir/middle/ast)
[INFO] [stderr]  Documenting tangic_explod v0.1.0 (/opt/rustwide/workdir/middle/explod)
[INFO] [stdout] error[E0432]: unresolved import `is_terminal`
[INFO] [stdout]  --> middle/explod/src/fmter_util.rs:1:5
[INFO] [stdout]   |
[INFO] [stdout] 1 | use is_terminal::IsTerminal;
[INFO] [stdout]   |     ^^^^^^^^^^^ use of undeclared crate or module `is_terminal`
[INFO] [stdout] 
[INFO] [stdout] 
[INFO] [stderr]    Compiling logos-codegen v0.13.0
[INFO] [stdout] error[E0405]: cannot find trait `SourceCode` in this scope
[INFO] [stdout]    --> middle/explod/src/fmter.rs:223:33
[INFO] [stdout]     |
[INFO] [stdout] 223 |         parent_src: Option<&dyn SourceCode>,
[INFO] [stdout]     |                                 ^^^^^^^^^^ not found in this scope
[INFO] [stdout] 
[INFO] [stdout] 
[INFO] [stdout] error[E0405]: cannot find trait `SourceCode` in this scope
[INFO] [stdout]    --> middle/explod/src/fmter.rs:248:33
[INFO] [stdout]     |
[INFO] [stdout] 248 |         opt_source: Option<&dyn SourceCode>,
[INFO] [stdout]     |                                 ^^^^^^^^^^ not found in this scope
[INFO] [stdout] 
[INFO] [stdout] 
[INFO] [stdout] error[E0405]: cannot find trait `SourceCode` in this scope
[INFO] [stdout]    --> middle/explod/src/fmter.rs:316:22
[INFO] [stdout]     |
[INFO] [stdout] 316 |         source: &dyn SourceCode,
[INFO] [stdout]     |                      ^^^^^^^^^^ not found in this scope
[INFO] [stdout] 
[INFO] [stdout] 
[INFO] [stdout] error[E0412]: cannot find type `LabeledSpan` in this scope
[INFO] [stdout]    --> middle/explod/src/fmter.rs:317:19
[INFO] [stdout]     |
[INFO] [stdout] 317 |         context: &LabeledSpan,
[INFO] [stdout]     |                   ^^^^^^^^^^^ not found in this scope
[INFO] [stdout] 
[INFO] [stdout] 
[INFO] [stdout] error[E0412]: cannot find type `LabeledSpan` in this scope
[INFO] [stdout]    --> middle/explod/src/fmter.rs:318:19
[INFO] [stdout]     |
[INFO] [stdout] 318 |         labels: &[LabeledSpan],
[INFO] [stdout]     |                   ^^^^^^^^^^^ not found in this scope
[INFO] [stdout] 
[INFO] [stdout] 
[INFO] [stdout] error[E0405]: cannot find trait `SpanContents` in this scope
[INFO] [stdout]    --> middle/explod/src/fmter.rs:946:26
[INFO] [stdout]     |
[INFO] [stdout] 946 |     ) -> Result<(Box<dyn SpanContents<'a> + 'a>, Vec<Line>), fmt::Error> {
[INFO] [stdout]     |                          ^^^^^^^^^^^^ not found in this scope
[INFO] [stdout] 
[INFO] [stdout] 
[INFO] [stdout] error[E0412]: cannot find type `SourceSpan` in this scope
[INFO] [stdout]     --> middle/explod/src/fmter.rs:1088:11
[INFO] [stdout]      |
[INFO] [stdout] 1088 |     span: SourceSpan,
[INFO] [stdout]      |           ^^^^^^^^^^ not found in this scope
[INFO] [stdout] 
[INFO] [stdout] 
[INFO] [stdout] error[E0412]: cannot find type `SourceSpan` in this scope
[INFO] [stdout]     --> middle/explod/src/fmter.rs:1103:41
[INFO] [stdout]      |
[INFO] [stdout] 1103 |     fn new(label: Option<String>, span: SourceSpan, style: Style) -> Self {
[INFO] [stdout]      |                                         ^^^^^^^^^^ not found in this scope
[INFO] [stdout] 
[INFO] [stdout] 
[INFO] [stdout] error: aborting due to 9 previous errors
[INFO] [stdout] 
[INFO] [stdout] 
[INFO] [stdout] Some errors have detailed explanations: E0405, E0412, E0432.
[INFO] [stdout] 
[INFO] [stdout] For more information about an error, try `rustc --explain E0405`.
[INFO] [stdout] 
[INFO] [stderr] error: could not document `tangic_explod`
[INFO] [stderr] 
[INFO] [stderr] Caused by:
[INFO] [stderr]   process didn't exit successfully: `/opt/rustwide/rustup-home/toolchains/beta-2023-12-22-x86_64-unknown-linux-gnu/bin/rustdoc --edition=2021 --crate-type lib --crate-name tangic_explod middle/explod/src/lib.rs -o /opt/rustwide/target/doc --error-format=json --json=diagnostic-rendered-ansi,artifacts,future-incompat --document-private-items -C metadata=efaccb418edffc0a -L dependency=/opt/rustwide/target/debug/deps --extern owo_colors=/opt/rustwide/target/debug/deps/libowo_colors-3cdccbd0e7c9187b.rmeta --extern textwrap=/opt/rustwide/target/debug/deps/libtextwrap-9ce38605b67e9827.rmeta --extern unicode_width=/opt/rustwide/target/debug/deps/libunicode_width-06f4ae069ee6763e.rmeta --cap-lints=warn --crate-version 0.1.0` (exit status: 1)
[INFO] [stderr] warning: build failed, waiting for other jobs to finish...
[INFO] running `Command { std: "docker" "inspect" "29c527e30a85468a001fc2815406770974df85d34081356893795c33d0284d1e", kill_on_drop: false }`
[INFO] running `Command { std: "docker" "rm" "-f" "29c527e30a85468a001fc2815406770974df85d34081356893795c33d0284d1e", kill_on_drop: false }`
[INFO] [stdout] 29c527e30a85468a001fc2815406770974df85d34081356893795c33d0284d1e
