[INFO] cloning repository https://github.com/Implodent/oxcraft
[INFO] running `Command { std: "git" "-c" "credential.helper=" "-c" "credential.helper=/workspace/cargo-home/bin/git-credential-null" "clone" "--bare" "https://github.com/Implodent/oxcraft" "/workspace/cache/git-repos/https%3A%2F%2Fgithub.com%2FImplodent%2Foxcraft", kill_on_drop: false }`
[INFO] [stderr] Cloning into bare repository '/workspace/cache/git-repos/https%3A%2F%2Fgithub.com%2FImplodent%2Foxcraft'...
[INFO] running `Command { std: "git" "rev-parse" "HEAD", kill_on_drop: false }`
[INFO] [stdout] 202ce1202cd3a1187581ea753c73809ea65d9529
[INFO] documenting Implodent/oxcraft against 1.75.0 for beta-1.76-rustdoc-1
[INFO] running `Command { std: "git" "clone" "/workspace/cache/git-repos/https%3A%2F%2Fgithub.com%2FImplodent%2Foxcraft" "/workspace/builds/worker-7-tc1/source", kill_on_drop: false }`
[INFO] [stderr] Cloning into '/workspace/builds/worker-7-tc1/source'...
[INFO] [stderr] done.
[INFO] validating manifest of git repo https://github.com/Implodent/oxcraft on toolchain 1.75.0
[INFO] running `Command { std: CARGO_HOME="/workspace/cargo-home" RUSTUP_HOME="/workspace/rustup-home" "/workspace/cargo-home/bin/cargo" "+1.75.0" "metadata" "--manifest-path" "Cargo.toml" "--no-deps", kill_on_drop: false }`
[INFO] removed /workspace/builds/worker-7-tc1/source/rust-toolchain.toml
[INFO] started tweaking git repo https://github.com/Implodent/oxcraft
[INFO] finished tweaking git repo https://github.com/Implodent/oxcraft
[INFO] tweaked toml for git repo https://github.com/Implodent/oxcraft written to /workspace/builds/worker-7-tc1/source/Cargo.toml
[INFO] crate git repo https://github.com/Implodent/oxcraft already has a lockfile, it will not be regenerated
[INFO] running `Command { std: CARGO_HOME="/workspace/cargo-home" RUSTUP_HOME="/workspace/rustup-home" "/workspace/cargo-home/bin/cargo" "+1.75.0" "fetch" "--manifest-path" "Cargo.toml", kill_on_drop: false }`
[INFO] [stderr]     Updating git repository `https://github.com/Implodent/AOTT.git`
[INFO] [stderr]  Downloading crates ...
[INFO] [stderr]   Downloaded nu-ansi-term v0.49.0
[INFO] running `Command { std: "docker" "create" "-v" "/var/lib/crater-agent-workspace/builds/worker-7-tc1/target:/opt/rustwide/target:rw,Z" "-v" "/var/lib/crater-agent-workspace/builds/worker-7-tc1/source:/opt/rustwide/workdir:ro,Z" "-v" "/var/lib/crater-agent-workspace/cargo-home:/opt/rustwide/cargo-home:ro,Z" "-v" "/var/lib/crater-agent-workspace/rustup-home:/opt/rustwide/rustup-home:ro,Z" "-e" "SOURCE_DIR=/opt/rustwide/workdir" "-e" "CARGO_TARGET_DIR=/opt/rustwide/target" "-e" "CARGO_HOME=/opt/rustwide/cargo-home" "-e" "RUSTUP_HOME=/opt/rustwide/rustup-home" "-w" "/opt/rustwide/workdir" "-m" "1610612736" "--user" "0:0" "--network" "none" "ghcr.io/rust-lang/crates-build-env/linux@sha256:2788e3201cd34a07e3172128adcd8b3090168a8e3bcc40d7c032b9dda1df7d1c" "/opt/rustwide/cargo-home/bin/cargo" "+1.75.0" "metadata" "--no-deps" "--format-version=1", kill_on_drop: false }`
[INFO] [stdout] 07314127904b979c1c873fd1186b08c8ea22592420f707d08c44a3c0180b37fe
[INFO] running `Command { std: "docker" "start" "-a" "07314127904b979c1c873fd1186b08c8ea22592420f707d08c44a3c0180b37fe", kill_on_drop: false }`
[INFO] running `Command { std: "docker" "inspect" "07314127904b979c1c873fd1186b08c8ea22592420f707d08c44a3c0180b37fe", kill_on_drop: false }`
[INFO] running `Command { std: "docker" "rm" "-f" "07314127904b979c1c873fd1186b08c8ea22592420f707d08c44a3c0180b37fe", kill_on_drop: false }`
[INFO] [stdout] 07314127904b979c1c873fd1186b08c8ea22592420f707d08c44a3c0180b37fe
[INFO] running `Command { std: "docker" "create" "-v" "/var/lib/crater-agent-workspace/builds/worker-7-tc1/target:/opt/rustwide/target:rw,Z" "-v" "/var/lib/crater-agent-workspace/builds/worker-7-tc1/source:/opt/rustwide/workdir:ro,Z" "-v" "/var/lib/crater-agent-workspace/cargo-home:/opt/rustwide/cargo-home:ro,Z" "-v" "/var/lib/crater-agent-workspace/rustup-home:/opt/rustwide/rustup-home:ro,Z" "-e" "SOURCE_DIR=/opt/rustwide/workdir" "-e" "CARGO_TARGET_DIR=/opt/rustwide/target" "-e" "CARGO_INCREMENTAL=0" "-e" "RUST_BACKTRACE=full" "-e" "RUSTFLAGS=--cap-lints=warn" "-e" "RUSTDOCFLAGS=--cap-lints=warn" "-e" "CARGO_HOME=/opt/rustwide/cargo-home" "-e" "RUSTUP_HOME=/opt/rustwide/rustup-home" "-w" "/opt/rustwide/workdir" "-m" "1610612736" "--user" "0:0" "--network" "none" "ghcr.io/rust-lang/crates-build-env/linux@sha256:2788e3201cd34a07e3172128adcd8b3090168a8e3bcc40d7c032b9dda1df7d1c" "/opt/rustwide/cargo-home/bin/cargo" "+1.75.0" "doc" "--frozen" "--no-deps" "--document-private-items" "--message-format=json", kill_on_drop: false }`
[INFO] [stdout] 533e73c38f2e242675614f7e1b43e028f626247ae62a6feafc825fb2a7d0fd73
[INFO] running `Command { std: "docker" "start" "-a" "533e73c38f2e242675614f7e1b43e028f626247ae62a6feafc825fb2a7d0fd73", kill_on_drop: false }`
[INFO] [stderr]    Compiling proc-macro2 v1.0.69
[INFO] [stderr]    Compiling libc v0.2.150
[INFO] [stderr]    Compiling serde v1.0.192
[INFO] [stderr]     Checking once_cell v1.18.0
[INFO] [stderr]     Checking pin-project-lite v0.2.13
[INFO] [stderr]    Compiling typenum v1.17.0
[INFO] [stderr]    Compiling futures-core v0.3.29
[INFO] [stderr]    Compiling hashbrown v0.14.2
[INFO] [stderr]    Compiling crossbeam-utils v0.8.16
[INFO] [stderr]     Checking scopeguard v1.2.0
[INFO] [stderr]     Checking memchr v2.6.4
[INFO] [stderr]    Compiling generic-array v0.14.7
[INFO] [stderr]    Compiling lock_api v0.4.11
[INFO] [stderr]    Compiling ahash v0.8.6
[INFO] [stderr]     Checking zerocopy v0.7.26
[INFO] [stderr]    Compiling equivalent v1.0.1
[INFO] [stderr]    Compiling slab v0.4.9
[INFO] [stderr]    Compiling toml_datetime v0.6.5
[INFO] [stderr]     Checking tracing-core v0.1.32
[INFO] [stderr]    Compiling winnow v0.5.19
[INFO] [stderr]     Checking allocator-api2 v0.2.16
[INFO] [stderr]    Compiling parking_lot_core v0.9.9
[INFO] [stderr]    Compiling thiserror v1.0.50
[INFO] [stderr]    Compiling rustc-hash v1.1.0
[INFO] [stderr]     Checking event-listener v2.5.3
[INFO] [stderr]     Checking futures-io v0.3.29
[INFO] [stderr]     Checking bytemuck v1.14.0
[INFO] [stderr]     Checking fixedbitset v0.4.2
[INFO] [stderr]     Checking parking v2.2.0
[INFO] [stderr]     Checking fastrand v1.9.0
[INFO] [stderr]     Checking waker-fn v1.1.1
[INFO] [stderr]    Compiling bit-vec v0.6.3
[INFO] [stderr]     Checking async-lock v2.8.0
[INFO] [stderr]     Checking fastrand v2.0.1
[INFO] [stderr]     Checking async-task v4.5.0
[INFO] [stderr]     Checking thread_local v1.1.7
[INFO] [stderr]     Checking concurrent-queue v2.3.0
[INFO] [stderr]    Compiling indexmap v2.1.0
[INFO] [stderr]     Checking smol_str v0.2.0
[INFO] [stderr]     Checking futures-lite v1.13.0
[INFO] [stderr]     Checking bevy_ptr v0.11.3
[INFO] [stderr]     Checking log v0.4.20
[INFO] [stderr]    Compiling bit-set v0.5.3
[INFO] [stderr]     Checking regex-syntax v0.6.29
[INFO] [stderr]     Checking regex-syntax v0.8.2
[INFO] [stderr]     Checking overload v0.1.1
[INFO] [stderr]     Checking sharded-slab v0.1.7
[INFO] [stderr]    Compiling rustix v0.38.24
[INFO] [stderr]     Checking async-channel v1.9.0
[INFO] [stderr]     Checking nu-ansi-term v0.46.0
[INFO] [stderr]     Checking tracing-log v0.2.0
[INFO] [stderr]    Compiling quote v1.0.33
[INFO] [stderr]     Checking tracing-log v0.1.4
[INFO] [stderr]     Checking bitflags v2.4.1
[INFO] [stderr]     Checking linux-raw-sys v0.4.11
[INFO] [stderr]    Compiling syn v2.0.39
[INFO] [stderr]     Checking miniz_oxide v0.7.1
[INFO] [stderr]     Checking crossbeam-channel v0.5.8
[INFO] [stderr]    Compiling getrandom v0.2.11
[INFO] [stderr]    Compiling cc v1.0.83
[INFO] [stderr]    Compiling syn v1.0.109
[INFO] [stderr]    Compiling futures-task v0.3.29
[INFO] [stderr]    Compiling uuid v1.5.0
[INFO] [stderr]     Checking gimli v0.28.0
[INFO] [stderr]     Checking rand v0.4.6
[INFO] [stderr]     Checking sysinfo v0.29.10
[INFO] [stderr]     Checking smallvec v0.6.14
[INFO] [stderr]     Checking object v0.32.1
[INFO] [stderr]     Checking async-executor v1.6.0
[INFO] [stderr]    Compiling futures-util v0.3.29
[INFO] [stderr]     Checking rustc-demangle v0.1.23
[INFO] [stderr]     Checking accesskit v0.11.2
[INFO] [stderr]     Checking stable_deref_trait v1.2.0
[INFO] [stderr]     Checking bevy_tasks v0.11.3
[INFO] [stderr]     Checking raw-window-handle v0.5.2
[INFO] [stderr]     Checking owning_ref v0.3.3
[INFO] [stderr]     Checking parking_lot_core v0.2.14
[INFO] [stderr]     Checking socket2 v0.5.5
[INFO] [stderr]     Checking num_cpus v1.16.0
[INFO] [stderr]     Checking signal-hook-registry v1.4.1
[INFO] [stderr]     Checking mio v0.8.9
[INFO] [stderr]     Checking unicode-linebreak v0.1.5
[INFO] [stderr]     Checking crypto-common v0.1.6
[INFO] [stderr]     Checking block-buffer v0.10.4
[INFO] [stderr]     Checking is_ci v1.1.1
[INFO] [stderr]     Checking futures-sink v0.3.29
[INFO] [stderr]     Checking smawk v0.3.2
[INFO] [stderr]     Checking is-terminal v0.4.9
[INFO] [stderr]    Compiling serde_json v1.0.108
[INFO] [stderr]     Checking digest v0.10.7
[INFO] [stderr]     Checking unicode-width v0.1.11
[INFO] [stderr]    Compiling convert_case v0.4.0
[INFO] [stderr]     Checking supports-unicode v2.0.0
[INFO] [stderr]     Checking regex-automata v0.4.3
[INFO] [stderr]    Compiling toml_edit v0.19.15
[INFO] [stderr]     Checking supports-hyperlinks v2.1.0
[INFO] [stderr]     Checking supports-color v2.1.0
[INFO] [stderr]     Checking textwrap v0.15.2
[INFO] [stderr]     Checking md-5 v0.10.6
[INFO] [stderr]     Checking parking_lot v0.4.8
[INFO] [stderr]     Checking nanorand v0.7.0
[INFO] [stderr]     Checking terminal_size v0.1.17
[INFO] [stderr]     Checking spin v0.9.8
[INFO] [stderr]     Checking unicode-ident v1.0.12
[INFO] [stderr]     Checking owo-colors v3.5.0
[INFO] [stderr]     Checking either v1.9.0
[INFO] [stderr]     Checking flate2 v1.0.28
[INFO] [stderr]     Checking nu-ansi-term v0.49.0
[INFO] [stderr]     Checking chashmap v2.2.2
[INFO] [stderr]     Checking flume v0.11.0
[INFO] [stderr]    Compiling backtrace v0.3.69
[INFO] [stderr]     Checking regex-automata v0.1.10
[INFO] [stderr]     Checking itertools v0.12.0
[INFO] [stderr]     Checking matchers v0.1.0
[INFO] [stderr]     Checking addr2line v0.21.0
[INFO] [stderr]     Checking regex v1.10.2
[INFO] [stderr]    Compiling derive_more v0.99.17
[INFO] [stderr]    Compiling bevy_macro_utils v0.11.3
[INFO] [stderr]     Checking backtrace-ext v0.2.1
[INFO] [stderr]    Compiling serde_derive v1.0.192
[INFO] [stderr]    Compiling tracing-attributes v0.1.27
[INFO] [stderr]    Compiling thiserror-impl v1.0.50
[INFO] [stderr]    Compiling bevy_utils_proc_macros v0.11.3
[INFO] [stderr]    Compiling bevy_reflect_derive v0.11.3
[INFO] [stderr]    Compiling bevy_ecs_macros v0.11.3
[INFO] [stderr]    Compiling bevy_derive v0.11.3
[INFO] [stderr]    Compiling futures-macro v0.3.29
[INFO] [stderr]    Compiling tokio-macros v2.2.0
[INFO] [stderr]    Compiling miette-derive v5.10.0
[INFO] [stderr]    Compiling aott_derive v0.3.0 (https://github.com/Implodent/AOTT.git#cb206a54)
[INFO] [stderr]     Checking miette v5.10.0
[INFO] [stderr]     Checking tracing v0.1.40
[INFO] [stderr]     Checking smallvec v1.11.2
[INFO] [stderr]     Checking glam v0.24.2
[INFO] [stderr]     Checking erased-serde v0.3.31
[INFO] [stderr]     Checking bytes v1.5.0
[INFO] [stderr]     Checking tracing-subscriber v0.3.18
[INFO] [stderr]     Checking parking_lot v0.12.1
[INFO] [stderr]     Checking tokio v1.34.0
[INFO] [stderr]     Checking aott v0.3.0 (https://github.com/Implodent/AOTT.git#cb206a54)
[INFO] [stdout] error[E0554]: `#![feature]` may not be used on the stable release channel
[INFO] [stdout]   --> /opt/rustwide/cargo-home/git/checkouts/aott-56a8c1ef6f841548/cb206a5/src/lib.rs:11:9
[INFO] [stdout]    |
[INFO] [stdout] 11 | /         feature(
[INFO] [stdout] 12 | |                 associated_type_defaults,
[INFO] [stdout] 13 | |                 never_type,
[INFO] [stdout] 14 | |                 negative_impls,
[INFO] [stdout] 15 | |                 min_specialization
[INFO] [stdout] 16 | |         )
[INFO] [stdout]    | |_________^
[INFO] [stdout] 
[INFO] [stdout] 
[INFO] [stdout] error[E0554]: `#![feature]` may not be used on the stable release channel
[INFO] [stdout]   --> /opt/rustwide/cargo-home/git/checkouts/aott-56a8c1ef6f841548/cb206a5/src/lib.rs:18:61
[INFO] [stdout]    |
[INFO] [stdout] 18 | #![cfg_attr(all(feature = "nightly", not(feature = "std")), feature(error_in_core))]
[INFO] [stdout]    |                                                             ^^^^^^^^^^^^^^^^^^^^^^
[INFO] [stdout] 
[INFO] [stdout] 
[INFO] [stdout] error[E0554]: `#![feature]` may not be used on the stable release channel
[INFO] [stdout]   --> /opt/rustwide/cargo-home/git/checkouts/aott-56a8c1ef6f841548/cb206a5/src/lib.rs:18:69
[INFO] [stdout]    |
[INFO] [stdout] 18 | #![cfg_attr(all(feature = "nightly", not(feature = "std")), feature(error_in_core))]
[INFO] [stdout]    |                                                                     ^^^^^^^^^^^^^
[INFO] [stdout] 
[INFO] [stdout] 
[INFO] [stderr]     Checking petgraph v0.6.4
[INFO] [stdout] error: aborting due to 3 previous errors
[INFO] [stdout] 
[INFO] [stdout] 
[INFO] [stdout] For more information about this error, try `rustc --explain E0554`.
[INFO] [stdout] 
[INFO] [stderr] error: could not compile `aott` (lib) due to 4 previous errors
[INFO] [stderr] warning: build failed, waiting for other jobs to finish...
[INFO] running `Command { std: "docker" "inspect" "533e73c38f2e242675614f7e1b43e028f626247ae62a6feafc825fb2a7d0fd73", kill_on_drop: false }`
[INFO] running `Command { std: "docker" "rm" "-f" "533e73c38f2e242675614f7e1b43e028f626247ae62a6feafc825fb2a7d0fd73", kill_on_drop: false }`
[INFO] [stdout] 533e73c38f2e242675614f7e1b43e028f626247ae62a6feafc825fb2a7d0fd73
[INFO] documenting Implodent/oxcraft against beta-2023-12-22 for beta-1.76-rustdoc-1
[INFO] running `Command { std: "git" "clone" "/workspace/cache/git-repos/https%3A%2F%2Fgithub.com%2FImplodent%2Foxcraft" "/workspace/builds/worker-7-tc2/source", kill_on_drop: false }`
[INFO] [stderr] Cloning into '/workspace/builds/worker-7-tc2/source'...
[INFO] [stderr] done.
[INFO] validating manifest of git repo https://github.com/Implodent/oxcraft on toolchain beta-2023-12-22
[INFO] running `Command { std: CARGO_HOME="/workspace/cargo-home" RUSTUP_HOME="/workspace/rustup-home" "/workspace/cargo-home/bin/cargo" "+beta-2023-12-22" "metadata" "--manifest-path" "Cargo.toml" "--no-deps", kill_on_drop: false }`
[INFO] removed /workspace/builds/worker-7-tc2/source/rust-toolchain.toml
[INFO] started tweaking git repo https://github.com/Implodent/oxcraft
[INFO] finished tweaking git repo https://github.com/Implodent/oxcraft
[INFO] tweaked toml for git repo https://github.com/Implodent/oxcraft written to /workspace/builds/worker-7-tc2/source/Cargo.toml
[INFO] crate git repo https://github.com/Implodent/oxcraft already has a lockfile, it will not be regenerated
[INFO] running `Command { std: CARGO_HOME="/workspace/cargo-home" RUSTUP_HOME="/workspace/rustup-home" "/workspace/cargo-home/bin/cargo" "+beta-2023-12-22" "fetch" "--manifest-path" "Cargo.toml", kill_on_drop: false }`
[INFO] running `Command { std: "docker" "create" "-v" "/var/lib/crater-agent-workspace/builds/worker-7-tc2/target:/opt/rustwide/target:rw,Z" "-v" "/var/lib/crater-agent-workspace/builds/worker-7-tc2/source:/opt/rustwide/workdir:ro,Z" "-v" "/var/lib/crater-agent-workspace/cargo-home:/opt/rustwide/cargo-home:ro,Z" "-v" "/var/lib/crater-agent-workspace/rustup-home:/opt/rustwide/rustup-home:ro,Z" "-e" "SOURCE_DIR=/opt/rustwide/workdir" "-e" "CARGO_TARGET_DIR=/opt/rustwide/target" "-e" "CARGO_HOME=/opt/rustwide/cargo-home" "-e" "RUSTUP_HOME=/opt/rustwide/rustup-home" "-w" "/opt/rustwide/workdir" "-m" "1610612736" "--user" "0:0" "--network" "none" "ghcr.io/rust-lang/crates-build-env/linux@sha256:2788e3201cd34a07e3172128adcd8b3090168a8e3bcc40d7c032b9dda1df7d1c" "/opt/rustwide/cargo-home/bin/cargo" "+beta-2023-12-22" "metadata" "--no-deps" "--format-version=1", kill_on_drop: false }`
[INFO] [stdout] 2e1e199f325706dc2f811b31f56f1a0f086f27c9c820267561fe56dfd16f870b
[INFO] running `Command { std: "docker" "start" "-a" "2e1e199f325706dc2f811b31f56f1a0f086f27c9c820267561fe56dfd16f870b", kill_on_drop: false }`
[INFO] running `Command { std: "docker" "inspect" "2e1e199f325706dc2f811b31f56f1a0f086f27c9c820267561fe56dfd16f870b", kill_on_drop: false }`
[INFO] running `Command { std: "docker" "rm" "-f" "2e1e199f325706dc2f811b31f56f1a0f086f27c9c820267561fe56dfd16f870b", kill_on_drop: false }`
[INFO] [stdout] 2e1e199f325706dc2f811b31f56f1a0f086f27c9c820267561fe56dfd16f870b
[INFO] running `Command { std: "docker" "create" "-v" "/var/lib/crater-agent-workspace/builds/worker-7-tc2/target:/opt/rustwide/target:rw,Z" "-v" "/var/lib/crater-agent-workspace/builds/worker-7-tc2/source:/opt/rustwide/workdir:ro,Z" "-v" "/var/lib/crater-agent-workspace/cargo-home:/opt/rustwide/cargo-home:ro,Z" "-v" "/var/lib/crater-agent-workspace/rustup-home:/opt/rustwide/rustup-home:ro,Z" "-e" "SOURCE_DIR=/opt/rustwide/workdir" "-e" "CARGO_TARGET_DIR=/opt/rustwide/target" "-e" "CARGO_INCREMENTAL=0" "-e" "RUST_BACKTRACE=full" "-e" "RUSTFLAGS=--cap-lints=warn" "-e" "RUSTDOCFLAGS=--cap-lints=warn" "-e" "CARGO_HOME=/opt/rustwide/cargo-home" "-e" "RUSTUP_HOME=/opt/rustwide/rustup-home" "-w" "/opt/rustwide/workdir" "-m" "1610612736" "--user" "0:0" "--network" "none" "ghcr.io/rust-lang/crates-build-env/linux@sha256:2788e3201cd34a07e3172128adcd8b3090168a8e3bcc40d7c032b9dda1df7d1c" "/opt/rustwide/cargo-home/bin/cargo" "+beta-2023-12-22" "doc" "--frozen" "--no-deps" "--document-private-items" "--message-format=json", kill_on_drop: false }`
[INFO] [stdout] 18c143ae746d8d5d9674f0c049078c0f186e3fff784a31736e0b814a4d0d02e5
[INFO] running `Command { std: "docker" "start" "-a" "18c143ae746d8d5d9674f0c049078c0f186e3fff784a31736e0b814a4d0d02e5", kill_on_drop: false }`
[INFO] [stderr]    Compiling proc-macro2 v1.0.69
[INFO] [stderr]    Compiling libc v0.2.150
[INFO] [stderr]    Compiling serde v1.0.192
[INFO] [stderr]     Checking once_cell v1.18.0
[INFO] [stderr]     Checking pin-project-lite v0.2.13
[INFO] [stderr]    Compiling typenum v1.17.0
[INFO] [stderr]    Compiling futures-core v0.3.29
[INFO] [stderr]    Compiling equivalent v1.0.1
[INFO] [stderr]    Compiling hashbrown v0.14.2
[INFO] [stderr]     Checking scopeguard v1.2.0
[INFO] [stderr]     Checking memchr v2.6.4
[INFO] [stderr]    Compiling generic-array v0.14.7
[INFO] [stderr]    Compiling ahash v0.8.6
[INFO] [stderr]    Compiling lock_api v0.4.11
[INFO] [stderr]    Compiling crossbeam-utils v0.8.16
[INFO] [stderr]     Checking zerocopy v0.7.26
[INFO] [stderr]    Compiling slab v0.4.9
[INFO] [stderr]    Compiling toml_datetime v0.6.5
[INFO] [stderr]     Checking tracing-core v0.1.32
[INFO] [stderr]    Compiling parking_lot_core v0.9.9
[INFO] [stderr]    Compiling winnow v0.5.19
[INFO] [stderr]    Compiling thiserror v1.0.50
[INFO] [stderr]     Checking allocator-api2 v0.2.16
[INFO] [stderr]    Compiling rustc-hash v1.1.0
[INFO] [stderr]     Checking futures-io v0.3.29
[INFO] [stderr]     Checking event-listener v2.5.3
[INFO] [stderr]     Checking fastrand v1.9.0
[INFO] [stderr]     Checking bytemuck v1.14.0
[INFO] [stderr]     Checking waker-fn v1.1.1
[INFO] [stderr]     Checking parking v2.2.0
[INFO] [stderr]     Checking fixedbitset v0.4.2
[INFO] [stderr]    Compiling bit-vec v0.6.3
[INFO] [stderr]     Checking async-lock v2.8.0
[INFO] [stderr]     Checking fastrand v2.0.1
[INFO] [stderr]     Checking async-task v4.5.0
[INFO] [stderr]     Checking futures-lite v1.13.0
[INFO] [stderr]     Checking concurrent-queue v2.3.0
[INFO] [stderr]     Checking thread_local v1.1.7
[INFO] [stderr]     Checking bevy_ptr v0.11.3
[INFO] [stderr]     Checking smol_str v0.2.0
[INFO] [stderr]     Checking regex-syntax v0.8.2
[INFO] [stderr]    Compiling indexmap v2.1.0
[INFO] [stderr]    Compiling bit-set v0.5.3
[INFO] [stderr]     Checking regex-syntax v0.6.29
[INFO] [stderr]     Checking log v0.4.20
[INFO] [stderr]     Checking overload v0.1.1
[INFO] [stderr]     Checking sharded-slab v0.1.7
[INFO] [stderr]    Compiling rustix v0.38.24
[INFO] [stderr]     Checking async-channel v1.9.0
[INFO] [stderr]     Checking nu-ansi-term v0.46.0
[INFO] [stderr]     Checking linux-raw-sys v0.4.11
[INFO] [stderr]    Compiling quote v1.0.33
[INFO] [stderr]     Checking tracing-log v0.2.0
[INFO] [stderr]     Checking tracing-log v0.1.4
[INFO] [stderr]     Checking bitflags v2.4.1
[INFO] [stderr]     Checking miniz_oxide v0.7.1
[INFO] [stderr]    Compiling syn v2.0.39
[INFO] [stderr]     Checking getrandom v0.2.11
[INFO] [stderr]     Checking crossbeam-channel v0.5.8
[INFO] [stderr]    Compiling syn v1.0.109
[INFO] [stderr]    Compiling cc v1.0.83
[INFO] [stderr]     Checking gimli v0.28.0
[INFO] [stderr]    Compiling futures-task v0.3.29
[INFO] [stderr]    Compiling uuid v1.5.0
[INFO] [stderr]     Checking async-executor v1.6.0
[INFO] [stderr]     Checking smallvec v0.6.14
[INFO] [stderr]     Checking rand v0.4.6
[INFO] [stderr]     Checking sysinfo v0.29.10
[INFO] [stderr]     Checking object v0.32.1
[INFO] [stderr]     Checking accesskit v0.11.2
[INFO] [stderr]     Checking bevy_tasks v0.11.3
[INFO] [stderr]    Compiling futures-util v0.3.29
[INFO] [stderr]     Checking raw-window-handle v0.5.2
[INFO] [stderr]     Checking stable_deref_trait v1.2.0
[INFO] [stderr]     Checking rustc-demangle v0.1.23
[INFO] [stderr]     Checking owning_ref v0.3.3
[INFO] [stderr]     Checking mio v0.8.9
[INFO] [stderr]     Checking signal-hook-registry v1.4.1
[INFO] [stderr]     Checking num_cpus v1.16.0
[INFO] [stderr]     Checking socket2 v0.5.5
[INFO] [stderr]     Checking parking_lot_core v0.2.14
[INFO] [stderr]     Checking futures-sink v0.3.29
[INFO] [stderr]     Checking is-terminal v0.4.9
[INFO] [stderr]     Checking unicode-linebreak v0.1.5
[INFO] [stderr]     Checking unicode-width v0.1.11
[INFO] [stderr]    Compiling serde_json v1.0.108
[INFO] [stderr]    Compiling convert_case v0.4.0
[INFO] [stderr]     Checking regex-automata v0.4.3
[INFO] [stderr]     Checking is_ci v1.1.1
[INFO] [stderr]     Checking crypto-common v0.1.6
[INFO] [stderr]     Checking block-buffer v0.10.4
[INFO] [stderr]     Checking smawk v0.3.2
[INFO] [stderr]     Checking supports-color v2.1.0
[INFO] [stderr]     Checking parking_lot v0.4.8
[INFO] [stderr]     Checking supports-hyperlinks v2.1.0
[INFO] [stderr]     Checking digest v0.10.7
[INFO] [stderr]     Checking textwrap v0.15.2
[INFO] [stderr]    Compiling toml_edit v0.19.15
[INFO] [stderr]     Checking supports-unicode v2.0.0
[INFO] [stderr]     Checking nanorand v0.7.0
[INFO] [stderr]     Checking terminal_size v0.1.17
[INFO] [stderr]     Checking spin v0.9.8
[INFO] [stderr]     Checking unicode-ident v1.0.12
[INFO] [stderr]     Checking owo-colors v3.5.0
[INFO] [stderr]     Checking md-5 v0.10.6
[INFO] [stderr]     Checking either v1.9.0
[INFO] [stderr]     Checking chashmap v2.2.2
[INFO] [stderr]     Checking flate2 v1.0.28
[INFO] [stderr]     Checking nu-ansi-term v0.49.0
[INFO] [stderr]     Checking flume v0.11.0
[INFO] [stderr]     Checking itertools v0.12.0
[INFO] [stderr]     Checking regex-automata v0.1.10
[INFO] [stderr]    Compiling backtrace v0.3.69
[INFO] [stderr]     Checking matchers v0.1.0
[INFO] [stderr]     Checking addr2line v0.21.0
[INFO] [stderr]     Checking regex v1.10.2
[INFO] [stderr]    Compiling derive_more v0.99.17
[INFO] [stderr]    Compiling bevy_macro_utils v0.11.3
[INFO] [stderr]     Checking backtrace-ext v0.2.1
[INFO] [stderr]    Compiling serde_derive v1.0.192
[INFO] [stderr]    Compiling tracing-attributes v0.1.27
[INFO] [stderr]    Compiling thiserror-impl v1.0.50
[INFO] [stderr]    Compiling bevy_utils_proc_macros v0.11.3
[INFO] [stderr]    Compiling bevy_reflect_derive v0.11.3
[INFO] [stderr]    Compiling bevy_ecs_macros v0.11.3
[INFO] [stderr]    Compiling bevy_derive v0.11.3
[INFO] [stderr]    Compiling tokio-macros v2.2.0
[INFO] [stderr]    Compiling futures-macro v0.3.29
[INFO] [stderr]    Compiling miette-derive v5.10.0
[INFO] [stderr]    Compiling aott_derive v0.3.0 (https://github.com/Implodent/AOTT.git#cb206a54)
[INFO] [stderr]     Checking miette v5.10.0
[INFO] [stderr]     Checking tracing v0.1.40
[INFO] [stderr]     Checking smallvec v1.11.2
[INFO] [stderr]     Checking glam v0.24.2
[INFO] [stderr]     Checking erased-serde v0.3.31
[INFO] [stderr]     Checking bytes v1.5.0
[INFO] [stderr]     Checking tracing-subscriber v0.3.18
[INFO] [stderr]     Checking parking_lot v0.12.1
[INFO] [stderr]     Checking tokio v1.34.0
[INFO] [stderr]     Checking aott v0.3.0 (https://github.com/Implodent/AOTT.git#cb206a54)
[INFO] [stdout] error[E0554]: `#![feature]` may not be used on the beta release channel
[INFO] [stdout]   --> /opt/rustwide/cargo-home/git/checkouts/aott-56a8c1ef6f841548/cb206a5/src/lib.rs:11:9
[INFO] [stdout]    |
[INFO] [stdout] 11 | /         feature(
[INFO] [stdout] 12 | |                 associated_type_defaults,
[INFO] [stdout] 13 | |                 never_type,
[INFO] [stdout] 14 | |                 negative_impls,
[INFO] [stdout] 15 | |                 min_specialization
[INFO] [stdout] 16 | |         )
[INFO] [stdout]    | |_________^
[INFO] [stdout] 
[INFO] [stdout] 
[INFO] [stdout] error[E0554]: `#![feature]` may not be used on the beta release channel
[INFO] [stdout]   --> /opt/rustwide/cargo-home/git/checkouts/aott-56a8c1ef6f841548/cb206a5/src/lib.rs:18:61
[INFO] [stdout]    |
[INFO] [stdout] 18 | #![cfg_attr(all(feature = "nightly", not(feature = "std")), feature(error_in_core))]
[INFO] [stdout]    |                                                             ^^^^^^^^^^^^^^^^^^^^^^
[INFO] [stdout] 
[INFO] [stdout] 
[INFO] [stdout] error[E0554]: `#![feature]` may not be used on the beta release channel
[INFO] [stdout]   --> /opt/rustwide/cargo-home/git/checkouts/aott-56a8c1ef6f841548/cb206a5/src/lib.rs:18:69
[INFO] [stdout]    |
[INFO] [stdout] 18 | #![cfg_attr(all(feature = "nightly", not(feature = "std")), feature(error_in_core))]
[INFO] [stdout]    |                                                                     ^^^^^^^^^^^^^
[INFO] [stdout] 
[INFO] [stdout] 
[INFO] [stderr]     Checking petgraph v0.6.4
[INFO] [stdout] error: aborting due to 3 previous errors
[INFO] [stdout] 
[INFO] [stdout] 
[INFO] [stdout] For more information about this error, try `rustc --explain E0554`.
[INFO] [stdout] 
[INFO] [stderr] error: could not compile `aott` (lib) due to 4 previous errors
[INFO] [stderr] warning: build failed, waiting for other jobs to finish...
[INFO] running `Command { std: "docker" "inspect" "18c143ae746d8d5d9674f0c049078c0f186e3fff784a31736e0b814a4d0d02e5", kill_on_drop: false }`
[INFO] running `Command { std: "docker" "rm" "-f" "18c143ae746d8d5d9674f0c049078c0f186e3fff784a31736e0b814a4d0d02e5", kill_on_drop: false }`
[INFO] [stdout] 18c143ae746d8d5d9674f0c049078c0f186e3fff784a31736e0b814a4d0d02e5
