[INFO] cloning repository https://github.com/IamTheCarl/grid_engine
[INFO] running `Command { std: "git" "-c" "credential.helper=" "-c" "credential.helper=/workspace/cargo-home/bin/git-credential-null" "clone" "--bare" "https://github.com/IamTheCarl/grid_engine" "/workspace/cache/git-repos/https%3A%2F%2Fgithub.com%2FIamTheCarl%2Fgrid_engine", kill_on_drop: false }`
[INFO] [stderr] Cloning into bare repository '/workspace/cache/git-repos/https%3A%2F%2Fgithub.com%2FIamTheCarl%2Fgrid_engine'...
[INFO] running `Command { std: "git" "rev-parse" "HEAD", kill_on_drop: false }`
[INFO] [stdout] 744475dfe10b7118cd50838ada3918520eaf0221
[INFO] documenting IamTheCarl/grid_engine against 1.75.0 for beta-1.76-rustdoc-1
[INFO] running `Command { std: "git" "clone" "/workspace/cache/git-repos/https%3A%2F%2Fgithub.com%2FIamTheCarl%2Fgrid_engine" "/workspace/builds/worker-3-tc1/source", kill_on_drop: false }`
[INFO] [stderr] Cloning into '/workspace/builds/worker-3-tc1/source'...
[INFO] [stderr] done.
[INFO] validating manifest of git repo https://github.com/IamTheCarl/grid_engine on toolchain 1.75.0
[INFO] running `Command { std: CARGO_HOME="/workspace/cargo-home" RUSTUP_HOME="/workspace/rustup-home" "/workspace/cargo-home/bin/cargo" "+1.75.0" "metadata" "--manifest-path" "Cargo.toml" "--no-deps", kill_on_drop: false }`
[INFO] started tweaking git repo https://github.com/IamTheCarl/grid_engine
[INFO] finished tweaking git repo https://github.com/IamTheCarl/grid_engine
[INFO] tweaked toml for git repo https://github.com/IamTheCarl/grid_engine written to /workspace/builds/worker-3-tc1/source/Cargo.toml
[INFO] crate git repo https://github.com/IamTheCarl/grid_engine already has a lockfile, it will not be regenerated
[INFO] running `Command { std: CARGO_HOME="/workspace/cargo-home" RUSTUP_HOME="/workspace/rustup-home" "/workspace/cargo-home/bin/cargo" "+1.75.0" "fetch" "--manifest-path" "Cargo.toml", kill_on_drop: false }`
[INFO] [stderr]     Updating crates.io index
[INFO] [stderr]  Downloading crates ...
[INFO] [stderr]   Downloaded os_info v3.0.6
[INFO] [stderr]   Downloaded ron v0.6.4
[INFO] [stderr]   Downloaded atomic_refcell v0.1.7
[INFO] [stderr]   Downloaded epi v0.12.0
[INFO] [stderr]   Downloaded native-dialog v0.5.5
[INFO] [stderr]   Downloaded simba v0.4.0
[INFO] [stderr]   Downloaded sys-info v0.9.0
[INFO] [stderr]   Downloaded rgb v0.8.27
[INFO] [stderr]   Downloaded egui v0.12.0
[INFO] [stderr]   Downloaded epaint v0.12.0
[INFO] [stderr]   Downloaded nalgebra v0.26.2
[INFO] [stderr]   Downloaded num-bigint-dig v0.7.0
[INFO] [stderr]   Downloaded simple_asn1 v0.5.3
[INFO] [stderr]   Downloaded ordered-float v2.5.1
[INFO] [stderr]   Downloaded emath v0.12.0
[INFO] [stderr]   Downloaded egui_winit_platform v0.8.0
[INFO] [stderr]   Downloaded rsa v0.4.0
[INFO] [stderr]   Downloaded erased-serde v0.3.15
[INFO] [stderr]   Downloaded pprof v0.4.3
[INFO] [stderr]   Downloaded egui_wgpu_backend v0.8.0
[INFO] [stderr]   Downloaded symbolic-common v8.2.0
[INFO] [stderr]   Downloaded inferno v0.10.6
[INFO] [stderr]   Downloaded rapier3d v0.8.0
[INFO] [stderr]   Downloaded symbolic-demangle v8.2.0
[INFO] [stderr]   Downloaded parry3d v0.4.2
[INFO] running `Command { std: "docker" "create" "-v" "/var/lib/crater-agent-workspace/builds/worker-3-tc1/target:/opt/rustwide/target:rw,Z" "-v" "/var/lib/crater-agent-workspace/builds/worker-3-tc1/source:/opt/rustwide/workdir:ro,Z" "-v" "/var/lib/crater-agent-workspace/cargo-home:/opt/rustwide/cargo-home:ro,Z" "-v" "/var/lib/crater-agent-workspace/rustup-home:/opt/rustwide/rustup-home:ro,Z" "-e" "SOURCE_DIR=/opt/rustwide/workdir" "-e" "CARGO_TARGET_DIR=/opt/rustwide/target" "-e" "CARGO_HOME=/opt/rustwide/cargo-home" "-e" "RUSTUP_HOME=/opt/rustwide/rustup-home" "-w" "/opt/rustwide/workdir" "-m" "1610612736" "--user" "0:0" "--network" "none" "ghcr.io/rust-lang/crates-build-env/linux@sha256:2788e3201cd34a07e3172128adcd8b3090168a8e3bcc40d7c032b9dda1df7d1c" "/opt/rustwide/cargo-home/bin/cargo" "+1.75.0" "metadata" "--no-deps" "--format-version=1", kill_on_drop: false }`
[INFO] [stdout] f9ffbd915376a406ac05fa5f2e05ff4ad3908c3e8dab0f1da6b0f367f6d2d651
[INFO] running `Command { std: "docker" "start" "-a" "f9ffbd915376a406ac05fa5f2e05ff4ad3908c3e8dab0f1da6b0f367f6d2d651", kill_on_drop: false }`
[INFO] running `Command { std: "docker" "inspect" "f9ffbd915376a406ac05fa5f2e05ff4ad3908c3e8dab0f1da6b0f367f6d2d651", kill_on_drop: false }`
[INFO] running `Command { std: "docker" "rm" "-f" "f9ffbd915376a406ac05fa5f2e05ff4ad3908c3e8dab0f1da6b0f367f6d2d651", kill_on_drop: false }`
[INFO] [stdout] f9ffbd915376a406ac05fa5f2e05ff4ad3908c3e8dab0f1da6b0f367f6d2d651
[INFO] running `Command { std: "docker" "create" "-v" "/var/lib/crater-agent-workspace/builds/worker-3-tc1/target:/opt/rustwide/target:rw,Z" "-v" "/var/lib/crater-agent-workspace/builds/worker-3-tc1/source:/opt/rustwide/workdir:ro,Z" "-v" "/var/lib/crater-agent-workspace/cargo-home:/opt/rustwide/cargo-home:ro,Z" "-v" "/var/lib/crater-agent-workspace/rustup-home:/opt/rustwide/rustup-home:ro,Z" "-e" "SOURCE_DIR=/opt/rustwide/workdir" "-e" "CARGO_TARGET_DIR=/opt/rustwide/target" "-e" "CARGO_INCREMENTAL=0" "-e" "RUST_BACKTRACE=full" "-e" "RUSTFLAGS=--cap-lints=warn" "-e" "RUSTDOCFLAGS=--cap-lints=warn" "-e" "CARGO_HOME=/opt/rustwide/cargo-home" "-e" "RUSTUP_HOME=/opt/rustwide/rustup-home" "-w" "/opt/rustwide/workdir" "-m" "1610612736" "--user" "0:0" "--network" "none" "ghcr.io/rust-lang/crates-build-env/linux@sha256:2788e3201cd34a07e3172128adcd8b3090168a8e3bcc40d7c032b9dda1df7d1c" "/opt/rustwide/cargo-home/bin/cargo" "+1.75.0" "doc" "--frozen" "--no-deps" "--document-private-items" "--message-format=json", kill_on_drop: false }`
[INFO] [stdout] 63fccc2bf503f701671574a06ed40f592142af09c4ad075adabf75c97d4e0a8d
[INFO] running `Command { std: "docker" "start" "-a" "63fccc2bf503f701671574a06ed40f592142af09c4ad075adabf75c97d4e0a8d", kill_on_drop: false }`
[INFO] [stderr]    Compiling libc v0.2.97
[INFO] [stderr]    Compiling proc-macro2 v1.0.27
[INFO] [stderr]    Compiling syn v1.0.73
[INFO] [stderr]    Compiling libm v0.2.1
[INFO] [stderr]    Compiling num-traits v0.2.14
[INFO] [stderr]    Compiling serde_derive v1.0.126
[INFO] [stderr]    Compiling serde v1.0.126
[INFO] [stderr]    Compiling pkg-config v0.3.19
[INFO] [stderr]    Compiling log v0.4.14
[INFO] [stderr]     Checking lazy_static v1.4.0
[INFO] [stderr]     Checking scopeguard v1.1.0
[INFO] [stderr]    Compiling const_fn v0.4.8
[INFO] [stderr]    Compiling time v0.2.27
[INFO] [stderr]    Compiling memchr v2.4.0
[INFO] [stderr]     Checking libloading v0.7.0
[INFO] [stderr]    Compiling num-integer v0.1.44
[INFO] [stderr]     Checking crossbeam-utils v0.8.5
[INFO] [stderr]     Checking once_cell v1.8.0
[INFO] [stderr]     Checking lock_api v0.4.4
[INFO] [stderr]     Checking downcast-rs v1.2.0
[INFO] [stderr]    Compiling indexmap v1.6.2
[INFO] [stderr]    Compiling xml-rs v0.8.3
[INFO] [stderr]     Checking termcolor v1.1.2
[INFO] [stderr]    Compiling crossbeam-queue v0.3.2
[INFO] [stderr]     Checking crossbeam-epoch v0.9.5
[INFO] [stderr]     Checking crossbeam-channel v0.5.1
[INFO] [stderr]     Checking ttf-parser v0.6.2
[INFO] [stderr]     Checking bytemuck v1.7.0
[INFO] [stderr]     Checking atomic_refcell v0.1.7
[INFO] [stderr]     Checking crossbeam-deque v0.8.0
[INFO] [stderr]    Compiling wayland-sys v0.28.5
[INFO] [stderr]     Checking ab_glyph_rasterizer v0.1.4
[INFO] [stderr]     Checking fixedbitset v0.2.0
[INFO] [stderr]     Checking unicode-width v0.1.8
[INFO] [stderr]     Checking safe_arch v0.5.2
[INFO] [stderr]     Checking dlib v0.5.0
[INFO] [stderr]     Checking fxhash v0.2.1
[INFO] [stderr]    Compiling num-rational v0.3.2
[INFO] [stderr]    Compiling ahash v0.7.4
[INFO] [stderr]     Checking codespan-reporting v0.11.1
[INFO] [stderr]    Compiling nom v6.1.2
[INFO] [stderr]    Compiling quote v1.0.9
[INFO] [stderr]     Checking crossbeam v0.8.1
[INFO] [stderr]     Checking matrixmultiply v0.3.1
[INFO] [stderr]    Compiling erased-serde v0.3.15
[INFO] [stderr]     Checking wide v0.6.5
[INFO] [stderr]    Compiling futures-core v0.3.15
[INFO] [stderr]    Compiling unicode-xid v0.0.4
[INFO] [stderr]     Checking petgraph v0.5.1
[INFO] [stderr]     Checking owned_ttf_parser v0.6.0
[INFO] [stderr]    Compiling wayland-scanner v0.28.5
[INFO] [stderr]    Compiling nix v0.18.0
[INFO] [stderr]    Compiling khronos-egl v4.1.0
[INFO] [stderr]     Checking scoped-tls v1.0.0
[INFO] [stderr]     Checking rusttype v0.9.2
[INFO] [stderr]    Compiling synom v0.11.3
[INFO] [stderr]     Checking aho-corasick v0.7.18
[INFO] [stderr]    Compiling futures-macro v0.3.15
[INFO] [stderr]     Checking emath v0.12.0
[INFO] [stderr]    Compiling cfg_aliases v0.1.1
[INFO] [stderr]    Compiling quote v0.3.15
[INFO] [stderr]    Compiling jobserver v0.1.22
[INFO] [stderr]     Checking regex-syntax v0.6.25
[INFO] [stderr]    Compiling anyhow v1.0.41
[INFO] [stderr]     Checking arrayvec v0.5.2
[INFO] [stderr]    Compiling futures-channel v0.3.15
[INFO] [stderr]    Compiling futures-task v0.3.15
[INFO] [stderr]     Checking getrandom v0.2.3
[INFO] [stderr]    Compiling cc v1.0.68
[INFO] [stderr]     Checking raw-window-handle v0.3.3
[INFO] [stderr]     Checking spirv_headers v1.5.0
[INFO] [stderr]     Checking nix v0.20.0
[INFO] [stderr]     Checking num_cpus v1.13.0
[INFO] [stderr]     Checking approx v0.4.0
[INFO] [stderr]     Checking ordered-float v2.5.1
[INFO] [stderr]     Checking rayon-core v1.9.1
[INFO] [stderr]     Checking rand_core v0.6.2
[INFO] [stderr]    Compiling syn v0.11.11
[INFO] [stderr]     Checking flate2 v1.0.20
[INFO] [stderr]     Checking time v0.1.43
[INFO] [stderr]     Checking epaint v0.12.0
[INFO] [stderr]     Checking dirs-sys-next v0.1.2
[INFO] [stderr]     Checking regex v1.5.4
[INFO] [stderr]     Checking rayon v1.5.1
[INFO] [stderr]    Compiling wgpu-core v0.8.1
[INFO] [stderr]     Checking walkdir v2.3.2
[INFO] [stderr]    Compiling x11-dl v2.18.5
[INFO] [stderr]     Checking itertools v0.10.1
[INFO] [stderr]     Checking ash v0.32.1
[INFO] [stderr]     Checking gpu-descriptor-types v0.1.1
[INFO] [stderr]     Checking gpu-alloc-types v0.2.0
[INFO] [stderr]     Checking libloading v0.6.7
[INFO] [stderr]    Compiling futures-util v0.3.15
[INFO] [stderr]     Checking xcursor v0.3.3
[INFO] [stderr]    Compiling num-bigint v0.4.0
[INFO] [stderr]    Compiling num-iter v0.1.42
[INFO] [stderr]     Checking scoped-tls-hkt v0.1.2
[INFO] [stderr]     Checking half v1.7.1
[INFO] [stderr]    Compiling bzip2-sys v0.1.11+1.0.8
[INFO] [stderr]    Compiling sys-info v0.9.0
[INFO] [stderr]    Compiling wayland-client v0.28.5
[INFO] [stderr]    Compiling wayland-protocols v0.28.5
[INFO] [stderr]     Checking inplace_it v0.3.3
[INFO] [stderr]     Checking vec_map v0.8.2
[INFO] [stderr]    Compiling case v0.1.0
[INFO] [stderr]     Checking glow v0.9.0
[INFO] [stderr]     Checking futures-sink v0.3.15
[INFO] [stderr]     Checking arrayvec v0.6.1
[INFO] [stderr]     Checking xdg v2.2.0
[INFO] [stderr]     Checking rand_chacha v0.3.1
[INFO] [stderr]     Checking andrew v0.3.1
[INFO] [stderr]    Compiling num-bigint-dig v0.7.0
[INFO] [stderr]    Compiling derive-error v0.0.5
[INFO] [stderr]     Checking egui v0.12.0
[INFO] [stderr]     Checking dlib v0.4.2
[INFO] [stderr]     Checking gpu-alloc v0.4.7
[INFO] [stderr]     Checking gpu-descriptor v0.1.1
[INFO] [stderr]     Checking memmap2 v0.1.0
[INFO] [stderr]     Checking mio v0.7.11
[INFO] [stderr]     Checking wgpu-types v0.8.0
[INFO] [stderr]     Checking futures-io v0.3.15
[INFO] [stderr]     Checking antidote v1.0.0
[INFO] [stderr]     Checking copyless v0.1.5
[INFO] [stderr]    Compiling winit v0.25.0
[INFO] [stderr]     Checking profiling v1.0.2
[INFO] [stderr]    Compiling heck v0.3.3
[INFO] [stderr]     Checking mio-misc v1.2.1
[INFO] [stderr]     Checking rand v0.8.3
[INFO] [stderr]     Checking chrono v0.4.19
[INFO] [stderr]     Checking atty v0.2.14
[INFO] [stderr]     Checking humantime v2.1.0
[INFO] [stderr]    Compiling argh_shared v0.1.4
[INFO] [stderr]     Checking pem v0.8.3
[INFO] [stderr]     Checking dirs-next v1.0.2
[INFO] [stderr]     Checking env_logger v0.8.4
[INFO] [stderr]     Checking dirs-next v2.0.0
[INFO] [stderr]     Checking which v4.1.0
[INFO] [stderr]    Compiling client v0.1.0 (/opt/rustwide/workdir/client)
[INFO] [stderr]     Checking wayland-commons v0.28.5
[INFO] [stdout] warning: unused import: `Stdio`
[INFO] [stdout]  --> client/build.rs:1:61
[INFO] [stdout]   |
[INFO] [stdout] 1 | use std::{path::Path, env, error::Error, process::{Command, Stdio}};
[INFO] [stdout]   |                                                             ^^^^^
[INFO] [stdout]   |
[INFO] [stdout]   = note: `#[warn(unused_imports)]` on by default
[INFO] [stdout] 
[INFO] [stdout] 
[INFO] [stderr]     Checking platform-dirs v0.3.0
[INFO] [stderr]     Checking calloop v0.6.5
[INFO] [stderr]     Checking epi v0.12.0
[INFO] [stdout] warning: 1 warning emitted
[INFO] [stdout] 
[INFO] [stdout] 
[INFO] [stdout] error[E0308]: mismatched types
[INFO] [stdout]   --> /opt/rustwide/cargo-home/registry/src/index.crates.io-6f17d22bba15001f/num-bigint-0.4.0/src/biguint/convert.rs:70:19
[INFO] [stdout]    |
[INFO] [stdout] 70 |         .div_ceil(&big_digit::BITS.into())
[INFO] [stdout]    |          -------- ^^^^^^^^^^^^^^^^^^^^^^^ expected `u64`, found `&_`
[INFO] [stdout]    |          |
[INFO] [stdout]    |          arguments to this method are incorrect
[INFO] [stdout]    |
[INFO] [stdout]    = note:   expected type `u64`
[INFO] [stdout]            found reference `&_`
[INFO] [stdout] note: method defined here
[INFO] [stdout]   --> /rustc/82e1608dfa6e0b5569232559e3d385fea5a93112/library/core/src/num/mod.rs:1169:5
[INFO] [stdout]    = note: this error originates in the macro `uint_impl` (in Nightly builds, run with -Z macro-backtrace for more info)
[INFO] [stdout] help: consider removing the borrow
[INFO] [stdout]    |
[INFO] [stdout] 70 -         .div_ceil(&big_digit::BITS.into())
[INFO] [stdout] 70 +         .div_ceil(big_digit::BITS.into())
[INFO] [stdout]    |
[INFO] [stdout] 
[INFO] [stdout] 
[INFO] [stderr] error: failed to run custom build command for `client v0.1.0 (/opt/rustwide/workdir/client)`
[INFO] [stderr] note: To improve backtraces for build dependencies, set the CARGO_PROFILE_DEV_BUILD_OVERRIDE_DEBUG=true environment variable to enable debug information generation.
[INFO] [stderr] 
[INFO] [stderr] Caused by:
[INFO] [stderr]   process didn't exit successfully: `/opt/rustwide/target/debug/build/client-a82b892d8d75f2c9/build-script-build` (exit status: 101)
[INFO] [stderr]   --- stdout
[INFO] [stderr]   cargo:rerun-if-changed=/opt/rustwide/workdir/client/gpu_build/src
[INFO] [stderr] 
[INFO] [stderr]   --- stderr
[INFO] [stderr]   thread 'main' panicked at client/build.rs:36:9:
[INFO] [stderr]   Failed to build shader code: info: syncing channel updates for 'nightly-2021-05-24-x86_64-unknown-linux-gnu'
[INFO] [stderr]   error: could not create temp file /opt/rustwide/rustup-home/tmp/az9s5j04szi1zr73_file: Read-only file system (os error 30)
[INFO] [stderr] 
[INFO] [stderr]   stack backtrace:
[INFO] [stderr]      0:     0x56364c23ff0c - std::backtrace_rs::backtrace::libunwind::trace::ha637c64ce894333a
[INFO] [stderr]                                  at /rustc/82e1608dfa6e0b5569232559e3d385fea5a93112/library/std/src/../../backtrace/src/backtrace/libunwind.rs:104:5
[INFO] [stderr]      1:     0x56364c23ff0c - std::backtrace_rs::backtrace::trace_unsynchronized::h47f62dea28e0c88d
[INFO] [stderr]                                  at /rustc/82e1608dfa6e0b5569232559e3d385fea5a93112/library/std/src/../../backtrace/src/backtrace/mod.rs:66:5
[INFO] [stderr]      2:     0x56364c23ff0c - std::sys_common::backtrace::_print_fmt::h9eef0abe20ede486
[INFO] [stderr]                                  at /rustc/82e1608dfa6e0b5569232559e3d385fea5a93112/library/std/src/sys_common/backtrace.rs:67:5
[INFO] [stderr]      3:     0x56364c23ff0c - <std::sys_common::backtrace::_print::DisplayBacktrace as core::fmt::Display>::fmt::hed7f999df88cc644
[INFO] [stderr]                                  at /rustc/82e1608dfa6e0b5569232559e3d385fea5a93112/library/std/src/sys_common/backtrace.rs:44:22
[INFO] [stderr]      4:     0x56364c263780 - core::fmt::rt::Argument::fmt::h1539a9308b8d058d
[INFO] [stderr]                                  at /rustc/82e1608dfa6e0b5569232559e3d385fea5a93112/library/core/src/fmt/rt.rs:142:9
[INFO] [stderr]      5:     0x56364c263780 - core::fmt::write::h3a39390d8560d9c9
[INFO] [stderr]                                  at /rustc/82e1608dfa6e0b5569232559e3d385fea5a93112/library/core/src/fmt/mod.rs:1120:17
[INFO] [stderr]      6:     0x56364c23dcef - std::io::Write::write_fmt::h5fc9997dfe05f882
[INFO] [stderr]                                  at /rustc/82e1608dfa6e0b5569232559e3d385fea5a93112/library/std/src/io/mod.rs:1762:15
[INFO] [stderr]      7:     0x56364c23fcf4 - std::sys_common::backtrace::_print::h894006fb5c6f3d45
[INFO] [stderr]                                  at /rustc/82e1608dfa6e0b5569232559e3d385fea5a93112/library/std/src/sys_common/backtrace.rs:47:5
[INFO] [stderr]      8:     0x56364c23fcf4 - std::sys_common::backtrace::print::h23a2d212c6fff936
[INFO] [stderr]                                  at /rustc/82e1608dfa6e0b5569232559e3d385fea5a93112/library/std/src/sys_common/backtrace.rs:34:9
[INFO] [stderr]      9:     0x56364c241827 - std::panicking::default_hook::{{closure}}::h8a1d2ee00185001a
[INFO] [stderr]     10:     0x56364c24158f - std::panicking::default_hook::h6038f2eba384e475
[INFO] [stderr]                                  at /rustc/82e1608dfa6e0b5569232559e3d385fea5a93112/library/std/src/panicking.rs:292:9
[INFO] [stderr]     11:     0x56364c241ca8 - std::panicking::rust_panic_with_hook::h2b5517d590cab22e
[INFO] [stderr]                                  at /rustc/82e1608dfa6e0b5569232559e3d385fea5a93112/library/std/src/panicking.rs:779:13
[INFO] [stderr]     12:     0x56364c241b8e - std::panicking::begin_panic_handler::{{closure}}::h233112c06e0ef43e
[INFO] [stderr]                                  at /rustc/82e1608dfa6e0b5569232559e3d385fea5a93112/library/std/src/panicking.rs:657:13
[INFO] [stderr]     13:     0x56364c2403d6 - std::sys_common::backtrace::__rust_end_short_backtrace::h6e893f24d7ebbff8
[INFO] [stderr]                                  at /rustc/82e1608dfa6e0b5569232559e3d385fea5a93112/library/std/src/sys_common/backtrace.rs:170:18
[INFO] [stderr]     14:     0x56364c2418f2 - rust_begin_unwind
[INFO] [stderr]                                  at /rustc/82e1608dfa6e0b5569232559e3d385fea5a93112/library/std/src/panicking.rs:645:5
[INFO] [stderr]     15:     0x56364c216205 - core::panicking::panic_fmt::hbf0e066aabfa482c
[INFO] [stderr]                                  at /rustc/82e1608dfa6e0b5569232559e3d385fea5a93112/library/core/src/panicking.rs:72:14
[INFO] [stderr]     16:     0x56364c21c7e8 - build_script_build::main::hce4171e34e734743
[INFO] [stderr]     17:     0x56364c219dc3 - core::ops::function::FnOnce::call_once::h500cd8b1c325b302
[INFO] [stderr]     18:     0x56364c219676 - std::sys_common::backtrace::__rust_begin_short_backtrace::ha77bcd9326965fef
[INFO] [stderr]     19:     0x56364c216f49 - std::rt::lang_start::{{closure}}::hb93eb2c7a5a07d9d
[INFO] [stderr]     20:     0x56364c23a607 - core::ops::function::impls::<impl core::ops::function::FnOnce<A> for &F>::call_once::hd95060ecd5e1ca24
[INFO] [stderr]                                  at /rustc/82e1608dfa6e0b5569232559e3d385fea5a93112/library/core/src/ops/function.rs:284:13
[INFO] [stderr]     21:     0x56364c23a607 - std::panicking::try::do_call::h6e8cf51db32a6e4b
[INFO] [stderr]                                  at /rustc/82e1608dfa6e0b5569232559e3d385fea5a93112/library/std/src/panicking.rs:552:40
[INFO] [stderr]     22:     0x56364c23a607 - std::panicking::try::h3a52eefe24fe3c29
[INFO] [stderr]                                  at /rustc/82e1608dfa6e0b5569232559e3d385fea5a93112/library/std/src/panicking.rs:516:19
[INFO] [stderr]     23:     0x56364c23a607 - std::panic::catch_unwind::h24c28c23c02c3841
[INFO] [stderr]                                  at /rustc/82e1608dfa6e0b5569232559e3d385fea5a93112/library/std/src/panic.rs:142:14
[INFO] [stderr]     24:     0x56364c23a607 - std::rt::lang_start_internal::{{closure}}::h705d3c9cbc06ef47
[INFO] [stderr]                                  at /rustc/82e1608dfa6e0b5569232559e3d385fea5a93112/library/std/src/rt.rs:148:48
[INFO] [stderr]     25:     0x56364c23a607 - std::panicking::try::do_call::ha21f52ba13158470
[INFO] [stderr]                                  at /rustc/82e1608dfa6e0b5569232559e3d385fea5a93112/library/std/src/panicking.rs:552:40
[INFO] [stderr]     26:     0x56364c23a607 - std::panicking::try::h5581346bf6aeb1f8
[INFO] [stderr]                                  at /rustc/82e1608dfa6e0b5569232559e3d385fea5a93112/library/std/src/panicking.rs:516:19
[INFO] [stderr]     27:     0x56364c23a607 - std::panic::catch_unwind::h7919645a6b72e25b
[INFO] [stderr]                                  at /rustc/82e1608dfa6e0b5569232559e3d385fea5a93112/library/std/src/panic.rs:142:14
[INFO] [stderr]     28:     0x56364c23a607 - std::rt::lang_start_internal::h12de51168669836e
[INFO] [stderr]                                  at /rustc/82e1608dfa6e0b5569232559e3d385fea5a93112/library/std/src/rt.rs:148:20
[INFO] [stderr]     29:     0x56364c216f27 - std::rt::lang_start::hb36fdc32cbf4a9a2
[INFO] [stderr]     30:     0x56364c21cb45 - main
[INFO] [stderr]     31:     0x7f2f55d33d90 - <unknown>
[INFO] [stderr]     32:     0x7f2f55d33e40 - __libc_start_main
[INFO] [stderr]     33:     0x56364c216925 - _start
[INFO] [stderr]     34:                0x0 - <unknown>
[INFO] [stderr] warning: build failed, waiting for other jobs to finish...
[INFO] [stdout] error[E0308]: mismatched types
[INFO] [stdout]    --> /opt/rustwide/cargo-home/registry/src/index.crates.io-6f17d22bba15001f/num-bigint-0.4.0/src/biguint/convert.rs:585:19
[INFO] [stdout]     |
[INFO] [stdout] 585 |         .div_ceil(&u64::from(bits))
[INFO] [stdout]     |          -------- ^^^^^^^^^^^^^^^^ expected `u64`, found `&u64`
[INFO] [stdout]     |          |
[INFO] [stdout]     |          arguments to this method are incorrect
[INFO] [stdout]     |
[INFO] [stdout] note: method defined here
[INFO] [stdout]    --> /rustc/82e1608dfa6e0b5569232559e3d385fea5a93112/library/core/src/num/mod.rs:1169:5
[INFO] [stdout]     = note: this error originates in the macro `uint_impl` (in Nightly builds, run with -Z macro-backtrace for more info)
[INFO] [stdout] help: consider removing the borrow
[INFO] [stdout]     |
[INFO] [stdout] 585 -         .div_ceil(&u64::from(bits))
[INFO] [stdout] 585 +         .div_ceil(u64::from(bits))
[INFO] [stdout]     |
[INFO] [stdout] 
[INFO] [stdout] 
[INFO] [stdout] error[E0308]: mismatched types
[INFO] [stdout]    --> /opt/rustwide/cargo-home/registry/src/index.crates.io-6f17d22bba15001f/num-bigint-0.4.0/src/biguint/convert.rs:613:19
[INFO] [stdout]     |
[INFO] [stdout] 613 |         .div_ceil(&u64::from(bits))
[INFO] [stdout]     |          -------- ^^^^^^^^^^^^^^^^ expected `u64`, found `&u64`
[INFO] [stdout]     |          |
[INFO] [stdout]     |          arguments to this method are incorrect
[INFO] [stdout]     |
[INFO] [stdout] note: method defined here
[INFO] [stdout]    --> /rustc/82e1608dfa6e0b5569232559e3d385fea5a93112/library/core/src/num/mod.rs:1169:5
[INFO] [stdout]     = note: this error originates in the macro `uint_impl` (in Nightly builds, run with -Z macro-backtrace for more info)
[INFO] [stdout] help: consider removing the borrow
[INFO] [stdout]     |
[INFO] [stdout] 613 -         .div_ceil(&u64::from(bits))
[INFO] [stdout] 613 +         .div_ceil(u64::from(bits))
[INFO] [stdout]     |
[INFO] [stdout] 
[INFO] [stdout] 
[INFO] [stdout] error: aborting due to 3 previous errors
[INFO] [stdout] 
[INFO] [stdout] 
[INFO] [stdout] For more information about this error, try `rustc --explain E0308`.
[INFO] [stdout] 
[INFO] [stderr] error: could not compile `num-bigint` (lib) due to 4 previous errors
[INFO] running `Command { std: "docker" "inspect" "63fccc2bf503f701671574a06ed40f592142af09c4ad075adabf75c97d4e0a8d", kill_on_drop: false }`
[INFO] running `Command { std: "docker" "rm" "-f" "63fccc2bf503f701671574a06ed40f592142af09c4ad075adabf75c97d4e0a8d", kill_on_drop: false }`
[INFO] [stdout] 63fccc2bf503f701671574a06ed40f592142af09c4ad075adabf75c97d4e0a8d
