[INFO] cloning repository https://github.com/INDA22PlusPlus/castorm-chess-gui
[INFO] running `Command { std: "git" "-c" "credential.helper=" "-c" "credential.helper=/workspace/cargo-home/bin/git-credential-null" "clone" "--bare" "https://github.com/INDA22PlusPlus/castorm-chess-gui" "/workspace/cache/git-repos/https%3A%2F%2Fgithub.com%2FINDA22PlusPlus%2Fcastorm-chess-gui", kill_on_drop: false }`
[INFO] [stderr] Cloning into bare repository '/workspace/cache/git-repos/https%3A%2F%2Fgithub.com%2FINDA22PlusPlus%2Fcastorm-chess-gui'...
[INFO] running `Command { std: "git" "rev-parse" "HEAD", kill_on_drop: false }`
[INFO] [stdout] 08f6cc28041c29f60313f5847bc705482b6552a1
[INFO] documenting INDA22PlusPlus/castorm-chess-gui against 1.75.0 for beta-1.76-rustdoc-1
[INFO] running `Command { std: "git" "clone" "/workspace/cache/git-repos/https%3A%2F%2Fgithub.com%2FINDA22PlusPlus%2Fcastorm-chess-gui" "/workspace/builds/worker-3-tc1/source", kill_on_drop: false }`
[INFO] [stderr] Cloning into '/workspace/builds/worker-3-tc1/source'...
[INFO] [stderr] done.
[INFO] validating manifest of git repo https://github.com/INDA22PlusPlus/castorm-chess-gui on toolchain 1.75.0
[INFO] running `Command { std: CARGO_HOME="/workspace/cargo-home" RUSTUP_HOME="/workspace/rustup-home" "/workspace/cargo-home/bin/cargo" "+1.75.0" "metadata" "--manifest-path" "Cargo.toml" "--no-deps", kill_on_drop: false }`
[INFO] started tweaking git repo https://github.com/INDA22PlusPlus/castorm-chess-gui
[INFO] finished tweaking git repo https://github.com/INDA22PlusPlus/castorm-chess-gui
[INFO] tweaked toml for git repo https://github.com/INDA22PlusPlus/castorm-chess-gui written to /workspace/builds/worker-3-tc1/source/Cargo.toml
[INFO] crate git repo https://github.com/INDA22PlusPlus/castorm-chess-gui already has a lockfile, it will not be regenerated
[INFO] running `Command { std: CARGO_HOME="/workspace/cargo-home" RUSTUP_HOME="/workspace/rustup-home" "/workspace/cargo-home/bin/cargo" "+1.75.0" "fetch" "--manifest-path" "Cargo.toml", kill_on_drop: false }`
[INFO] [stderr]     Updating git repository `https://github.com/INDA22PlusPlus/dstrombe-chess.git`
[INFO] [stderr]  Downloading crates ...
[INFO] [stderr]   Downloaded prost v0.11.0
[INFO] [stderr]   Downloaded crevice-derive v0.8.0
[INFO] [stderr]   Downloaded proc-macro2 v1.0.44
[INFO] [stderr]   Downloaded crevice v0.8.0
[INFO] [stderr]   Downloaded prost-derive v0.11.0
[INFO] [stderr]   Downloaded ordered-float v3.1.0
[INFO] [stderr]   Downloaded ggez v0.8.0-rc0
[INFO] running `Command { std: "docker" "create" "-v" "/var/lib/crater-agent-workspace/builds/worker-3-tc1/target:/opt/rustwide/target:rw,Z" "-v" "/var/lib/crater-agent-workspace/builds/worker-3-tc1/source:/opt/rustwide/workdir:ro,Z" "-v" "/var/lib/crater-agent-workspace/cargo-home:/opt/rustwide/cargo-home:ro,Z" "-v" "/var/lib/crater-agent-workspace/rustup-home:/opt/rustwide/rustup-home:ro,Z" "-e" "SOURCE_DIR=/opt/rustwide/workdir" "-e" "CARGO_TARGET_DIR=/opt/rustwide/target" "-e" "CARGO_HOME=/opt/rustwide/cargo-home" "-e" "RUSTUP_HOME=/opt/rustwide/rustup-home" "-w" "/opt/rustwide/workdir" "-m" "1610612736" "--user" "0:0" "--network" "none" "ghcr.io/rust-lang/crates-build-env/linux@sha256:2788e3201cd34a07e3172128adcd8b3090168a8e3bcc40d7c032b9dda1df7d1c" "/opt/rustwide/cargo-home/bin/cargo" "+1.75.0" "metadata" "--no-deps" "--format-version=1", kill_on_drop: false }`
[INFO] [stdout] 8b8e61014e00978607dc5421ac3221e639a5b9bcfaf01934837ee4460cdcd192
[INFO] running `Command { std: "docker" "start" "-a" "8b8e61014e00978607dc5421ac3221e639a5b9bcfaf01934837ee4460cdcd192", kill_on_drop: false }`
[INFO] running `Command { std: "docker" "inspect" "8b8e61014e00978607dc5421ac3221e639a5b9bcfaf01934837ee4460cdcd192", kill_on_drop: false }`
[INFO] running `Command { std: "docker" "rm" "-f" "8b8e61014e00978607dc5421ac3221e639a5b9bcfaf01934837ee4460cdcd192", kill_on_drop: false }`
[INFO] [stdout] 8b8e61014e00978607dc5421ac3221e639a5b9bcfaf01934837ee4460cdcd192
[INFO] running `Command { std: "docker" "create" "-v" "/var/lib/crater-agent-workspace/builds/worker-3-tc1/target:/opt/rustwide/target:rw,Z" "-v" "/var/lib/crater-agent-workspace/builds/worker-3-tc1/source:/opt/rustwide/workdir:ro,Z" "-v" "/var/lib/crater-agent-workspace/cargo-home:/opt/rustwide/cargo-home:ro,Z" "-v" "/var/lib/crater-agent-workspace/rustup-home:/opt/rustwide/rustup-home:ro,Z" "-e" "SOURCE_DIR=/opt/rustwide/workdir" "-e" "CARGO_TARGET_DIR=/opt/rustwide/target" "-e" "CARGO_INCREMENTAL=0" "-e" "RUST_BACKTRACE=full" "-e" "RUSTFLAGS=--cap-lints=warn" "-e" "RUSTDOCFLAGS=--cap-lints=warn" "-e" "CARGO_HOME=/opt/rustwide/cargo-home" "-e" "RUSTUP_HOME=/opt/rustwide/rustup-home" "-w" "/opt/rustwide/workdir" "-m" "1610612736" "--user" "0:0" "--network" "none" "ghcr.io/rust-lang/crates-build-env/linux@sha256:2788e3201cd34a07e3172128adcd8b3090168a8e3bcc40d7c032b9dda1df7d1c" "/opt/rustwide/cargo-home/bin/cargo" "+1.75.0" "doc" "--frozen" "--no-deps" "--document-private-items" "--message-format=json", kill_on_drop: false }`
[INFO] [stdout] aa196f02cd367e72d263e59cd705fcb65049475b1281854751f39fcc25cac01b
[INFO] running `Command { std: "docker" "start" "-a" "aa196f02cd367e72d263e59cd705fcb65049475b1281854751f39fcc25cac01b", kill_on_drop: false }`
[INFO] [stderr]    Compiling libc v0.2.133
[INFO] [stderr]    Compiling proc-macro2 v1.0.44
[INFO] [stderr]    Compiling unicode-ident v1.0.4
[INFO] [stderr]    Compiling quote v1.0.21
[INFO] [stderr]    Compiling pkg-config v0.3.25
[INFO] [stderr]    Compiling syn v1.0.101
[INFO] [stderr]    Compiling num-traits v0.2.15
[INFO] [stderr]     Checking once_cell v1.15.0
[INFO] [stderr]     Checking smallvec v1.9.0
[INFO] [stderr]     Checking libloading v0.7.3
[INFO] [stderr]    Compiling log v0.4.17
[INFO] [stderr]    Compiling serde_derive v1.0.145
[INFO] [stderr]    Compiling cc v1.0.73
[INFO] [stderr]    Compiling serde v1.0.145
[INFO] [stderr]    Compiling parking_lot_core v0.8.5
[INFO] [stderr]    Compiling crossbeam-utils v0.8.11
[INFO] [stderr]    Compiling thiserror v1.0.37
[INFO] [stderr]     Checking dlib v0.5.0
[INFO] [stderr]    Compiling crossbeam-epoch v0.9.10
[INFO] [stderr]    Compiling unicase v2.6.0
[INFO] [stderr]    Compiling indexmap v1.9.1
[INFO] [stderr]    Compiling rayon-core v1.9.3
[INFO] [stderr]    Compiling camino v1.1.1
[INFO] [stderr]    Compiling semver v1.0.14
[INFO] [stderr]    Compiling serde_json v1.0.85
[INFO] [stderr]    Compiling futures-core v0.3.24
[INFO] [stderr]    Compiling error-chain v0.12.4
[INFO] [stderr]    Compiling slab v0.4.7
[INFO] [stderr]     Checking arrayvec v0.5.2
[INFO] [stderr]    Compiling itoa v1.0.3
[INFO] [stderr]     Checking ttf-parser v0.15.2
[INFO] [stderr]    Compiling wayland-sys v0.29.5
[INFO] [stderr]    Compiling alsa-sys v0.3.1
[INFO] [stderr]    Compiling futures-channel v0.3.24
[INFO] [stderr]     Checking scoped-tls v1.0.0
[INFO] [stderr]    Compiling pulldown-cmark v0.9.2
[INFO] [stderr]     Checking bit-vec v0.6.3
[INFO] [stderr]    Compiling ryu v1.0.11
[INFO] [stderr]    Compiling futures-task v0.3.24
[INFO] [stderr]    Compiling ash v0.34.0+1.2.203
[INFO] [stderr]     Checking crossbeam-channel v0.5.6
[INFO] [stderr]     Checking bit-set v0.5.3
[INFO] [stderr]     Checking nom v7.1.1
[INFO] [stderr]    Compiling libudev-sys v0.1.4
[INFO] [stderr]     Checking miniz_oxide v0.5.4
[INFO] [stderr]     Checking crossbeam-deque v0.8.2
[INFO] [stderr]    Compiling wayland-scanner v0.29.5
[INFO] [stderr]    Compiling memchr v2.5.0
[INFO] [stderr]    Compiling rayon v1.5.3
[INFO] [stderr]    Compiling num-integer v0.1.45
[INFO] [stderr]     Checking futures-sink v0.3.24
[INFO] [stderr]    Compiling minimp3-sys v0.3.2
[INFO] [stderr]    Compiling bzip2-sys v0.1.11+1.0.8
[INFO] [stderr]    Compiling fastrand v1.8.0
[INFO] [stderr]     Checking ab_glyph_rasterizer v0.1.7
[INFO] [stderr]    Compiling futures-util v0.3.24
[INFO] [stderr]     Checking euclid v0.22.7
[INFO] [stderr]     Checking spirv v0.2.0+1.5.4
[INFO] [stderr]    Compiling bitflags v1.3.2
[INFO] [stderr]    Compiling remove_dir_all v0.5.3
[INFO] [stderr]     Checking flate2 v1.0.24
[INFO] [stderr]    Compiling walkdir v2.3.2
[INFO] [stderr]     Checking getrandom v0.2.7
[INFO] [stderr]     Checking nix v0.24.2
[INFO] [stderr]     Checking nix v0.23.1
[INFO] [stderr]     Checking ahash v0.7.6
[INFO] [stderr]     Checking num_cpus v1.13.1
[INFO] [stderr]     Checking parking_lot v0.11.2
[INFO] [stderr]     Checking hashbrown v0.12.3
[INFO] [stderr]     Checking khronos-egl v4.1.0
[INFO] [stderr]     Checking nix v0.22.3
[INFO] [stderr]     Checking lyon_geom v0.17.7
[INFO] [stderr]     Checking owned_ttf_parser v0.15.2
[INFO] [stderr]    Compiling tempfile v3.3.0
[INFO] [stderr]     Checking ab_glyph v0.2.17
[INFO] [stderr]    Compiling wgpu-core v0.12.2
[INFO] [stderr]    Compiling wayland-client v0.29.5
[INFO] [stderr]    Compiling wayland-protocols v0.29.5
[INFO] [stderr]     Checking gpu-descriptor v0.2.3
[INFO] [stderr]     Checking xcursor v0.3.4
[INFO] [stderr]     Checking lyon_path v0.17.7
[INFO] [stderr]    Compiling smithay-client-toolkit v0.15.4
[INFO] [stderr]    Compiling x11-dl v2.20.0
[INFO] [stderr]     Checking wgpu-types v0.12.0
[INFO] [stderr]    Compiling num-rational v0.4.1
[INFO] [stderr]    Compiling bytecount v0.6.3
[INFO] [stderr]     Checking futures-io v0.3.24
[INFO] [stderr]     Checking weezl v0.1.7
[INFO] [stderr]     Checking pin-project-lite v0.2.9
[INFO] [stderr]    Compiling cpal v0.13.5
[INFO] [stderr]     Checking profiling v1.0.6
[INFO] [stderr]    Compiling glob v0.3.0
[INFO] [stderr]     Checking inplace_it v0.3.5
[INFO] [stderr]     Checking either v1.8.0
[INFO] [stderr]    Compiling anyhow v1.0.65
[INFO] [stderr]     Checking tinyvec_macros v0.1.0
[INFO] [stderr]     Checking wayland-commons v0.29.5
[INFO] [stderr]     Checking tinyvec v1.6.0
[INFO] [stderr]     Checking rand v0.4.6
[INFO] [stderr]     Checking slice-deque v0.3.0
[INFO] [stderr]     Checking memmap2 v0.3.1
[INFO] [stderr]     Checking sid v0.6.1
[INFO] [stderr]     Checking float_next_after v0.1.5
[INFO] [stderr]     Checking approx v0.5.1
[INFO] [stderr]     Checking ogg v0.8.0
[INFO] [stderr]     Checking color_quant v1.1.0
[INFO] [stderr]     Checking bytemuck v1.12.1
[INFO] [stderr]     Checking linked-hash-map v0.5.6
[INFO] [stderr]    Compiling winit v0.26.1
[INFO] [stderr]     Checking uuid v0.8.2
[INFO] [stderr]     Checking jpeg-decoder v0.2.6
[INFO] [stderr]     Checking copyless v0.1.5
[INFO] [stderr]     Checking mint v0.5.9
[INFO] [stderr]     Checking xi-unicode v0.3.0
[INFO] [stderr]    Compiling itertools v0.10.5
[INFO] [stderr]     Checking glyph_brush_layout v0.2.3
[INFO] [stderr]     Checking gif v0.11.4
[INFO] [stderr]     Checking lyon_algorithms v0.17.7
[INFO] [stderr]     Checking twox-hash v1.6.3
[INFO] [stderr]     Checking lewton v0.10.2
[INFO] [stderr]     Checking lyon_tessellation v0.17.10
[INFO] [stderr]     Checking bzip2 v0.4.3
[INFO] [stderr]     Checking tiff v0.7.3
[INFO] [stderr]     Checking png v0.17.6
[INFO] [stderr]     Checking mio v0.8.4
[INFO] [stderr]     Checking dirs-sys v0.3.7
[INFO] [stderr]     Checking ordered-float v3.1.0
[INFO] [stderr]     Checking hound v3.5.0
[INFO] [stderr]     Checking claxon v0.4.3
[INFO] [stderr]     Checking directories v4.0.1
[INFO] [stderr]     Checking lyon v0.17.10
[INFO] [stderr]     Checking zip v0.6.2
[INFO] [stderr]     Checking glam v0.20.5
[INFO] [stderr]     Checking ordered-float v2.10.0
[INFO] [stderr]     Checking typed-arena v2.0.1
[INFO] [stderr]     Checking image v0.24.4
[INFO] [stderr]     Checking bytes v1.2.1
[INFO] [stderr]     Checking chess v0.1.0 (https://github.com/INDA22PlusPlus/dstrombe-chess.git#dbf28cba)
[INFO] [stdout] error[E0583]: file not found for module `board`
[INFO] [stdout]  --> /opt/rustwide/cargo-home/git/checkouts/dstrombe-chess-0024918980d0e167/dbf28cb/src/lib.rs:2:1
[INFO] [stdout]   |
[INFO] [stdout] 2 | pub mod board;
[INFO] [stdout]   | ^^^^^^^^^^^^^^
[INFO] [stdout]   |
[INFO] [stdout]   = help: to create the module `board`, create file "/opt/rustwide/cargo-home/git/checkouts/dstrombe-chess-0024918980d0e167/dbf28cb/src/board.rs" or "/opt/rustwide/cargo-home/git/checkouts/dstrombe-chess-0024918980d0e167/dbf28cb/src/board/mod.rs"
[INFO] [stdout]   = note: if there is a `mod board` elsewhere in the crate already, import it with `use crate::...` instead
[INFO] [stdout] 
[INFO] [stdout] 
[INFO] [stdout] error[E0583]: file not found for module `piece`
[INFO] [stdout]  --> /opt/rustwide/cargo-home/git/checkouts/dstrombe-chess-0024918980d0e167/dbf28cb/src/lib.rs:3:1
[INFO] [stdout]   |
[INFO] [stdout] 3 | pub mod piece;
[INFO] [stdout]   | ^^^^^^^^^^^^^^
[INFO] [stdout]   |
[INFO] [stdout]   = help: to create the module `piece`, create file "/opt/rustwide/cargo-home/git/checkouts/dstrombe-chess-0024918980d0e167/dbf28cb/src/piece.rs" or "/opt/rustwide/cargo-home/git/checkouts/dstrombe-chess-0024918980d0e167/dbf28cb/src/piece/mod.rs"
[INFO] [stdout]   = note: if there is a `mod piece` elsewhere in the crate already, import it with `use crate::...` instead
[INFO] [stdout] 
[INFO] [stdout] 
[INFO] [stdout] error[E0583]: file not found for module `pawn`
[INFO] [stdout]  --> /opt/rustwide/cargo-home/git/checkouts/dstrombe-chess-0024918980d0e167/dbf28cb/src/lib.rs:4:1
[INFO] [stdout]   |
[INFO] [stdout] 4 | mod pawn;
[INFO] [stdout]   | ^^^^^^^^^
[INFO] [stdout]   |
[INFO] [stdout]   = help: to create the module `pawn`, create file "/opt/rustwide/cargo-home/git/checkouts/dstrombe-chess-0024918980d0e167/dbf28cb/src/pawn.rs" or "/opt/rustwide/cargo-home/git/checkouts/dstrombe-chess-0024918980d0e167/dbf28cb/src/pawn/mod.rs"
[INFO] [stdout]   = note: if there is a `mod pawn` elsewhere in the crate already, import it with `use crate::...` instead
[INFO] [stdout] 
[INFO] [stdout] 
[INFO] [stdout] error[E0583]: file not found for module `knight`
[INFO] [stdout]  --> /opt/rustwide/cargo-home/git/checkouts/dstrombe-chess-0024918980d0e167/dbf28cb/src/lib.rs:5:1
[INFO] [stdout]   |
[INFO] [stdout] 5 | mod knight;
[INFO] [stdout]   | ^^^^^^^^^^^
[INFO] [stdout]   |
[INFO] [stdout]   = help: to create the module `knight`, create file "/opt/rustwide/cargo-home/git/checkouts/dstrombe-chess-0024918980d0e167/dbf28cb/src/knight.rs" or "/opt/rustwide/cargo-home/git/checkouts/dstrombe-chess-0024918980d0e167/dbf28cb/src/knight/mod.rs"
[INFO] [stdout]   = note: if there is a `mod knight` elsewhere in the crate already, import it with `use crate::...` instead
[INFO] [stdout] 
[INFO] [stdout] 
[INFO] [stdout] error[E0583]: file not found for module `bishop`
[INFO] [stdout]  --> /opt/rustwide/cargo-home/git/checkouts/dstrombe-chess-0024918980d0e167/dbf28cb/src/lib.rs:6:1
[INFO] [stdout]   |
[INFO] [stdout] 6 | mod bishop;
[INFO] [stdout]   | ^^^^^^^^^^^
[INFO] [stdout]   |
[INFO] [stdout]   = help: to create the module `bishop`, create file "/opt/rustwide/cargo-home/git/checkouts/dstrombe-chess-0024918980d0e167/dbf28cb/src/bishop.rs" or "/opt/rustwide/cargo-home/git/checkouts/dstrombe-chess-0024918980d0e167/dbf28cb/src/bishop/mod.rs"
[INFO] [stdout]   = note: if there is a `mod bishop` elsewhere in the crate already, import it with `use crate::...` instead
[INFO] [stdout] 
[INFO] [stdout] 
[INFO] [stdout] error[E0583]: file not found for module `rook`
[INFO] [stdout]  --> /opt/rustwide/cargo-home/git/checkouts/dstrombe-chess-0024918980d0e167/dbf28cb/src/lib.rs:7:1
[INFO] [stdout]   |
[INFO] [stdout] 7 | mod rook;
[INFO] [stdout]   | ^^^^^^^^^
[INFO] [stdout]   |
[INFO] [stdout]   = help: to create the module `rook`, create file "/opt/rustwide/cargo-home/git/checkouts/dstrombe-chess-0024918980d0e167/dbf28cb/src/rook.rs" or "/opt/rustwide/cargo-home/git/checkouts/dstrombe-chess-0024918980d0e167/dbf28cb/src/rook/mod.rs"
[INFO] [stdout]   = note: if there is a `mod rook` elsewhere in the crate already, import it with `use crate::...` instead
[INFO] [stdout] 
[INFO] [stdout] 
[INFO] [stdout] error[E0583]: file not found for module `queen`
[INFO] [stdout]  --> /opt/rustwide/cargo-home/git/checkouts/dstrombe-chess-0024918980d0e167/dbf28cb/src/lib.rs:8:1
[INFO] [stdout]   |
[INFO] [stdout] 8 | mod queen;
[INFO] [stdout]   | ^^^^^^^^^^
[INFO] [stdout]   |
[INFO] [stdout]   = help: to create the module `queen`, create file "/opt/rustwide/cargo-home/git/checkouts/dstrombe-chess-0024918980d0e167/dbf28cb/src/queen.rs" or "/opt/rustwide/cargo-home/git/checkouts/dstrombe-chess-0024918980d0e167/dbf28cb/src/queen/mod.rs"
[INFO] [stdout]   = note: if there is a `mod queen` elsewhere in the crate already, import it with `use crate::...` instead
[INFO] [stdout] 
[INFO] [stdout] 
[INFO] [stdout] error[E0583]: file not found for module `king`
[INFO] [stdout]  --> /opt/rustwide/cargo-home/git/checkouts/dstrombe-chess-0024918980d0e167/dbf28cb/src/lib.rs:9:1
[INFO] [stdout]   |
[INFO] [stdout] 9 | mod king;
[INFO] [stdout]   | ^^^^^^^^^
[INFO] [stdout]   |
[INFO] [stdout]   = help: to create the module `king`, create file "/opt/rustwide/cargo-home/git/checkouts/dstrombe-chess-0024918980d0e167/dbf28cb/src/king.rs" or "/opt/rustwide/cargo-home/git/checkouts/dstrombe-chess-0024918980d0e167/dbf28cb/src/king/mod.rs"
[INFO] [stdout]   = note: if there is a `mod king` elsewhere in the crate already, import it with `use crate::...` instead
[INFO] [stdout] 
[INFO] [stdout] 
[INFO] [stdout] error[E0432]: unresolved import `crate::board::Board`
[INFO] [stdout]  --> /opt/rustwide/cargo-home/git/checkouts/dstrombe-chess-0024918980d0e167/dbf28cb/src/util.rs:2:5
[INFO] [stdout]   |
[INFO] [stdout] 2 | use crate::board::Board;
[INFO] [stdout]   |     ^^^^^^^^^^^^^^^^^^^ no `Board` in `board`
[INFO] [stdout] 
[INFO] [stdout] 
[INFO] [stdout] error[E0432]: unresolved import `crate::piece::Piece`
[INFO] [stdout]  --> /opt/rustwide/cargo-home/git/checkouts/dstrombe-chess-0024918980d0e167/dbf28cb/src/util.rs:3:5
[INFO] [stdout]   |
[INFO] [stdout] 3 | use crate::piece::Piece;
[INFO] [stdout]   |     ^^^^^^^^^^^^^^^^^^^ no `Piece` in `piece`
[INFO] [stdout] 
[INFO] [stdout] 
[INFO] [stdout] error: aborting due to 10 previous errors
[INFO] [stdout] 
[INFO] [stdout] 
[INFO] [stdout] Some errors have detailed explanations: E0432, E0583.
[INFO] [stdout] 
[INFO] [stdout] For more information about an error, try `rustc --explain E0432`.
[INFO] [stdout] 
[INFO] [stderr]     Checking calloop v0.9.3
[INFO] [stderr] error: could not compile `chess` (lib) due to 11 previous errors
[INFO] [stderr] warning: build failed, waiting for other jobs to finish...
[INFO] running `Command { std: "docker" "inspect" "aa196f02cd367e72d263e59cd705fcb65049475b1281854751f39fcc25cac01b", kill_on_drop: false }`
[INFO] running `Command { std: "docker" "rm" "-f" "aa196f02cd367e72d263e59cd705fcb65049475b1281854751f39fcc25cac01b", kill_on_drop: false }`
[INFO] [stdout] aa196f02cd367e72d263e59cd705fcb65049475b1281854751f39fcc25cac01b
