[INFO] cloning repository https://github.com/IAmMadfly/SilentShooter
[INFO] running `Command { std: "git" "-c" "credential.helper=" "-c" "credential.helper=/workspace/cargo-home/bin/git-credential-null" "clone" "--bare" "https://github.com/IAmMadfly/SilentShooter" "/workspace/cache/git-repos/https%3A%2F%2Fgithub.com%2FIAmMadfly%2FSilentShooter", kill_on_drop: false }`
[INFO] [stderr] Cloning into bare repository '/workspace/cache/git-repos/https%3A%2F%2Fgithub.com%2FIAmMadfly%2FSilentShooter'...
[INFO] running `Command { std: "git" "rev-parse" "HEAD", kill_on_drop: false }`
[INFO] [stdout] 0a5b3956e92a7c36e88b65caecdf473d5b71323b
[INFO] documenting IAmMadfly/SilentShooter against 1.75.0 for beta-1.76-rustdoc-1
[INFO] running `Command { std: "git" "clone" "/workspace/cache/git-repos/https%3A%2F%2Fgithub.com%2FIAmMadfly%2FSilentShooter" "/workspace/builds/worker-7-tc1/source", kill_on_drop: false }`
[INFO] [stderr] Cloning into '/workspace/builds/worker-7-tc1/source'...
[INFO] [stderr] done.
[INFO] validating manifest of git repo https://github.com/IAmMadfly/SilentShooter on toolchain 1.75.0
[INFO] running `Command { std: CARGO_HOME="/workspace/cargo-home" RUSTUP_HOME="/workspace/rustup-home" "/workspace/cargo-home/bin/cargo" "+1.75.0" "metadata" "--manifest-path" "Cargo.toml" "--no-deps", kill_on_drop: false }`
[INFO] started tweaking git repo https://github.com/IAmMadfly/SilentShooter
[INFO] finished tweaking git repo https://github.com/IAmMadfly/SilentShooter
[INFO] tweaked toml for git repo https://github.com/IAmMadfly/SilentShooter written to /workspace/builds/worker-7-tc1/source/Cargo.toml
[INFO] crate git repo https://github.com/IAmMadfly/SilentShooter already has a lockfile, it will not be regenerated
[INFO] running `Command { std: CARGO_HOME="/workspace/cargo-home" RUSTUP_HOME="/workspace/rustup-home" "/workspace/cargo-home/bin/cargo" "+1.75.0" "fetch" "--manifest-path" "Cargo.toml", kill_on_drop: false }`
[INFO] [stderr]     Updating crates.io index
[INFO] [stderr]  Downloading crates ...
[INFO] [stderr]   Downloaded amethyst_window v0.15.3
[INFO] [stderr]   Downloaded amethyst_controls v0.15.3
[INFO] [stderr]   Downloaded rendy-frame v0.4.1
[INFO] [stderr]   Downloaded rustversion v1.0.4
[INFO] [stderr]   Downloaded raw-window-handle v0.1.2
[INFO] [stderr]   Downloaded type-map v0.3.0
[INFO] [stderr]   Downloaded fluent v0.11.0
[INFO] [stderr]   Downloaded mint v0.5.6
[INFO] [stderr]   Downloaded rendy-resource v0.4.1
[INFO] [stderr]   Downloaded rustc_version_runtime v0.2.0
[INFO] [stderr]   Downloaded specs-hierarchy v0.6.0
[INFO] [stderr]   Downloaded amethyst_config v0.15.3
[INFO] [stderr]   Downloaded amethyst_derive v0.15.3
[INFO] [stderr]   Downloaded proc_macro_roids v0.7.0
[INFO] [stderr]   Downloaded gfx-hal v0.3.1
[INFO] [stderr]   Downloaded fern v0.6.0
[INFO] [stderr]   Downloaded amethyst v0.15.3
[INFO] [stderr]   Downloaded amethyst_audio v0.15.3
[INFO] [stderr]   Downloaded loom v0.4.0
[INFO] [stderr]   Downloaded fluent-bundle v0.11.0
[INFO] [stderr]   Downloaded num-bigint v0.3.1
[INFO] [stderr]   Downloaded fluent-syntax v0.9.3
[INFO] [stderr]   Downloaded rendy-memory v0.4.1
[INFO] [stderr]   Downloaded crossbeam-epoch v0.9.2
[INFO] [stderr]   Downloaded amethyst_rendy v0.15.3
[INFO] [stderr]   Downloaded rendy v0.4.1
[INFO] [stderr]   Downloaded laminar v0.3.2
[INFO] [stderr]   Downloaded font-kit v0.5.0
[INFO] [stderr]   Downloaded fluent-langneg v0.12.1
[INFO] [stderr]   Downloaded gfx-backend-vulkan v0.3.3
[INFO] [stderr]   Downloaded crossbeam-utils v0.8.2
[INFO] [stderr]   Downloaded clang-sys v1.1.1
[INFO] [stderr]   Downloaded generator v0.6.24
[INFO] [stderr]   Downloaded amethyst_network v0.15.3
[INFO] [stderr]   Downloaded rendy-graph v0.4.1
[INFO] [stderr]   Downloaded amethyst_animation v0.15.3
[INFO] [stderr]   Downloaded intl_pluralrules v6.0.0
[INFO] [stderr]   Downloaded rendy-chain v0.4.1
[INFO] [stderr]   Downloaded rendy-command v0.4.1
[INFO] [stderr]   Downloaded unic-langid-impl v0.8.0
[INFO] [stderr]   Downloaded amethyst_assets v0.15.3
[INFO] [stderr]   Downloaded amethyst_input v0.15.3
[INFO] [stderr]   Downloaded amethyst_core v0.15.3
[INFO] [stderr]   Downloaded amethyst_ui v0.15.3
[INFO] [stderr]   Downloaded xi-unicode v0.2.1
[INFO] [stderr]   Downloaded rendy-texture v0.4.1
[INFO] [stderr]   Downloaded amethyst_utils v0.15.3
[INFO] [stderr]   Downloaded intl-memoizer v0.4.0
[INFO] [stderr]   Downloaded rendy-mesh v0.4.1
[INFO] [stderr]   Downloaded dunce v1.0.1
[INFO] [stderr]   Downloaded rendy-factory v0.4.1
[INFO] [stderr]   Downloaded alga_derive v0.9.2
[INFO] [stderr]   Downloaded rendy-wsi v0.4.1
[INFO] [stderr]   Downloaded ctor v0.1.19
[INFO] [stderr]   Downloaded rendy-util v0.4.1
[INFO] [stderr]   Downloaded unic-langid-macros-impl v0.8.0
[INFO] [stderr]   Downloaded amethyst_error v0.15.3
[INFO] [stderr]   Downloaded unic-langid-macros v0.8.0
[INFO] [stderr]   Downloaded rendy-descriptor v0.4.1
[INFO] [stderr]   Downloaded amethyst_locale v0.15.3
[INFO] [stderr]   Downloaded rendy-shader v0.4.1
[INFO] [stderr]   Downloaded unic-langid v0.8.0
[INFO] [stderr]   Downloaded tiled v0.9.4
[INFO] running `Command { std: "docker" "create" "-v" "/var/lib/crater-agent-workspace/builds/worker-7-tc1/target:/opt/rustwide/target:rw,Z" "-v" "/var/lib/crater-agent-workspace/builds/worker-7-tc1/source:/opt/rustwide/workdir:ro,Z" "-v" "/var/lib/crater-agent-workspace/cargo-home:/opt/rustwide/cargo-home:ro,Z" "-v" "/var/lib/crater-agent-workspace/rustup-home:/opt/rustwide/rustup-home:ro,Z" "-e" "SOURCE_DIR=/opt/rustwide/workdir" "-e" "CARGO_TARGET_DIR=/opt/rustwide/target" "-e" "CARGO_HOME=/opt/rustwide/cargo-home" "-e" "RUSTUP_HOME=/opt/rustwide/rustup-home" "-w" "/opt/rustwide/workdir" "-m" "1610612736" "--user" "0:0" "--network" "none" "ghcr.io/rust-lang/crates-build-env/linux@sha256:2788e3201cd34a07e3172128adcd8b3090168a8e3bcc40d7c032b9dda1df7d1c" "/opt/rustwide/cargo-home/bin/cargo" "+1.75.0" "metadata" "--no-deps" "--format-version=1", kill_on_drop: false }`
[INFO] [stdout] 3db03e9e35ea9a7412b21a2fd6f555c81295ae75709cfef1d1fea9b794714c03
[INFO] running `Command { std: "docker" "start" "-a" "3db03e9e35ea9a7412b21a2fd6f555c81295ae75709cfef1d1fea9b794714c03", kill_on_drop: false }`
[INFO] running `Command { std: "docker" "inspect" "3db03e9e35ea9a7412b21a2fd6f555c81295ae75709cfef1d1fea9b794714c03", kill_on_drop: false }`
[INFO] running `Command { std: "docker" "rm" "-f" "3db03e9e35ea9a7412b21a2fd6f555c81295ae75709cfef1d1fea9b794714c03", kill_on_drop: false }`
[INFO] [stdout] 3db03e9e35ea9a7412b21a2fd6f555c81295ae75709cfef1d1fea9b794714c03
[INFO] running `Command { std: "docker" "create" "-v" "/var/lib/crater-agent-workspace/builds/worker-7-tc1/target:/opt/rustwide/target:rw,Z" "-v" "/var/lib/crater-agent-workspace/builds/worker-7-tc1/source:/opt/rustwide/workdir:ro,Z" "-v" "/var/lib/crater-agent-workspace/cargo-home:/opt/rustwide/cargo-home:ro,Z" "-v" "/var/lib/crater-agent-workspace/rustup-home:/opt/rustwide/rustup-home:ro,Z" "-e" "SOURCE_DIR=/opt/rustwide/workdir" "-e" "CARGO_TARGET_DIR=/opt/rustwide/target" "-e" "CARGO_INCREMENTAL=0" "-e" "RUST_BACKTRACE=full" "-e" "RUSTFLAGS=--cap-lints=warn" "-e" "RUSTDOCFLAGS=--cap-lints=warn" "-e" "CARGO_HOME=/opt/rustwide/cargo-home" "-e" "RUSTUP_HOME=/opt/rustwide/rustup-home" "-w" "/opt/rustwide/workdir" "-m" "1610612736" "--user" "0:0" "--network" "none" "ghcr.io/rust-lang/crates-build-env/linux@sha256:2788e3201cd34a07e3172128adcd8b3090168a8e3bcc40d7c032b9dda1df7d1c" "/opt/rustwide/cargo-home/bin/cargo" "+1.75.0" "doc" "--frozen" "--no-deps" "--document-private-items" "--message-format=json", kill_on_drop: false }`
[INFO] [stdout] 1b42e3e5bfcd9e55a7833acbf8132794247862133359ee577775f1f5cd5e354e
[INFO] running `Command { std: "docker" "start" "-a" "1b42e3e5bfcd9e55a7833acbf8132794247862133359ee577775f1f5cd5e354e", kill_on_drop: false }`
[INFO] [stderr]    Compiling libc v0.2.86
[INFO] [stderr]    Compiling proc-macro2 v1.0.24
[INFO] [stderr]    Compiling syn v1.0.60
[INFO] [stderr]    Compiling libm v0.2.1
[INFO] [stderr]    Compiling serde_derive v1.0.123
[INFO] [stderr]    Compiling num-traits v0.2.14
[INFO] [stderr]    Compiling serde v1.0.123
[INFO] [stderr]     Checking byteorder v1.4.2
[INFO] [stderr]    Compiling num-integer v0.1.44
[INFO] [stderr]    Compiling log v0.4.14
[INFO] [stderr]    Compiling pkg-config v0.3.19
[INFO] [stderr]    Compiling proc-macro2 v0.4.30
[INFO] [stderr]    Compiling crossbeam-utils v0.8.2
[INFO] [stderr]    Compiling unicode-xid v0.1.0
[INFO] [stderr]    Compiling memoffset v0.6.1
[INFO] [stderr]     Checking num_cpus v1.13.0
[INFO] [stderr]    Compiling rayon-core v1.9.0
[INFO] [stderr]    Compiling semver-parser v0.7.0
[INFO] [stderr]    Compiling rayon v1.5.0
[INFO] [stderr]    Compiling version_check v0.9.2
[INFO] [stderr]    Compiling quote v1.0.9
[INFO] [stderr]    Compiling semver v0.9.0
[INFO] [stderr]    Compiling miniz_oxide v0.4.3
[INFO] [stderr]     Checking adler v0.2.3
[INFO] [stderr]    Compiling quote v0.6.13
[INFO] [stderr]     Checking crossbeam-epoch v0.9.2
[INFO] [stderr]     Checking crossbeam-channel v0.5.0
[INFO] [stderr]    Compiling rustc_version v0.2.3
[INFO] [stderr]     Checking approx v0.3.2
[INFO] [stderr]    Compiling num-rational v0.2.4
[INFO] [stderr]     Checking crossbeam-deque v0.8.0
[INFO] [stderr]    Compiling syn v0.15.44
[INFO] [stderr]    Compiling num-iter v0.1.42
[INFO] [stderr]    Compiling jobserver v0.1.21
[INFO] [stderr]    Compiling xml-rs v0.8.3
[INFO] [stderr]     Checking backtrace v0.3.56
[INFO] [stderr]    Compiling cc v1.0.67
[INFO] [stderr]     Checking ordered-float v1.1.1
[INFO] [stderr]    Compiling wayland-scanner v0.21.13
[INFO] [stderr]     Checking stb_truetype v0.3.1
[INFO] [stderr]     Checking libloading v0.6.7
[INFO] [stderr]    Compiling num-derive v0.2.5
[INFO] [stderr]    Compiling nix v0.14.1
[INFO] [stderr]     Checking linked-hash-map v0.5.4
[INFO] [stderr]     Checking rusttype v0.8.3
[INFO] [stderr]     Checking dlib v0.4.2
[INFO] [stderr]     Checking fxhash v0.2.1
[INFO] [stderr]     Checking void v1.0.2
[INFO] [stderr]    Compiling memchr v2.3.4
[INFO] [stderr]     Checking lzw v0.10.0
[INFO] [stderr]     Checking atom v0.3.6
[INFO] [stderr]     Checking wayland-sys v0.21.13
[INFO] [stderr]     Checking deflate v0.7.20
[INFO] [stderr]     Checking inflate v0.4.5
[INFO] [stderr]     Checking same-file v1.0.6
[INFO] [stderr]     Checking walkdir v2.3.1
[INFO] [stderr]    Compiling parking_lot_core v0.6.2
[INFO] [stderr]     Checking rusttype v0.7.9
[INFO] [stderr]     Checking gif v0.10.3
[INFO] [stderr]    Compiling parking_lot v0.9.0
[INFO] [stderr]     Checking hibitset v0.6.3
[INFO] [stderr]     Checking jpeg-decoder v0.1.22
[INFO] [stderr]     Checking line_drawing v0.7.0
[INFO] [stderr]    Compiling x11-dl v2.18.5
[INFO] [stderr]     Checking xdg v2.2.0
[INFO] [stderr]    Compiling wayland-client v0.21.13
[INFO] [stderr]    Compiling wayland-protocols v0.21.13
[INFO] [stderr]     Checking andrew v0.2.1
[INFO] [stderr]     Checking png v0.14.1
[INFO] [stderr]     Checking getrandom v0.1.16
[INFO] [stderr]     Checking memmap v0.7.0
[INFO] [stderr]     Checking crossbeam-utils v0.6.6
[INFO] [stderr]    Compiling serde_json v1.0.62
[INFO] [stderr]     Checking rand_core v0.5.1
[INFO] [stderr]     Checking raw-window-handle v0.3.3
[INFO] [stderr]    Compiling autocfg v0.1.7
[INFO] [stderr]    Compiling rand_core v0.4.2
[INFO] [stderr]     Checking itoa v0.4.7
[INFO] [stderr]     Checking rand_chacha v0.2.2
[INFO] [stderr]    Compiling nom v5.1.2
[INFO] [stderr]    Compiling x11 v2.18.2
[INFO] [stderr]     Checking rand v0.7.3
[INFO] [stderr]     Checking time v0.1.44
[INFO] [stderr]     Checking shared_library v0.1.9
[INFO] [stderr]     Checking wayland-commons v0.21.13
[INFO] [stderr]    Compiling synstructure v0.12.4
[INFO] [stderr]    Compiling hashbrown v0.7.2
[INFO] [stderr]    Compiling derivative v1.0.4
[INFO] [stderr]    Compiling once_cell v1.7.0
[INFO] [stderr]    Compiling thread_local v1.1.3
[INFO] [stderr]     Checking ash v0.29.0
[INFO] [stderr]    Compiling aho-corasick v0.7.15
[INFO] [stderr]     Checking tiff v0.2.2
[INFO] [stderr]     Checking image v0.21.3
[INFO] [stderr]    Compiling rand_core v0.3.1
[INFO] [stderr]     Checking raw-window-handle v0.1.2
[INFO] [stderr]    Compiling num-complex v0.2.4
[INFO] [stderr]    Compiling ppv-lite86 v0.2.10
[INFO] [stderr]    Compiling regex-syntax v0.6.22
[INFO] [stderr]    Compiling typenum v1.12.0
[INFO] [stderr]     Checking mint v0.5.6
[INFO] [stderr]    Compiling failure_derive v0.1.8
[INFO] [stderr]    Compiling shred-derive v0.6.3
[INFO] [stderr]     Checking tynm v0.1.6
[INFO] [stderr]     Checking crossbeam-channel v0.3.9
[INFO] [stderr]     Checking arrayvec v0.5.2
[INFO] [stderr]     Checking mopa v0.2.2
[INFO] [stderr]    Compiling crc32fast v1.2.1
[INFO] [stderr]     Checking failure v0.1.8
[INFO] [stderr]    Compiling specs-derive v0.4.1
[INFO] [stderr]    Compiling regex v1.4.3
[INFO] [stderr]    Compiling rand_chacha v0.1.1
[INFO] [stderr]    Compiling rand_pcg v0.1.2
[INFO] [stderr]     Checking colorful v0.2.1
[INFO] [stderr]    Compiling arrayvec v0.4.12
[INFO] [stderr]     Checking tuple_utils v0.3.0
[INFO] [stderr]     Checking rawpointer v0.2.1
[INFO] [stderr]     Checking shrev v1.1.1
[INFO] [stderr]     Checking matrixmultiply v0.2.4
[INFO] [stderr]     Checking generic-array v0.13.2
[INFO] [stderr]     Checking rand_distr v0.2.2
[INFO] [stderr]    Compiling rand v0.6.5
[INFO] [stderr]    Compiling cmake v0.1.45
[INFO] [stderr]     Checking base64 v0.10.1
[INFO] [stderr]     Checking nodrop v0.1.14
[INFO] [stderr]    Compiling rustversion v1.0.4
[INFO] [stderr]    Compiling edit-distance v2.1.0
[INFO] [stderr]    Compiling getset v0.0.9
[INFO] [stderr]    Compiling derivative v2.2.0
[INFO] [stderr]    Compiling derive-new v0.5.9
[INFO] [stderr]    Compiling rand_isaac v0.1.1
[INFO] [stderr]    Compiling rand_hc v0.1.0
[INFO] [stderr]    Compiling rand_xorshift v0.1.1
[INFO] [stderr]    Compiling rand_os v0.1.3
[INFO] [stderr]    Compiling rand_jitter v0.1.4
[INFO] [stderr]     Checking amethyst_error v0.15.3
[INFO] [stderr]    Compiling proc-macro-error-attr v1.0.4
[INFO] [stderr]    Compiling siphasher v0.2.3
[INFO] [stderr]    Compiling phf_shared v0.7.24
[INFO] [stderr]    Compiling proc-macro-error v1.0.4
[INFO] [stderr]    Compiling num-bigint v0.3.1
[INFO] [stderr]    Compiling lexical-core v0.4.6
[INFO] [stderr]    Compiling err-derive v0.2.4
[INFO] [stderr]    Compiling num-rational v0.3.2
[INFO] [stderr]    Compiling phf_generator v0.7.24
[INFO] [stderr]    Compiling tinystr v0.3.4
[INFO] [stderr]    Compiling unicode-segmentation v1.7.1
[INFO] [stderr]    Compiling inventory v0.1.10
[INFO] [stderr]    Compiling unic-langid-impl v0.8.0
[INFO] [stderr]    Compiling heck v0.3.2
[INFO] [stderr]    Compiling phf_codegen v0.7.24
[INFO] [stderr]    Compiling servo-freetype-sys v4.0.5
[INFO] [stderr]    Compiling inventory-impl v0.1.10
[INFO] [stdout] error[E0308]: mismatched types
[INFO] [stdout]    --> /opt/rustwide/cargo-home/registry/src/index.crates.io-6f17d22bba15001f/num-bigint-0.3.1/src/biguint.rs:208:19
[INFO] [stdout]     |
[INFO] [stdout] 208 |         .div_ceil(&big_digit::BITS.into())
[INFO] [stdout]     |          -------- ^^^^^^^^^^^^^^^^^^^^^^^ expected `u64`, found `&_`
[INFO] [stdout]     |          |
[INFO] [stdout]     |          arguments to this method are incorrect
[INFO] [stdout]     |
[INFO] [stdout]     = note:   expected type `u64`
[INFO] [stdout]             found reference `&_`
[INFO] [stdout] note: method defined here
[INFO] [stdout]    --> /rustc/82e1608dfa6e0b5569232559e3d385fea5a93112/library/core/src/num/mod.rs:1169:5
[INFO] [stdout]     = note: this error originates in the macro `uint_impl` (in Nightly builds, run with -Z macro-backtrace for more info)
[INFO] [stdout] help: consider removing the borrow
[INFO] [stdout]     |
[INFO] [stdout] 208 -         .div_ceil(&big_digit::BITS.into())
[INFO] [stdout] 208 +         .div_ceil(big_digit::BITS.into())
[INFO] [stdout]     |
[INFO] [stdout] 
[INFO] [stdout] 
[INFO] [stdout] error[E0308]: mismatched types
[INFO] [stdout]     --> /opt/rustwide/cargo-home/registry/src/index.crates.io-6f17d22bba15001f/num-bigint-0.3.1/src/biguint.rs:1712:54
[INFO] [stdout]      |
[INFO] [stdout] 1712 |                 let root_scale = extra_bits.div_ceil(&n64);
[INFO] [stdout]      |                                             -------- ^^^^ expected `u64`, found `&u64`
[INFO] [stdout]      |                                             |
[INFO] [stdout]      |                                             arguments to this method are incorrect
[INFO] [stdout]      |
[INFO] [stdout] note: method defined here
[INFO] [stdout]     --> /rustc/82e1608dfa6e0b5569232559e3d385fea5a93112/library/core/src/num/mod.rs:1169:5
[INFO] [stdout]      = note: this error originates in the macro `uint_impl` (in Nightly builds, run with -Z macro-backtrace for more info)
[INFO] [stdout] help: consider removing the borrow
[INFO] [stdout]      |
[INFO] [stdout] 1712 -                 let root_scale = extra_bits.div_ceil(&n64);
[INFO] [stdout] 1712 +                 let root_scale = extra_bits.div_ceil(n64);
[INFO] [stdout]      |
[INFO] [stdout] 
[INFO] [stdout] 
[INFO] [stdout] error[E0308]: mismatched types
[INFO] [stdout]     --> /opt/rustwide/cargo-home/registry/src/index.crates.io-6f17d22bba15001f/num-bigint-0.3.1/src/biguint.rs:2128:19
[INFO] [stdout]      |
[INFO] [stdout] 2128 |         .div_ceil(&u64::from(bits))
[INFO] [stdout]      |          -------- ^^^^^^^^^^^^^^^^ expected `u64`, found `&u64`
[INFO] [stdout]      |          |
[INFO] [stdout]      |          arguments to this method are incorrect
[INFO] [stdout]      |
[INFO] [stdout] note: method defined here
[INFO] [stdout]     --> /rustc/82e1608dfa6e0b5569232559e3d385fea5a93112/library/core/src/num/mod.rs:1169:5
[INFO] [stdout]      = note: this error originates in the macro `uint_impl` (in Nightly builds, run with -Z macro-backtrace for more info)
[INFO] [stdout] help: consider removing the borrow
[INFO] [stdout]      |
[INFO] [stdout] 2128 -         .div_ceil(&u64::from(bits))
[INFO] [stdout] 2128 +         .div_ceil(u64::from(bits))
[INFO] [stdout]      |
[INFO] [stdout] 
[INFO] [stdout] 
[INFO] [stdout] error[E0308]: mismatched types
[INFO] [stdout]     --> /opt/rustwide/cargo-home/registry/src/index.crates.io-6f17d22bba15001f/num-bigint-0.3.1/src/biguint.rs:2156:19
[INFO] [stdout]      |
[INFO] [stdout] 2156 |         .div_ceil(&u64::from(bits))
[INFO] [stdout]      |          -------- ^^^^^^^^^^^^^^^^ expected `u64`, found `&u64`
[INFO] [stdout]      |          |
[INFO] [stdout]      |          arguments to this method are incorrect
[INFO] [stdout]      |
[INFO] [stdout] note: method defined here
[INFO] [stdout]     --> /rustc/82e1608dfa6e0b5569232559e3d385fea5a93112/library/core/src/num/mod.rs:1169:5
[INFO] [stdout]      = note: this error originates in the macro `uint_impl` (in Nightly builds, run with -Z macro-backtrace for more info)
[INFO] [stdout] help: consider removing the borrow
[INFO] [stdout]      |
[INFO] [stdout] 2156 -         .div_ceil(&u64::from(bits))
[INFO] [stdout] 2156 +         .div_ceil(u64::from(bits))
[INFO] [stdout]      |
[INFO] [stdout] 
[INFO] [stdout] 
[INFO] [stdout] error: aborting due to 4 previous errors
[INFO] [stdout] 
[INFO] [stdout] 
[INFO] [stdout] For more information about this error, try `rustc --explain E0308`.
[INFO] [stdout] 
[INFO] [stderr] error: could not compile `num-bigint` (lib) due to 5 previous errors
[INFO] [stderr] warning: build failed, waiting for other jobs to finish...
[INFO] running `Command { std: "docker" "inspect" "1b42e3e5bfcd9e55a7833acbf8132794247862133359ee577775f1f5cd5e354e", kill_on_drop: false }`
[INFO] running `Command { std: "docker" "rm" "-f" "1b42e3e5bfcd9e55a7833acbf8132794247862133359ee577775f1f5cd5e354e", kill_on_drop: false }`
[INFO] [stdout] 1b42e3e5bfcd9e55a7833acbf8132794247862133359ee577775f1f5cd5e354e
