[INFO] cloning repository https://github.com/Hybridlo/my-rust-incubator
[INFO] running `Command { std: "git" "-c" "credential.helper=" "-c" "credential.helper=/workspace/cargo-home/bin/git-credential-null" "clone" "--bare" "https://github.com/Hybridlo/my-rust-incubator" "/workspace/cache/git-repos/https%3A%2F%2Fgithub.com%2FHybridlo%2Fmy-rust-incubator", kill_on_drop: false }`
[INFO] [stderr] Cloning into bare repository '/workspace/cache/git-repos/https%3A%2F%2Fgithub.com%2FHybridlo%2Fmy-rust-incubator'...
[INFO] running `Command { std: "git" "rev-parse" "HEAD", kill_on_drop: false }`
[INFO] [stdout] 2af5178ec3aff44a5b84fecc2abbeddd7be1a2c7
[INFO] documenting Hybridlo/my-rust-incubator against 1.75.0 for beta-1.76-rustdoc-1
[INFO] running `Command { std: "git" "clone" "/workspace/cache/git-repos/https%3A%2F%2Fgithub.com%2FHybridlo%2Fmy-rust-incubator" "/workspace/builds/worker-7-tc1/source", kill_on_drop: false }`
[INFO] [stderr] Cloning into '/workspace/builds/worker-7-tc1/source'...
[INFO] [stderr] done.
[INFO] validating manifest of git repo https://github.com/Hybridlo/my-rust-incubator on toolchain 1.75.0
[INFO] running `Command { std: CARGO_HOME="/workspace/cargo-home" RUSTUP_HOME="/workspace/rustup-home" "/workspace/cargo-home/bin/cargo" "+1.75.0" "metadata" "--manifest-path" "Cargo.toml" "--no-deps", kill_on_drop: false }`
[INFO] started tweaking git repo https://github.com/Hybridlo/my-rust-incubator
[INFO] finished tweaking git repo https://github.com/Hybridlo/my-rust-incubator
[INFO] tweaked toml for git repo https://github.com/Hybridlo/my-rust-incubator written to /workspace/builds/worker-7-tc1/source/Cargo.toml
[INFO] crate git repo https://github.com/Hybridlo/my-rust-incubator already has a lockfile, it will not be regenerated
[INFO] running `Command { std: CARGO_HOME="/workspace/cargo-home" RUSTUP_HOME="/workspace/rustup-home" "/workspace/cargo-home/bin/cargo" "+1.75.0" "fetch" "--manifest-path" "Cargo.toml", kill_on_drop: false }`
[INFO] [stderr] warning: virtual workspace defaulting to `resolver = "1"` despite one or more workspace members being on edition 2021 which implies `resolver = "2"`
[INFO] [stderr] note: to keep the current resolver, specify `workspace.resolver = "1"` in the workspace root's manifest
[INFO] [stderr] note: to use the edition 2021 resolver, specify `workspace.resolver = "2"` in the workspace root's manifest
[INFO] [stderr] note: for more details see https://doc.rust-lang.org/cargo/reference/resolver.html#resolver-versions
[INFO] [stderr]     Updating crates.io index
[INFO] [stderr]  Downloading crates ...
[INFO] [stderr]   Downloaded pest_derive v2.5.7
[INFO] [stderr]   Downloaded pest_meta v2.5.7
[INFO] [stderr]   Downloaded pest_generator v2.5.7
[INFO] [stderr]   Downloaded windows-targets v0.47.0
[INFO] [stderr]   Downloaded iana-time-zone v0.1.55
[INFO] [stderr]   Downloaded actix-web-actors v4.2.0
[INFO] [stderr]   Downloaded async-graphql-value v5.0.7
[INFO] [stderr]   Downloaded async-graphql-parser v5.0.7
[INFO] [stderr]   Downloaded async-graphql-derive v5.0.7
[INFO] [stderr]   Downloaded pest v2.5.7
[INFO] [stderr]   Downloaded async-graphql v5.0.7
[INFO] [stderr]   Downloaded windows_aarch64_gnullvm v0.47.0
[INFO] [stderr]   Downloaded windows_i686_gnu v0.47.0
[INFO] [stderr]   Downloaded windows_x86_64_gnu v0.47.0
[INFO] [stderr]   Downloaded windows_x86_64_msvc v0.47.0
[INFO] [stderr]   Downloaded windows_i686_msvc v0.47.0
[INFO] [stderr]   Downloaded windows_x86_64_gnullvm v0.47.0
[INFO] [stderr]   Downloaded windows_aarch64_msvc v0.47.0
[INFO] [stderr]   Downloaded windows v0.47.0
[INFO] [stderr]   Downloaded async-graphql-actix-web v5.0.7
[INFO] running `Command { std: "docker" "create" "-v" "/var/lib/crater-agent-workspace/builds/worker-7-tc1/target:/opt/rustwide/target:rw,Z" "-v" "/var/lib/crater-agent-workspace/builds/worker-7-tc1/source:/opt/rustwide/workdir:ro,Z" "-v" "/var/lib/crater-agent-workspace/cargo-home:/opt/rustwide/cargo-home:ro,Z" "-v" "/var/lib/crater-agent-workspace/rustup-home:/opt/rustwide/rustup-home:ro,Z" "-e" "SOURCE_DIR=/opt/rustwide/workdir" "-e" "CARGO_TARGET_DIR=/opt/rustwide/target" "-e" "CARGO_HOME=/opt/rustwide/cargo-home" "-e" "RUSTUP_HOME=/opt/rustwide/rustup-home" "-w" "/opt/rustwide/workdir" "-m" "1610612736" "--user" "0:0" "--network" "none" "ghcr.io/rust-lang/crates-build-env/linux@sha256:2788e3201cd34a07e3172128adcd8b3090168a8e3bcc40d7c032b9dda1df7d1c" "/opt/rustwide/cargo-home/bin/cargo" "+1.75.0" "metadata" "--no-deps" "--format-version=1", kill_on_drop: false }`
[INFO] [stdout] 74be8ddbf8d2bb713950015ce3c8fa5d6545acc24c7aa1c0666368dbe9c441fe
[INFO] running `Command { std: "docker" "start" "-a" "74be8ddbf8d2bb713950015ce3c8fa5d6545acc24c7aa1c0666368dbe9c441fe", kill_on_drop: false }`
[INFO] running `Command { std: "docker" "inspect" "74be8ddbf8d2bb713950015ce3c8fa5d6545acc24c7aa1c0666368dbe9c441fe", kill_on_drop: false }`
[INFO] running `Command { std: "docker" "rm" "-f" "74be8ddbf8d2bb713950015ce3c8fa5d6545acc24c7aa1c0666368dbe9c441fe", kill_on_drop: false }`
[INFO] [stdout] 74be8ddbf8d2bb713950015ce3c8fa5d6545acc24c7aa1c0666368dbe9c441fe
[INFO] running `Command { std: "docker" "create" "-v" "/var/lib/crater-agent-workspace/builds/worker-7-tc1/target:/opt/rustwide/target:rw,Z" "-v" "/var/lib/crater-agent-workspace/builds/worker-7-tc1/source:/opt/rustwide/workdir:ro,Z" "-v" "/var/lib/crater-agent-workspace/cargo-home:/opt/rustwide/cargo-home:ro,Z" "-v" "/var/lib/crater-agent-workspace/rustup-home:/opt/rustwide/rustup-home:ro,Z" "-e" "SOURCE_DIR=/opt/rustwide/workdir" "-e" "CARGO_TARGET_DIR=/opt/rustwide/target" "-e" "CARGO_INCREMENTAL=0" "-e" "RUST_BACKTRACE=full" "-e" "RUSTFLAGS=--cap-lints=warn" "-e" "RUSTDOCFLAGS=--cap-lints=warn" "-e" "CARGO_HOME=/opt/rustwide/cargo-home" "-e" "RUSTUP_HOME=/opt/rustwide/rustup-home" "-w" "/opt/rustwide/workdir" "-m" "1610612736" "--user" "0:0" "--network" "none" "ghcr.io/rust-lang/crates-build-env/linux@sha256:2788e3201cd34a07e3172128adcd8b3090168a8e3bcc40d7c032b9dda1df7d1c" "/opt/rustwide/cargo-home/bin/cargo" "+1.75.0" "doc" "--frozen" "--no-deps" "--document-private-items" "--message-format=json", kill_on_drop: false }`
[INFO] [stdout] c7996cbab47efa749add2a3e925e06fc047f195c6b5eedaee7e5e93fbf5bae10
[INFO] running `Command { std: "docker" "start" "-a" "c7996cbab47efa749add2a3e925e06fc047f195c6b5eedaee7e5e93fbf5bae10", kill_on_drop: false }`
[INFO] [stderr] warning: virtual workspace defaulting to `resolver = "1"` despite one or more workspace members being on edition 2021 which implies `resolver = "2"`
[INFO] [stderr] note: to keep the current resolver, specify `workspace.resolver = "1"` in the workspace root's manifest
[INFO] [stderr] note: to use the edition 2021 resolver, specify `workspace.resolver = "2"` in the workspace root's manifest
[INFO] [stderr] note: for more details see https://doc.rust-lang.org/cargo/reference/resolver.html#resolver-versions
[INFO] [stderr]    Compiling proc-macro2 v1.0.54
[INFO] [stderr]    Compiling libc v0.2.140
[INFO] [stderr]    Compiling serde_derive v1.0.159
[INFO] [stderr]    Compiling serde v1.0.159
[INFO] [stderr]     Checking once_cell v1.17.1
[INFO] [stderr]    Compiling lock_api v0.4.9
[INFO] [stderr]    Compiling syn v1.0.109
[INFO] [stderr]    Compiling futures-core v0.3.28
[INFO] [stderr]    Compiling ahash v0.7.6
[INFO] [stderr]    Compiling parking_lot_core v0.9.7
[INFO] [stderr]    Compiling tokio v1.27.0
[INFO] [stderr]    Compiling pkg-config v0.3.26
[INFO] [stderr]     Checking smallvec v1.10.0
[INFO] [stderr]    Compiling indexmap v1.9.3
[INFO] [stderr]    Compiling slab v0.4.8
[INFO] [stderr]    Compiling futures-channel v0.3.28
[INFO] [stderr]    Compiling futures-task v0.3.28
[INFO] [stderr]    Compiling quote v1.0.26
[INFO] [stderr]    Compiling futures-util v0.3.28
[INFO] [stderr]    Compiling generic-array v0.14.7
[INFO] [stderr]     Checking futures-sink v0.3.28
[INFO] [stderr]    Compiling syn v2.0.12
[INFO] [stderr]    Compiling thiserror v1.0.40
[INFO] [stderr]    Compiling crossbeam-utils v0.8.15
[INFO] [stderr]     Checking tracing-core v0.1.30
[INFO] [stderr]    Compiling serde_json v1.0.95
[INFO] [stderr]     Checking futures-io v0.3.28
[INFO] [stderr]     Checking getrandom v0.2.8
[INFO] [stderr]     Checking num_cpus v1.15.0
[INFO] [stderr]    Compiling jobserver v0.1.26
[INFO] [stderr]     Checking signal-hook-registry v1.4.1
[INFO] [stderr]     Checking mio v0.8.6
[INFO] [stderr]     Checking socket2 v0.4.9
[INFO] [stderr]    Compiling cc v1.0.79
[INFO] [stderr]     Checking parking_lot v0.12.1
[INFO] [stderr]     Checking hashbrown v0.12.3
[INFO] [stderr]     Checking percent-encoding v2.2.0
[INFO] [stderr]    Compiling num-traits v0.2.15
[INFO] [stderr]    Compiling itoa v1.0.6
[INFO] [stderr]     Checking tinyvec_macros v0.1.1
[INFO] [stderr]     Checking tinyvec v1.6.0
[INFO] [stderr]     Checking rand_core v0.6.4
[INFO] [stderr]     Checking subtle v2.4.1
[INFO] [stderr]     Checking crypto-common v0.1.6
[INFO] [stderr]     Checking block-buffer v0.10.4
[INFO] [stderr]     Checking digest v0.10.6
[INFO] [stderr]     Checking form_urlencoded v1.1.0
[INFO] [stderr]    Compiling ucd-trie v0.1.5
[INFO] [stderr]     Checking unicode-bidi v0.3.13
[INFO] [stderr]    Compiling ring v0.16.20
[INFO] [stderr]    Compiling paste v1.0.12
[INFO] [stderr]    Compiling parking_lot_core v0.8.6
[INFO] [stderr]    Compiling rustls v0.20.8
[INFO] [stderr]     Checking unicode-normalization v0.1.22
[INFO] [stderr]    Compiling io-lifetimes v1.0.9
[INFO] [stderr]    Compiling untrusted v0.7.1
[INFO] [stderr]    Compiling spin v0.5.2
[INFO] [stderr]    Compiling rustix v0.37.6
[INFO] [stderr]     Checking rand_chacha v0.3.1
[INFO] [stderr]     Checking idna v0.3.0
[INFO] [stderr]    Compiling zstd-sys v2.0.8+zstd.1.5.5
[INFO] [stderr]    Compiling aho-corasick v0.7.20
[INFO] [stderr]    Compiling regex-syntax v0.6.29
[INFO] [stderr]     Checking cpufeatures v0.2.6
[INFO] [stderr]     Checking linux-raw-sys v0.3.1
[INFO] [stderr]    Compiling time-core v0.1.0
[INFO] [stderr]     Checking rand v0.8.5
[INFO] [stderr]    Compiling time-macros v0.2.8
[INFO] [stderr]    Compiling openssl-sys v0.9.84
[INFO] [stderr]    Compiling typenum v1.16.0
[INFO] [stderr]    Compiling regex v1.7.3
[INFO] [stderr]    Compiling tokio-macros v2.0.0
[INFO] [stderr]    Compiling futures-macro v0.3.28
[INFO] [stderr]    Compiling thiserror-impl v1.0.40
[INFO] [stderr]     Checking encoding_rs v0.8.32
[INFO] [stderr]     Checking httpdate v1.0.2
[INFO] [stderr]    Compiling tracing-attributes v0.1.23
[INFO] [stderr]    Compiling pin-project-internal v1.0.12
[INFO] [stderr]    Compiling vcpkg v0.2.15
[INFO] [stderr]    Compiling pest v2.5.7
[INFO] [stderr]     Checking mime v0.3.17
[INFO] [stderr]    Compiling libsqlite3-sys v0.24.2
[INFO] [stderr]    Compiling webpki v0.22.0
[INFO] [stderr]    Compiling pest_meta v2.5.7
[INFO] [stderr]     Checking tracing v0.1.37
[INFO] [stderr]    Compiling crossbeam-queue v0.3.8
[INFO] [stderr]    Compiling zstd-safe v6.0.5+zstd.1.5.4
[INFO] [stderr]     Checking local-waker v0.1.3
[INFO] [stderr]     Checking alloc-no-stdlib v2.0.4
[INFO] [stderr]    Compiling pest_generator v2.5.7
[INFO] [stderr]     Checking alloc-stdlib v0.2.2
[INFO] [stderr]    Compiling heck v0.4.1
[INFO] [stderr]    Compiling sct v0.7.0
[INFO] [stderr]     Checking spin v0.9.8
[INFO] [stderr]    Compiling instant v0.1.12
[INFO] [stderr]     Checking either v1.8.1
[INFO] [stderr]     Checking miniz_oxide v0.6.2
[INFO] [stderr]     Checking nom v7.1.3
[INFO] [stderr]     Checking brotli-decompressor v2.3.4
[INFO] [stderr]     Checking actix-utils v3.0.1
[INFO] [stderr]    Compiling pest_derive v2.5.7
[INFO] [stderr]     Checking actix-service v2.0.2
[INFO] [stderr]     Checking crossbeam-channel v0.5.7
[INFO] [stderr]    Compiling cookie v0.16.2
[INFO] [stderr]    Compiling memoffset v0.8.0
[INFO] [stderr]    Compiling minimal-lexical v0.2.1
[INFO] [stderr]     Checking foreign-types-shared v0.1.1
[INFO] [stderr]    Compiling async-trait v0.1.68
[INFO] [stderr]    Compiling ryu v1.0.13
[INFO] [stderr]    Compiling openssl v0.10.49
[INFO] [stderr]    Compiling derive_more v0.99.17
[INFO] [stderr]    Compiling itertools v0.10.5
[INFO] [stderr]     Checking bytes v1.4.0
[INFO] [stderr]     Checking http v0.2.9
[INFO] [stderr]     Checking url v2.3.1
[INFO] [stderr]     Checking time v0.3.20
[INFO] [stderr]     Checking serde_urlencoded v0.7.1
[INFO] [stderr]    Compiling bytestring v1.3.0
[INFO] [stderr]    Compiling toml_datetime v0.6.1
[INFO] [stderr]    Compiling serde_spanned v0.6.1
[INFO] [stderr]    Compiling actix-router v0.5.1
[INFO] [stderr]    Compiling darling_core v0.14.4
[INFO] [stderr]     Checking foreign-types v0.3.2
[INFO] [stderr]     Checking brotli v3.3.4
[INFO] [stderr]     Checking flate2 v1.0.25
[INFO] [stderr]    Compiling parking_lot v0.11.2
[INFO] [stderr]     Checking ahash v0.8.3
[INFO] [stderr]     Checking local-channel v0.1.3
[INFO] [stderr]     Checking futures-executor v0.3.28
[INFO] [stderr]     Checking tokio-util v0.7.7
[INFO] [stderr]     Checking actix-rt v2.8.0
[INFO] [stderr]    Compiling pin-project v1.0.12
[INFO] [stderr]    Compiling openssl-macros v0.1.1
[INFO] [stderr]     Checking h2 v0.3.16
[INFO] [stderr]     Checking actix-codec v0.5.0
[INFO] [stderr]     Checking sha1 v0.10.5
[INFO] [stderr]    Compiling crossbeam-epoch v0.9.14
[INFO] [stderr]    Compiling base64 v0.21.0
[INFO] [stderr]    Compiling tokio-rustls v0.23.4
[INFO] [stderr]    Compiling unicode_categories v0.1.1
[INFO] [stderr]    Compiling crc-catalog v2.2.0
[INFO] [stderr]     Checking language-tags v0.3.2
[INFO] [stderr]    Compiling winnow v0.4.1
[INFO] [stderr]    Compiling native-tls v0.2.11
[INFO] [stderr]     Checking utf8parse v0.2.1
[INFO] [stderr]    Compiling sha2 v0.10.6
[INFO] [stderr]     Checking anstyle-parse v0.1.1
[INFO] [stderr]    Compiling rustls-pemfile v1.0.2
[INFO] [stderr]    Compiling sqlformat v0.2.1
[INFO] [stderr]    Compiling sqlx-rt v0.6.3
[INFO] [stderr]    Compiling atoi v1.0.0
[INFO] [stderr]    Compiling crc v3.0.1
[INFO] [stderr]    Compiling darling_macro v0.14.4
[INFO] [stderr]    Compiling tokio-stream v0.1.12
[INFO] [stderr]    Compiling flume v0.10.14
[INFO] [stderr]     Checking actix-server v2.2.0
[INFO] [stderr]    Compiling futures-intrusive v0.4.2
[INFO] [stderr]    Compiling toml_edit v0.19.8
[INFO] [stderr]    Compiling actix-web-codegen v4.2.0
[INFO] [stderr]    Compiling async-graphql-value v5.0.7
[INFO] [stderr]    Compiling stringprep v0.1.2
[INFO] [stderr]    Compiling webpki-roots v0.22.6
[INFO] [stderr]    Compiling actix-macros v0.2.3
[INFO] [stderr]     Checking is-terminal v0.4.6
[INFO] [stderr]    Compiling hashlink v0.8.1
[INFO] [stderr]    Compiling multer v2.1.0
[INFO] [stderr]    Compiling byteorder v1.4.3
[INFO] [stderr]    Compiling hex v0.4.3
[INFO] [stderr]     Checking concolor-override v1.0.0
[INFO] [stderr]     Checking anstyle v0.3.5
[INFO] [stderr]     Checking concolor-query v0.3.3
[INFO] [stderr]    Compiling event-listener v2.5.3
[INFO] [stderr]     Checking try-lock v0.2.4
[INFO] [stderr]    Compiling dotenvy v0.15.7
[INFO] [stderr]    Compiling Inflector v0.11.4
[INFO] [stderr]     Checking anstream v0.2.6
[INFO] [stderr]     Checking want v0.3.0
[INFO] [stderr]    Compiling proc-macro-crate v1.3.1
[INFO] [stderr]    Compiling async-graphql-parser v5.0.7
[INFO] [stderr]    Compiling darling v0.14.4
[INFO] [stderr]     Checking http-body v0.4.5
[INFO] [stderr]    Compiling actix_derive v0.6.0
[INFO] [stderr]    Compiling async-stream-impl v0.3.5
[INFO] [stderr]    Compiling num-integer v0.1.45
[INFO] [stderr]    Compiling rayon-core v1.11.0
[INFO] [stderr]     Checking ascii_utils v0.9.3
[INFO] [stderr]     Checking arrayref v0.3.7
[INFO] [stderr]     Checking fastrand v1.9.0
[INFO] [stderr]     Checking constant_time_eq v0.2.5
[INFO] [stderr]     Checking clap_lex v0.4.1
[INFO] [stderr]     Checking unicode-ident v1.0.8
[INFO] [stderr]     Checking strsim v0.10.0
[INFO] [stderr]     Checking tempfile v3.5.0
[INFO] [stderr]     Checking actix v0.13.0
[INFO] [stderr]     Checking blake2b_simd v1.0.1
[INFO] [stderr]     Checking clap_builder v4.2.1
[INFO] [stderr]     Checking async-stream v0.3.5
[INFO] [stderr]     Checking fast_chemail v0.9.6
[INFO] [stderr]     Checking ordered-multimap v0.4.3
[INFO] [stderr]     Checking hyper v0.14.25
[INFO] [stderr]     Checking crossbeam-deque v0.8.3
[INFO] [stderr]     Checking tokio-native-tls v0.3.1
[INFO] [stderr]     Checking handlebars v4.3.6
[INFO] [stderr]    Compiling clap_derive v4.2.0
[INFO] [stderr]     Checking concurrent-queue v2.1.0
[INFO] [stderr]     Checking bitmaps v2.1.0
[INFO] [stderr]    Compiling im v15.1.0
[INFO] [stderr]    Compiling unicode-xid v0.2.4
[INFO] [stderr]     Checking overload v0.1.1
[INFO] [stderr]    Compiling anyhow v1.0.70
[INFO] [stderr]     Checking rust-argon2 v1.0.0
[INFO] [stderr]     Checking sized-chunks v0.6.5
[INFO] [stderr]    Compiling const_format_proc_macros v0.2.29
[INFO] [stderr]     Checking nu-ansi-term v0.46.0
[INFO] [stderr]     Checking humantime-serde v1.1.1
[INFO] [stderr]     Checking async-channel v1.8.0
[INFO] [stderr]     Checking rust-ini v0.18.0
[INFO] [stderr]    Compiling async-graphql-derive v5.0.7
[INFO] [stderr]     Checking tracing-log v0.1.3
[INFO] [stderr]     Checking json5 v0.4.1
[INFO] [stderr]     Checking ron v0.7.1
[INFO] [stderr]     Checking toml v0.5.11
[INFO] [stderr]     Checking tracing-serde v0.1.3
[INFO] [stderr]     Checking hmac v0.12.1
[INFO] [stderr]     Checking rand_xoshiro v0.6.0
[INFO] [stderr]     Checking time v0.1.45
[INFO] [stderr]     Checking thread_local v1.1.7
[INFO] [stderr]     Checking ipnet v2.7.2
[INFO] [stderr]     Checking keccak v0.1.3
[INFO] [stderr]     Checking unsafe-libyaml v0.2.7
[INFO] [stderr]     Checking iana-time-zone v0.1.55
[INFO] [stderr]     Checking chrono v0.4.24
[INFO] [stderr]     Checking sha3 v0.10.6
[INFO] [stderr]     Checking tracing-subscriber v0.3.16
[INFO] [stderr]     Checking hyper-tls v0.5.0
[INFO] [stderr]     Checking reqwest v0.11.16
[INFO] [stderr]     Checking serde_yaml v0.9.19
[INFO] [stderr]     Checking toml v0.7.3
[INFO] [stderr]     Checking config v0.13.3
[INFO] [stderr]     Checking const_format v0.2.30
[INFO] [stderr]     Checking clap v4.2.1
[INFO] [stderr]     Checking jwt v0.16.0
[INFO] [stderr]     Checking rayon v1.7.0
[INFO] [stderr]     Checking futures v0.3.28
[INFO] [stderr]     Checking envy v0.4.2
[INFO] [stderr]     Checking uuid v1.3.0
[INFO] [stderr]    Compiling btreemap_macro v0.1.0 (/opt/rustwide/workdir/3_ecosystem/3_2_macro/btreemap_macro)
[INFO] [stderr]  Documenting step_3_5 v0.1.0 (/opt/rustwide/workdir/3_ecosystem/3_5_collections)
[INFO] [stderr]  Documenting step_3_9 v0.1.0 (/opt/rustwide/workdir/3_ecosystem/3_9_cmd_env_conf)
[INFO] [stderr]  Documenting step_3_11 v0.1.0 (/opt/rustwide/workdir/3_ecosystem/3_11_async)
[INFO] [stderr]  Documenting step_3_6 v0.1.0 (/opt/rustwide/workdir/3_ecosystem/3_6_serde)
[INFO] [stderr]  Documenting step_3_4 v0.1.0 (/opt/rustwide/workdir/3_ecosystem/3_4_regex_parsing)
[INFO] [stderr]  Documenting step_3_2 v0.1.0 (/opt/rustwide/workdir/3_ecosystem/3_2_macro)
[INFO] [stderr]  Documenting step_3_8 v0.1.0 (/opt/rustwide/workdir/3_ecosystem/3_8_log)
[INFO] [stderr]  Documenting step_3_3 v0.1.0 (/opt/rustwide/workdir/3_ecosystem/3_3_date_time)
[INFO] [stderr]  Documenting step_3_7 v0.1.0 (/opt/rustwide/workdir/3_ecosystem/3_7_rand_crypto)
[INFO] [stderr]  Documenting step_1_2 v0.1.0 (/opt/rustwide/workdir/1_concepts/1_2_box_pin)
[INFO] [stderr]  Documenting step_1_5 v0.1.0 (/opt/rustwide/workdir/1_concepts/1_5_convert_cast_deref)
[INFO] [stderr]  Documenting step_1_9 v0.1.0 (/opt/rustwide/workdir/1_concepts/1_9_phantom)
[INFO] [stderr]  Documenting step_2 v0.1.0 (/opt/rustwide/workdir/2_idioms)
[INFO] [stderr]  Documenting btreemap_macro v0.1.0 (/opt/rustwide/workdir/3_ecosystem/3_2_macro/btreemap_macro)
[INFO] [stderr]  Documenting step_1_6 v0.1.0 (/opt/rustwide/workdir/1_concepts/1_6_dispatch)
[INFO] [stderr]  Documenting step_3_10 v0.1.0 (/opt/rustwide/workdir/3_ecosystem/3_10_threads)
[INFO] [stderr]  Documenting step_2_2 v0.1.0 (/opt/rustwide/workdir/2_idioms/2_2_mem_replace)
[INFO] [stderr]  Documenting step_2_3 v0.1.0 (/opt/rustwide/workdir/2_idioms/2_3_bound_impl)
[INFO] [stderr]  Documenting step_3_1 v0.1.0 (/opt/rustwide/workdir/3_ecosystem/3_1_testing)
[INFO] [stderr]  Documenting step_1_3 v0.1.0 (/opt/rustwide/workdir/1_concepts/1_3_rc_cell)
[INFO] [stderr]  Documenting step_1_8 v0.1.0 (/opt/rustwide/workdir/1_concepts/1_8_thread_safety)
[INFO] [stderr]  Documenting step_2_1 v0.1.0 (/opt/rustwide/workdir/2_idioms/2_1_type_safety)
[INFO] [stderr]  Documenting step_2_4 v0.1.0 (/opt/rustwide/workdir/2_idioms/2_4_generic_in_type_out)
[INFO] [stderr]  Documenting step_1_7 v0.1.0 (/opt/rustwide/workdir/1_concepts/1_7_sized)
[INFO] [stderr]  Documenting step_1_4 v0.1.0 (/opt/rustwide/workdir/1_concepts/1_4_cow)
[INFO] [stderr]  Documenting step_1 v0.1.0 (/opt/rustwide/workdir/1_concepts)
[INFO] [stderr]  Documenting step_1_1 v0.1.0 (/opt/rustwide/workdir/1_concepts/1_1_default_clone_copy)
[INFO] [stderr]     Checking async-graphql v5.0.7
[INFO] [stderr]     Checking zstd v0.12.3+zstd.1.5.2
[INFO] [stderr]     Checking actix-http v3.3.1
[INFO] [stderr]     Checking actix-web v4.3.1
[INFO] [stderr]    Compiling sqlx-core v0.6.3
[INFO] [stderr]     Checking actix-web-actors v4.2.0
[INFO] [stderr]     Checking async-graphql-actix-web v5.0.7
[INFO] [stderr]    Compiling sqlx-macros v0.6.3
[INFO] [stderr]     Checking sqlx v0.6.3
[INFO] [stderr]  Documenting step_3_12 v0.1.0 (/opt/rustwide/workdir/3_ecosystem/3_12_web_db)
[INFO] [stderr]  Documenting step_3 v0.1.0 (/opt/rustwide/workdir/3_ecosystem)
[INFO] [stdout] error: error returned from database: (code: 14) unable to open database file
[INFO] [stdout]   --> 3_ecosystem/3_12_web_db/src/articles.rs:24:15
[INFO] [stdout]    |
[INFO] [stdout] 24 |     let res = sqlx::query!("SELECT * FROM articles").fetch_all(&mut conn).await.map_err(|_| error::ErrorInternalServerError(""))?;
[INFO] [stdout]    |               ^^^^^^^^^^^^^^^^^^^^^^^^^^^^^^^^^^^^^^
[INFO] [stdout]    |
[INFO] [stdout]    = note: this error originates in the macro `$crate::sqlx_macros::expand_query` which comes from the expansion of the macro `sqlx::query` (in Nightly builds, run with -Z macro-backtrace for more info)
[INFO] [stdout] 
[INFO] [stdout] 
[INFO] [stdout] error: error returned from database: (code: 14) unable to open database file
[INFO] [stdout]   --> 3_ecosystem/3_12_web_db/src/articles.rs:40:15
[INFO] [stdout]    |
[INFO] [stdout] 40 |     let res = sqlx::query!("SELECT * FROM articles WHERE id = ?", article_id).fetch_one(&mut conn).await.map_err(|_| error::ErrorInternal...
[INFO] [stdout]    |               ^^^^^^^^^^^^^^^^^^^^^^^^^^^^^^^^^^^^^^^^^^^^^^^^^^^^^^^^^^^^^^^
[INFO] [stdout]    |
[INFO] [stdout]    = note: this error originates in the macro `$crate::sqlx_macros::expand_query` which comes from the expansion of the macro `sqlx::query` (in Nightly builds, run with -Z macro-backtrace for more info)
[INFO] [stdout] 
[INFO] [stdout] 
[INFO] [stdout] error: error returned from database: (code: 14) unable to open database file
[INFO] [stdout]   --> 3_ecosystem/3_12_web_db/src/articles.rs:54:22
[INFO] [stdout]    |
[INFO] [stdout] 54 |       let article_id = sqlx::query!(
[INFO] [stdout]    |  ______________________^
[INFO] [stdout] 55 | |         "INSERT INTO articles (title, body, labels) VALUES (?, ?, ?) RETURNING id",
[INFO] [stdout] 56 | |         article.title,
[INFO] [stdout] 57 | |         article.body,
[INFO] [stdout] 58 | |         lables
[INFO] [stdout] 59 | |     ).fetch_one(&mut conn).await.map_err(|_| error::ErrorInternalServerError(""))?;
[INFO] [stdout]    | |_____^
[INFO] [stdout]    |
[INFO] [stdout]    = note: this error originates in the macro `$crate::sqlx_macros::expand_query` which comes from the expansion of the macro `sqlx::query` (in Nightly builds, run with -Z macro-backtrace for more info)
[INFO] [stdout] 
[INFO] [stdout] 
[INFO] [stdout] error: error returned from database: (code: 14) unable to open database file
[INFO] [stdout]   --> 3_ecosystem/3_12_web_db/src/articles.rs:68:5
[INFO] [stdout]    |
[INFO] [stdout] 68 |     sqlx::query!("DELETE FROM articles WHERE id = ?", article_id).execute(&mut conn).await.map_err(|_| error::ErrorInternalServerError(""...
[INFO] [stdout]    |     ^^^^^^^^^^^^^^^^^^^^^^^^^^^^^^^^^^^^^^^^^^^^^^^^^^^^^^^^^^^^^
[INFO] [stdout]    |
[INFO] [stdout]    = note: this error originates in the macro `$crate::sqlx_macros::expand_query` which comes from the expansion of the macro `sqlx::query` (in Nightly builds, run with -Z macro-backtrace for more info)
[INFO] [stdout] 
[INFO] [stdout] 
[INFO] [stdout] error: error returned from database: (code: 14) unable to open database file
[INFO] [stdout]   --> 3_ecosystem/src/auth.rs:84:24
[INFO] [stdout]    |
[INFO] [stdout] 84 |             let user = sqlx::query!("SELECT * FROM user WHERE id = ?", user_id)
[INFO] [stdout]    |                        ^^^^^^^^^^^^^^^^^^^^^^^^^^^^^^^^^^^^^^^^^^^^^^^^^^^^^^^^
[INFO] [stdout]    |
[INFO] [stdout]    = note: this error originates in the macro `$crate::sqlx_macros::expand_query` which comes from the expansion of the macro `sqlx::query` (in Nightly builds, run with -Z macro-backtrace for more info)
[INFO] [stdout] 
[INFO] [stdout] 
[INFO] [stdout] error: error returned from database: (code: 14) unable to open database file
[INFO] [stdout]   --> 3_ecosystem/src/schema.rs:30:19
[INFO] [stdout]    |
[INFO] [stdout] 30 |           let res = sqlx::query!(
[INFO] [stdout]    |  ___________________^
[INFO] [stdout] 31 | |             r#"
[INFO] [stdout] 32 | |             SELECT user.* FROM user_friends
[INFO] [stdout] 33 | |             LEFT JOIN user on user.id = user_friends.friend_id
[INFO] [stdout] ...  |
[INFO] [stdout] 36 | |             user_id
[INFO] [stdout] 37 | |         )
[INFO] [stdout]    | |_________^
[INFO] [stdout]    |
[INFO] [stdout]    = note: this error originates in the macro `$crate::sqlx_macros::expand_query` which comes from the expansion of the macro `sqlx::query` (in Nightly builds, run with -Z macro-backtrace for more info)
[INFO] [stdout] 
[INFO] [stdout] 
[INFO] [stdout] error: error returned from database: (code: 14) unable to open database file
[INFO] [stdout]   --> 3_ecosystem/src/schema.rs:61:19
[INFO] [stdout]    |
[INFO] [stdout] 61 |         let res = sqlx::query!("SELECT * FROM user WHERE id = ?", user_id)
[INFO] [stdout]    |                   ^^^^^^^^^^^^^^^^^^^^^^^^^^^^^^^^^^^^^^^^^^^^^^^^^^^^^^^^
[INFO] [stdout]    |
[INFO] [stdout]    = note: this error originates in the macro `$crate::sqlx_macros::expand_query` which comes from the expansion of the macro `sqlx::query` (in Nightly builds, run with -Z macro-backtrace for more info)
[INFO] [stdout] 
[INFO] [stdout] 
[INFO] [stdout] error: aborting due to 4 previous errors
[INFO] [stdout] 
[INFO] [stdout] 
[INFO] [stderr] error: could not document `step_3_12`
[INFO] [stderr] 
[INFO] [stderr] Caused by:
[INFO] [stderr]   process didn't exit successfully: `/opt/rustwide/rustup-home/toolchains/1.75.0-x86_64-unknown-linux-gnu/bin/rustdoc --edition=2021 --crate-type bin --crate-name step_3_12 3_ecosystem/3_12_web_db/src/main.rs -o /opt/rustwide/target/doc --error-format=json --json=diagnostic-rendered-ansi,artifacts,future-incompat --document-private-items '-Arustdoc::private-intra-doc-links' -C metadata=f089b9c2f0869108 -L dependency=/opt/rustwide/target/debug/deps --extern actix_web=/opt/rustwide/target/debug/deps/libactix_web-b91f3d124a2a41af.rmeta --extern anyhow=/opt/rustwide/target/debug/deps/libanyhow-cbf20e8dc8e522e1.rmeta --extern dotenvy=/opt/rustwide/target/debug/deps/libdotenvy-410c71b8d9bcdf70.rmeta --extern serde=/opt/rustwide/target/debug/deps/libserde-b38daf8e8c5b9636.rmeta --extern serde_json=/opt/rustwide/target/debug/deps/libserde_json-e17d799a40316f4f.rmeta --extern sqlx=/opt/rustwide/target/debug/deps/libsqlx-bb9daf112dda1045.rmeta --cap-lints=warn --crate-version 0.1.0` (exit status: 1)
[INFO] [stderr] warning: build failed, waiting for other jobs to finish...
[INFO] [stdout] error: error returned from database: (code: 14) unable to open database file
[INFO] [stdout]   --> 3_ecosystem/src/schema.rs:86:9
[INFO] [stdout]    |
[INFO] [stdout] 86 | /         sqlx::query!(
[INFO] [stdout] 87 | |             "INSERT INTO user (name, pwd_hash) VALUES (?, ?) RETURNING id",
[INFO] [stdout] 88 | |             user_name,
[INFO] [stdout] 89 | |             pw_hash
[INFO] [stdout] 90 | |         )
[INFO] [stdout]    | |_________^
[INFO] [stdout]    |
[INFO] [stdout]    = note: this error originates in the macro `$crate::sqlx_macros::expand_query` which comes from the expansion of the macro `sqlx::query` (in Nightly builds, run with -Z macro-backtrace for more info)
[INFO] [stdout] 
[INFO] [stdout] 
[INFO] [stdout] error: error returned from database: (code: 14) unable to open database file
[INFO] [stdout]    --> 3_ecosystem/src/schema.rs:105:20
[INFO] [stdout]     |
[INFO] [stdout] 105 |         let user = sqlx::query!("SELECT * FROM user WHERE name = ?", user_name)
[INFO] [stdout]     |                    ^^^^^^^^^^^^^^^^^^^^^^^^^^^^^^^^^^^^^^^^^^^^^^^^^^^^^^^^^^^^
[INFO] [stdout]     |
[INFO] [stdout]     = note: this error originates in the macro `$crate::sqlx_macros::expand_query` which comes from the expansion of the macro `sqlx::query` (in Nightly builds, run with -Z macro-backtrace for more info)
[INFO] [stdout] 
[INFO] [stdout] 
[INFO] [stdout] error: error returned from database: (code: 14) unable to open database file
[INFO] [stdout]    --> 3_ecosystem/src/schema.rs:123:9
[INFO] [stdout]     |
[INFO] [stdout] 123 | /         sqlx::query!(
[INFO] [stdout] 124 | |             "INSERT INTO user_friends VALUES (?, ?)",
[INFO] [stdout] 125 | |             user_id,
[INFO] [stdout] 126 | |             new_friend_id
[INFO] [stdout] 127 | |         )
[INFO] [stdout]     | |_________^
[INFO] [stdout]     |
[INFO] [stdout]     = note: this error originates in the macro `$crate::sqlx_macros::expand_query` which comes from the expansion of the macro `sqlx::query` (in Nightly builds, run with -Z macro-backtrace for more info)
[INFO] [stdout] 
[INFO] [stdout] 
[INFO] [stdout] error: error returned from database: (code: 14) unable to open database file
[INFO] [stdout]    --> 3_ecosystem/src/schema.rs:139:9
[INFO] [stdout]     |
[INFO] [stdout] 139 | /         sqlx::query!(
[INFO] [stdout] 140 | |             "DELETE FROM user_friends WHERE user_id = ? AND friend_id = ?",
[INFO] [stdout] 141 | |             user_id,
[INFO] [stdout] 142 | |             new_friend_id
[INFO] [stdout] 143 | |         )
[INFO] [stdout]     | |_________^
[INFO] [stdout]     |
[INFO] [stdout]     = note: this error originates in the macro `$crate::sqlx_macros::expand_query` which comes from the expansion of the macro `sqlx::query` (in Nightly builds, run with -Z macro-backtrace for more info)
[INFO] [stdout] 
[INFO] [stdout] 
[INFO] [stdout] error: aborting due to 7 previous errors
[INFO] [stdout] 
[INFO] [stdout] 
[INFO] [stderr] error: could not document `step_3`
[INFO] [stderr] 
[INFO] [stderr] Caused by:
[INFO] [stderr]   process didn't exit successfully: `/opt/rustwide/rustup-home/toolchains/1.75.0-x86_64-unknown-linux-gnu/bin/rustdoc --edition=2021 --crate-type bin --crate-name step_3 3_ecosystem/src/main.rs -o /opt/rustwide/target/doc --error-format=json --json=diagnostic-rendered-ansi,artifacts,future-incompat --document-private-items '-Arustdoc::private-intra-doc-links' -C metadata=be16215e8c64467e -L dependency=/opt/rustwide/target/debug/deps --extern actix_web=/opt/rustwide/target/debug/deps/libactix_web-b91f3d124a2a41af.rmeta --extern async_graphql=/opt/rustwide/target/debug/deps/libasync_graphql-100f6f816619fa3b.rmeta --extern async_graphql_actix_web=/opt/rustwide/target/debug/deps/libasync_graphql_actix_web-2f320ba305a4c3e2.rmeta --extern async_trait=/opt/rustwide/target/debug/deps/libasync_trait-360d5ffbe954e9d6.so --extern dotenvy=/opt/rustwide/target/debug/deps/libdotenvy-410c71b8d9bcdf70.rmeta --extern hmac=/opt/rustwide/target/debug/deps/libhmac-4cd03762407c2463.rmeta --extern jwt=/opt/rustwide/target/debug/deps/libjwt-800d3918dd9f556a.rmeta --extern rand=/opt/rustwide/target/debug/deps/librand-191cc60e55f44e2c.rmeta --extern rand_chacha=/opt/rustwide/target/debug/deps/librand_chacha-2e40adffcf15454d.rmeta --extern argon2=/opt/rustwide/target/debug/deps/libargon2-6cb7bb8095811522.rmeta --extern serde=/opt/rustwide/target/debug/deps/libserde-b38daf8e8c5b9636.rmeta --extern serde_json=/opt/rustwide/target/debug/deps/libserde_json-e17d799a40316f4f.rmeta --extern sha2=/opt/rustwide/target/debug/deps/libsha2-fd7b039b3afd9185.rmeta --extern sqlx=/opt/rustwide/target/debug/deps/libsqlx-bb9daf112dda1045.rmeta --extern time=/opt/rustwide/target/debug/deps/libtime-215bf98d9bf5a1d0.rmeta --cap-lints=warn --crate-version 0.1.0` (exit status: 1)
[INFO] running `Command { std: "docker" "inspect" "c7996cbab47efa749add2a3e925e06fc047f195c6b5eedaee7e5e93fbf5bae10", kill_on_drop: false }`
[INFO] running `Command { std: "docker" "rm" "-f" "c7996cbab47efa749add2a3e925e06fc047f195c6b5eedaee7e5e93fbf5bae10", kill_on_drop: false }`
[INFO] [stdout] c7996cbab47efa749add2a3e925e06fc047f195c6b5eedaee7e5e93fbf5bae10
[INFO] documenting Hybridlo/my-rust-incubator against beta-2023-12-22 for beta-1.76-rustdoc-1
[INFO] running `Command { std: "git" "clone" "/workspace/cache/git-repos/https%3A%2F%2Fgithub.com%2FHybridlo%2Fmy-rust-incubator" "/workspace/builds/worker-7-tc2/source", kill_on_drop: false }`
[INFO] [stderr] Cloning into '/workspace/builds/worker-7-tc2/source'...
[INFO] [stderr] done.
[INFO] validating manifest of git repo https://github.com/Hybridlo/my-rust-incubator on toolchain beta-2023-12-22
[INFO] running `Command { std: CARGO_HOME="/workspace/cargo-home" RUSTUP_HOME="/workspace/rustup-home" "/workspace/cargo-home/bin/cargo" "+beta-2023-12-22" "metadata" "--manifest-path" "Cargo.toml" "--no-deps", kill_on_drop: false }`
[INFO] started tweaking git repo https://github.com/Hybridlo/my-rust-incubator
[INFO] finished tweaking git repo https://github.com/Hybridlo/my-rust-incubator
[INFO] tweaked toml for git repo https://github.com/Hybridlo/my-rust-incubator written to /workspace/builds/worker-7-tc2/source/Cargo.toml
[INFO] crate git repo https://github.com/Hybridlo/my-rust-incubator already has a lockfile, it will not be regenerated
[INFO] running `Command { std: CARGO_HOME="/workspace/cargo-home" RUSTUP_HOME="/workspace/rustup-home" "/workspace/cargo-home/bin/cargo" "+beta-2023-12-22" "fetch" "--manifest-path" "Cargo.toml", kill_on_drop: false }`
[INFO] [stderr] warning: virtual workspace defaulting to `resolver = "1"` despite one or more workspace members being on edition 2021 which implies `resolver = "2"`
[INFO] [stderr] note: to keep the current resolver, specify `workspace.resolver = "1"` in the workspace root's manifest
[INFO] [stderr] note: to use the edition 2021 resolver, specify `workspace.resolver = "2"` in the workspace root's manifest
[INFO] [stderr] note: for more details see https://doc.rust-lang.org/cargo/reference/resolver.html#resolver-versions
[INFO] [stderr]     Blocking waiting for file lock on package cache
[INFO] [stderr]     Blocking waiting for file lock on package cache
[INFO] running `Command { std: "docker" "create" "-v" "/var/lib/crater-agent-workspace/builds/worker-7-tc2/target:/opt/rustwide/target:rw,Z" "-v" "/var/lib/crater-agent-workspace/builds/worker-7-tc2/source:/opt/rustwide/workdir:ro,Z" "-v" "/var/lib/crater-agent-workspace/cargo-home:/opt/rustwide/cargo-home:ro,Z" "-v" "/var/lib/crater-agent-workspace/rustup-home:/opt/rustwide/rustup-home:ro,Z" "-e" "SOURCE_DIR=/opt/rustwide/workdir" "-e" "CARGO_TARGET_DIR=/opt/rustwide/target" "-e" "CARGO_HOME=/opt/rustwide/cargo-home" "-e" "RUSTUP_HOME=/opt/rustwide/rustup-home" "-w" "/opt/rustwide/workdir" "-m" "1610612736" "--user" "0:0" "--network" "none" "ghcr.io/rust-lang/crates-build-env/linux@sha256:2788e3201cd34a07e3172128adcd8b3090168a8e3bcc40d7c032b9dda1df7d1c" "/opt/rustwide/cargo-home/bin/cargo" "+beta-2023-12-22" "metadata" "--no-deps" "--format-version=1", kill_on_drop: false }`
[INFO] [stdout] af7c1ba84d952c9fd5f9ea674552191020a9a08d234ddebe851440ca084312bb
[INFO] running `Command { std: "docker" "start" "-a" "af7c1ba84d952c9fd5f9ea674552191020a9a08d234ddebe851440ca084312bb", kill_on_drop: false }`
[INFO] running `Command { std: "docker" "inspect" "af7c1ba84d952c9fd5f9ea674552191020a9a08d234ddebe851440ca084312bb", kill_on_drop: false }`
[INFO] running `Command { std: "docker" "rm" "-f" "af7c1ba84d952c9fd5f9ea674552191020a9a08d234ddebe851440ca084312bb", kill_on_drop: false }`
[INFO] [stdout] af7c1ba84d952c9fd5f9ea674552191020a9a08d234ddebe851440ca084312bb
[INFO] running `Command { std: "docker" "create" "-v" "/var/lib/crater-agent-workspace/builds/worker-7-tc2/target:/opt/rustwide/target:rw,Z" "-v" "/var/lib/crater-agent-workspace/builds/worker-7-tc2/source:/opt/rustwide/workdir:ro,Z" "-v" "/var/lib/crater-agent-workspace/cargo-home:/opt/rustwide/cargo-home:ro,Z" "-v" "/var/lib/crater-agent-workspace/rustup-home:/opt/rustwide/rustup-home:ro,Z" "-e" "SOURCE_DIR=/opt/rustwide/workdir" "-e" "CARGO_TARGET_DIR=/opt/rustwide/target" "-e" "CARGO_INCREMENTAL=0" "-e" "RUST_BACKTRACE=full" "-e" "RUSTFLAGS=--cap-lints=warn" "-e" "RUSTDOCFLAGS=--cap-lints=warn" "-e" "CARGO_HOME=/opt/rustwide/cargo-home" "-e" "RUSTUP_HOME=/opt/rustwide/rustup-home" "-w" "/opt/rustwide/workdir" "-m" "1610612736" "--user" "0:0" "--network" "none" "ghcr.io/rust-lang/crates-build-env/linux@sha256:2788e3201cd34a07e3172128adcd8b3090168a8e3bcc40d7c032b9dda1df7d1c" "/opt/rustwide/cargo-home/bin/cargo" "+beta-2023-12-22" "doc" "--frozen" "--no-deps" "--document-private-items" "--message-format=json", kill_on_drop: false }`
[INFO] [stdout] 591167c732f30fb7dc9e658c6aaf06d3ab7ca4d1663f054ab196e266ce8afb86
[INFO] running `Command { std: "docker" "start" "-a" "591167c732f30fb7dc9e658c6aaf06d3ab7ca4d1663f054ab196e266ce8afb86", kill_on_drop: false }`
[INFO] [stderr] warning: virtual workspace defaulting to `resolver = "1"` despite one or more workspace members being on edition 2021 which implies `resolver = "2"`
[INFO] [stderr] note: to keep the current resolver, specify `workspace.resolver = "1"` in the workspace root's manifest
[INFO] [stderr] note: to use the edition 2021 resolver, specify `workspace.resolver = "2"` in the workspace root's manifest
[INFO] [stderr] note: for more details see https://doc.rust-lang.org/cargo/reference/resolver.html#resolver-versions
[INFO] [stderr]    Compiling proc-macro2 v1.0.54
[INFO] [stderr]    Compiling libc v0.2.140
[INFO] [stderr]    Compiling serde_derive v1.0.159
[INFO] [stderr]    Compiling serde v1.0.159
[INFO] [stderr]     Checking once_cell v1.17.1
[INFO] [stderr]    Compiling lock_api v0.4.9
[INFO] [stderr]    Compiling futures-core v0.3.28
[INFO] [stderr]    Compiling syn v1.0.109
[INFO] [stderr]    Compiling ahash v0.7.6
[INFO] [stderr]    Compiling parking_lot_core v0.9.7
[INFO] [stderr]    Compiling tokio v1.27.0
[INFO] [stderr]     Checking smallvec v1.10.0
[INFO] [stderr]    Compiling pkg-config v0.3.26
[INFO] [stderr]    Compiling indexmap v1.9.3
[INFO] [stderr]    Compiling slab v0.4.8
[INFO] [stderr]    Compiling futures-channel v0.3.28
[INFO] [stderr]    Compiling futures-task v0.3.28
[INFO] [stderr]    Compiling futures-util v0.3.28
[INFO] [stderr]    Compiling generic-array v0.14.7
[INFO] [stderr]     Checking futures-sink v0.3.28
[INFO] [stderr]    Compiling thiserror v1.0.40
[INFO] [stderr]    Compiling crossbeam-utils v0.8.15
[INFO] [stderr]    Compiling quote v1.0.26
[INFO] [stderr]    Compiling syn v2.0.12
[INFO] [stderr]     Checking tracing-core v0.1.30
[INFO] [stderr]    Compiling serde_json v1.0.95
[INFO] [stderr]     Checking futures-io v0.3.28
[INFO] [stderr]     Checking percent-encoding v2.2.0
[INFO] [stderr]    Compiling num-traits v0.2.15
[INFO] [stderr]    Compiling jobserver v0.1.26
[INFO] [stderr]     Checking getrandom v0.2.8
[INFO] [stderr]     Checking num_cpus v1.15.0
[INFO] [stderr]     Checking socket2 v0.4.9
[INFO] [stderr]     Checking signal-hook-registry v1.4.1
[INFO] [stderr]    Compiling cc v1.0.79
[INFO] [stderr]     Checking parking_lot v0.12.1
[INFO] [stderr]     Checking mio v0.8.6
[INFO] [stderr]    Compiling itoa v1.0.6
[INFO] [stderr]     Checking tinyvec_macros v0.1.1
[INFO] [stderr]     Checking hashbrown v0.12.3
[INFO] [stderr]     Checking tinyvec v1.6.0
[INFO] [stderr]     Checking crypto-common v0.1.6
[INFO] [stderr]     Checking block-buffer v0.10.4
[INFO] [stderr]     Checking rand_core v0.6.4
[INFO] [stderr]     Checking subtle v2.4.1
[INFO] [stderr]     Checking digest v0.10.6
[INFO] [stderr]     Checking form_urlencoded v1.1.0
[INFO] [stderr]    Compiling ucd-trie v0.1.5
[INFO] [stderr]    Compiling paste v1.0.12
[INFO] [stderr]     Checking unicode-bidi v0.3.13
[INFO] [stderr]     Checking unicode-normalization v0.1.22
[INFO] [stderr]    Compiling rustls v0.20.8
[INFO] [stderr]    Compiling io-lifetimes v1.0.9
[INFO] [stderr]    Compiling parking_lot_core v0.8.6
[INFO] [stderr]    Compiling ring v0.16.20
[INFO] [stderr]     Checking idna v0.3.0
[INFO] [stderr]    Compiling spin v0.5.2
[INFO] [stderr]    Compiling untrusted v0.7.1
[INFO] [stderr]    Compiling rustix v0.37.6
[INFO] [stderr]     Checking rand_chacha v0.3.1
[INFO] [stderr]    Compiling zstd-sys v2.0.8+zstd.1.5.5
[INFO] [stderr]    Compiling aho-corasick v0.7.20
[INFO] [stderr]     Checking linux-raw-sys v0.3.1
[INFO] [stderr]     Checking cpufeatures v0.2.6
[INFO] [stderr]    Compiling regex-syntax v0.6.29
[INFO] [stderr]    Compiling time-core v0.1.0
[INFO] [stderr]    Compiling time-macros v0.2.8
[INFO] [stderr]     Checking rand v0.8.5
[INFO] [stderr]    Compiling openssl-sys v0.9.84
[INFO] [stderr]    Compiling regex v1.7.3
[INFO] [stderr]    Compiling tokio-macros v2.0.0
[INFO] [stderr]    Compiling futures-macro v0.3.28
[INFO] [stderr]    Compiling thiserror-impl v1.0.40
[INFO] [stderr]    Compiling typenum v1.16.0
[INFO] [stderr]     Checking encoding_rs v0.8.32
[INFO] [stderr]     Checking httpdate v1.0.2
[INFO] [stderr]     Checking mime v0.3.17
[INFO] [stderr]    Compiling vcpkg v0.2.15
[INFO] [stderr]    Compiling tracing-attributes v0.1.23
[INFO] [stderr]    Compiling pest v2.5.7
[INFO] [stderr]    Compiling pin-project-internal v1.0.12
[INFO] [stderr]    Compiling libsqlite3-sys v0.24.2
[INFO] [stderr]    Compiling webpki v0.22.0
[INFO] [stderr]    Compiling pest_meta v2.5.7
[INFO] [stderr]     Checking alloc-no-stdlib v2.0.4
[INFO] [stderr]     Checking local-waker v0.1.3
[INFO] [stderr]    Compiling zstd-safe v6.0.5+zstd.1.5.4
[INFO] [stderr]     Checking tracing v0.1.37
[INFO] [stderr]    Compiling crossbeam-queue v0.3.8
[INFO] [stderr]    Compiling heck v0.4.1
[INFO] [stderr]     Checking alloc-stdlib v0.2.2
[INFO] [stderr]    Compiling sct v0.7.0
[INFO] [stderr]    Compiling pest_generator v2.5.7
[INFO] [stderr]     Checking spin v0.9.8
[INFO] [stderr]    Compiling instant v0.1.12
[INFO] [stderr]     Checking either v1.8.1
[INFO] [stderr]     Checking miniz_oxide v0.6.2
[INFO] [stderr]     Checking nom v7.1.3
[INFO] [stderr]     Checking brotli-decompressor v2.3.4
[INFO] [stderr]     Checking actix-utils v3.0.1
[INFO] [stderr]     Checking actix-service v2.0.2
[INFO] [stderr]     Checking crossbeam-channel v0.5.7
[INFO] [stderr]    Compiling pest_derive v2.5.7
[INFO] [stderr]    Compiling cookie v0.16.2
[INFO] [stderr]    Compiling memoffset v0.8.0
[INFO] [stderr]    Compiling ryu v1.0.13
[INFO] [stderr]    Compiling async-trait v0.1.68
[INFO] [stderr]    Compiling openssl v0.10.49
[INFO] [stderr]    Compiling minimal-lexical v0.2.1
[INFO] [stderr]     Checking foreign-types-shared v0.1.1
[INFO] [stderr]    Compiling darling_core v0.14.4
[INFO] [stderr]     Checking foreign-types v0.3.2
[INFO] [stderr]    Compiling itertools v0.10.5
[INFO] [stderr]     Checking bytes v1.4.0
[INFO] [stderr]     Checking url v2.3.1
[INFO] [stderr]     Checking http v0.2.9
[INFO] [stderr]     Checking time v0.3.20
[INFO] [stderr]     Checking serde_urlencoded v0.7.1
[INFO] [stderr]     Checking bytestring v1.3.0
[INFO] [stderr]    Compiling toml_datetime v0.6.1
[INFO] [stderr]    Compiling serde_spanned v0.6.1
[INFO] [stderr]    Compiling derive_more v0.99.17
[INFO] [stderr]     Checking brotli v3.3.4
[INFO] [stderr]     Checking flate2 v1.0.25
[INFO] [stderr]    Compiling actix-router v0.5.1
[INFO] [stderr]    Compiling parking_lot v0.11.2
[INFO] [stderr]     Checking ahash v0.8.3
[INFO] [stderr]     Checking tokio-util v0.7.7
[INFO] [stderr]     Checking actix-rt v2.8.0
[INFO] [stderr]     Checking local-channel v0.1.3
[INFO] [stderr]     Checking pin-project v1.0.12
[INFO] [stderr]     Checking futures-executor v0.3.28
[INFO] [stderr]     Checking h2 v0.3.16
[INFO] [stderr]     Checking actix-codec v0.5.0
[INFO] [stderr]    Compiling openssl-macros v0.1.1
[INFO] [stderr]     Checking sha1 v0.10.5
[INFO] [stderr]    Compiling crossbeam-epoch v0.9.14
[INFO] [stderr]    Compiling unicode_categories v0.1.1
[INFO] [stderr]    Compiling winnow v0.4.1
[INFO] [stderr]     Checking language-tags v0.3.2
[INFO] [stderr]    Compiling native-tls v0.2.11
[INFO] [stderr]    Compiling crc-catalog v2.2.0
[INFO] [stderr]    Compiling base64 v0.21.0
[INFO] [stderr]     Checking utf8parse v0.2.1
[INFO] [stderr]     Checking anstyle-parse v0.1.1
[INFO] [stderr]    Compiling tokio-rustls v0.23.4
[INFO] [stderr]    Compiling rustls-pemfile v1.0.2
[INFO] [stderr]    Compiling tokio-stream v0.1.12
[INFO] [stderr]    Compiling sqlx-rt v0.6.3
[INFO] [stderr]    Compiling sha2 v0.10.6
[INFO] [stderr]    Compiling crc v3.0.1
[INFO] [stderr]    Compiling atoi v1.0.0
[INFO] [stderr]    Compiling sqlformat v0.2.1
[INFO] [stderr]    Compiling flume v0.10.14
[INFO] [stderr]    Compiling toml_edit v0.19.8
[INFO] [stderr]    Compiling actix-web-codegen v4.2.0
[INFO] [stderr]     Checking actix-server v2.2.0
[INFO] [stderr]    Compiling futures-intrusive v0.4.2
[INFO] [stderr]    Compiling darling_macro v0.14.4
[INFO] [stderr]    Compiling async-graphql-value v5.0.7
[INFO] [stderr]    Compiling stringprep v0.1.2
[INFO] [stderr]    Compiling webpki-roots v0.22.6
[INFO] [stderr]    Compiling actix-macros v0.2.3
[INFO] [stderr]     Checking is-terminal v0.4.6
[INFO] [stderr]    Compiling hashlink v0.8.1
[INFO] [stderr]    Compiling multer v2.1.0
[INFO] [stderr]    Compiling dotenvy v0.15.7
[INFO] [stderr]     Checking try-lock v0.2.4
[INFO] [stderr]     Checking concolor-query v0.3.3
[INFO] [stderr]     Checking concolor-override v1.0.0
[INFO] [stderr]    Compiling event-listener v2.5.3
[INFO] [stderr]    Compiling hex v0.4.3
[INFO] [stderr]    Compiling byteorder v1.4.3
[INFO] [stderr]     Checking anstyle v0.3.5
[INFO] [stderr]     Checking anstream v0.2.6
[INFO] [stderr]    Compiling Inflector v0.11.4
[INFO] [stderr]     Checking want v0.3.0
[INFO] [stderr]    Compiling darling v0.14.4
[INFO] [stderr]    Compiling proc-macro-crate v1.3.1
[INFO] [stderr]    Compiling async-graphql-parser v5.0.7
[INFO] [stderr]     Checking http-body v0.4.5
[INFO] [stderr]    Compiling actix_derive v0.6.0
[INFO] [stderr]    Compiling async-stream-impl v0.3.5
[INFO] [stderr]    Compiling num-integer v0.1.45
[INFO] [stderr]     Checking arrayref v0.3.7
[INFO] [stderr]     Checking unicode-ident v1.0.8
[INFO] [stderr]     Checking clap_lex v0.4.1
[INFO] [stderr]     Checking ascii_utils v0.9.3
[INFO] [stderr]     Checking fastrand v1.9.0
[INFO] [stderr]     Checking constant_time_eq v0.2.5
[INFO] [stderr]    Compiling rayon-core v1.11.0
[INFO] [stderr]     Checking strsim v0.10.0
[INFO] [stderr]     Checking blake2b_simd v1.0.1
[INFO] [stderr]     Checking tempfile v3.5.0
[INFO] [stderr]     Checking fast_chemail v0.9.6
[INFO] [stderr]     Checking clap_builder v4.2.1
[INFO] [stderr]     Checking ordered-multimap v0.4.3
[INFO] [stderr]     Checking actix v0.13.0
[INFO] [stderr]     Checking hyper v0.14.25
[INFO] [stderr]     Checking async-stream v0.3.5
[INFO] [stderr]     Checking crossbeam-deque v0.8.3
[INFO] [stderr]     Checking tokio-native-tls v0.3.1
[INFO] [stderr]     Checking handlebars v4.3.6
[INFO] [stderr]    Compiling clap_derive v4.2.0
[INFO] [stderr]     Checking concurrent-queue v2.1.0
[INFO] [stderr]     Checking bitmaps v2.1.0
[INFO] [stderr]    Compiling im v15.1.0
[INFO] [stderr]    Compiling anyhow v1.0.70
[INFO] [stderr]    Compiling unicode-xid v0.2.4
[INFO] [stderr]     Checking overload v0.1.1
[INFO] [stderr]     Checking nu-ansi-term v0.46.0
[INFO] [stderr]     Checking sized-chunks v0.6.5
[INFO] [stderr]     Checking rust-argon2 v1.0.0
[INFO] [stderr]    Compiling const_format_proc_macros v0.2.29
[INFO] [stderr]     Checking humantime-serde v1.1.1
[INFO] [stderr]     Checking async-channel v1.8.0
[INFO] [stderr]     Checking rust-ini v0.18.0
[INFO] [stderr]     Checking tracing-log v0.1.3
[INFO] [stderr]    Compiling async-graphql-derive v5.0.7
[INFO] [stderr]     Checking ron v0.7.1
[INFO] [stderr]     Checking toml v0.5.11
[INFO] [stderr]     Checking tracing-serde v0.1.3
[INFO] [stderr]     Checking json5 v0.4.1
[INFO] [stderr]     Checking hmac v0.12.1
[INFO] [stderr]     Checking rand_xoshiro v0.6.0
[INFO] [stderr]     Checking time v0.1.45
[INFO] [stderr]     Checking thread_local v1.1.7
[INFO] [stderr]     Checking keccak v0.1.3
[INFO] [stderr]     Checking unsafe-libyaml v0.2.7
[INFO] [stderr]     Checking iana-time-zone v0.1.55
[INFO] [stderr]     Checking ipnet v2.7.2
[INFO] [stderr]     Checking chrono v0.4.24
[INFO] [stderr]     Checking hyper-tls v0.5.0
[INFO] [stderr]     Checking sha3 v0.10.6
[INFO] [stderr]     Checking config v0.13.3
[INFO] [stderr]     Checking reqwest v0.11.16
[INFO] [stderr]     Checking tracing-subscriber v0.3.16
[INFO] [stderr]     Checking serde_yaml v0.9.19
[INFO] [stderr]     Checking jwt v0.16.0
[INFO] [stderr]     Checking toml v0.7.3
[INFO] [stderr]     Checking clap v4.2.1
[INFO] [stderr]     Checking const_format v0.2.30
[INFO] [stderr]     Checking rayon v1.7.0
[INFO] [stderr]     Checking futures v0.3.28
[INFO] [stderr]     Checking uuid v1.3.0
[INFO] [stderr]     Checking envy v0.4.2
[INFO] [stderr]    Compiling btreemap_macro v0.1.0 (/opt/rustwide/workdir/3_ecosystem/3_2_macro/btreemap_macro)
[INFO] [stderr]  Documenting step_3_8 v0.1.0 (/opt/rustwide/workdir/3_ecosystem/3_8_log)
[INFO] [stderr]  Documenting step_3_9 v0.1.0 (/opt/rustwide/workdir/3_ecosystem/3_9_cmd_env_conf)
[INFO] [stderr]  Documenting step_3_6 v0.1.0 (/opt/rustwide/workdir/3_ecosystem/3_6_serde)
[INFO] [stderr]  Documenting step_3_5 v0.1.0 (/opt/rustwide/workdir/3_ecosystem/3_5_collections)
[INFO] [stderr]  Documenting step_3_11 v0.1.0 (/opt/rustwide/workdir/3_ecosystem/3_11_async)
[INFO] [stderr]  Documenting step_3_2 v0.1.0 (/opt/rustwide/workdir/3_ecosystem/3_2_macro)
[INFO] [stderr]  Documenting step_3_4 v0.1.0 (/opt/rustwide/workdir/3_ecosystem/3_4_regex_parsing)
[INFO] [stderr]  Documenting step_3_3 v0.1.0 (/opt/rustwide/workdir/3_ecosystem/3_3_date_time)
[INFO] [stderr]  Documenting step_3_7 v0.1.0 (/opt/rustwide/workdir/3_ecosystem/3_7_rand_crypto)
[INFO] [stderr]  Documenting step_1_2 v0.1.0 (/opt/rustwide/workdir/1_concepts/1_2_box_pin)
[INFO] [stderr]  Documenting step_1_9 v0.1.0 (/opt/rustwide/workdir/1_concepts/1_9_phantom)
[INFO] [stderr]  Documenting btreemap_macro v0.1.0 (/opt/rustwide/workdir/3_ecosystem/3_2_macro/btreemap_macro)
[INFO] [stderr]  Documenting step_1_5 v0.1.0 (/opt/rustwide/workdir/1_concepts/1_5_convert_cast_deref)
[INFO] [stderr]  Documenting step_1 v0.1.0 (/opt/rustwide/workdir/1_concepts)
[INFO] [stderr]  Documenting step_3_10 v0.1.0 (/opt/rustwide/workdir/3_ecosystem/3_10_threads)
[INFO] [stderr]  Documenting step_2_4 v0.1.0 (/opt/rustwide/workdir/2_idioms/2_4_generic_in_type_out)
[INFO] [stderr]  Documenting step_1_1 v0.1.0 (/opt/rustwide/workdir/1_concepts/1_1_default_clone_copy)
[INFO] [stderr]  Documenting step_2_1 v0.1.0 (/opt/rustwide/workdir/2_idioms/2_1_type_safety)
[INFO] [stderr]  Documenting step_1_4 v0.1.0 (/opt/rustwide/workdir/1_concepts/1_4_cow)
[INFO] [stderr]  Documenting step_1_8 v0.1.0 (/opt/rustwide/workdir/1_concepts/1_8_thread_safety)
[INFO] [stderr]  Documenting step_2_3 v0.1.0 (/opt/rustwide/workdir/2_idioms/2_3_bound_impl)
[INFO] [stderr]  Documenting step_3_1 v0.1.0 (/opt/rustwide/workdir/3_ecosystem/3_1_testing)
[INFO] [stderr]  Documenting step_1_7 v0.1.0 (/opt/rustwide/workdir/1_concepts/1_7_sized)
[INFO] [stderr]  Documenting step_2_2 v0.1.0 (/opt/rustwide/workdir/2_idioms/2_2_mem_replace)
[INFO] [stderr]  Documenting step_1_6 v0.1.0 (/opt/rustwide/workdir/1_concepts/1_6_dispatch)
[INFO] [stderr]  Documenting step_2 v0.1.0 (/opt/rustwide/workdir/2_idioms)
[INFO] [stderr]  Documenting step_1_3 v0.1.0 (/opt/rustwide/workdir/1_concepts/1_3_rc_cell)
[INFO] [stderr]     Checking async-graphql v5.0.7
[INFO] [stderr]     Checking zstd v0.12.3+zstd.1.5.2
[INFO] [stderr]     Checking actix-http v3.3.1
[INFO] [stderr]     Checking actix-web v4.3.1
[INFO] [stderr]    Compiling sqlx-core v0.6.3
[INFO] [stderr]     Checking actix-web-actors v4.2.0
[INFO] [stderr]     Checking async-graphql-actix-web v5.0.7
[INFO] [stderr]    Compiling sqlx-macros v0.6.3
[INFO] [stderr]     Checking sqlx v0.6.3
[INFO] [stderr]  Documenting step_3_12 v0.1.0 (/opt/rustwide/workdir/3_ecosystem/3_12_web_db)
[INFO] [stderr]  Documenting step_3 v0.1.0 (/opt/rustwide/workdir/3_ecosystem)
[INFO] [stdout] error: error returned from database: (code: 14) unable to open database file
[INFO] [stdout]   --> 3_ecosystem/3_12_web_db/src/articles.rs:24:15
[INFO] [stdout]    |
[INFO] [stdout] 24 |     let res = sqlx::query!("SELECT * FROM articles").fetch_all(&mut conn).await.map_err(|_| error::ErrorInternalServerError(""))?;
[INFO] [stdout]    |               ^^^^^^^^^^^^^^^^^^^^^^^^^^^^^^^^^^^^^^
[INFO] [stdout]    |
[INFO] [stdout]    = note: this error originates in the macro `$crate::sqlx_macros::expand_query` which comes from the expansion of the macro `sqlx::query` (in Nightly builds, run with -Z macro-backtrace for more info)
[INFO] [stdout] 
[INFO] [stdout] 
[INFO] [stdout] error: error returned from database: (code: 14) unable to open database file
[INFO] [stdout]   --> 3_ecosystem/3_12_web_db/src/articles.rs:40:15
[INFO] [stdout]    |
[INFO] [stdout] 40 |     let res = sqlx::query!("SELECT * FROM articles WHERE id = ?", article_id).fetch_one(&mut conn).await.map_err(|_| error::ErrorInternal...
[INFO] [stdout]    |               ^^^^^^^^^^^^^^^^^^^^^^^^^^^^^^^^^^^^^^^^^^^^^^^^^^^^^^^^^^^^^^^
[INFO] [stdout]    |
[INFO] [stdout]    = note: this error originates in the macro `$crate::sqlx_macros::expand_query` which comes from the expansion of the macro `sqlx::query` (in Nightly builds, run with -Z macro-backtrace for more info)
[INFO] [stdout] 
[INFO] [stdout] 
[INFO] [stdout] error: error returned from database: (code: 14) unable to open database file
[INFO] [stdout]   --> 3_ecosystem/3_12_web_db/src/articles.rs:54:22
[INFO] [stdout]    |
[INFO] [stdout] 54 |       let article_id = sqlx::query!(
[INFO] [stdout]    |  ______________________^
[INFO] [stdout] 55 | |         "INSERT INTO articles (title, body, labels) VALUES (?, ?, ?) RETURNING id",
[INFO] [stdout] 56 | |         article.title,
[INFO] [stdout] 57 | |         article.body,
[INFO] [stdout] 58 | |         lables
[INFO] [stdout] 59 | |     ).fetch_one(&mut conn).await.map_err(|_| error::ErrorInternalServerError(""))?;
[INFO] [stdout]    | |_____^
[INFO] [stdout]    |
[INFO] [stdout]    = note: this error originates in the macro `$crate::sqlx_macros::expand_query` which comes from the expansion of the macro `sqlx::query` (in Nightly builds, run with -Z macro-backtrace for more info)
[INFO] [stdout] 
[INFO] [stdout] 
[INFO] [stdout] error: error returned from database: (code: 14) unable to open database file
[INFO] [stdout]   --> 3_ecosystem/3_12_web_db/src/articles.rs:68:5
[INFO] [stdout]    |
[INFO] [stdout] 68 |     sqlx::query!("DELETE FROM articles WHERE id = ?", article_id).execute(&mut conn).await.map_err(|_| error::ErrorInternalServerError(""...
[INFO] [stdout]    |     ^^^^^^^^^^^^^^^^^^^^^^^^^^^^^^^^^^^^^^^^^^^^^^^^^^^^^^^^^^^^^
[INFO] [stdout]    |
[INFO] [stdout]    = note: this error originates in the macro `$crate::sqlx_macros::expand_query` which comes from the expansion of the macro `sqlx::query` (in Nightly builds, run with -Z macro-backtrace for more info)
[INFO] [stdout] 
[INFO] [stdout] 
[INFO] [stdout] error: aborting due to 4 previous errors
[INFO] [stdout] 
[INFO] [stdout] 
[INFO] [stdout] error: error returned from database: (code: 14) unable to open database file
[INFO] [stdout]   --> 3_ecosystem/src/auth.rs:84:24
[INFO] [stdout]    |
[INFO] [stdout] 84 |             let user = sqlx::query!("SELECT * FROM user WHERE id = ?", user_id)
[INFO] [stdout]    |                        ^^^^^^^^^^^^^^^^^^^^^^^^^^^^^^^^^^^^^^^^^^^^^^^^^^^^^^^^
[INFO] [stdout]    |
[INFO] [stdout]    = note: this error originates in the macro `$crate::sqlx_macros::expand_query` which comes from the expansion of the macro `sqlx::query` (in Nightly builds, run with -Z macro-backtrace for more info)
[INFO] [stdout] 
[INFO] [stdout] 
[INFO] [stdout] error: error returned from database: (code: 14) unable to open database file
[INFO] [stdout]   --> 3_ecosystem/src/schema.rs:30:19
[INFO] [stdout]    |
[INFO] [stdout] 30 |           let res = sqlx::query!(
[INFO] [stdout]    |  ___________________^
[INFO] [stdout] 31 | |             r#"
[INFO] [stdout] 32 | |             SELECT user.* FROM user_friends
[INFO] [stdout] 33 | |             LEFT JOIN user on user.id = user_friends.friend_id
[INFO] [stdout] ...  |
[INFO] [stdout] 36 | |             user_id
[INFO] [stdout] 37 | |         )
[INFO] [stdout]    | |_________^
[INFO] [stdout]    |
[INFO] [stdout]    = note: this error originates in the macro `$crate::sqlx_macros::expand_query` which comes from the expansion of the macro `sqlx::query` (in Nightly builds, run with -Z macro-backtrace for more info)
[INFO] [stdout] 
[INFO] [stdout] 
[INFO] [stderr] error: could not document `step_3_12`
[INFO] [stderr] 
[INFO] [stderr] Caused by:
[INFO] [stderr]   process didn't exit successfully: `/opt/rustwide/rustup-home/toolchains/beta-2023-12-22-x86_64-unknown-linux-gnu/bin/rustdoc --edition=2021 --crate-type bin --crate-name step_3_12 3_ecosystem/3_12_web_db/src/main.rs -o /opt/rustwide/target/doc --error-format=json --json=diagnostic-rendered-ansi,artifacts,future-incompat --document-private-items '-Arustdoc::private-intra-doc-links' -C metadata=e2c2026a9d0d81a4 -L dependency=/opt/rustwide/target/debug/deps --extern actix_web=/opt/rustwide/target/debug/deps/libactix_web-26f82ae51d7410cb.rmeta --extern anyhow=/opt/rustwide/target/debug/deps/libanyhow-ef1ba4d85568b13d.rmeta --extern dotenvy=/opt/rustwide/target/debug/deps/libdotenvy-773892e8f3c5fe6c.rmeta --extern serde=/opt/rustwide/target/debug/deps/libserde-226fbec151030490.rmeta --extern serde_json=/opt/rustwide/target/debug/deps/libserde_json-af827d7b6e4cfdc3.rmeta --extern sqlx=/opt/rustwide/target/debug/deps/libsqlx-9ec2c0ac0e05b802.rmeta --cap-lints=warn --crate-version 0.1.0` (exit status: 1)
[INFO] [stderr] warning: build failed, waiting for other jobs to finish...
[INFO] [stdout] error: error returned from database: (code: 14) unable to open database file
[INFO] [stdout]   --> 3_ecosystem/src/schema.rs:61:19
[INFO] [stdout]    |
[INFO] [stdout] 61 |         let res = sqlx::query!("SELECT * FROM user WHERE id = ?", user_id)
[INFO] [stdout]    |                   ^^^^^^^^^^^^^^^^^^^^^^^^^^^^^^^^^^^^^^^^^^^^^^^^^^^^^^^^
[INFO] [stdout]    |
[INFO] [stdout]    = note: this error originates in the macro `$crate::sqlx_macros::expand_query` which comes from the expansion of the macro `sqlx::query` (in Nightly builds, run with -Z macro-backtrace for more info)
[INFO] [stdout] 
[INFO] [stdout] 
[INFO] [stdout] error: error returned from database: (code: 14) unable to open database file
[INFO] [stdout]   --> 3_ecosystem/src/schema.rs:86:9
[INFO] [stdout]    |
[INFO] [stdout] 86 | /         sqlx::query!(
[INFO] [stdout] 87 | |             "INSERT INTO user (name, pwd_hash) VALUES (?, ?) RETURNING id",
[INFO] [stdout] 88 | |             user_name,
[INFO] [stdout] 89 | |             pw_hash
[INFO] [stdout] 90 | |         )
[INFO] [stdout]    | |_________^
[INFO] [stdout]    |
[INFO] [stdout]    = note: this error originates in the macro `$crate::sqlx_macros::expand_query` which comes from the expansion of the macro `sqlx::query` (in Nightly builds, run with -Z macro-backtrace for more info)
[INFO] [stdout] 
[INFO] [stdout] 
[INFO] [stdout] error: error returned from database: (code: 14) unable to open database file
[INFO] [stdout]    --> 3_ecosystem/src/schema.rs:105:20
[INFO] [stdout]     |
[INFO] [stdout] 105 |         let user = sqlx::query!("SELECT * FROM user WHERE name = ?", user_name)
[INFO] [stdout]     |                    ^^^^^^^^^^^^^^^^^^^^^^^^^^^^^^^^^^^^^^^^^^^^^^^^^^^^^^^^^^^^
[INFO] [stdout]     |
[INFO] [stdout]     = note: this error originates in the macro `$crate::sqlx_macros::expand_query` which comes from the expansion of the macro `sqlx::query` (in Nightly builds, run with -Z macro-backtrace for more info)
[INFO] [stdout] 
[INFO] [stdout] 
[INFO] [stdout] error: error returned from database: (code: 14) unable to open database file
[INFO] [stdout]    --> 3_ecosystem/src/schema.rs:123:9
[INFO] [stdout]     |
[INFO] [stdout] 123 | /         sqlx::query!(
[INFO] [stdout] 124 | |             "INSERT INTO user_friends VALUES (?, ?)",
[INFO] [stdout] 125 | |             user_id,
[INFO] [stdout] 126 | |             new_friend_id
[INFO] [stdout] 127 | |         )
[INFO] [stdout]     | |_________^
[INFO] [stdout]     |
[INFO] [stdout]     = note: this error originates in the macro `$crate::sqlx_macros::expand_query` which comes from the expansion of the macro `sqlx::query` (in Nightly builds, run with -Z macro-backtrace for more info)
[INFO] [stdout] 
[INFO] [stdout] 
[INFO] [stdout] error: error returned from database: (code: 14) unable to open database file
[INFO] [stdout]    --> 3_ecosystem/src/schema.rs:139:9
[INFO] [stdout]     |
[INFO] [stdout] 139 | /         sqlx::query!(
[INFO] [stdout] 140 | |             "DELETE FROM user_friends WHERE user_id = ? AND friend_id = ?",
[INFO] [stdout] 141 | |             user_id,
[INFO] [stdout] 142 | |             new_friend_id
[INFO] [stdout] 143 | |         )
[INFO] [stdout]     | |_________^
[INFO] [stdout]     |
[INFO] [stdout]     = note: this error originates in the macro `$crate::sqlx_macros::expand_query` which comes from the expansion of the macro `sqlx::query` (in Nightly builds, run with -Z macro-backtrace for more info)
[INFO] [stdout] 
[INFO] [stdout] 
[INFO] [stdout] error: aborting due to 7 previous errors
[INFO] [stdout] 
[INFO] [stdout] 
[INFO] [stderr] error: could not document `step_3`
[INFO] [stderr] 
[INFO] [stderr] Caused by:
[INFO] [stderr]   process didn't exit successfully: `/opt/rustwide/rustup-home/toolchains/beta-2023-12-22-x86_64-unknown-linux-gnu/bin/rustdoc --edition=2021 --crate-type bin --crate-name step_3 3_ecosystem/src/main.rs -o /opt/rustwide/target/doc --error-format=json --json=diagnostic-rendered-ansi,artifacts,future-incompat --document-private-items '-Arustdoc::private-intra-doc-links' -C metadata=5420d8899fc3a936 -L dependency=/opt/rustwide/target/debug/deps --extern actix_web=/opt/rustwide/target/debug/deps/libactix_web-26f82ae51d7410cb.rmeta --extern async_graphql=/opt/rustwide/target/debug/deps/libasync_graphql-086581a883a3c716.rmeta --extern async_graphql_actix_web=/opt/rustwide/target/debug/deps/libasync_graphql_actix_web-5400f7d9a09fcdf3.rmeta --extern async_trait=/opt/rustwide/target/debug/deps/libasync_trait-f8cb4d980937786a.so --extern dotenvy=/opt/rustwide/target/debug/deps/libdotenvy-773892e8f3c5fe6c.rmeta --extern hmac=/opt/rustwide/target/debug/deps/libhmac-0f9c340d848d87f2.rmeta --extern jwt=/opt/rustwide/target/debug/deps/libjwt-be02655fcf1ecac4.rmeta --extern rand=/opt/rustwide/target/debug/deps/librand-47bdeea5c0f2ffcc.rmeta --extern rand_chacha=/opt/rustwide/target/debug/deps/librand_chacha-c4e775f3fb833b77.rmeta --extern argon2=/opt/rustwide/target/debug/deps/libargon2-72b658d191e9131e.rmeta --extern serde=/opt/rustwide/target/debug/deps/libserde-226fbec151030490.rmeta --extern serde_json=/opt/rustwide/target/debug/deps/libserde_json-af827d7b6e4cfdc3.rmeta --extern sha2=/opt/rustwide/target/debug/deps/libsha2-11f88b39f7d8c6c4.rmeta --extern sqlx=/opt/rustwide/target/debug/deps/libsqlx-9ec2c0ac0e05b802.rmeta --extern time=/opt/rustwide/target/debug/deps/libtime-c2a5b7a523e45d53.rmeta --cap-lints=warn --crate-version 0.1.0` (exit status: 1)
[INFO] running `Command { std: "docker" "inspect" "591167c732f30fb7dc9e658c6aaf06d3ab7ca4d1663f054ab196e266ce8afb86", kill_on_drop: false }`
[INFO] running `Command { std: "docker" "rm" "-f" "591167c732f30fb7dc9e658c6aaf06d3ab7ca4d1663f054ab196e266ce8afb86", kill_on_drop: false }`
[INFO] [stdout] 591167c732f30fb7dc9e658c6aaf06d3ab7ca4d1663f054ab196e266ce8afb86
