[INFO] cloning repository https://github.com/Hussein2k/esp-rs-monitoring
[INFO] running `Command { std: "git" "-c" "credential.helper=" "-c" "credential.helper=/workspace/cargo-home/bin/git-credential-null" "clone" "--bare" "https://github.com/Hussein2k/esp-rs-monitoring" "/workspace/cache/git-repos/https%3A%2F%2Fgithub.com%2FHussein2k%2Fesp-rs-monitoring", kill_on_drop: false }`
[INFO] [stderr] Cloning into bare repository '/workspace/cache/git-repos/https%3A%2F%2Fgithub.com%2FHussein2k%2Fesp-rs-monitoring'...
[INFO] running `Command { std: "git" "rev-parse" "HEAD", kill_on_drop: false }`
[INFO] [stdout] 4cd55edb507817f1c3ee24c99d954dab021c5ccc
[INFO] documenting Hussein2k/esp-rs-monitoring against 1.75.0 for beta-1.76-rustdoc-1
[INFO] running `Command { std: "git" "clone" "/workspace/cache/git-repos/https%3A%2F%2Fgithub.com%2FHussein2k%2Fesp-rs-monitoring" "/workspace/builds/worker-0-tc1/source", kill_on_drop: false }`
[INFO] [stderr] Cloning into '/workspace/builds/worker-0-tc1/source'...
[INFO] [stderr] done.
[INFO] validating manifest of git repo https://github.com/Hussein2k/esp-rs-monitoring on toolchain 1.75.0
[INFO] running `Command { std: CARGO_HOME="/workspace/cargo-home" RUSTUP_HOME="/workspace/rustup-home" "/workspace/cargo-home/bin/cargo" "+1.75.0" "metadata" "--manifest-path" "Cargo.toml" "--no-deps", kill_on_drop: false }`
[INFO] removed /workspace/builds/worker-0-tc1/source/rust-toolchain.toml
[INFO] started tweaking git repo https://github.com/Hussein2k/esp-rs-monitoring
[INFO] finished tweaking git repo https://github.com/Hussein2k/esp-rs-monitoring
[INFO] tweaked toml for git repo https://github.com/Hussein2k/esp-rs-monitoring written to /workspace/builds/worker-0-tc1/source/Cargo.toml
[INFO] crate git repo https://github.com/Hussein2k/esp-rs-monitoring already has a lockfile, it will not be regenerated
[INFO] running `Command { std: CARGO_HOME="/workspace/cargo-home" RUSTUP_HOME="/workspace/rustup-home" "/workspace/cargo-home/bin/cargo" "+1.75.0" "fetch" "--manifest-path" "Cargo.toml", kill_on_drop: false }`
[INFO] [stderr]     Updating crates.io index
[INFO] [stderr]  Downloading crates ...
[INFO] [stderr]   Downloaded embedded-can v0.4.1
[INFO] [stderr]   Downloaded esp-idf-sys v0.33.7
[INFO] [stderr]   Downloaded build-time v0.1.3
[INFO] [stderr]   Downloaded remove_dir_all v0.8.2
[INFO] [stderr]   Downloaded fs_at v0.1.10
[INFO] [stderr]   Downloaded edge-executor v0.3.1
[INFO] [stderr]   Downloaded embedded-hal-nb v1.0.0-alpha.2
[INFO] [stderr]   Downloaded embedded-hal v1.0.0-alpha.10
[INFO] [stderr]   Downloaded embedded-svc v0.25.3
[INFO] [stderr]   Downloaded esp-idf-svc v0.46.2
[INFO] [stderr]   Downloaded ureq v2.8.0
[INFO] [stderr]   Downloaded embuild v0.31.4
[INFO] [stderr]   Downloaded embassy-futures v0.1.0
[INFO] [stderr]   Downloaded esp-idf-hal v0.41.2
[INFO] running `Command { std: "docker" "create" "-v" "/var/lib/crater-agent-workspace/builds/worker-0-tc1/target:/opt/rustwide/target:rw,Z" "-v" "/var/lib/crater-agent-workspace/builds/worker-0-tc1/source:/opt/rustwide/workdir:ro,Z" "-v" "/var/lib/crater-agent-workspace/cargo-home:/opt/rustwide/cargo-home:ro,Z" "-v" "/var/lib/crater-agent-workspace/rustup-home:/opt/rustwide/rustup-home:ro,Z" "-e" "SOURCE_DIR=/opt/rustwide/workdir" "-e" "CARGO_TARGET_DIR=/opt/rustwide/target" "-e" "CARGO_HOME=/opt/rustwide/cargo-home" "-e" "RUSTUP_HOME=/opt/rustwide/rustup-home" "-w" "/opt/rustwide/workdir" "-m" "1610612736" "--user" "0:0" "--network" "none" "ghcr.io/rust-lang/crates-build-env/linux@sha256:2788e3201cd34a07e3172128adcd8b3090168a8e3bcc40d7c032b9dda1df7d1c" "/opt/rustwide/cargo-home/bin/cargo" "+1.75.0" "metadata" "--no-deps" "--format-version=1", kill_on_drop: false }`
[INFO] [stdout] 908c2898ddfabf8b446fdeaa8cfc873b07dd6eef01fb474f74945fe22c6c93d8
[INFO] running `Command { std: "docker" "start" "-a" "908c2898ddfabf8b446fdeaa8cfc873b07dd6eef01fb474f74945fe22c6c93d8", kill_on_drop: false }`
[INFO] running `Command { std: "docker" "inspect" "908c2898ddfabf8b446fdeaa8cfc873b07dd6eef01fb474f74945fe22c6c93d8", kill_on_drop: false }`
[INFO] running `Command { std: "docker" "rm" "-f" "908c2898ddfabf8b446fdeaa8cfc873b07dd6eef01fb474f74945fe22c6c93d8", kill_on_drop: false }`
[INFO] [stdout] 908c2898ddfabf8b446fdeaa8cfc873b07dd6eef01fb474f74945fe22c6c93d8
[INFO] running `Command { std: "docker" "create" "-v" "/var/lib/crater-agent-workspace/builds/worker-0-tc1/target:/opt/rustwide/target:rw,Z" "-v" "/var/lib/crater-agent-workspace/builds/worker-0-tc1/source:/opt/rustwide/workdir:ro,Z" "-v" "/var/lib/crater-agent-workspace/cargo-home:/opt/rustwide/cargo-home:ro,Z" "-v" "/var/lib/crater-agent-workspace/rustup-home:/opt/rustwide/rustup-home:ro,Z" "-e" "SOURCE_DIR=/opt/rustwide/workdir" "-e" "CARGO_TARGET_DIR=/opt/rustwide/target" "-e" "CARGO_INCREMENTAL=0" "-e" "RUST_BACKTRACE=full" "-e" "RUSTFLAGS=--cap-lints=warn" "-e" "RUSTDOCFLAGS=--cap-lints=warn" "-e" "CARGO_HOME=/opt/rustwide/cargo-home" "-e" "RUSTUP_HOME=/opt/rustwide/rustup-home" "-w" "/opt/rustwide/workdir" "-m" "1610612736" "--user" "0:0" "--network" "none" "ghcr.io/rust-lang/crates-build-env/linux@sha256:2788e3201cd34a07e3172128adcd8b3090168a8e3bcc40d7c032b9dda1df7d1c" "/opt/rustwide/cargo-home/bin/cargo" "+1.75.0" "doc" "--frozen" "--no-deps" "--document-private-items" "--message-format=json", kill_on_drop: false }`
[INFO] [stdout] 0278d37570d2219dc8c7b200b4b80523debfdc0af33a1369556e9193b7d21460
[INFO] running `Command { std: "docker" "start" "-a" "0278d37570d2219dc8c7b200b4b80523debfdc0af33a1369556e9193b7d21460", kill_on_drop: false }`
[INFO] [stderr]    Compiling proc-macro2 v1.0.69
[INFO] [stderr]    Compiling unicode-ident v1.0.12
[INFO] [stderr]    Compiling serde v1.0.192
[INFO] [stderr]    Compiling memchr v2.6.4
[INFO] [stderr]    Compiling libc v0.2.150
[INFO] [stderr]    Compiling fnv v1.0.7
[INFO] [stderr]    Compiling semver v1.0.20
[INFO] [stderr]    Compiling regex-syntax v0.8.2
[INFO] [stderr]    Compiling glob v0.3.1
[INFO] [stderr]    Compiling bitflags v1.3.2
[INFO] [stderr]    Compiling syn v1.0.109
[INFO] [stderr]    Compiling rustix v0.38.21
[INFO] [stderr]    Compiling lazy_static v1.4.0
[INFO] [stderr]    Compiling once_cell v1.18.0
[INFO] [stderr]    Compiling bitflags v2.4.1
[INFO] [stderr]    Compiling linux-raw-sys v0.4.11
[INFO] [stderr]    Compiling log v0.4.20
[INFO] [stderr]    Compiling rustversion v1.0.14
[INFO] [stderr]    Compiling same-file v1.0.6
[INFO] [stderr]    Compiling serde_json v1.0.108
[INFO] [stderr]    Compiling thiserror v1.0.50
[INFO] [stderr]    Compiling minimal-lexical v0.2.1
[INFO] [stderr]    Compiling thread_local v1.1.7
[INFO] [stderr]    Compiling walkdir v2.4.0
[INFO] [stderr]    Compiling cvt v0.1.2
[INFO] [stderr]    Compiling libloading v0.7.4
[INFO] [stderr]    Compiling itoa v1.0.9
[INFO] [stderr]    Compiling ryu v1.0.15
[INFO] [stderr]    Compiling bindgen v0.63.0
[INFO] [stderr]    Compiling either v1.9.0
[INFO] [stderr]    Compiling anyhow v1.0.75
[INFO] [stderr]    Compiling home v0.5.5
[INFO] [stderr]    Compiling clang-sys v1.6.1
[INFO] [stderr]    Compiling shlex v1.2.0
[INFO] [stderr]    Compiling aho-corasick v1.1.2
[INFO] [stderr]    Compiling bstr v1.8.0
[INFO] [stderr]    Compiling nom v7.1.3
[INFO] [stderr]    Compiling rustc-hash v1.1.0
[INFO] [stderr]    Compiling peeking_take_while v0.1.2
[INFO] [stderr]    Compiling normpath v1.1.1
[INFO] [stderr]    Compiling lazycell v1.3.0
[INFO] [stderr]    Compiling fastrand v2.0.1
[INFO] [stderr]    Compiling camino v1.1.6
[INFO] [stderr]    Compiling lock_api v0.4.11
[INFO] [stderr]     Checking scopeguard v1.2.0
[INFO] [stderr]     Checking byteorder v1.5.0
[INFO] [stderr]    Compiling quote v1.0.33
[INFO] [stderr]    Compiling ident_case v1.0.1
[INFO] [stderr]    Compiling num-traits v0.2.17
[INFO] [stderr]     Checking hash32 v0.2.1
[INFO] [stderr]    Compiling futures-core v0.3.29
[INFO] [stderr]     Checking nb v1.1.0
[INFO] [stderr]    Compiling syn v2.0.39
[INFO] [stderr]    Compiling futures-task v0.3.29
[INFO] [stderr]     Checking stable_deref_trait v1.2.0
[INFO] [stderr]    Compiling futures-util v0.3.29
[INFO] [stderr]     Checking pin-project-lite v0.2.13
[INFO] [stderr]    Compiling iana-time-zone v0.1.58
[INFO] [stderr]     Checking spin v0.9.8
[INFO] [stderr]     Checking pin-utils v0.1.0
[INFO] [stderr]    Compiling unicode-xid v0.2.4
[INFO] [stderr]     Checking nb v0.1.3
[INFO] [stderr]     Checking void v1.0.2
[INFO] [stderr]     Checking critical-section v1.1.2
[INFO] [stderr]    Compiling const_format_proc_macros v0.2.32
[INFO] [stderr]     Checking embedded-io v0.4.0
[INFO] [stderr]    Compiling embassy-sync v0.2.0
[INFO] [stderr]    Compiling embassy-time v0.1.5
[INFO] [stderr]     Checking cfg-if v1.0.0
[INFO] [stderr]     Checking embedded-hal v0.2.7
[INFO] [stderr]    Compiling uncased v0.9.9
[INFO] [stderr]     Checking embedded-hal v1.0.0-alpha.10
[INFO] [stderr]     Checking waker-fn v1.1.1
[INFO] [stderr]    Compiling nix v0.26.4
[INFO] [stderr]    Compiling cc v1.0.83
[INFO] [stderr]    Compiling filetime v0.2.22
[INFO] [stderr]     Checking async-task v4.5.0
[INFO] [stderr]     Checking atomic-waker v1.1.2
[INFO] [stderr]     Checking embedded-hal-nb v1.0.0-alpha.2
[INFO] [stderr]    Compiling regex-automata v0.4.3
[INFO] [stderr]     Checking embedded-can v0.4.1
[INFO] [stderr]     Checking no-std-net v0.5.0
[INFO] [stderr]    Compiling chrono v0.4.31
[INFO] [stderr]    Compiling cmake v0.1.50
[INFO] [stderr]    Compiling cexpr v0.6.0
[INFO] [stderr]    Compiling fs_at v0.1.10
[INFO] [stderr]    Compiling which v4.4.2
[INFO] [stderr]    Compiling remove_dir_all v0.8.2
[INFO] [stderr]    Compiling tempfile v3.8.1
[INFO] [stderr]     Checking const_format v0.2.32
[INFO] [stderr]     Checking embassy-futures v0.1.0
[INFO] [stderr]     Checking json v0.12.4
[INFO] [stderr]    Compiling darling_core v0.20.3
[INFO] [stderr]    Compiling regex v1.10.2
[INFO] [stderr]    Compiling globset v0.4.13
[INFO] [stderr]    Compiling serde_derive v1.0.192
[INFO] [stderr]    Compiling thiserror-impl v1.0.50
[INFO] [stderr]    Compiling build-time v0.1.3
[INFO] [stderr]    Compiling ignore v0.4.20
[INFO] [stderr]    Compiling strum_macros v0.24.3
[INFO] [stderr]    Compiling globwalk v0.8.1
[INFO] [stderr]    Compiling darling_macro v0.20.3
[INFO] [stderr]    Compiling darling v0.20.3
[INFO] [stderr]    Compiling enumset_derive v0.8.1
[INFO] [stderr]    Compiling strum v0.24.1
[INFO] [stderr]     Checking enumset v1.1.3
[INFO] [stderr]     Checking bincode v1.3.3
[INFO] [stderr]    Compiling cargo-platform v0.1.4
[INFO] [stderr]    Compiling envy v0.4.2
[INFO] [stderr]    Compiling rustc_version v0.4.0
[INFO] [stderr]    Compiling heapless v0.7.16
[INFO] [stderr]    Compiling embuild v0.31.4
[INFO] [stderr]    Compiling cargo_metadata v0.15.4
[INFO] [stderr]     Checking edge-executor v0.3.1
[INFO] [stderr]     Checking embedded-svc v0.25.3
[INFO] [stdout] error[E0554]: `#![feature]` may not be used on the stable release channel
[INFO] [stdout]  --> /opt/rustwide/cargo-home/registry/src/index.crates.io-6f17d22bba15001f/embedded-svc-0.25.3/src/lib.rs:2:1
[INFO] [stdout]   |
[INFO] [stdout] 2 | #![feature(cfg_version)]
[INFO] [stdout]   | ^^^^^^^^^^^^^^^^^^^^^^^^
[INFO] [stdout] 
[INFO] [stdout] 
[INFO] [stdout] error[E0554]: `#![feature]` may not be used on the stable release channel
[INFO] [stdout]  --> /opt/rustwide/cargo-home/registry/src/index.crates.io-6f17d22bba15001f/embedded-svc-0.25.3/src/lib.rs:3:34
[INFO] [stdout]   |
[INFO] [stdout] 3 | #![cfg_attr(feature = "nightly", feature(type_alias_impl_trait))]
[INFO] [stdout]   |                                  ^^^^^^^^^^^^^^^^^^^^^^^^^^^^^^
[INFO] [stdout] 
[INFO] [stdout] 
[INFO] [stdout] error[E0554]: `#![feature]` may not be used on the stable release channel
[INFO] [stdout]  --> /opt/rustwide/cargo-home/registry/src/index.crates.io-6f17d22bba15001f/embedded-svc-0.25.3/src/lib.rs:6:5
[INFO] [stdout]   |
[INFO] [stdout] 6 |     feature(impl_trait_in_assoc_type)
[INFO] [stdout]   |     ^^^^^^^^^^^^^^^^^^^^^^^^^^^^^^^^^
[INFO] [stdout] 
[INFO] [stdout] 
[INFO] [stdout] error: aborting due to 3 previous errors
[INFO] [stdout] 
[INFO] [stdout] 
[INFO] [stdout] For more information about this error, try `rustc --explain E0554`.
[INFO] [stdout] 
[INFO] [stderr] error: could not compile `embedded-svc` (lib) due to 4 previous errors
[INFO] [stderr] warning: build failed, waiting for other jobs to finish...
[INFO] running `Command { std: "docker" "inspect" "0278d37570d2219dc8c7b200b4b80523debfdc0af33a1369556e9193b7d21460", kill_on_drop: false }`
[INFO] running `Command { std: "docker" "rm" "-f" "0278d37570d2219dc8c7b200b4b80523debfdc0af33a1369556e9193b7d21460", kill_on_drop: false }`
[INFO] [stdout] 0278d37570d2219dc8c7b200b4b80523debfdc0af33a1369556e9193b7d21460
