[INFO] cloning repository https://github.com/Hrushi20/mysql-wasmedge
[INFO] running `Command { std: "git" "-c" "credential.helper=" "-c" "credential.helper=/workspace/cargo-home/bin/git-credential-null" "clone" "--bare" "https://github.com/Hrushi20/mysql-wasmedge" "/workspace/cache/git-repos/https%3A%2F%2Fgithub.com%2FHrushi20%2Fmysql-wasmedge", kill_on_drop: false }`
[INFO] [stderr] Cloning into bare repository '/workspace/cache/git-repos/https%3A%2F%2Fgithub.com%2FHrushi20%2Fmysql-wasmedge'...
[INFO] running `Command { std: "git" "rev-parse" "HEAD", kill_on_drop: false }`
[INFO] [stdout] 1ad7d8fd0d5e7ad82fab950b8bc9d0cd48f70b23
[INFO] documenting Hrushi20/mysql-wasmedge against 1.75.0 for beta-1.76-rustdoc-1
[INFO] running `Command { std: "git" "clone" "/workspace/cache/git-repos/https%3A%2F%2Fgithub.com%2FHrushi20%2Fmysql-wasmedge" "/workspace/builds/worker-6-tc1/source", kill_on_drop: false }`
[INFO] [stderr] Cloning into '/workspace/builds/worker-6-tc1/source'...
[INFO] [stderr] done.
[INFO] validating manifest of git repo https://github.com/Hrushi20/mysql-wasmedge on toolchain 1.75.0
[INFO] running `Command { std: CARGO_HOME="/workspace/cargo-home" RUSTUP_HOME="/workspace/rustup-home" "/workspace/cargo-home/bin/cargo" "+1.75.0" "metadata" "--manifest-path" "Cargo.toml" "--no-deps", kill_on_drop: false }`
[INFO] started tweaking git repo https://github.com/Hrushi20/mysql-wasmedge
[INFO] finished tweaking git repo https://github.com/Hrushi20/mysql-wasmedge
[INFO] tweaked toml for git repo https://github.com/Hrushi20/mysql-wasmedge written to /workspace/builds/worker-6-tc1/source/Cargo.toml
[INFO] crate git repo https://github.com/Hrushi20/mysql-wasmedge already has a lockfile, it will not be regenerated
[INFO] running `Command { std: CARGO_HOME="/workspace/cargo-home" RUSTUP_HOME="/workspace/rustup-home" "/workspace/cargo-home/bin/cargo" "+1.75.0" "fetch" "--manifest-path" "Cargo.toml", kill_on_drop: false }`
[INFO] [stderr]     Updating crates.io index
[INFO] [stderr]  Downloading crates ...
[INFO] [stderr]   Downloaded rkyv_derive v0.7.41
[INFO] [stderr]   Downloaded frunk_proc_macros_impl v0.1.1
[INFO] [stderr]   Downloaded frunk_derives v0.4.1
[INFO] [stderr]   Downloaded derive_utils v0.13.0
[INFO] [stderr]   Downloaded frunk_proc_macros v0.1.1
[INFO] [stderr]   Downloaded frunk_proc_macro_helpers v0.1.1
[INFO] [stderr]   Downloaded frunk v0.4.1
[INFO] [stderr]   Downloaded io-enum v1.1.0
[INFO] [stderr]   Downloaded rust_decimal v1.29.1
[INFO] [stderr]   Downloaded named_pipe v0.4.1
[INFO] [stderr]   Downloaded frunk_core v0.4.1
[INFO] [stderr]   Downloaded mysql_wasi v23.0.1
[INFO] running `Command { std: "docker" "create" "-v" "/var/lib/crater-agent-workspace/builds/worker-6-tc1/target:/opt/rustwide/target:rw,Z" "-v" "/var/lib/crater-agent-workspace/builds/worker-6-tc1/source:/opt/rustwide/workdir:ro,Z" "-v" "/var/lib/crater-agent-workspace/cargo-home:/opt/rustwide/cargo-home:ro,Z" "-v" "/var/lib/crater-agent-workspace/rustup-home:/opt/rustwide/rustup-home:ro,Z" "-e" "SOURCE_DIR=/opt/rustwide/workdir" "-e" "CARGO_TARGET_DIR=/opt/rustwide/target" "-e" "CARGO_HOME=/opt/rustwide/cargo-home" "-e" "RUSTUP_HOME=/opt/rustwide/rustup-home" "-w" "/opt/rustwide/workdir" "-m" "1610612736" "--user" "0:0" "--network" "none" "ghcr.io/rust-lang/crates-build-env/linux@sha256:2788e3201cd34a07e3172128adcd8b3090168a8e3bcc40d7c032b9dda1df7d1c" "/opt/rustwide/cargo-home/bin/cargo" "+1.75.0" "metadata" "--no-deps" "--format-version=1", kill_on_drop: false }`
[INFO] [stdout] 29da1aaf67226daec6f743a9b315f16e27f05ab4ce1588ce65249b9112a17976
[INFO] running `Command { std: "docker" "start" "-a" "29da1aaf67226daec6f743a9b315f16e27f05ab4ce1588ce65249b9112a17976", kill_on_drop: false }`
[INFO] running `Command { std: "docker" "inspect" "29da1aaf67226daec6f743a9b315f16e27f05ab4ce1588ce65249b9112a17976", kill_on_drop: false }`
[INFO] running `Command { std: "docker" "rm" "-f" "29da1aaf67226daec6f743a9b315f16e27f05ab4ce1588ce65249b9112a17976", kill_on_drop: false }`
[INFO] [stdout] 29da1aaf67226daec6f743a9b315f16e27f05ab4ce1588ce65249b9112a17976
[INFO] running `Command { std: "docker" "create" "-v" "/var/lib/crater-agent-workspace/builds/worker-6-tc1/target:/opt/rustwide/target:rw,Z" "-v" "/var/lib/crater-agent-workspace/builds/worker-6-tc1/source:/opt/rustwide/workdir:ro,Z" "-v" "/var/lib/crater-agent-workspace/cargo-home:/opt/rustwide/cargo-home:ro,Z" "-v" "/var/lib/crater-agent-workspace/rustup-home:/opt/rustwide/rustup-home:ro,Z" "-e" "SOURCE_DIR=/opt/rustwide/workdir" "-e" "CARGO_TARGET_DIR=/opt/rustwide/target" "-e" "CARGO_INCREMENTAL=0" "-e" "RUST_BACKTRACE=full" "-e" "RUSTFLAGS=--cap-lints=warn" "-e" "RUSTDOCFLAGS=--cap-lints=warn" "-e" "CARGO_HOME=/opt/rustwide/cargo-home" "-e" "RUSTUP_HOME=/opt/rustwide/rustup-home" "-w" "/opt/rustwide/workdir" "-m" "1610612736" "--user" "0:0" "--network" "none" "ghcr.io/rust-lang/crates-build-env/linux@sha256:2788e3201cd34a07e3172128adcd8b3090168a8e3bcc40d7c032b9dda1df7d1c" "/opt/rustwide/cargo-home/bin/cargo" "+1.75.0" "doc" "--frozen" "--no-deps" "--document-private-items" "--message-format=json", kill_on_drop: false }`
[INFO] [stdout] 0ec8f2d76c0912097d4c282c4fb393264556e85a64f6d9e39c1c4b982cb147dd
[INFO] running `Command { std: "docker" "start" "-a" "0ec8f2d76c0912097d4c282c4fb393264556e85a64f6d9e39c1c4b982cb147dd", kill_on_drop: false }`
[INFO] [stderr]    Compiling libc v0.2.141
[INFO] [stderr]    Compiling proc-macro2 v1.0.56
[INFO] [stderr]    Compiling unicode-ident v1.0.8
[INFO] [stderr]    Compiling quote v1.0.26
[INFO] [stderr]    Compiling version_check v0.9.4
[INFO] [stderr]    Compiling typenum v1.16.0
[INFO] [stderr]    Compiling memchr v2.5.0
[INFO] [stderr]    Compiling glob v0.3.1
[INFO] [stderr]    Compiling syn v1.0.109
[INFO] [stderr]    Compiling crossbeam-utils v0.8.15
[INFO] [stderr]    Compiling frunk_core v0.4.1
[INFO] [stderr]    Compiling minimal-lexical v0.2.1
[INFO] [stderr]    Compiling proc-macro-hack v0.5.20+deprecated
[INFO] [stderr]     Checking lexical-util v0.8.5
[INFO] [stderr]    Compiling num-traits v0.2.15
[INFO] [stderr]    Compiling libloading v0.7.4
[INFO] [stderr]    Compiling num-integer v0.1.45
[INFO] [stderr]    Compiling memoffset v0.8.0
[INFO] [stderr]    Compiling regex-syntax v0.6.29
[INFO] [stderr]    Compiling serde v1.0.160
[INFO] [stderr]    Compiling bindgen v0.59.2
[INFO] [stderr]    Compiling generic-array v0.14.7
[INFO] [stderr]    Compiling ahash v0.7.6
[INFO] [stderr]     Checking lexical-parse-integer v0.8.6
[INFO] [stderr]    Compiling clang-sys v1.6.1
[INFO] [stderr]     Checking lexical-write-integer v0.8.5
[INFO] [stderr]    Compiling crossbeam-epoch v0.9.14
[INFO] [stderr]    Compiling num-bigint v0.4.3
[INFO] [stderr]    Compiling peeking_take_while v0.1.2
[INFO] [stderr]    Compiling nom v7.1.3
[INFO] [stderr]    Compiling shlex v1.1.0
[INFO] [stderr]     Checking tinyvec_macros v0.1.1
[INFO] [stderr]    Compiling cc v1.0.79
[INFO] [stderr]    Compiling lazycell v1.3.0
[INFO] [stderr]     Checking ppv-lite86 v0.2.17
[INFO] [stderr]    Compiling radium v0.7.0
[INFO] [stderr]    Compiling rustc-hash v1.1.0
[INFO] [stderr]    Compiling subprocess v0.2.9
[INFO] [stderr]     Checking tinyvec v1.6.0
[INFO] [stderr]    Compiling syn v2.0.14
[INFO] [stderr]     Checking lexical-write-float v0.8.5
[INFO] [stderr]    Compiling crc32fast v1.3.2
[INFO] [stderr]    Compiling cmake v0.1.50
[INFO] [stderr]     Checking getrandom v0.2.9
[INFO] [stderr]     Checking lexical-parse-float v0.8.5
[INFO] [stderr]     Checking rand_core v0.6.4
[INFO] [stderr]     Checking rand_chacha v0.3.1
[INFO] [stderr]    Compiling rust_decimal v1.29.1
[INFO] [stderr]    Compiling thiserror v1.0.40
[INFO] [stderr]     Checking crypto-common v0.1.6
[INFO] [stderr]     Checking block-buffer v0.10.4
[INFO] [stderr]     Checking cpufeatures v0.2.6
[INFO] [stderr]     Checking digest v0.10.6
[INFO] [stderr]    Compiling serde_json v1.0.95
[INFO] [stderr]     Checking adler v1.0.2
[INFO] [stderr]    Compiling crossbeam-queue v0.3.8
[INFO] [stderr]     Checking tap v1.0.1
[INFO] [stderr]     Checking once_cell v1.17.1
[INFO] [stderr]     Checking scopeguard v1.1.0
[INFO] [stderr]     Checking lexical-core v0.8.5
[INFO] [stderr]     Checking wyz v0.5.1
[INFO] [stderr]    Compiling regex v1.7.3
[INFO] [stderr]     Checking miniz_oxide v0.6.2
[INFO] [stderr]     Checking aho-corasick v0.7.20
[INFO] [stderr]     Checking rand v0.8.5
[INFO] [stderr]     Checking unicode-normalization v0.1.22
[INFO] [stderr]     Checking ryu v1.0.13
[INFO] [stderr]     Checking time-core v0.1.0
[INFO] [stderr]     Checking unicode-bidi v0.3.13
[INFO] [stderr]     Checking base64 v0.13.1
[INFO] [stderr]     Checking funty v2.0.0
[INFO] [stderr]    Compiling frunk_proc_macro_helpers v0.1.1
[INFO] [stderr]    Compiling cexpr v0.6.0
[INFO] [stderr]     Checking arrayvec v0.7.2
[INFO] [stderr]     Checking percent-encoding v2.2.0
[INFO] [stderr]     Checking itoa v1.0.6
[INFO] [stderr]     Checking idna v0.3.0
[INFO] [stderr]     Checking time v0.3.20
[INFO] [stderr]     Checking form_urlencoded v1.1.0
[INFO] [stderr]     Checking flate2 v1.0.25
[INFO] [stderr]     Checking bitvec v1.0.1
[INFO] [stderr]     Checking crossbeam-deque v0.8.3
[INFO] [stderr]     Checking hashbrown v0.12.3
[INFO] [stderr]     Checking lexical v6.1.1
[INFO] [stderr]     Checking sha1 v0.10.5
[INFO] [stderr]     Checking sha2 v0.10.6
[INFO] [stderr]     Checking crossbeam-channel v0.5.8
[INFO] [stderr]     Checking bitflags v1.3.2
[INFO] [stderr]     Checking bigdecimal v0.3.0
[INFO] [stderr]    Compiling derive_utils v0.13.0
[INFO] [stderr]     Checking byteorder v1.4.3
[INFO] [stderr]     Checking saturating v0.1.0
[INFO] [stderr]     Checking smallvec v1.10.0
[INFO] [stderr]     Checking bytes v1.4.0
[INFO] [stderr]    Compiling mysql_wasi v23.0.1
[INFO] [stderr]     Checking uuid v1.3.1
[INFO] [stderr]     Checking lru v0.8.1
[INFO] [stderr]     Checking url v2.3.1
[INFO] [stderr]     Checking pem v1.1.1
[INFO] [stderr]     Checking crossbeam v0.8.2
[INFO] [stderr]     Checking twox-hash v1.6.3
[INFO] [stderr]     Checking socket2 v0.4.9
[INFO] [stderr]     Checking bufstream v0.1.4
[INFO] [stderr]    Compiling frunk_proc_macros_impl v0.1.1
[INFO] [stderr]    Compiling frunk_derives v0.4.1
[INFO] [stderr]    Compiling thiserror-impl v1.0.40
[INFO] [stderr]    Compiling io-enum v1.1.0
[INFO] [stderr]     Checking frunk_proc_macros v0.1.1
[INFO] [stderr]     Checking frunk v0.4.1
[INFO] [stderr]    Compiling mysql_common v0.29.2
[INFO] [stdout] error[E0425]: cannot find value `connect_timeout` in this scope
[INFO] [stdout]    --> /opt/rustwide/cargo-home/registry/src/index.crates.io-6f17d22bba15001f/mysql_wasi-23.0.1/src/io/tcp.rs:142:56
[INFO] [stdout]     |
[INFO] [stdout] 85  |     pub fn connect_timeout(&mut self, timeout: Option<Duration>) -> &mut Self {
[INFO] [stdout]     |            --------------- a method by that name is available on `Self` here
[INFO] [stdout] ...
[INFO] [stdout] 142 |                         if let Some(connect_timeout) = connect_timeout {
[INFO] [stdout]     |                                                        ^^^^^^^^^^^^^^^
[INFO] [stdout]     |
[INFO] [stdout] help: you might have meant to use the available field
[INFO] [stdout]     |
[INFO] [stdout] 142 |                         if let Some(connect_timeout) = self.connect_timeout {
[INFO] [stdout]     |                                                        +++++
[INFO] [stdout] 
[INFO] [stdout] 
[INFO] [stdout] error[E0425]: cannot find value `connect_timeout` in this scope
[INFO] [stdout]    --> /opt/rustwide/cargo-home/registry/src/index.crates.io-6f17d22bba15001f/mysql_wasi-23.0.1/src/io/tcp.rs:190:60
[INFO] [stdout]     |
[INFO] [stdout] 85  |     pub fn connect_timeout(&mut self, timeout: Option<Duration>) -> &mut Self {
[INFO] [stdout]     |            --------------- a method by that name is available on `Self` here
[INFO] [stdout] ...
[INFO] [stdout] 190 |                             if let Some(connect_timeout) = connect_timeout {
[INFO] [stdout]     |                                                            ^^^^^^^^^^^^^^^
[INFO] [stdout]     |
[INFO] [stdout] help: you might have meant to use the available field
[INFO] [stdout]     |
[INFO] [stdout] 190 |                             if let Some(connect_timeout) = self.connect_timeout {
[INFO] [stdout]     |                                                            +++++
[INFO] [stdout] 
[INFO] [stdout] 
[INFO] [stdout] error[E0425]: cannot find value `read_timeout` in this scope
[INFO] [stdout]    --> /opt/rustwide/cargo-home/registry/src/index.crates.io-6f17d22bba15001f/mysql_wasi-23.0.1/src/io/tcp.rs:213:37
[INFO] [stdout]     |
[INFO] [stdout] 72  |     pub fn read_timeout(&mut self, read_timeout: Option<Duration>) -> &mut Self {
[INFO] [stdout]     |            ------------ a method by that name is available on `Self` here
[INFO] [stdout] ...
[INFO] [stdout] 213 |             socket.set_read_timeout(read_timeout)?;
[INFO] [stdout]     |                                     ^^^^^^^^^^^^
[INFO] [stdout]     |
[INFO] [stdout] help: you might have meant to use the available field
[INFO] [stdout]     |
[INFO] [stdout] 213 |             socket.set_read_timeout(self.read_timeout)?;
[INFO] [stdout]     |                                     +++++
[INFO] [stdout] help: a local variable with a similar name exists
[INFO] [stdout]     |
[INFO] [stdout] 213 |             socket.set_read_timeout(user_timeout)?;
[INFO] [stdout]     |                                     ~~~~~~~~~~~~
[INFO] [stdout] 
[INFO] [stdout] 
[INFO] [stdout] error[E0425]: cannot find value `write_timeout` in this scope
[INFO] [stdout]    --> /opt/rustwide/cargo-home/registry/src/index.crates.io-6f17d22bba15001f/mysql_wasi-23.0.1/src/io/tcp.rs:214:38
[INFO] [stdout]     |
[INFO] [stdout] 67  |     pub fn write_timeout(&mut self, write_timeout: Option<Duration>) -> &mut Self {
[INFO] [stdout]     |            ------------- a method by that name is available on `Self` here
[INFO] [stdout] ...
[INFO] [stdout] 214 |             socket.set_write_timeout(write_timeout)?;
[INFO] [stdout]     |                                      ^^^^^^^^^^^^^
[INFO] [stdout]     |
[INFO] [stdout] help: you might have meant to use the available field
[INFO] [stdout]     |
[INFO] [stdout] 214 |             socket.set_write_timeout(self.write_timeout)?;
[INFO] [stdout]     |                                      +++++
[INFO] [stdout] 
[INFO] [stdout] 
[INFO] [stdout] error[E0425]: cannot find value `keepalive_time_ms` in this scope
[INFO] [stdout]    --> /opt/rustwide/cargo-home/registry/src/index.crates.io-6f17d22bba15001f/mysql_wasi-23.0.1/src/io/tcp.rs:215:37
[INFO] [stdout]     |
[INFO] [stdout] 36  |     pub fn keepalive_time_ms(&mut self, keepalive_time_ms: Option<u32>) -> &mut Self {
[INFO] [stdout]     |            ----------------- a method by that name is available on `Self` here
[INFO] [stdout] ...
[INFO] [stdout] 215 |             if let Some(duration) = keepalive_time_ms {
[INFO] [stdout]     |                                     ^^^^^^^^^^^^^^^^^
[INFO] [stdout]     |
[INFO] [stdout] help: you might have meant to use the available field
[INFO] [stdout]     |
[INFO] [stdout] 215 |             if let Some(duration) = self.keepalive_time_ms {
[INFO] [stdout]     |                                     +++++
[INFO] [stdout] 
[INFO] [stdout] 
[INFO] [stdout] error[E0425]: cannot find value `nodelay` in this scope
[INFO] [stdout]    --> /opt/rustwide/cargo-home/registry/src/index.crates.io-6f17d22bba15001f/mysql_wasi-23.0.1/src/io/tcp.rs:273:28
[INFO] [stdout]     |
[INFO] [stdout] 62  |     pub fn nodelay(&mut self, nodelay: bool) -> &mut Self {
[INFO] [stdout]     |            ------- a method by that name is available on `Self` here
[INFO] [stdout] ...
[INFO] [stdout] 273 |         socket.set_nodelay(nodelay)?;
[INFO] [stdout]     |                            ^^^^^^^
[INFO] [stdout]     |
[INFO] [stdout] help: you might have meant to use the available field
[INFO] [stdout]     |
[INFO] [stdout] 273 |         socket.set_nodelay(self.nodelay)?;
[INFO] [stdout]     |                            +++++
[INFO] [stdout] 
[INFO] [stdout] 
[INFO] [stdout] error: aborting due to 6 previous errors
[INFO] [stdout] 
[INFO] [stdout] 
[INFO] [stdout] For more information about this error, try `rustc --explain E0425`.
[INFO] [stdout] 
[INFO] [stderr] error: could not compile `mysql_wasi` (lib) due to 7 previous errors
[INFO] running `Command { std: "docker" "inspect" "0ec8f2d76c0912097d4c282c4fb393264556e85a64f6d9e39c1c4b982cb147dd", kill_on_drop: false }`
[INFO] running `Command { std: "docker" "rm" "-f" "0ec8f2d76c0912097d4c282c4fb393264556e85a64f6d9e39c1c4b982cb147dd", kill_on_drop: false }`
[INFO] [stdout] 0ec8f2d76c0912097d4c282c4fb393264556e85a64f6d9e39c1c4b982cb147dd
[INFO] documenting Hrushi20/mysql-wasmedge against beta-2023-12-22 for beta-1.76-rustdoc-1
[INFO] running `Command { std: "git" "clone" "/workspace/cache/git-repos/https%3A%2F%2Fgithub.com%2FHrushi20%2Fmysql-wasmedge" "/workspace/builds/worker-6-tc2/source", kill_on_drop: false }`
[INFO] [stderr] Cloning into '/workspace/builds/worker-6-tc2/source'...
[INFO] [stderr] done.
[INFO] validating manifest of git repo https://github.com/Hrushi20/mysql-wasmedge on toolchain beta-2023-12-22
[INFO] running `Command { std: CARGO_HOME="/workspace/cargo-home" RUSTUP_HOME="/workspace/rustup-home" "/workspace/cargo-home/bin/cargo" "+beta-2023-12-22" "metadata" "--manifest-path" "Cargo.toml" "--no-deps", kill_on_drop: false }`
[INFO] started tweaking git repo https://github.com/Hrushi20/mysql-wasmedge
[INFO] finished tweaking git repo https://github.com/Hrushi20/mysql-wasmedge
[INFO] tweaked toml for git repo https://github.com/Hrushi20/mysql-wasmedge written to /workspace/builds/worker-6-tc2/source/Cargo.toml
[INFO] crate git repo https://github.com/Hrushi20/mysql-wasmedge already has a lockfile, it will not be regenerated
[INFO] running `Command { std: CARGO_HOME="/workspace/cargo-home" RUSTUP_HOME="/workspace/rustup-home" "/workspace/cargo-home/bin/cargo" "+beta-2023-12-22" "fetch" "--manifest-path" "Cargo.toml", kill_on_drop: false }`
[INFO] running `Command { std: "docker" "create" "-v" "/var/lib/crater-agent-workspace/builds/worker-6-tc2/target:/opt/rustwide/target:rw,Z" "-v" "/var/lib/crater-agent-workspace/builds/worker-6-tc2/source:/opt/rustwide/workdir:ro,Z" "-v" "/var/lib/crater-agent-workspace/cargo-home:/opt/rustwide/cargo-home:ro,Z" "-v" "/var/lib/crater-agent-workspace/rustup-home:/opt/rustwide/rustup-home:ro,Z" "-e" "SOURCE_DIR=/opt/rustwide/workdir" "-e" "CARGO_TARGET_DIR=/opt/rustwide/target" "-e" "CARGO_HOME=/opt/rustwide/cargo-home" "-e" "RUSTUP_HOME=/opt/rustwide/rustup-home" "-w" "/opt/rustwide/workdir" "-m" "1610612736" "--user" "0:0" "--network" "none" "ghcr.io/rust-lang/crates-build-env/linux@sha256:2788e3201cd34a07e3172128adcd8b3090168a8e3bcc40d7c032b9dda1df7d1c" "/opt/rustwide/cargo-home/bin/cargo" "+beta-2023-12-22" "metadata" "--no-deps" "--format-version=1", kill_on_drop: false }`
[INFO] [stdout] 1c90f3649e888073f0a56a9c9844cbb80c3187442f727cdbf5043994b6664370
[INFO] running `Command { std: "docker" "start" "-a" "1c90f3649e888073f0a56a9c9844cbb80c3187442f727cdbf5043994b6664370", kill_on_drop: false }`
[INFO] running `Command { std: "docker" "inspect" "1c90f3649e888073f0a56a9c9844cbb80c3187442f727cdbf5043994b6664370", kill_on_drop: false }`
[INFO] running `Command { std: "docker" "rm" "-f" "1c90f3649e888073f0a56a9c9844cbb80c3187442f727cdbf5043994b6664370", kill_on_drop: false }`
[INFO] [stdout] 1c90f3649e888073f0a56a9c9844cbb80c3187442f727cdbf5043994b6664370
[INFO] running `Command { std: "docker" "create" "-v" "/var/lib/crater-agent-workspace/builds/worker-6-tc2/target:/opt/rustwide/target:rw,Z" "-v" "/var/lib/crater-agent-workspace/builds/worker-6-tc2/source:/opt/rustwide/workdir:ro,Z" "-v" "/var/lib/crater-agent-workspace/cargo-home:/opt/rustwide/cargo-home:ro,Z" "-v" "/var/lib/crater-agent-workspace/rustup-home:/opt/rustwide/rustup-home:ro,Z" "-e" "SOURCE_DIR=/opt/rustwide/workdir" "-e" "CARGO_TARGET_DIR=/opt/rustwide/target" "-e" "CARGO_INCREMENTAL=0" "-e" "RUST_BACKTRACE=full" "-e" "RUSTFLAGS=--cap-lints=warn" "-e" "RUSTDOCFLAGS=--cap-lints=warn" "-e" "CARGO_HOME=/opt/rustwide/cargo-home" "-e" "RUSTUP_HOME=/opt/rustwide/rustup-home" "-w" "/opt/rustwide/workdir" "-m" "1610612736" "--user" "0:0" "--network" "none" "ghcr.io/rust-lang/crates-build-env/linux@sha256:2788e3201cd34a07e3172128adcd8b3090168a8e3bcc40d7c032b9dda1df7d1c" "/opt/rustwide/cargo-home/bin/cargo" "+beta-2023-12-22" "doc" "--frozen" "--no-deps" "--document-private-items" "--message-format=json", kill_on_drop: false }`
[INFO] [stdout] 1e2b86333dc7cd2cb9740d6a766fd66aa2c905e6fc8b9db3d3196da5cf1f0afc
[INFO] running `Command { std: "docker" "start" "-a" "1e2b86333dc7cd2cb9740d6a766fd66aa2c905e6fc8b9db3d3196da5cf1f0afc", kill_on_drop: false }`
[INFO] [stderr]    Compiling libc v0.2.141
[INFO] [stderr]    Compiling proc-macro2 v1.0.56
[INFO] [stderr]    Compiling quote v1.0.26
[INFO] [stderr]    Compiling unicode-ident v1.0.8
[INFO] [stderr]    Compiling version_check v0.9.4
[INFO] [stderr]    Compiling typenum v1.16.0
[INFO] [stderr]    Compiling syn v1.0.109
[INFO] [stderr]    Compiling glob v0.3.1
[INFO] [stderr]    Compiling memchr v2.5.0
[INFO] [stderr]    Compiling crossbeam-utils v0.8.15
[INFO] [stderr]    Compiling proc-macro-hack v0.5.20+deprecated
[INFO] [stderr]    Compiling minimal-lexical v0.2.1
[INFO] [stderr]    Compiling frunk_core v0.4.1
[INFO] [stderr]     Checking lexical-util v0.8.5
[INFO] [stderr]    Compiling num-traits v0.2.15
[INFO] [stderr]    Compiling libloading v0.7.4
[INFO] [stderr]    Compiling memoffset v0.8.0
[INFO] [stderr]    Compiling num-integer v0.1.45
[INFO] [stderr]    Compiling bindgen v0.59.2
[INFO] [stderr]    Compiling regex-syntax v0.6.29
[INFO] [stderr]    Compiling serde v1.0.160
[INFO] [stderr]    Compiling clang-sys v1.6.1
[INFO] [stderr]    Compiling generic-array v0.14.7
[INFO] [stderr]    Compiling ahash v0.7.6
[INFO] [stderr]    Compiling num-bigint v0.4.3
[INFO] [stderr]    Compiling crossbeam-epoch v0.9.14
[INFO] [stderr]     Checking lexical-parse-integer v0.8.6
[INFO] [stderr]     Checking lexical-write-integer v0.8.5
[INFO] [stderr]    Compiling radium v0.7.0
[INFO] [stderr]     Checking tinyvec_macros v0.1.1
[INFO] [stderr]    Compiling cc v1.0.79
[INFO] [stderr]    Compiling lazycell v1.3.0
[INFO] [stderr]    Compiling peeking_take_while v0.1.2
[INFO] [stderr]     Checking ppv-lite86 v0.2.17
[INFO] [stderr]    Compiling nom v7.1.3
[INFO] [stderr]    Compiling rustc-hash v1.1.0
[INFO] [stderr]    Compiling shlex v1.1.0
[INFO] [stderr]     Checking lexical-write-float v0.8.5
[INFO] [stderr]    Compiling syn v2.0.14
[INFO] [stderr]    Compiling subprocess v0.2.9
[INFO] [stderr]     Checking getrandom v0.2.9
[INFO] [stderr]     Checking lexical-parse-float v0.8.5
[INFO] [stderr]     Checking tinyvec v1.6.0
[INFO] [stderr]    Compiling crc32fast v1.3.2
[INFO] [stderr]     Checking rand_core v0.6.4
[INFO] [stderr]    Compiling cmake v0.1.50
[INFO] [stderr]     Checking rand_chacha v0.3.1
[INFO] [stderr]    Compiling serde_json v1.0.95
[INFO] [stderr]     Checking tap v1.0.1
[INFO] [stderr]    Compiling crossbeam-queue v0.3.8
[INFO] [stderr]    Compiling thiserror v1.0.40
[INFO] [stderr]    Compiling rust_decimal v1.29.1
[INFO] [stderr]     Checking scopeguard v1.1.0
[INFO] [stderr]     Checking adler v1.0.2
[INFO] [stderr]     Checking once_cell v1.17.1
[INFO] [stderr]     Checking block-buffer v0.10.4
[INFO] [stderr]     Checking crypto-common v0.1.6
[INFO] [stderr]     Checking cpufeatures v0.2.6
[INFO] [stderr]     Checking miniz_oxide v0.6.2
[INFO] [stderr]     Checking wyz v0.5.1
[INFO] [stderr]     Checking lexical-core v0.8.5
[INFO] [stderr]     Checking digest v0.10.6
[INFO] [stderr]     Checking rand v0.8.5
[INFO] [stderr]     Checking aho-corasick v0.7.20
[INFO] [stderr]     Checking unicode-normalization v0.1.22
[INFO] [stderr]     Checking base64 v0.13.1
[INFO] [stderr]     Checking time-core v0.1.0
[INFO] [stderr]     Checking arrayvec v0.7.2
[INFO] [stderr]     Checking itoa v1.0.6
[INFO] [stderr]     Checking percent-encoding v2.2.0
[INFO] [stderr]     Checking funty v2.0.0
[INFO] [stderr]     Checking unicode-bidi v0.3.13
[INFO] [stderr]    Compiling regex v1.7.3
[INFO] [stderr]    Compiling cexpr v0.6.0
[INFO] [stderr]     Checking ryu v1.0.13
[INFO] [stderr]     Checking form_urlencoded v1.1.0
[INFO] [stderr]     Checking flate2 v1.0.25
[INFO] [stderr]    Compiling frunk_proc_macro_helpers v0.1.1
[INFO] [stderr]     Checking idna v0.3.0
[INFO] [stderr]     Checking time v0.3.20
[INFO] [stderr]     Checking bitvec v1.0.1
[INFO] [stderr]     Checking sha2 v0.10.6
[INFO] [stderr]    Compiling derive_utils v0.13.0
[INFO] [stderr]     Checking sha1 v0.10.5
[INFO] [stderr]     Checking bigdecimal v0.3.0
[INFO] [stderr]     Checking crossbeam-deque v0.8.3
[INFO] [stderr]     Checking lexical v6.1.1
[INFO] [stderr]     Checking hashbrown v0.12.3
[INFO] [stderr]     Checking crossbeam-channel v0.5.8
[INFO] [stderr]     Checking uuid v1.3.1
[INFO] [stderr]     Checking bytes v1.4.0
[INFO] [stderr]     Checking saturating v0.1.0
[INFO] [stderr]     Checking smallvec v1.10.0
[INFO] [stderr]     Checking bitflags v1.3.2
[INFO] [stderr]    Compiling mysql_wasi v23.0.1
[INFO] [stderr]     Checking byteorder v1.4.3
[INFO] [stderr]     Checking url v2.3.1
[INFO] [stderr]     Checking twox-hash v1.6.3
[INFO] [stderr]     Checking pem v1.1.1
[INFO] [stderr]     Checking crossbeam v0.8.2
[INFO] [stderr]     Checking socket2 v0.4.9
[INFO] [stderr]     Checking bufstream v0.1.4
[INFO] [stderr]    Compiling frunk_proc_macros_impl v0.1.1
[INFO] [stderr]    Compiling frunk_derives v0.4.1
[INFO] [stderr]     Checking lru v0.8.1
[INFO] [stderr]     Checking frunk_proc_macros v0.1.1
[INFO] [stderr]    Compiling thiserror-impl v1.0.40
[INFO] [stderr]    Compiling io-enum v1.1.0
[INFO] [stderr]     Checking frunk v0.4.1
[INFO] [stderr]    Compiling mysql_common v0.29.2
[INFO] [stdout] error[E0425]: cannot find value `connect_timeout` in this scope
[INFO] [stdout]    --> /opt/rustwide/cargo-home/registry/src/index.crates.io-6f17d22bba15001f/mysql_wasi-23.0.1/src/io/tcp.rs:142:56
[INFO] [stdout]     |
[INFO] [stdout] 85  |     pub fn connect_timeout(&mut self, timeout: Option<Duration>) -> &mut Self {
[INFO] [stdout]     |            --------------- a method by that name is available on `Self` here
[INFO] [stdout] ...
[INFO] [stdout] 142 |                         if let Some(connect_timeout) = connect_timeout {
[INFO] [stdout]     |                                                        ^^^^^^^^^^^^^^^
[INFO] [stdout]     |
[INFO] [stdout] help: you might have meant to use the available field
[INFO] [stdout]     |
[INFO] [stdout] 142 |                         if let Some(connect_timeout) = self.connect_timeout {
[INFO] [stdout]     |                                                        +++++
[INFO] [stdout] 
[INFO] [stdout] 
[INFO] [stdout] error[E0425]: cannot find value `connect_timeout` in this scope
[INFO] [stdout]    --> /opt/rustwide/cargo-home/registry/src/index.crates.io-6f17d22bba15001f/mysql_wasi-23.0.1/src/io/tcp.rs:190:60
[INFO] [stdout]     |
[INFO] [stdout] 85  |     pub fn connect_timeout(&mut self, timeout: Option<Duration>) -> &mut Self {
[INFO] [stdout]     |            --------------- a method by that name is available on `Self` here
[INFO] [stdout] ...
[INFO] [stdout] 190 |                             if let Some(connect_timeout) = connect_timeout {
[INFO] [stdout]     |                                                            ^^^^^^^^^^^^^^^
[INFO] [stdout]     |
[INFO] [stdout] help: you might have meant to use the available field
[INFO] [stdout]     |
[INFO] [stdout] 190 |                             if let Some(connect_timeout) = self.connect_timeout {
[INFO] [stdout]     |                                                            +++++
[INFO] [stdout] 
[INFO] [stdout] 
[INFO] [stdout] error[E0425]: cannot find value `read_timeout` in this scope
[INFO] [stdout]    --> /opt/rustwide/cargo-home/registry/src/index.crates.io-6f17d22bba15001f/mysql_wasi-23.0.1/src/io/tcp.rs:213:37
[INFO] [stdout]     |
[INFO] [stdout] 72  |     pub fn read_timeout(&mut self, read_timeout: Option<Duration>) -> &mut Self {
[INFO] [stdout]     |            ------------ a method by that name is available on `Self` here
[INFO] [stdout] ...
[INFO] [stdout] 213 |             socket.set_read_timeout(read_timeout)?;
[INFO] [stdout]     |                                     ^^^^^^^^^^^^
[INFO] [stdout]     |
[INFO] [stdout] help: you might have meant to use the available field
[INFO] [stdout]     |
[INFO] [stdout] 213 |             socket.set_read_timeout(self.read_timeout)?;
[INFO] [stdout]     |                                     +++++
[INFO] [stdout] help: a local variable with a similar name exists
[INFO] [stdout]     |
[INFO] [stdout] 213 |             socket.set_read_timeout(user_timeout)?;
[INFO] [stdout]     |                                     ~~~~~~~~~~~~
[INFO] [stdout] 
[INFO] [stdout] 
[INFO] [stdout] error[E0425]: cannot find value `write_timeout` in this scope
[INFO] [stdout]    --> /opt/rustwide/cargo-home/registry/src/index.crates.io-6f17d22bba15001f/mysql_wasi-23.0.1/src/io/tcp.rs:214:38
[INFO] [stdout]     |
[INFO] [stdout] 67  |     pub fn write_timeout(&mut self, write_timeout: Option<Duration>) -> &mut Self {
[INFO] [stdout]     |            ------------- a method by that name is available on `Self` here
[INFO] [stdout] ...
[INFO] [stdout] 214 |             socket.set_write_timeout(write_timeout)?;
[INFO] [stdout]     |                                      ^^^^^^^^^^^^^
[INFO] [stdout]     |
[INFO] [stdout] help: you might have meant to use the available field
[INFO] [stdout]     |
[INFO] [stdout] 214 |             socket.set_write_timeout(self.write_timeout)?;
[INFO] [stdout]     |                                      +++++
[INFO] [stdout] 
[INFO] [stdout] 
[INFO] [stdout] error[E0425]: cannot find value `keepalive_time_ms` in this scope
[INFO] [stdout]    --> /opt/rustwide/cargo-home/registry/src/index.crates.io-6f17d22bba15001f/mysql_wasi-23.0.1/src/io/tcp.rs:215:37
[INFO] [stdout]     |
[INFO] [stdout] 36  |     pub fn keepalive_time_ms(&mut self, keepalive_time_ms: Option<u32>) -> &mut Self {
[INFO] [stdout]     |            ----------------- a method by that name is available on `Self` here
[INFO] [stdout] ...
[INFO] [stdout] 215 |             if let Some(duration) = keepalive_time_ms {
[INFO] [stdout]     |                                     ^^^^^^^^^^^^^^^^^
[INFO] [stdout]     |
[INFO] [stdout] help: you might have meant to use the available field
[INFO] [stdout]     |
[INFO] [stdout] 215 |             if let Some(duration) = self.keepalive_time_ms {
[INFO] [stdout]     |                                     +++++
[INFO] [stdout] 
[INFO] [stdout] 
[INFO] [stdout] error[E0425]: cannot find value `nodelay` in this scope
[INFO] [stdout]    --> /opt/rustwide/cargo-home/registry/src/index.crates.io-6f17d22bba15001f/mysql_wasi-23.0.1/src/io/tcp.rs:273:28
[INFO] [stdout]     |
[INFO] [stdout] 62  |     pub fn nodelay(&mut self, nodelay: bool) -> &mut Self {
[INFO] [stdout]     |            ------- a method by that name is available on `Self` here
[INFO] [stdout] ...
[INFO] [stdout] 273 |         socket.set_nodelay(nodelay)?;
[INFO] [stdout]     |                            ^^^^^^^
[INFO] [stdout]     |
[INFO] [stdout] help: you might have meant to use the available field
[INFO] [stdout]     |
[INFO] [stdout] 273 |         socket.set_nodelay(self.nodelay)?;
[INFO] [stdout]     |                            +++++
[INFO] [stdout] 
[INFO] [stdout] 
[INFO] [stdout] error: aborting due to 6 previous errors
[INFO] [stdout] 
[INFO] [stdout] 
[INFO] [stdout] For more information about this error, try `rustc --explain E0425`.
[INFO] [stdout] 
[INFO] [stderr] error: could not compile `mysql_wasi` (lib) due to 7 previous errors
[INFO] running `Command { std: "docker" "inspect" "1e2b86333dc7cd2cb9740d6a766fd66aa2c905e6fc8b9db3d3196da5cf1f0afc", kill_on_drop: false }`
[INFO] running `Command { std: "docker" "rm" "-f" "1e2b86333dc7cd2cb9740d6a766fd66aa2c905e6fc8b9db3d3196da5cf1f0afc", kill_on_drop: false }`
[INFO] [stdout] 1e2b86333dc7cd2cb9740d6a766fd66aa2c905e6fc8b9db3d3196da5cf1f0afc
