[INFO] cloning repository https://github.com/HouraiTeahouse/bevy_prototype_animation
[INFO] running `Command { std: "git" "-c" "credential.helper=" "-c" "credential.helper=/workspace/cargo-home/bin/git-credential-null" "clone" "--bare" "https://github.com/HouraiTeahouse/bevy_prototype_animation" "/workspace/cache/git-repos/https%3A%2F%2Fgithub.com%2FHouraiTeahouse%2Fbevy_prototype_animation", kill_on_drop: false }`
[INFO] [stderr] Cloning into bare repository '/workspace/cache/git-repos/https%3A%2F%2Fgithub.com%2FHouraiTeahouse%2Fbevy_prototype_animation'...
[INFO] running `Command { std: "git" "rev-parse" "HEAD", kill_on_drop: false }`
[INFO] [stdout] e58ccc2ae7baafa39dad90d1c27d7590cdf2644e
[INFO] documenting HouraiTeahouse/bevy_prototype_animation against 1.75.0 for beta-1.76-rustdoc-1
[INFO] running `Command { std: "git" "clone" "/workspace/cache/git-repos/https%3A%2F%2Fgithub.com%2FHouraiTeahouse%2Fbevy_prototype_animation" "/workspace/builds/worker-4-tc1/source", kill_on_drop: false }`
[INFO] [stderr] Cloning into '/workspace/builds/worker-4-tc1/source'...
[INFO] [stderr] done.
[INFO] validating manifest of git repo https://github.com/HouraiTeahouse/bevy_prototype_animation on toolchain 1.75.0
[INFO] running `Command { std: CARGO_HOME="/workspace/cargo-home" RUSTUP_HOME="/workspace/rustup-home" "/workspace/cargo-home/bin/cargo" "+1.75.0" "metadata" "--manifest-path" "Cargo.toml" "--no-deps", kill_on_drop: false }`
[INFO] started tweaking git repo https://github.com/HouraiTeahouse/bevy_prototype_animation
[INFO] finished tweaking git repo https://github.com/HouraiTeahouse/bevy_prototype_animation
[INFO] tweaked toml for git repo https://github.com/HouraiTeahouse/bevy_prototype_animation written to /workspace/builds/worker-4-tc1/source/Cargo.toml
[INFO] crate git repo https://github.com/HouraiTeahouse/bevy_prototype_animation already has a lockfile, it will not be regenerated
[INFO] running `Command { std: CARGO_HOME="/workspace/cargo-home" RUSTUP_HOME="/workspace/rustup-home" "/workspace/cargo-home/bin/cargo" "+1.75.0" "fetch" "--manifest-path" "Cargo.toml", kill_on_drop: false }`
[INFO] [stderr] warning: unused manifest key: benches
[INFO] [stderr]     Updating crates.io index
[INFO] [stderr]  Downloading crates ...
[INFO] [stderr]   Downloaded dashmap v5.1.0
[INFO] [stderr]   Downloaded parallel_vec v0.2.3
[INFO] running `Command { std: "docker" "create" "-v" "/var/lib/crater-agent-workspace/builds/worker-4-tc1/target:/opt/rustwide/target:rw,Z" "-v" "/var/lib/crater-agent-workspace/builds/worker-4-tc1/source:/opt/rustwide/workdir:ro,Z" "-v" "/var/lib/crater-agent-workspace/cargo-home:/opt/rustwide/cargo-home:ro,Z" "-v" "/var/lib/crater-agent-workspace/rustup-home:/opt/rustwide/rustup-home:ro,Z" "-e" "SOURCE_DIR=/opt/rustwide/workdir" "-e" "CARGO_TARGET_DIR=/opt/rustwide/target" "-e" "CARGO_HOME=/opt/rustwide/cargo-home" "-e" "RUSTUP_HOME=/opt/rustwide/rustup-home" "-w" "/opt/rustwide/workdir" "-m" "1610612736" "--user" "0:0" "--network" "none" "ghcr.io/rust-lang/crates-build-env/linux@sha256:2788e3201cd34a07e3172128adcd8b3090168a8e3bcc40d7c032b9dda1df7d1c" "/opt/rustwide/cargo-home/bin/cargo" "+1.75.0" "metadata" "--no-deps" "--format-version=1", kill_on_drop: false }`
[INFO] [stdout] 560a436598849f29accf05d46af6c149bec4705da7974882dbf08620fda6bd1c
[INFO] running `Command { std: "docker" "start" "-a" "560a436598849f29accf05d46af6c149bec4705da7974882dbf08620fda6bd1c", kill_on_drop: false }`
[INFO] running `Command { std: "docker" "inspect" "560a436598849f29accf05d46af6c149bec4705da7974882dbf08620fda6bd1c", kill_on_drop: false }`
[INFO] running `Command { std: "docker" "rm" "-f" "560a436598849f29accf05d46af6c149bec4705da7974882dbf08620fda6bd1c", kill_on_drop: false }`
[INFO] [stdout] 560a436598849f29accf05d46af6c149bec4705da7974882dbf08620fda6bd1c
[INFO] running `Command { std: "docker" "create" "-v" "/var/lib/crater-agent-workspace/builds/worker-4-tc1/target:/opt/rustwide/target:rw,Z" "-v" "/var/lib/crater-agent-workspace/builds/worker-4-tc1/source:/opt/rustwide/workdir:ro,Z" "-v" "/var/lib/crater-agent-workspace/cargo-home:/opt/rustwide/cargo-home:ro,Z" "-v" "/var/lib/crater-agent-workspace/rustup-home:/opt/rustwide/rustup-home:ro,Z" "-e" "SOURCE_DIR=/opt/rustwide/workdir" "-e" "CARGO_TARGET_DIR=/opt/rustwide/target" "-e" "CARGO_INCREMENTAL=0" "-e" "RUST_BACKTRACE=full" "-e" "RUSTFLAGS=--cap-lints=warn" "-e" "RUSTDOCFLAGS=--cap-lints=warn" "-e" "CARGO_HOME=/opt/rustwide/cargo-home" "-e" "RUSTUP_HOME=/opt/rustwide/rustup-home" "-w" "/opt/rustwide/workdir" "-m" "1610612736" "--user" "0:0" "--network" "none" "ghcr.io/rust-lang/crates-build-env/linux@sha256:2788e3201cd34a07e3172128adcd8b3090168a8e3bcc40d7c032b9dda1df7d1c" "/opt/rustwide/cargo-home/bin/cargo" "+1.75.0" "doc" "--frozen" "--no-deps" "--document-private-items" "--message-format=json", kill_on_drop: false }`
[INFO] [stdout] 786cc3ccd49b061f49d47364ec12f596fae8e0074ebe83d0b15c14742676163c
[INFO] running `Command { std: "docker" "start" "-a" "786cc3ccd49b061f49d47364ec12f596fae8e0074ebe83d0b15c14742676163c", kill_on_drop: false }`
[INFO] [stderr] warning: unused manifest key: benches
[INFO] [stderr]    Compiling proc-macro2 v1.0.36
[INFO] [stderr]    Compiling unicode-xid v0.2.2
[INFO] [stderr]    Compiling syn v1.0.86
[INFO] [stderr]    Compiling serde_derive v1.0.136
[INFO] [stderr]     Checking cfg-if v1.0.0
[INFO] [stderr]    Compiling libc v0.2.119
[INFO] [stderr]    Compiling serde v1.0.136
[INFO] [stderr]    Compiling autocfg v1.1.0
[INFO] [stderr]     Checking lazy_static v1.4.0
[INFO] [stderr]    Compiling hashbrown v0.11.2
[INFO] [stderr]     Checking once_cell v1.9.0
[INFO] [stderr]     Checking pin-project-lite v0.2.8
[INFO] [stderr]    Compiling version_check v0.9.4
[INFO] [stderr]    Compiling futures-core v0.3.21
[INFO] [stderr]     Checking scopeguard v1.1.0
[INFO] [stderr]     Checking tracing-core v0.1.22
[INFO] [stderr]     Checking instant v0.1.12
[INFO] [stderr]    Compiling parking_lot_core v0.8.5
[INFO] [stderr]     Checking lock_api v0.4.6
[INFO] [stderr]    Compiling memchr v2.4.1
[INFO] [stderr]     Checking cache-padded v1.2.0
[INFO] [stderr]    Compiling erased-serde v0.3.18
[INFO] [stderr]     Checking concurrent-queue v1.2.2
[INFO] [stderr]     Checking fastrand v1.7.0
[INFO] [stderr]     Checking futures-io v0.3.21
[INFO] [stderr]     Checking parking v2.0.0
[INFO] [stderr]     Checking waker-fn v1.1.0
[INFO] [stderr]    Compiling indexmap v1.8.0
[INFO] [stderr]     Checking bytemuck v1.7.3
[INFO] [stderr]     Checking async-task v4.1.0
[INFO] [stderr]    Compiling ahash v0.7.6
[INFO] [stderr]     Checking downcast-rs v1.2.0
[INFO] [stderr]     Checking slab v0.4.5
[INFO] [stderr]     Checking event-listener v2.5.2
[INFO] [stderr]     Checking byteorder v1.4.3
[INFO] [stderr]    Compiling log v0.4.14
[INFO] [stderr]     Checking regex-syntax v0.6.25
[INFO] [stderr]     Checking fixedbitset v0.4.1
[INFO] [stderr]     Checking thread_local v1.1.4
[INFO] [stderr]     Checking sharded-slab v0.1.4
[INFO] [stderr]     Checking async-channel v1.6.1
[INFO] [stderr]    Compiling crossbeam-utils v0.8.7
[INFO] [stderr]    Compiling parking_lot_core v0.9.1
[INFO] [stderr]     Checking ansi_term v0.12.1
[INFO] [stderr]    Compiling anyhow v1.0.55
[INFO] [stderr]     Checking ppv-lite86 v0.2.16
[INFO] [stderr]     Checking parallel_vec v0.2.3
[INFO] [stderr]     Checking fxhash v0.2.1
[INFO] [stderr]    Compiling quote v1.0.15
[INFO] [stdout] error[E0554]: `#![feature]` may not be used on the stable release channel
[INFO] [stdout]  --> /opt/rustwide/cargo-home/registry/src/index.crates.io-6f17d22bba15001f/parallel_vec-0.2.3/src/lib.rs:3:1
[INFO] [stdout]   |
[INFO] [stdout] 3 | #![feature(generic_associated_types)]
[INFO] [stdout]   | ^^^^^^^^^^^^^^^^^^^^^^^^^^^^^^^^^^^^^ help: remove the attribute
[INFO] [stdout]   |
[INFO] [stdout]   = help: the feature `generic_associated_types` has been stable since `1.65.0` and no longer requires an attribute to enable
[INFO] [stdout] 
[INFO] [stdout] 
[INFO] [stdout] error[E0554]: `#![feature]` may not be used on the stable release channel
[INFO] [stdout]  --> /opt/rustwide/cargo-home/registry/src/index.crates.io-6f17d22bba15001f/parallel_vec-0.2.3/src/lib.rs:4:1
[INFO] [stdout]   |
[INFO] [stdout] 4 | #![feature(doc_cfg)]
[INFO] [stdout]   | ^^^^^^^^^^^^^^^^^^^^
[INFO] [stdout] 
[INFO] [stdout] 
[INFO] [stderr]     Checking tracing-log v0.1.2
[INFO] [stderr]     Checking futures-lite v1.12.0
[INFO] [stdout] error: aborting due to 2 previous errors
[INFO] [stdout] 
[INFO] [stdout] 
[INFO] [stdout] For more information about this error, try `rustc --explain E0554`.
[INFO] [stdout] 
[INFO] [stderr] error: could not compile `parallel_vec` (lib) due to 3 previous errors
[INFO] [stderr] warning: build failed, waiting for other jobs to finish...
[INFO] running `Command { std: "docker" "inspect" "786cc3ccd49b061f49d47364ec12f596fae8e0074ebe83d0b15c14742676163c", kill_on_drop: false }`
[INFO] running `Command { std: "docker" "rm" "-f" "786cc3ccd49b061f49d47364ec12f596fae8e0074ebe83d0b15c14742676163c", kill_on_drop: false }`
[INFO] [stdout] 786cc3ccd49b061f49d47364ec12f596fae8e0074ebe83d0b15c14742676163c
[INFO] documenting HouraiTeahouse/bevy_prototype_animation against beta-2023-12-22 for beta-1.76-rustdoc-1
[INFO] running `Command { std: "git" "clone" "/workspace/cache/git-repos/https%3A%2F%2Fgithub.com%2FHouraiTeahouse%2Fbevy_prototype_animation" "/workspace/builds/worker-4-tc2/source", kill_on_drop: false }`
[INFO] [stderr] Cloning into '/workspace/builds/worker-4-tc2/source'...
[INFO] [stderr] done.
[INFO] validating manifest of git repo https://github.com/HouraiTeahouse/bevy_prototype_animation on toolchain beta-2023-12-22
[INFO] running `Command { std: CARGO_HOME="/workspace/cargo-home" RUSTUP_HOME="/workspace/rustup-home" "/workspace/cargo-home/bin/cargo" "+beta-2023-12-22" "metadata" "--manifest-path" "Cargo.toml" "--no-deps", kill_on_drop: false }`
[INFO] started tweaking git repo https://github.com/HouraiTeahouse/bevy_prototype_animation
[INFO] finished tweaking git repo https://github.com/HouraiTeahouse/bevy_prototype_animation
[INFO] tweaked toml for git repo https://github.com/HouraiTeahouse/bevy_prototype_animation written to /workspace/builds/worker-4-tc2/source/Cargo.toml
[INFO] crate git repo https://github.com/HouraiTeahouse/bevy_prototype_animation already has a lockfile, it will not be regenerated
[INFO] running `Command { std: CARGO_HOME="/workspace/cargo-home" RUSTUP_HOME="/workspace/rustup-home" "/workspace/cargo-home/bin/cargo" "+beta-2023-12-22" "fetch" "--manifest-path" "Cargo.toml", kill_on_drop: false }`
[INFO] [stderr] warning: unused manifest key: benches
[INFO] running `Command { std: "docker" "create" "-v" "/var/lib/crater-agent-workspace/builds/worker-4-tc2/target:/opt/rustwide/target:rw,Z" "-v" "/var/lib/crater-agent-workspace/builds/worker-4-tc2/source:/opt/rustwide/workdir:ro,Z" "-v" "/var/lib/crater-agent-workspace/cargo-home:/opt/rustwide/cargo-home:ro,Z" "-v" "/var/lib/crater-agent-workspace/rustup-home:/opt/rustwide/rustup-home:ro,Z" "-e" "SOURCE_DIR=/opt/rustwide/workdir" "-e" "CARGO_TARGET_DIR=/opt/rustwide/target" "-e" "CARGO_HOME=/opt/rustwide/cargo-home" "-e" "RUSTUP_HOME=/opt/rustwide/rustup-home" "-w" "/opt/rustwide/workdir" "-m" "1610612736" "--user" "0:0" "--network" "none" "ghcr.io/rust-lang/crates-build-env/linux@sha256:2788e3201cd34a07e3172128adcd8b3090168a8e3bcc40d7c032b9dda1df7d1c" "/opt/rustwide/cargo-home/bin/cargo" "+beta-2023-12-22" "metadata" "--no-deps" "--format-version=1", kill_on_drop: false }`
[INFO] [stdout] 428f8910f0ff54985200cf10e6a4e07329b266fc4744855d4f68520efe966ef5
[INFO] running `Command { std: "docker" "start" "-a" "428f8910f0ff54985200cf10e6a4e07329b266fc4744855d4f68520efe966ef5", kill_on_drop: false }`
[INFO] running `Command { std: "docker" "inspect" "428f8910f0ff54985200cf10e6a4e07329b266fc4744855d4f68520efe966ef5", kill_on_drop: false }`
[INFO] running `Command { std: "docker" "rm" "-f" "428f8910f0ff54985200cf10e6a4e07329b266fc4744855d4f68520efe966ef5", kill_on_drop: false }`
[INFO] [stdout] 428f8910f0ff54985200cf10e6a4e07329b266fc4744855d4f68520efe966ef5
[INFO] running `Command { std: "docker" "create" "-v" "/var/lib/crater-agent-workspace/builds/worker-4-tc2/target:/opt/rustwide/target:rw,Z" "-v" "/var/lib/crater-agent-workspace/builds/worker-4-tc2/source:/opt/rustwide/workdir:ro,Z" "-v" "/var/lib/crater-agent-workspace/cargo-home:/opt/rustwide/cargo-home:ro,Z" "-v" "/var/lib/crater-agent-workspace/rustup-home:/opt/rustwide/rustup-home:ro,Z" "-e" "SOURCE_DIR=/opt/rustwide/workdir" "-e" "CARGO_TARGET_DIR=/opt/rustwide/target" "-e" "CARGO_INCREMENTAL=0" "-e" "RUST_BACKTRACE=full" "-e" "RUSTFLAGS=--cap-lints=warn" "-e" "RUSTDOCFLAGS=--cap-lints=warn" "-e" "CARGO_HOME=/opt/rustwide/cargo-home" "-e" "RUSTUP_HOME=/opt/rustwide/rustup-home" "-w" "/opt/rustwide/workdir" "-m" "1610612736" "--user" "0:0" "--network" "none" "ghcr.io/rust-lang/crates-build-env/linux@sha256:2788e3201cd34a07e3172128adcd8b3090168a8e3bcc40d7c032b9dda1df7d1c" "/opt/rustwide/cargo-home/bin/cargo" "+beta-2023-12-22" "doc" "--frozen" "--no-deps" "--document-private-items" "--message-format=json", kill_on_drop: false }`
[INFO] [stdout] db6e239b049c5fdc3d427d24fb24a8cc158f4c1db7a649cf9b616f8486618c48
[INFO] running `Command { std: "docker" "start" "-a" "db6e239b049c5fdc3d427d24fb24a8cc158f4c1db7a649cf9b616f8486618c48", kill_on_drop: false }`
[INFO] [stderr] warning: unused manifest key: benches
[INFO] [stderr]    Compiling proc-macro2 v1.0.36
[INFO] [stderr]    Compiling unicode-xid v0.2.2
[INFO] [stderr]    Compiling syn v1.0.86
[INFO] [stderr]     Checking cfg-if v1.0.0
[INFO] [stderr]    Compiling serde_derive v1.0.136
[INFO] [stderr]    Compiling libc v0.2.119
[INFO] [stderr]    Compiling serde v1.0.136
[INFO] [stderr]    Compiling autocfg v1.1.0
[INFO] [stderr]     Checking lazy_static v1.4.0
[INFO] [stderr]    Compiling hashbrown v0.11.2
[INFO] [stderr]     Checking once_cell v1.9.0
[INFO] [stderr]     Checking pin-project-lite v0.2.8
[INFO] [stderr]    Compiling version_check v0.9.4
[INFO] [stderr]    Compiling futures-core v0.3.21
[INFO] [stderr]     Checking scopeguard v1.1.0
[INFO] [stderr]     Checking instant v0.1.12
[INFO] [stderr]     Checking tracing-core v0.1.22
[INFO] [stderr]    Compiling parking_lot_core v0.8.5
[INFO] [stderr]     Checking lock_api v0.4.6
[INFO] [stderr]    Compiling memchr v2.4.1
[INFO] [stderr]     Checking cache-padded v1.2.0
[INFO] [stderr]    Compiling erased-serde v0.3.18
[INFO] [stderr]     Checking concurrent-queue v1.2.2
[INFO] [stderr]     Checking fastrand v1.7.0
[INFO] [stderr]     Checking bytemuck v1.7.3
[INFO] [stderr]    Compiling ahash v0.7.6
[INFO] [stderr]     Checking waker-fn v1.1.0
[INFO] [stderr]     Checking futures-io v0.3.21
[INFO] [stderr]    Compiling indexmap v1.8.0
[INFO] [stderr]     Checking parking v2.0.0
[INFO] [stderr]     Checking async-task v4.1.0
[INFO] [stderr]     Checking slab v0.4.5
[INFO] [stderr]     Checking event-listener v2.5.2
[INFO] [stderr]     Checking downcast-rs v1.2.0
[INFO] [stderr]     Checking byteorder v1.4.3
[INFO] [stderr]     Checking regex-syntax v0.6.25
[INFO] [stderr]    Compiling log v0.4.14
[INFO] [stderr]     Checking fixedbitset v0.4.1
[INFO] [stderr]     Checking thread_local v1.1.4
[INFO] [stderr]     Checking async-channel v1.6.1
[INFO] [stderr]     Checking sharded-slab v0.1.4
[INFO] [stderr]     Checking ansi_term v0.12.1
[INFO] [stderr]    Compiling crossbeam-utils v0.8.7
[INFO] [stderr]    Compiling parking_lot_core v0.9.1
[INFO] [stderr]     Checking fxhash v0.2.1
[INFO] [stderr]    Compiling anyhow v1.0.55
[INFO] [stderr]    Compiling quote v1.0.15
[INFO] [stderr]     Checking ppv-lite86 v0.2.16
[INFO] [stderr]     Checking parallel_vec v0.2.3
[INFO] [stdout] error[E0554]: `#![feature]` may not be used on the beta release channel
[INFO] [stdout]  --> /opt/rustwide/cargo-home/registry/src/index.crates.io-6f17d22bba15001f/parallel_vec-0.2.3/src/lib.rs:3:1
[INFO] [stdout]   |
[INFO] [stdout] 3 | #![feature(generic_associated_types)]
[INFO] [stdout]   | ^^^^^^^^^^^^^^^^^^^^^^^^^^^^^^^^^^^^^ help: remove the attribute
[INFO] [stdout]   |
[INFO] [stdout]   = help: the feature `generic_associated_types` has been stable since `1.65.0` and no longer requires an attribute to enable
[INFO] [stdout] 
[INFO] [stdout] 
[INFO] [stdout] error[E0554]: `#![feature]` may not be used on the beta release channel
[INFO] [stdout]  --> /opt/rustwide/cargo-home/registry/src/index.crates.io-6f17d22bba15001f/parallel_vec-0.2.3/src/lib.rs:4:1
[INFO] [stdout]   |
[INFO] [stdout] 4 | #![feature(doc_cfg)]
[INFO] [stdout]   | ^^^^^^^^^^^^^^^^^^^^
[INFO] [stdout] 
[INFO] [stdout] 
[INFO] [stderr]     Checking futures-lite v1.12.0
[INFO] [stderr]     Checking tracing-log v0.1.2
[INFO] [stderr]     Checking getrandom v0.2.5
[INFO] [stderr]     Checking num_cpus v1.13.1
[INFO] [stdout] error: aborting due to 2 previous errors
[INFO] [stdout] 
[INFO] [stdout] 
[INFO] [stdout] For more information about this error, try `rustc --explain E0554`.
[INFO] [stdout] 
[INFO] [stderr] error: could not compile `parallel_vec` (lib) due to 3 previous errors
[INFO] [stderr] warning: build failed, waiting for other jobs to finish...
[INFO] running `Command { std: "docker" "inspect" "db6e239b049c5fdc3d427d24fb24a8cc158f4c1db7a649cf9b616f8486618c48", kill_on_drop: false }`
[INFO] running `Command { std: "docker" "rm" "-f" "db6e239b049c5fdc3d427d24fb24a8cc158f4c1db7a649cf9b616f8486618c48", kill_on_drop: false }`
[INFO] [stdout] db6e239b049c5fdc3d427d24fb24a8cc158f4c1db7a649cf9b616f8486618c48
