[INFO] cloning repository https://github.com/Homebrew-TSDB-Club/t1
[INFO] running `Command { std: "git" "-c" "credential.helper=" "-c" "credential.helper=/workspace/cargo-home/bin/git-credential-null" "clone" "--bare" "https://github.com/Homebrew-TSDB-Club/t1" "/workspace/cache/git-repos/https%3A%2F%2Fgithub.com%2FHomebrew-TSDB-Club%2Ft1", kill_on_drop: false }`
[INFO] [stderr] Cloning into bare repository '/workspace/cache/git-repos/https%3A%2F%2Fgithub.com%2FHomebrew-TSDB-Club%2Ft1'...
[INFO] running `Command { std: "git" "rev-parse" "HEAD", kill_on_drop: false }`
[INFO] [stdout] 677975ee36f0901cf52369e5c34116c78e42067e
[INFO] documenting Homebrew-TSDB-Club/t1 against 1.75.0 for beta-1.76-rustdoc-1
[INFO] running `Command { std: "git" "clone" "/workspace/cache/git-repos/https%3A%2F%2Fgithub.com%2FHomebrew-TSDB-Club%2Ft1" "/workspace/builds/worker-2-tc1/source", kill_on_drop: false }`
[INFO] [stderr] Cloning into '/workspace/builds/worker-2-tc1/source'...
[INFO] [stderr] done.
[INFO] validating manifest of git repo https://github.com/Homebrew-TSDB-Club/t1 on toolchain 1.75.0
[INFO] running `Command { std: CARGO_HOME="/workspace/cargo-home" RUSTUP_HOME="/workspace/rustup-home" "/workspace/cargo-home/bin/cargo" "+1.75.0" "metadata" "--manifest-path" "Cargo.toml" "--no-deps", kill_on_drop: false }`
[INFO] removed /workspace/builds/worker-2-tc1/source/rust-toolchain.toml
[INFO] started tweaking git repo https://github.com/Homebrew-TSDB-Club/t1
[INFO] finished tweaking git repo https://github.com/Homebrew-TSDB-Club/t1
[INFO] tweaked toml for git repo https://github.com/Homebrew-TSDB-Club/t1 written to /workspace/builds/worker-2-tc1/source/Cargo.toml
[INFO] crate git repo https://github.com/Homebrew-TSDB-Club/t1 already has a lockfile, it will not be regenerated
[INFO] running `Command { std: CARGO_HOME="/workspace/cargo-home" RUSTUP_HOME="/workspace/rustup-home" "/workspace/cargo-home/bin/cargo" "+1.75.0" "fetch" "--manifest-path" "Cargo.toml", kill_on_drop: false }`
[INFO] [stderr]     Updating crates.io index
[INFO] [stderr]  Downloading crates ...
[INFO] [stderr]   Downloaded succinct v0.5.2
[INFO] [stderr]   Downloaded croaring v0.8.1
[INFO] [stderr]   Downloaded pdatastructs v0.7.0
[INFO] [stderr]   Downloaded promql v0.4.2
[INFO] [stderr]   Downloaded croaring-sys v0.8.1
[INFO] running `Command { std: "docker" "create" "-v" "/var/lib/crater-agent-workspace/builds/worker-2-tc1/target:/opt/rustwide/target:rw,Z" "-v" "/var/lib/crater-agent-workspace/builds/worker-2-tc1/source:/opt/rustwide/workdir:ro,Z" "-v" "/var/lib/crater-agent-workspace/cargo-home:/opt/rustwide/cargo-home:ro,Z" "-v" "/var/lib/crater-agent-workspace/rustup-home:/opt/rustwide/rustup-home:ro,Z" "-e" "SOURCE_DIR=/opt/rustwide/workdir" "-e" "CARGO_TARGET_DIR=/opt/rustwide/target" "-e" "CARGO_HOME=/opt/rustwide/cargo-home" "-e" "RUSTUP_HOME=/opt/rustwide/rustup-home" "-w" "/opt/rustwide/workdir" "-m" "1610612736" "--user" "0:0" "--network" "none" "ghcr.io/rust-lang/crates-build-env/linux@sha256:2788e3201cd34a07e3172128adcd8b3090168a8e3bcc40d7c032b9dda1df7d1c" "/opt/rustwide/cargo-home/bin/cargo" "+1.75.0" "metadata" "--no-deps" "--format-version=1", kill_on_drop: false }`
[INFO] [stdout] 7b7011cb28846069ba622a86e15147c20e2e3768b0df9227c133849c7e2070c9
[INFO] running `Command { std: "docker" "start" "-a" "7b7011cb28846069ba622a86e15147c20e2e3768b0df9227c133849c7e2070c9", kill_on_drop: false }`
[INFO] running `Command { std: "docker" "inspect" "7b7011cb28846069ba622a86e15147c20e2e3768b0df9227c133849c7e2070c9", kill_on_drop: false }`
[INFO] running `Command { std: "docker" "rm" "-f" "7b7011cb28846069ba622a86e15147c20e2e3768b0df9227c133849c7e2070c9", kill_on_drop: false }`
[INFO] [stdout] 7b7011cb28846069ba622a86e15147c20e2e3768b0df9227c133849c7e2070c9
[INFO] running `Command { std: "docker" "create" "-v" "/var/lib/crater-agent-workspace/builds/worker-2-tc1/target:/opt/rustwide/target:rw,Z" "-v" "/var/lib/crater-agent-workspace/builds/worker-2-tc1/source:/opt/rustwide/workdir:ro,Z" "-v" "/var/lib/crater-agent-workspace/cargo-home:/opt/rustwide/cargo-home:ro,Z" "-v" "/var/lib/crater-agent-workspace/rustup-home:/opt/rustwide/rustup-home:ro,Z" "-e" "SOURCE_DIR=/opt/rustwide/workdir" "-e" "CARGO_TARGET_DIR=/opt/rustwide/target" "-e" "CARGO_INCREMENTAL=0" "-e" "RUST_BACKTRACE=full" "-e" "RUSTFLAGS=--cap-lints=warn" "-e" "RUSTDOCFLAGS=--cap-lints=warn" "-e" "CARGO_HOME=/opt/rustwide/cargo-home" "-e" "RUSTUP_HOME=/opt/rustwide/rustup-home" "-w" "/opt/rustwide/workdir" "-m" "1610612736" "--user" "0:0" "--network" "none" "ghcr.io/rust-lang/crates-build-env/linux@sha256:2788e3201cd34a07e3172128adcd8b3090168a8e3bcc40d7c032b9dda1df7d1c" "/opt/rustwide/cargo-home/bin/cargo" "+1.75.0" "doc" "--frozen" "--no-deps" "--document-private-items" "--message-format=json", kill_on_drop: false }`
[INFO] [stdout] 406eb0d00ddbad961d53396351f2e369df1bb945f98367338bf210fe7926d1f4
[INFO] running `Command { std: "docker" "start" "-a" "406eb0d00ddbad961d53396351f2e369df1bb945f98367338bf210fe7926d1f4", kill_on_drop: false }`
[INFO] [stderr]    Compiling libc v0.2.147
[INFO] [stderr]    Compiling proc-macro2 v1.0.66
[INFO] [stderr]    Compiling unicode-ident v1.0.11
[INFO] [stderr]    Compiling futures-core v0.3.28
[INFO] [stderr]     Checking pin-project-lite v0.2.10
[INFO] [stderr]     Checking once_cell v1.18.0
[INFO] [stderr]    Compiling crossbeam-utils v0.8.16
[INFO] [stderr]     Checking parking v2.1.0
[INFO] [stderr]     Checking futures-io v0.3.28
[INFO] [stderr]    Compiling radium v0.7.0
[INFO] [stderr]    Compiling ahash v0.8.3
[INFO] [stderr]    Compiling num-traits v0.2.16
[INFO] [stderr]    Compiling memoffset v0.9.0
[INFO] [stderr]     Checking regex-syntax v0.7.4
[INFO] [stderr]    Compiling thiserror v1.0.44
[INFO] [stderr]     Checking aho-corasick v1.0.2
[INFO] [stderr]     Checking wyz v0.5.1
[INFO] [stderr]    Compiling croaring-sys v0.8.1
[INFO] [stderr]    Compiling crossbeam-epoch v0.9.15
[INFO] [stderr]     Checking funty v2.0.0
[INFO] [stderr]    Compiling tokio v1.29.1
[INFO] [stderr]    Compiling crossbeam-queue v0.3.8
[INFO] [stderr]    Compiling futures-util v0.3.28
[INFO] [stderr]     Checking futures-lite v1.13.0
[INFO] [stderr]     Checking tracing-core v0.1.31
[INFO] [stderr]     Checking fixedbitset v0.4.2
[INFO] [stderr]     Checking log v0.4.19
[INFO] [stderr]     Checking bytecount v0.6.3
[INFO] [stderr]     Checking async-task v4.4.0
[INFO] [stderr]    Compiling anyhow v1.0.72
[INFO] [stderr]     Checking quick-error v2.0.1
[INFO] [stderr]  Documenting storage v0.1.0 (/opt/rustwide/workdir/src/storage)
[INFO] [stderr]     Checking concurrent-queue v2.2.0
[INFO] [stderr]     Checking bitvec v1.0.1
[INFO] [stderr]     Checking promql v0.4.2
[INFO] [stderr]     Checking async-channel v1.9.0
[INFO] [stderr]    Compiling quote v1.0.32
[INFO] [stderr]     Checking crossbeam-deque v0.8.3
[INFO] [stderr]    Compiling syn v2.0.27
[INFO] [stderr]     Checking getrandom v0.2.10
[INFO] [stderr]     Checking mio v0.8.8
[INFO] [stderr]     Checking socket2 v0.4.9
[INFO] [stderr]     Checking rand_core v0.6.4
[INFO] [stderr]     Checking uuid v1.4.1
[INFO] [stderr]     Checking rand_chacha v0.3.1
[INFO] [stderr]     Checking hashbrown v0.13.2
[INFO] [stderr]     Checking succinct v0.5.2
[INFO] [stderr]     Checking rand v0.8.5
[INFO] [stderr]     Checking regex-automata v0.3.4
[INFO] [stderr]     Checking pdatastructs v0.7.0
[INFO] [stderr]     Checking croaring v0.8.1
[INFO] [stderr]     Checking regex v1.9.1
[INFO] [stderr]    Compiling thiserror-impl v1.0.44
[INFO] [stderr]    Compiling tracing-attributes v0.1.26
[INFO] [stderr]    Compiling futures-macro v0.3.28
[INFO] [stderr]     Checking common v0.1.0 (/opt/rustwide/workdir/src/core/common)
[INFO] [stderr]  Documenting common v0.1.0 (/opt/rustwide/workdir/src/core/common)
[INFO] [stderr]     Checking tracing v0.1.37
[INFO] [stdout] error[E0554]: `#![feature]` may not be used on the stable release channel
[INFO] [stdout]  --> src/core/common/src/lib.rs:2:12
[INFO] [stdout]   |
[INFO] [stdout] 2 | #![feature(split_array)]
[INFO] [stdout]   |            ^^^^^^^^^^^
[INFO] [stdout] 
[INFO] [stdout] 
[INFO] [stdout] error[E0554]: `#![feature]` may not be used on the stable release channel
[INFO] [stdout]  --> src/core/common/src/lib.rs:3:12
[INFO] [stdout]   |
[INFO] [stdout] 3 | #![feature(portable_simd)]
[INFO] [stdout]   |            ^^^^^^^^^^^^^
[INFO] [stdout] 
[INFO] [stdout] 
[INFO] [stdout] error[E0554]: `#![feature]` may not be used on the stable release channel
[INFO] [stdout]  --> src/core/common/src/lib.rs:2:12
[INFO] [stdout]   |
[INFO] [stdout] 2 | #![feature(split_array)]
[INFO] [stdout]   |            ^^^^^^^^^^^
[INFO] [stdout] 
[INFO] [stdout] 
[INFO] [stdout] error[E0554]: `#![feature]` may not be used on the stable release channel
[INFO] [stdout]  --> src/core/common/src/lib.rs:3:12
[INFO] [stdout]   |
[INFO] [stdout] 3 | #![feature(portable_simd)]
[INFO] [stdout]   |            ^^^^^^^^^^^^^
[INFO] [stdout] 
[INFO] [stdout] 
[INFO] [stdout] error: aborting due to 2 previous errors
[INFO] [stdout] 
[INFO] [stdout] 
[INFO] [stdout] For more information about this error, try `rustc --explain E0554`.
[INFO] [stdout] 
[INFO] [stderr] error: could not compile `common` (lib) due to 3 previous errors
[INFO] [stderr] warning: build failed, waiting for other jobs to finish...
[INFO] [stdout] error: aborting due to 2 previous errors
[INFO] [stdout] 
[INFO] [stdout] 
[INFO] [stdout] For more information about this error, try `rustc --explain E0554`.
[INFO] [stdout] 
[INFO] [stderr] error: could not document `common`
[INFO] [stderr] 
[INFO] [stderr] Caused by:
[INFO] [stderr]   process didn't exit successfully: `/opt/rustwide/rustup-home/toolchains/1.75.0-x86_64-unknown-linux-gnu/bin/rustdoc --edition=2021 --crate-type lib --crate-name common src/core/common/src/lib.rs -o /opt/rustwide/target/doc --error-format=json --json=diagnostic-rendered-ansi,artifacts,future-incompat --document-private-items -C metadata=c1f7c9f2d1543626 -L dependency=/opt/rustwide/target/debug/deps --extern ahash=/opt/rustwide/target/debug/deps/libahash-b65fbea0d3b25f15.rmeta --extern bitvec=/opt/rustwide/target/debug/deps/libbitvec-bb0e03d1746ed239.rmeta --extern futures_lite=/opt/rustwide/target/debug/deps/libfutures_lite-42e3d23e4ace6602.rmeta --extern hashbrown=/opt/rustwide/target/debug/deps/libhashbrown-807402c185274a59.rmeta --extern regex=/opt/rustwide/target/debug/deps/libregex-b24f02cc23072286.rmeta --extern thiserror=/opt/rustwide/target/debug/deps/libthiserror-b051b6a66930c640.rmeta --extern uuid=/opt/rustwide/target/debug/deps/libuuid-66c9fd0f20656b6a.rmeta --cap-lints=warn --crate-version 0.1.0` (exit status: 1)
[INFO] running `Command { std: "docker" "inspect" "406eb0d00ddbad961d53396351f2e369df1bb945f98367338bf210fe7926d1f4", kill_on_drop: false }`
[INFO] running `Command { std: "docker" "rm" "-f" "406eb0d00ddbad961d53396351f2e369df1bb945f98367338bf210fe7926d1f4", kill_on_drop: false }`
[INFO] [stdout] 406eb0d00ddbad961d53396351f2e369df1bb945f98367338bf210fe7926d1f4
[INFO] documenting Homebrew-TSDB-Club/t1 against beta-2023-12-22 for beta-1.76-rustdoc-1
[INFO] running `Command { std: "git" "clone" "/workspace/cache/git-repos/https%3A%2F%2Fgithub.com%2FHomebrew-TSDB-Club%2Ft1" "/workspace/builds/worker-2-tc2/source", kill_on_drop: false }`
[INFO] [stderr] Cloning into '/workspace/builds/worker-2-tc2/source'...
[INFO] [stderr] done.
[INFO] validating manifest of git repo https://github.com/Homebrew-TSDB-Club/t1 on toolchain beta-2023-12-22
[INFO] running `Command { std: CARGO_HOME="/workspace/cargo-home" RUSTUP_HOME="/workspace/rustup-home" "/workspace/cargo-home/bin/cargo" "+beta-2023-12-22" "metadata" "--manifest-path" "Cargo.toml" "--no-deps", kill_on_drop: false }`
[INFO] removed /workspace/builds/worker-2-tc2/source/rust-toolchain.toml
[INFO] started tweaking git repo https://github.com/Homebrew-TSDB-Club/t1
[INFO] finished tweaking git repo https://github.com/Homebrew-TSDB-Club/t1
[INFO] tweaked toml for git repo https://github.com/Homebrew-TSDB-Club/t1 written to /workspace/builds/worker-2-tc2/source/Cargo.toml
[INFO] crate git repo https://github.com/Homebrew-TSDB-Club/t1 already has a lockfile, it will not be regenerated
[INFO] running `Command { std: CARGO_HOME="/workspace/cargo-home" RUSTUP_HOME="/workspace/rustup-home" "/workspace/cargo-home/bin/cargo" "+beta-2023-12-22" "fetch" "--manifest-path" "Cargo.toml", kill_on_drop: false }`
[INFO] running `Command { std: "docker" "create" "-v" "/var/lib/crater-agent-workspace/builds/worker-2-tc2/target:/opt/rustwide/target:rw,Z" "-v" "/var/lib/crater-agent-workspace/builds/worker-2-tc2/source:/opt/rustwide/workdir:ro,Z" "-v" "/var/lib/crater-agent-workspace/cargo-home:/opt/rustwide/cargo-home:ro,Z" "-v" "/var/lib/crater-agent-workspace/rustup-home:/opt/rustwide/rustup-home:ro,Z" "-e" "SOURCE_DIR=/opt/rustwide/workdir" "-e" "CARGO_TARGET_DIR=/opt/rustwide/target" "-e" "CARGO_HOME=/opt/rustwide/cargo-home" "-e" "RUSTUP_HOME=/opt/rustwide/rustup-home" "-w" "/opt/rustwide/workdir" "-m" "1610612736" "--user" "0:0" "--network" "none" "ghcr.io/rust-lang/crates-build-env/linux@sha256:2788e3201cd34a07e3172128adcd8b3090168a8e3bcc40d7c032b9dda1df7d1c" "/opt/rustwide/cargo-home/bin/cargo" "+beta-2023-12-22" "metadata" "--no-deps" "--format-version=1", kill_on_drop: false }`
[INFO] [stdout] 89a82bfe34dd9d4c4304597d80a1eda6f68bd88d821124edec0a05534121ebf1
[INFO] running `Command { std: "docker" "start" "-a" "89a82bfe34dd9d4c4304597d80a1eda6f68bd88d821124edec0a05534121ebf1", kill_on_drop: false }`
[INFO] running `Command { std: "docker" "inspect" "89a82bfe34dd9d4c4304597d80a1eda6f68bd88d821124edec0a05534121ebf1", kill_on_drop: false }`
[INFO] running `Command { std: "docker" "rm" "-f" "89a82bfe34dd9d4c4304597d80a1eda6f68bd88d821124edec0a05534121ebf1", kill_on_drop: false }`
[INFO] [stdout] 89a82bfe34dd9d4c4304597d80a1eda6f68bd88d821124edec0a05534121ebf1
[INFO] running `Command { std: "docker" "create" "-v" "/var/lib/crater-agent-workspace/builds/worker-2-tc2/target:/opt/rustwide/target:rw,Z" "-v" "/var/lib/crater-agent-workspace/builds/worker-2-tc2/source:/opt/rustwide/workdir:ro,Z" "-v" "/var/lib/crater-agent-workspace/cargo-home:/opt/rustwide/cargo-home:ro,Z" "-v" "/var/lib/crater-agent-workspace/rustup-home:/opt/rustwide/rustup-home:ro,Z" "-e" "SOURCE_DIR=/opt/rustwide/workdir" "-e" "CARGO_TARGET_DIR=/opt/rustwide/target" "-e" "CARGO_INCREMENTAL=0" "-e" "RUST_BACKTRACE=full" "-e" "RUSTFLAGS=--cap-lints=warn" "-e" "RUSTDOCFLAGS=--cap-lints=warn" "-e" "CARGO_HOME=/opt/rustwide/cargo-home" "-e" "RUSTUP_HOME=/opt/rustwide/rustup-home" "-w" "/opt/rustwide/workdir" "-m" "1610612736" "--user" "0:0" "--network" "none" "ghcr.io/rust-lang/crates-build-env/linux@sha256:2788e3201cd34a07e3172128adcd8b3090168a8e3bcc40d7c032b9dda1df7d1c" "/opt/rustwide/cargo-home/bin/cargo" "+beta-2023-12-22" "doc" "--frozen" "--no-deps" "--document-private-items" "--message-format=json", kill_on_drop: false }`
[INFO] [stdout] 64c78b3a04f13bddfd205516de12e76c77da7e2447a53c2018c09a537cbfe61c
[INFO] running `Command { std: "docker" "start" "-a" "64c78b3a04f13bddfd205516de12e76c77da7e2447a53c2018c09a537cbfe61c", kill_on_drop: false }`
[INFO] [stderr]    Compiling libc v0.2.147
[INFO] [stderr]    Compiling proc-macro2 v1.0.66
[INFO] [stderr]    Compiling unicode-ident v1.0.11
[INFO] [stderr]    Compiling futures-core v0.3.28
[INFO] [stderr]     Checking once_cell v1.18.0
[INFO] [stderr]     Checking pin-project-lite v0.2.10
[INFO] [stderr]    Compiling crossbeam-utils v0.8.16
[INFO] [stderr]    Compiling radium v0.7.0
[INFO] [stderr]     Checking futures-io v0.3.28
[INFO] [stderr]     Checking parking v2.1.0
[INFO] [stderr]    Compiling memoffset v0.9.0
[INFO] [stderr]    Compiling ahash v0.8.3
[INFO] [stderr]    Compiling num-traits v0.2.16
[INFO] [stderr]     Checking regex-syntax v0.7.4
[INFO] [stderr]    Compiling thiserror v1.0.44
[INFO] [stderr]     Checking aho-corasick v1.0.2
[INFO] [stderr]     Checking wyz v0.5.1
[INFO] [stderr]    Compiling croaring-sys v0.8.1
[INFO] [stderr]    Compiling crossbeam-epoch v0.9.15
[INFO] [stderr]     Checking funty v2.0.0
[INFO] [stderr]    Compiling tokio v1.29.1
[INFO] [stderr]    Compiling crossbeam-queue v0.3.8
[INFO] [stderr]    Compiling futures-util v0.3.28
[INFO] [stderr]     Checking futures-lite v1.13.0
[INFO] [stderr]     Checking tracing-core v0.1.31
[INFO] [stderr]     Checking fixedbitset v0.4.2
[INFO] [stderr]     Checking bytecount v0.6.3
[INFO] [stderr]     Checking log v0.4.19
[INFO] [stderr]     Checking async-task v4.4.0
[INFO] [stderr]     Checking bitvec v1.0.1
[INFO] [stderr]    Compiling anyhow v1.0.72
[INFO] [stderr]     Checking quick-error v2.0.1
[INFO] [stderr]  Documenting storage v0.1.0 (/opt/rustwide/workdir/src/storage)
[INFO] [stderr]     Checking concurrent-queue v2.2.0
[INFO] [stderr]     Checking promql v0.4.2
[INFO] [stderr]     Checking async-channel v1.9.0
[INFO] [stderr]    Compiling quote v1.0.32
[INFO] [stderr]     Checking crossbeam-deque v0.8.3
[INFO] [stderr]     Checking getrandom v0.2.10
[INFO] [stderr]     Checking mio v0.8.8
[INFO] [stderr]     Checking socket2 v0.4.9
[INFO] [stderr]    Compiling syn v2.0.27
[INFO] [stderr]     Checking rand_core v0.6.4
[INFO] [stderr]     Checking uuid v1.4.1
[INFO] [stderr]     Checking rand_chacha v0.3.1
[INFO] [stderr]     Checking hashbrown v0.13.2
[INFO] [stderr]     Checking rand v0.8.5
[INFO] [stderr]     Checking regex-automata v0.3.4
[INFO] [stderr]     Checking succinct v0.5.2
[INFO] [stderr]     Checking pdatastructs v0.7.0
[INFO] [stderr]     Checking croaring v0.8.1
[INFO] [stderr]     Checking regex v1.9.1
[INFO] [stderr]    Compiling thiserror-impl v1.0.44
[INFO] [stderr]    Compiling futures-macro v0.3.28
[INFO] [stderr]    Compiling tracing-attributes v0.1.26
[INFO] [stderr]     Checking common v0.1.0 (/opt/rustwide/workdir/src/core/common)
[INFO] [stderr]  Documenting common v0.1.0 (/opt/rustwide/workdir/src/core/common)
[INFO] [stdout] error[E0554]: `#![feature]` may not be used on the beta release channel
[INFO] [stdout]  --> src/core/common/src/lib.rs:2:12
[INFO] [stdout]   |
[INFO] [stdout] 2 | #![feature(split_array)]
[INFO] [stdout]   |            ^^^^^^^^^^^
[INFO] [stdout] 
[INFO] [stdout] 
[INFO] [stdout] error[E0554]: `#![feature]` may not be used on the beta release channel
[INFO] [stdout]  --> src/core/common/src/lib.rs:3:12
[INFO] [stdout]   |
[INFO] [stdout] 3 | #![feature(portable_simd)]
[INFO] [stdout]   |            ^^^^^^^^^^^^^
[INFO] [stdout] 
[INFO] [stdout] 
[INFO] [stderr]     Checking tracing v0.1.37
[INFO] [stdout] error[E0554]: `#![feature]` may not be used on the beta release channel
[INFO] [stdout]  --> src/core/common/src/lib.rs:2:12
[INFO] [stdout]   |
[INFO] [stdout] 2 | #![feature(split_array)]
[INFO] [stdout]   |            ^^^^^^^^^^^
[INFO] [stdout] 
[INFO] [stdout] 
[INFO] [stdout] error[E0554]: `#![feature]` may not be used on the beta release channel
[INFO] [stdout]  --> src/core/common/src/lib.rs:3:12
[INFO] [stdout]   |
[INFO] [stdout] 3 | #![feature(portable_simd)]
[INFO] [stdout]   |            ^^^^^^^^^^^^^
[INFO] [stdout] 
[INFO] [stdout] 
[INFO] [stdout] error: aborting due to 2 previous errors
[INFO] [stdout] 
[INFO] [stdout] 
[INFO] [stdout] For more information about this error, try `rustc --explain E0554`.
[INFO] [stdout] 
[INFO] [stderr] error: could not document `common`
[INFO] [stderr] 
[INFO] [stderr] Caused by:
[INFO] [stderr]   process didn't exit successfully: `/opt/rustwide/rustup-home/toolchains/beta-2023-12-22-x86_64-unknown-linux-gnu/bin/rustdoc --edition=2021 --crate-type lib --crate-name common src/core/common/src/lib.rs -o /opt/rustwide/target/doc --error-format=json --json=diagnostic-rendered-ansi,artifacts,future-incompat --document-private-items -C metadata=af5d6b1b781747df -L dependency=/opt/rustwide/target/debug/deps --extern ahash=/opt/rustwide/target/debug/deps/libahash-47b13a9d7c0e5f19.rmeta --extern bitvec=/opt/rustwide/target/debug/deps/libbitvec-ced9850f9783ead5.rmeta --extern futures_lite=/opt/rustwide/target/debug/deps/libfutures_lite-60ac4eea20cfdbf5.rmeta --extern hashbrown=/opt/rustwide/target/debug/deps/libhashbrown-96c7ce7b51539ebe.rmeta --extern regex=/opt/rustwide/target/debug/deps/libregex-322532a0722b23be.rmeta --extern thiserror=/opt/rustwide/target/debug/deps/libthiserror-6c105f0a7c5dc646.rmeta --extern uuid=/opt/rustwide/target/debug/deps/libuuid-647aee9d7e647ea7.rmeta --cap-lints=warn --crate-version 0.1.0` (exit status: 1)
[INFO] [stderr] warning: build failed, waiting for other jobs to finish...
[INFO] [stdout] error: aborting due to 2 previous errors
[INFO] [stdout] 
[INFO] [stdout] 
[INFO] [stdout] For more information about this error, try `rustc --explain E0554`.
[INFO] [stdout] 
[INFO] [stderr] error: could not compile `common` (lib) due to 3 previous errors
[INFO] running `Command { std: "docker" "inspect" "64c78b3a04f13bddfd205516de12e76c77da7e2447a53c2018c09a537cbfe61c", kill_on_drop: false }`
[INFO] running `Command { std: "docker" "rm" "-f" "64c78b3a04f13bddfd205516de12e76c77da7e2447a53c2018c09a537cbfe61c", kill_on_drop: false }`
[INFO] [stdout] 64c78b3a04f13bddfd205516de12e76c77da7e2447a53c2018c09a537cbfe61c
