[INFO] cloning repository https://github.com/HomeVision/rs-scout
[INFO] running `Command { std: "git" "-c" "credential.helper=" "-c" "credential.helper=/workspace/cargo-home/bin/git-credential-null" "clone" "--bare" "https://github.com/HomeVision/rs-scout" "/workspace/cache/git-repos/https%3A%2F%2Fgithub.com%2FHomeVision%2Frs-scout", kill_on_drop: false }`
[INFO] [stderr] Cloning into bare repository '/workspace/cache/git-repos/https%3A%2F%2Fgithub.com%2FHomeVision%2Frs-scout'...
[INFO] running `Command { std: "git" "rev-parse" "HEAD", kill_on_drop: false }`
[INFO] [stdout] 33490177b8a0843a250cfbad4b081e1959e0fa1d
[INFO] documenting HomeVision/rs-scout against 1.75.0 for beta-1.76-rustdoc-1
[INFO] running `Command { std: "git" "clone" "/workspace/cache/git-repos/https%3A%2F%2Fgithub.com%2FHomeVision%2Frs-scout" "/workspace/builds/worker-0-tc1/source", kill_on_drop: false }`
[INFO] [stderr] Cloning into '/workspace/builds/worker-0-tc1/source'...
[INFO] [stderr] done.
[INFO] validating manifest of git repo https://github.com/HomeVision/rs-scout on toolchain 1.75.0
[INFO] running `Command { std: CARGO_HOME="/workspace/cargo-home" RUSTUP_HOME="/workspace/rustup-home" "/workspace/cargo-home/bin/cargo" "+1.75.0" "metadata" "--manifest-path" "Cargo.toml" "--no-deps", kill_on_drop: false }`
[INFO] started tweaking git repo https://github.com/HomeVision/rs-scout
[INFO] finished tweaking git repo https://github.com/HomeVision/rs-scout
[INFO] tweaked toml for git repo https://github.com/HomeVision/rs-scout written to /workspace/builds/worker-0-tc1/source/Cargo.toml
[INFO] crate git repo https://github.com/HomeVision/rs-scout already has a lockfile, it will not be regenerated
[INFO] running `Command { std: CARGO_HOME="/workspace/cargo-home" RUSTUP_HOME="/workspace/rustup-home" "/workspace/cargo-home/bin/cargo" "+1.75.0" "fetch" "--manifest-path" "Cargo.toml", kill_on_drop: false }`
[INFO] [stderr] warning: only one of `license` or `license-file` is necessary
[INFO] [stderr] `license` should be used if the package license can be expressed with a standard SPDX expression.
[INFO] [stderr] `license-file` should be used if the package uses a non-standard license.
[INFO] [stderr] See https://doc.rust-lang.org/cargo/reference/manifest.html#the-license-and-license-file-fields for more information.
[INFO] [stderr]     Updating crates.io index
[INFO] [stderr]  Downloading crates ...
[INFO] [stderr]   Downloaded zip-extensions v0.5.0
[INFO] [stderr]   Downloaded parsnip v0.3.0
[INFO] [stderr]   Downloaded tch v0.2.1
[INFO] [stderr]   Downloaded tokenizers v0.10.1
[INFO] [stderr]   Downloaded sbert v0.3.0
[INFO] [stderr]   Downloaded cached-path v0.4.5
[INFO] [stderr]   Downloaded rust_tokenizers v5.0.1
[INFO] [stderr]   Downloaded torch-sys v0.2.1
[INFO] [stderr]   Downloaded rust-bert v0.10.0
[INFO] [stderr]   Downloaded liblinear v1.0.0
[INFO] [stderr]   Downloaded curl-sys v0.4.62+curl-8.1.0
[INFO] running `Command { std: "docker" "create" "-v" "/var/lib/crater-agent-workspace/builds/worker-0-tc1/target:/opt/rustwide/target:rw,Z" "-v" "/var/lib/crater-agent-workspace/builds/worker-0-tc1/source:/opt/rustwide/workdir:ro,Z" "-v" "/var/lib/crater-agent-workspace/cargo-home:/opt/rustwide/cargo-home:ro,Z" "-v" "/var/lib/crater-agent-workspace/rustup-home:/opt/rustwide/rustup-home:ro,Z" "-e" "SOURCE_DIR=/opt/rustwide/workdir" "-e" "CARGO_TARGET_DIR=/opt/rustwide/target" "-e" "CARGO_HOME=/opt/rustwide/cargo-home" "-e" "RUSTUP_HOME=/opt/rustwide/rustup-home" "-w" "/opt/rustwide/workdir" "-m" "1610612736" "--user" "0:0" "--network" "none" "ghcr.io/rust-lang/crates-build-env/linux@sha256:2788e3201cd34a07e3172128adcd8b3090168a8e3bcc40d7c032b9dda1df7d1c" "/opt/rustwide/cargo-home/bin/cargo" "+1.75.0" "metadata" "--no-deps" "--format-version=1", kill_on_drop: false }`
[INFO] [stdout] c78a7e637e097c1461a225c5e1170241db238e1772e41a3685478779776ec81a
[INFO] running `Command { std: "docker" "start" "-a" "c78a7e637e097c1461a225c5e1170241db238e1772e41a3685478779776ec81a", kill_on_drop: false }`
[INFO] running `Command { std: "docker" "inspect" "c78a7e637e097c1461a225c5e1170241db238e1772e41a3685478779776ec81a", kill_on_drop: false }`
[INFO] running `Command { std: "docker" "rm" "-f" "c78a7e637e097c1461a225c5e1170241db238e1772e41a3685478779776ec81a", kill_on_drop: false }`
[INFO] [stdout] c78a7e637e097c1461a225c5e1170241db238e1772e41a3685478779776ec81a
[INFO] running `Command { std: "docker" "create" "-v" "/var/lib/crater-agent-workspace/builds/worker-0-tc1/target:/opt/rustwide/target:rw,Z" "-v" "/var/lib/crater-agent-workspace/builds/worker-0-tc1/source:/opt/rustwide/workdir:ro,Z" "-v" "/var/lib/crater-agent-workspace/cargo-home:/opt/rustwide/cargo-home:ro,Z" "-v" "/var/lib/crater-agent-workspace/rustup-home:/opt/rustwide/rustup-home:ro,Z" "-e" "SOURCE_DIR=/opt/rustwide/workdir" "-e" "CARGO_TARGET_DIR=/opt/rustwide/target" "-e" "CARGO_INCREMENTAL=0" "-e" "RUST_BACKTRACE=full" "-e" "RUSTFLAGS=--cap-lints=warn" "-e" "RUSTDOCFLAGS=--cap-lints=warn" "-e" "CARGO_HOME=/opt/rustwide/cargo-home" "-e" "RUSTUP_HOME=/opt/rustwide/rustup-home" "-w" "/opt/rustwide/workdir" "-m" "1610612736" "--user" "0:0" "--network" "none" "ghcr.io/rust-lang/crates-build-env/linux@sha256:2788e3201cd34a07e3172128adcd8b3090168a8e3bcc40d7c032b9dda1df7d1c" "/opt/rustwide/cargo-home/bin/cargo" "+1.75.0" "doc" "--frozen" "--no-deps" "--document-private-items" "--message-format=json", kill_on_drop: false }`
[INFO] [stdout] 4f454ade92c8b893551f4fffbe4e93a070ddd818d34a4eb16130be1ad9388d36
[INFO] running `Command { std: "docker" "start" "-a" "4f454ade92c8b893551f4fffbe4e93a070ddd818d34a4eb16130be1ad9388d36", kill_on_drop: false }`
[INFO] [stderr] warning: only one of `license` or `license-file` is necessary
[INFO] [stderr] `license` should be used if the package license can be expressed with a standard SPDX expression.
[INFO] [stderr] `license-file` should be used if the package uses a non-standard license.
[INFO] [stderr] See https://doc.rust-lang.org/cargo/reference/manifest.html#the-license-and-license-file-fields for more information.
[INFO] [stderr]    Compiling libc v0.2.144
[INFO] [stderr]    Compiling proc-macro2 v1.0.58
[INFO] [stderr]    Compiling unicode-ident v1.0.8
[INFO] [stderr]    Compiling quote v1.0.27
[INFO] [stderr]    Compiling pkg-config v0.3.27
[INFO] [stderr]    Compiling futures-core v0.3.28
[INFO] [stderr]     Checking once_cell v1.17.1
[INFO] [stderr]    Compiling syn v1.0.109
[INFO] [stderr]     Checking itoa v1.0.6
[INFO] [stderr]    Compiling slab v0.4.8
[INFO] [stderr]     Checking bytes v1.4.0
[INFO] [stderr]     Checking tracing-core v0.1.31
[INFO] [stderr]    Compiling futures-task v0.3.28
[INFO] [stderr]    Compiling generic-array v0.14.7
[INFO] [stderr]     Checking futures-sink v0.3.28
[INFO] [stderr]     Checking tracing v0.1.37
[INFO] [stderr]    Compiling futures-util v0.3.28
[INFO] [stderr]    Compiling serde v1.0.163
[INFO] [stderr]     Checking futures-io v0.3.28
[INFO] [stderr]     Checking http v0.2.9
[INFO] [stderr]    Compiling jobserver v0.1.26
[INFO] [stderr]    Compiling syn v2.0.16
[INFO] [stderr]    Compiling indexmap v1.9.3
[INFO] [stderr]    Compiling cc v1.0.79
[INFO] [stderr]    Compiling thiserror v1.0.40
[INFO] [stderr]     Checking aho-corasick v1.0.1
[INFO] [stderr]    Compiling parking_lot_core v0.9.7
[INFO] [stderr]     Checking num_cpus v1.15.0
[INFO] [stderr]     Checking regex-syntax v0.7.1
[INFO] [stderr]     Checking getrandom v0.2.9
[INFO] [stderr]     Checking bytes v0.5.6
[INFO] [stderr]     Checking ryu v1.0.13
[INFO] [stderr]    Compiling adler v1.0.2
[INFO] [stderr]     Checking tinyvec_macros v0.1.1
[INFO] [stderr]     Checking tinyvec v1.6.0
[INFO] [stderr]     Checking net2 v0.2.38
[INFO] [stderr]     Checking iovec v0.1.4
[INFO] [stderr]     Checking miniz_oxide v0.7.1
[INFO] [stderr]    Compiling unicase v2.6.0
[INFO] [stderr]    Compiling openssl-sys v0.9.87
[INFO] [stderr]    Compiling bzip2-sys v0.1.11+1.0.8
[INFO] [stderr]    Compiling libz-sys v1.1.9
[INFO] [stderr]    Compiling backtrace v0.3.67
[INFO] [stderr]    Compiling tokio v1.28.1
[INFO] [stderr]    Compiling num-traits v0.2.15
[INFO] [stderr]    Compiling crossbeam-utils v0.8.15
[INFO] [stderr]     Checking regex v1.8.1
[INFO] [stderr]    Compiling failure_derive v0.1.8
[INFO] [stderr]     Checking unicode-normalization v0.1.22
[INFO] [stderr]     Checking flate2 v1.0.26
[INFO] [stderr]    Compiling curl-sys v0.4.62+curl-8.1.0
[INFO] [stderr]     Checking mio v0.6.23
[INFO] [stderr]     Checking parking_lot v0.12.1
[INFO] [stderr]     Checking mio v0.8.6
[INFO] [stderr]     Checking signal-hook-registry v1.4.1
[INFO] [stderr]     Checking socket2 v0.4.9
[INFO] [stderr]    Compiling memoffset v0.8.0
[INFO] [stderr]     Checking pin-project-lite v0.1.12
[INFO] [stderr]    Compiling serde_json v1.0.96
[INFO] [stderr]    Compiling getrandom v0.1.16
[INFO] [stderr]     Checking tokio v0.2.25
[INFO] [stderr]    Compiling synstructure v0.12.6
[INFO] [stderr]    Compiling zstd-sys v2.0.8+zstd.1.5.5
[INFO] [stderr]    Compiling crossbeam-epoch v0.9.14
[INFO] [stderr]     Checking unicode-bidi v0.3.13
[INFO] [stderr]     Checking unicode-width v0.1.10
[INFO] [stderr]     Checking cpufeatures v0.2.7
[INFO] [stderr]    Compiling openssl v0.10.52
[INFO] [stderr]    Compiling gimli v0.27.2
[INFO] [stderr]    Compiling io-lifetimes v1.0.10
[INFO] [stderr]     Checking mime v0.3.17
[INFO] [stderr]     Checking idna v0.3.0
[INFO] [stderr]    Compiling serde_derive v1.0.163
[INFO] [stderr]    Compiling thiserror-impl v1.0.40
[INFO] [stderr]    Compiling pin-project-internal v1.1.0
[INFO] [stderr]    Compiling openssl-macros v0.1.1
[INFO] [stderr]    Compiling addr2line v0.19.0
[INFO] [stderr]    Compiling miniz_oxide v0.6.2
[INFO] [stderr]    Compiling object v0.30.3
[INFO] [stderr]    Compiling crc32fast v1.3.2
[INFO] [stderr]     Checking encoding_rs v0.8.32
[INFO] [stderr]    Compiling paste v1.0.12
[INFO] [stderr]    Compiling rustix v0.37.19
[INFO] [stderr]    Compiling curl v0.4.44
[INFO] [stderr]    Compiling futures-channel v0.3.28
[INFO] [stderr]     Checking pin-project v1.1.0
[INFO] [stderr]    Compiling native-tls v0.2.11
[INFO] [stderr]    Compiling rustc-demangle v0.1.23
[INFO] [stderr]     Checking tracing-futures v0.2.5
[INFO] [stderr]     Checking tokio-util v0.3.1
[INFO] [stderr]    Compiling mime_guess v2.0.4
[INFO] [stderr]     Checking rand_core v0.5.1
[INFO] [stderr]     Checking url v2.3.1
[INFO] [stderr]    Compiling time v0.1.45
[INFO] [stderr]    Compiling openssl-probe v0.1.5
[INFO] [stderr]    Compiling byteorder v1.4.3
[INFO] [stderr]     Checking linux-raw-sys v0.3.8
[INFO] [stderr]    Compiling zstd-safe v6.0.5+zstd.1.5.4
[INFO] [stderr]     Checking try-lock v0.2.4
[INFO] [stderr]    Compiling rayon-core v1.11.0
[INFO] [stderr]     Checking either v1.8.1
[INFO] [stderr]     Checking want v0.3.0
[INFO] [stderr]     Checking rand_chacha v0.2.2
[INFO] [stderr]     Checking h2 v0.2.7
[INFO] [stderr]     Checking crossbeam-deque v0.8.3
[INFO] [stderr]     Checking tokio-util v0.7.8
[INFO] [stderr]     Checking console v0.15.6
[INFO] [stderr]     Checking crossbeam-channel v0.5.8
[INFO] [stderr]     Checking http-body v0.3.1
[INFO] [stderr]     Checking rand_core v0.6.4
[INFO] [stderr]    Compiling cmake v0.1.50
[INFO] [stderr]     Checking socket2 v0.3.19
[INFO] [stderr]     Checking crypto-common v0.1.6
[INFO] [stderr]    Compiling failure v0.1.8
[INFO] [stderr]     Checking block-buffer v0.10.4
[INFO] [stderr]    Compiling ahash v0.8.3
[INFO] [stderr]    Compiling num-integer v0.1.45
[INFO] [stderr]    Compiling num-complex v0.2.4
[INFO] [stderr]     Checking number_prefix v0.3.0
[INFO] [stderr]    Compiling time-core v0.1.1
[INFO] [stderr]     Checking httpdate v0.3.2
[INFO] [stderr]     Checking itoa v0.4.8
[INFO] [stderr]    Compiling time-macros v0.2.9
[INFO] [stderr]     Checking digest v0.10.7
[INFO] [stderr]     Checking rand_chacha v0.3.1
[INFO] [stderr]     Checking tokio-tls v0.3.1
[INFO] [stderr]     Checking hyper v0.13.10
[INFO] [stderr]     Checking serde_urlencoded v0.7.1
[INFO] [stderr]     Checking actix-service v2.0.2
[INFO] [stderr]    Compiling bytestring v1.3.0
[INFO] [stderr]     Checking rand v0.7.3
[INFO] [stderr]     Checking brotli-decompressor v2.3.4
[INFO] [stderr]     Checking actix-rt v2.8.0
[INFO] [stderr]    Compiling cookie v0.16.2
[INFO] [stderr]    Compiling hashbrown v0.7.2
[INFO] [stderr]    Compiling protobuf v2.14.0
[INFO] [stderr]    Compiling anyhow v1.0.71
[INFO] [stderr]     Checking rawpointer v0.2.1
[INFO] [stderr]    Compiling ndarray v0.13.1
[INFO] [stderr]     Checking matrixmultiply v0.2.4
[INFO] [stderr]     Checking time v0.3.21
[INFO] [stderr]    Compiling derive_more v0.99.17
[INFO] [stderr]     Checking brotli v3.3.4
[INFO] [stderr]     Checking rayon v1.7.0
[INFO] [stderr]     Checking sha1 v0.10.5
[INFO] [stderr]     Checking rand v0.8.5
[INFO] [stderr]     Checking hyper-tls v0.4.3
[INFO] [stderr]     Checking h2 v0.3.19
[INFO] [stderr]    Compiling actix-router v0.5.1
[INFO] [stderr]     Checking actix-codec v0.5.1
[INFO] [stderr]     Checking local-channel v0.1.3
[INFO] [stderr]     Checking xattr v0.2.3
[INFO] [stderr]     Checking filetime v0.2.21
[INFO] [stderr]     Checking digest v0.9.0
[INFO] [stderr]     Checking block-buffer v0.9.0
[INFO] [stderr]     Checking unicode-normalization-alignments v0.1.12
[INFO] [stderr]     Checking csv-core v0.1.10
[INFO] [stderr]     Checking fastrand v1.9.0
[INFO] [stderr]     Checking base64 v0.21.0
[INFO] [stderr]     Checking ahash v0.3.8
[INFO] [stderr]    Compiling rust_tokenizers v5.0.1
[INFO] [stderr]     Checking ipnet v2.7.2
[INFO] [stderr]    Compiling itertools v0.8.2
[INFO] [stderr]    Compiling actix-web-codegen v4.2.0
[INFO] [stderr]     Checking reqwest v0.10.10
[INFO] [stderr]     Checking tempfile v3.5.0
[INFO] [stderr]     Checking csv v1.2.1
[INFO] [stderr]     Checking sha2 v0.9.9
[INFO] [stderr]     Checking tar v0.4.38
[INFO] [stderr]     Checking ahash v0.7.6
[INFO] [stderr]     Checking actix-server v2.2.0
[INFO] [stderr]     Checking indicatif v0.15.0
[INFO] [stderr]    Compiling actix-macros v0.2.3
[INFO] [stderr]     Checking textwrap v0.11.0
[INFO] [stderr]     Checking dirs-sys v0.3.7
[INFO] [stderr]     Checking atty v0.2.14
[INFO] [stderr]     Checking fs2 v0.4.3
[INFO] [stderr]     Checking strsim v0.8.0
[INFO] [stderr]     Checking glob v0.3.1
[INFO] [stderr]     Checking half v1.8.2
[INFO] [stderr]    Compiling unicode-segmentation v1.10.1
[INFO] [stderr]     Checking clap v2.34.0
[INFO] [stderr]     Checking dirs v3.0.2
[INFO] [stderr]    Compiling prost-derive v0.6.1
[INFO] [stderr]     Checking indicatif v0.14.0
[INFO] [stderr]     Checking itertools v0.9.0
[INFO] [stderr]     Checking ordered-float v2.10.0
[INFO] [stderr]    Compiling heck v0.3.3
[INFO] [stderr]    Compiling liblinear v1.0.0
[INFO] [stderr]     Checking uuid v0.8.2
[INFO] [stderr]     Checking unicode_categories v0.1.1
[INFO] [stderr]     Checking regex-syntax v0.6.29
[INFO] [stderr]    Compiling strum_macros v0.19.4
[INFO] [stderr]     Checking is-terminal v0.4.7
[INFO] [stderr]     Checking approx v0.3.2
[INFO] [stderr]     Checking parsnip v0.3.0
[INFO] [stderr]     Checking termcolor v1.2.0
[INFO] [stderr]     Checking strum v0.19.5
[INFO] [stderr]     Checking askama_escape v0.10.3
[INFO] [stderr]     Checking http-range v0.1.5
[INFO] [stderr]     Checking env_logger v0.10.0
[INFO] [stderr]     Checking tokenizers v0.10.1
[INFO] [stderr]     Checking prost v0.6.1
[INFO] [stderr]    Compiling bzip2 v0.4.4
[INFO] [stderr]    Compiling zip v0.5.13
[INFO] [stderr]     Checking zip-extensions v0.5.0
[INFO] [stderr]    Compiling torch-sys v0.2.1
[INFO] [stderr]     Checking cached-path v0.4.5
[INFO] [stderr] error: failed to run custom build command for `torch-sys v0.2.1`
[INFO] [stderr] note: To improve backtraces for build dependencies, set the CARGO_PROFILE_DEV_BUILD_OVERRIDE_DEBUG=true environment variable to enable debug information generation.
[INFO] [stderr] 
[INFO] [stderr] Caused by:
[INFO] [stderr]   process didn't exit successfully: `/opt/rustwide/target/debug/build/torch-sys-5d4159052d77af76/build-script-build` (exit status: 101)
[INFO] [stderr]   --- stdout
[INFO] [stderr]   cargo:rerun-if-env-changed=TORCH_CUDA_VERSION
[INFO] [stderr]   cargo:rerun-if-env-changed=LIBTORCH
[INFO] [stderr] 
[INFO] [stderr]   --- stderr
[INFO] [stderr]   thread 'main' panicked at /opt/rustwide/cargo-home/registry/src/index.crates.io-6f17d22bba15001f/torch-sys-0.2.1/build.rs:130:48:
[INFO] [stderr]   called `Result::unwrap()` on an `Err` value: Error { description: "Couldn't resolve host name", code: 6, extra: Some("Could not resolve host: download.pytorch.org") }
[INFO] [stderr] 
[INFO] [stderr]      0: failure::backtrace::internal::InternalBacktrace::new
[INFO] [stderr]      1: failure::backtrace::Backtrace::new
[INFO] [stderr]      2: <failure::error::error_impl::ErrorImpl as core::convert::From<F>>::from
[INFO] [stderr]      3: <failure::error::Error as core::convert::From<F>>::from
[INFO] [stderr]      4: <core::result::Result<T,F> as core::ops::try_trait::FromResidual<core::result::Result<core::convert::Infallible,E>>>::from_residual
[INFO] [stderr]      5: build_script_build::download
[INFO] [stderr]      6: build_script_build::prepare_libtorch_dir
[INFO] [stderr]      7: build_script_build::main
[INFO] [stderr]      8: core::ops::function::FnOnce::call_once
[INFO] [stderr]      9: std::sys_common::backtrace::__rust_begin_short_backtrace
[INFO] [stderr]     10: std::rt::lang_start::{{closure}}
[INFO] [stderr]     11: core::ops::function::impls::<impl core::ops::function::FnOnce<A> for &F>::call_once
[INFO] [stderr]                at /rustc/82e1608dfa6e0b5569232559e3d385fea5a93112/library/core/src/ops/function.rs:284:13
[INFO] [stderr]         std::panicking::try::do_call
[INFO] [stderr]                at /rustc/82e1608dfa6e0b5569232559e3d385fea5a93112/library/std/src/panicking.rs:552:40
[INFO] [stderr]         std::panicking::try
[INFO] [stderr]                at /rustc/82e1608dfa6e0b5569232559e3d385fea5a93112/library/std/src/panicking.rs:516:19
[INFO] [stderr]         std::panic::catch_unwind
[INFO] [stderr]                at /rustc/82e1608dfa6e0b5569232559e3d385fea5a93112/library/std/src/panic.rs:142:14
[INFO] [stderr]         std::rt::lang_start_internal::{{closure}}
[INFO] [stderr]                at /rustc/82e1608dfa6e0b5569232559e3d385fea5a93112/library/std/src/rt.rs:148:48
[INFO] [stderr]         std::panicking::try::do_call
[INFO] [stderr]                at /rustc/82e1608dfa6e0b5569232559e3d385fea5a93112/library/std/src/panicking.rs:552:40
[INFO] [stderr]         std::panicking::try
[INFO] [stderr]                at /rustc/82e1608dfa6e0b5569232559e3d385fea5a93112/library/std/src/panicking.rs:516:19
[INFO] [stderr]         std::panic::catch_unwind
[INFO] [stderr]                at /rustc/82e1608dfa6e0b5569232559e3d385fea5a93112/library/std/src/panic.rs:142:14
[INFO] [stderr]         std::rt::lang_start_internal
[INFO] [stderr]                at /rustc/82e1608dfa6e0b5569232559e3d385fea5a93112/library/std/src/rt.rs:148:20
[INFO] [stderr]     12: std::rt::lang_start
[INFO] [stderr]     13: main
[INFO] [stderr]     14: <unknown>
[INFO] [stderr]     15: __libc_start_main
[INFO] [stderr]     16: _start
[INFO] [stderr] 
[INFO] [stderr]   stack backtrace:
[INFO] [stderr]      0:     0x55c9e09babac - std::backtrace_rs::backtrace::libunwind::trace::ha637c64ce894333a
[INFO] [stderr]                                  at /rustc/82e1608dfa6e0b5569232559e3d385fea5a93112/library/std/src/../../backtrace/src/backtrace/libunwind.rs:104:5
[INFO] [stderr]      1:     0x55c9e09babac - std::backtrace_rs::backtrace::trace_unsynchronized::h47f62dea28e0c88d
[INFO] [stderr]                                  at /rustc/82e1608dfa6e0b5569232559e3d385fea5a93112/library/std/src/../../backtrace/src/backtrace/mod.rs:66:5
[INFO] [stderr]      2:     0x55c9e09babac - std::sys_common::backtrace::_print_fmt::h9eef0abe20ede486
[INFO] [stderr]                                  at /rustc/82e1608dfa6e0b5569232559e3d385fea5a93112/library/std/src/sys_common/backtrace.rs:67:5
[INFO] [stderr]      3:     0x55c9e09babac - <std::sys_common::backtrace::_print::DisplayBacktrace as core::fmt::Display>::fmt::hed7f999df88cc644
[INFO] [stderr]                                  at /rustc/82e1608dfa6e0b5569232559e3d385fea5a93112/library/std/src/sys_common/backtrace.rs:44:22
[INFO] [stderr]      4:     0x55c9e09e3080 - core::fmt::rt::Argument::fmt::h1539a9308b8d058d
[INFO] [stderr]                                  at /rustc/82e1608dfa6e0b5569232559e3d385fea5a93112/library/core/src/fmt/rt.rs:142:9
[INFO] [stderr]      5:     0x55c9e09e3080 - core::fmt::write::h3a39390d8560d9c9
[INFO] [stderr]                                  at /rustc/82e1608dfa6e0b5569232559e3d385fea5a93112/library/core/src/fmt/mod.rs:1120:17
[INFO] [stderr]      6:     0x55c9e09b7bcf - std::io::Write::write_fmt::h5fc9997dfe05f882
[INFO] [stderr]                                  at /rustc/82e1608dfa6e0b5569232559e3d385fea5a93112/library/std/src/io/mod.rs:1762:15
[INFO] [stderr]      7:     0x55c9e09ba994 - std::sys_common::backtrace::_print::h894006fb5c6f3d45
[INFO] [stderr]                                  at /rustc/82e1608dfa6e0b5569232559e3d385fea5a93112/library/std/src/sys_common/backtrace.rs:47:5
[INFO] [stderr]      8:     0x55c9e09ba994 - std::sys_common::backtrace::print::h23a2d212c6fff936
[INFO] [stderr]                                  at /rustc/82e1608dfa6e0b5569232559e3d385fea5a93112/library/std/src/sys_common/backtrace.rs:34:9
[INFO] [stderr]      9:     0x55c9e09bc7c7 - std::panicking::default_hook::{{closure}}::h8a1d2ee00185001a
[INFO] [stderr]     10:     0x55c9e09bc52f - std::panicking::default_hook::h6038f2eba384e475
[INFO] [stderr]                                  at /rustc/82e1608dfa6e0b5569232559e3d385fea5a93112/library/std/src/panicking.rs:292:9
[INFO] [stderr]     11:     0x55c9e09bcc48 - std::panicking::rust_panic_with_hook::h2b5517d590cab22e
[INFO] [stderr]                                  at /rustc/82e1608dfa6e0b5569232559e3d385fea5a93112/library/std/src/panicking.rs:779:13
[INFO] [stderr]     12:     0x55c9e09bcb2e - std::panicking::begin_panic_handler::{{closure}}::h233112c06e0ef43e
[INFO] [stderr]                                  at /rustc/82e1608dfa6e0b5569232559e3d385fea5a93112/library/std/src/panicking.rs:657:13
[INFO] [stderr]     13:     0x55c9e09bb076 - std::sys_common::backtrace::__rust_end_short_backtrace::h6e893f24d7ebbff8
[INFO] [stderr]                                  at /rustc/82e1608dfa6e0b5569232559e3d385fea5a93112/library/std/src/sys_common/backtrace.rs:170:18
[INFO] [stderr]     14:     0x55c9e09bc892 - rust_begin_unwind
[INFO] [stderr]                                  at /rustc/82e1608dfa6e0b5569232559e3d385fea5a93112/library/std/src/panicking.rs:645:5
[INFO] [stderr]     15:     0x55c9e082bde5 - core::panicking::panic_fmt::hbf0e066aabfa482c
[INFO] [stderr]                                  at /rustc/82e1608dfa6e0b5569232559e3d385fea5a93112/library/core/src/panicking.rs:72:14
[INFO] [stderr]     16:     0x55c9e082c333 - core::result::unwrap_failed::hddb4fea594200c52
[INFO] [stderr]                                  at /rustc/82e1608dfa6e0b5569232559e3d385fea5a93112/library/core/src/result.rs:1653:5
[INFO] [stderr]     17:     0x55c9e083e92a - core::result::Result<T,E>::unwrap::hcbd4c8b9a1010b16
[INFO] [stderr]     18:     0x55c9e0834e9d - build_script_build::prepare_libtorch_dir::hcbb9b1b27dd90f78
[INFO] [stderr]     19:     0x55c9e0835f42 - build_script_build::main::hc40e14dcf7298e52
[INFO] [stderr]     20:     0x55c9e0837a63 - core::ops::function::FnOnce::call_once::h50d4ceaaed5b69c8
[INFO] [stderr]     21:     0x55c9e0839fd6 - std::sys_common::backtrace::__rust_begin_short_backtrace::ha9c547113172d03f
[INFO] [stderr]     22:     0x55c9e083e1d9 - std::rt::lang_start::{{closure}}::h8eb88a9fcfa998f6
[INFO] [stderr]     23:     0x55c9e09b3557 - core::ops::function::impls::<impl core::ops::function::FnOnce<A> for &F>::call_once::hd95060ecd5e1ca24
[INFO] [stderr]                                  at /rustc/82e1608dfa6e0b5569232559e3d385fea5a93112/library/core/src/ops/function.rs:284:13
[INFO] [stderr]     24:     0x55c9e09b3557 - std::panicking::try::do_call::h6e8cf51db32a6e4b
[INFO] [stderr]                                  at /rustc/82e1608dfa6e0b5569232559e3d385fea5a93112/library/std/src/panicking.rs:552:40
[INFO] [stderr]     25:     0x55c9e09b3557 - std::panicking::try::h3a52eefe24fe3c29
[INFO] [stderr]                                  at /rustc/82e1608dfa6e0b5569232559e3d385fea5a93112/library/std/src/panicking.rs:516:19
[INFO] [stderr]     26:     0x55c9e09b3557 - std::panic::catch_unwind::h24c28c23c02c3841
[INFO] [stderr]                                  at /rustc/82e1608dfa6e0b5569232559e3d385fea5a93112/library/std/src/panic.rs:142:14
[INFO] [stderr]     27:     0x55c9e09b3557 - std::rt::lang_start_internal::{{closure}}::h705d3c9cbc06ef47
[INFO] [stderr]                                  at /rustc/82e1608dfa6e0b5569232559e3d385fea5a93112/library/std/src/rt.rs:148:48
[INFO] [stderr]     28:     0x55c9e09b3557 - std::panicking::try::do_call::ha21f52ba13158470
[INFO] [stderr]                                  at /rustc/82e1608dfa6e0b5569232559e3d385fea5a93112/library/std/src/panicking.rs:552:40
[INFO] [stderr]     29:     0x55c9e09b3557 - std::panicking::try::h5581346bf6aeb1f8
[INFO] [stderr]                                  at /rustc/82e1608dfa6e0b5569232559e3d385fea5a93112/library/std/src/panicking.rs:516:19
[INFO] [stderr]     30:     0x55c9e09b3557 - std::panic::catch_unwind::h7919645a6b72e25b
[INFO] [stderr]                                  at /rustc/82e1608dfa6e0b5569232559e3d385fea5a93112/library/std/src/panic.rs:142:14
[INFO] [stderr]     31:     0x55c9e09b3557 - std::rt::lang_start_internal::h12de51168669836e
[INFO] [stderr]                                  at /rustc/82e1608dfa6e0b5569232559e3d385fea5a93112/library/std/src/rt.rs:148:20
[INFO] [stderr]     32:     0x55c9e083e1b7 - std::rt::lang_start::h26a34fa22a819701
[INFO] [stderr]     33:     0x55c9e0836a85 - main
[INFO] [stderr]     34:     0x7fceedbecd90 - <unknown>
[INFO] [stderr]     35:     0x7fceedbece40 - __libc_start_main
[INFO] [stderr]     36:     0x55c9e082c645 - _start
[INFO] [stderr]     37:                0x0 - <unknown>
[INFO] [stderr] warning: build failed, waiting for other jobs to finish...
[INFO] running `Command { std: "docker" "inspect" "4f454ade92c8b893551f4fffbe4e93a070ddd818d34a4eb16130be1ad9388d36", kill_on_drop: false }`
[INFO] running `Command { std: "docker" "rm" "-f" "4f454ade92c8b893551f4fffbe4e93a070ddd818d34a4eb16130be1ad9388d36", kill_on_drop: false }`
[INFO] [stdout] 4f454ade92c8b893551f4fffbe4e93a070ddd818d34a4eb16130be1ad9388d36
[INFO] documenting HomeVision/rs-scout against beta-2023-12-22 for beta-1.76-rustdoc-1
[INFO] running `Command { std: "git" "clone" "/workspace/cache/git-repos/https%3A%2F%2Fgithub.com%2FHomeVision%2Frs-scout" "/workspace/builds/worker-0-tc2/source", kill_on_drop: false }`
[INFO] [stderr] Cloning into '/workspace/builds/worker-0-tc2/source'...
[INFO] [stderr] done.
[INFO] validating manifest of git repo https://github.com/HomeVision/rs-scout on toolchain beta-2023-12-22
[INFO] running `Command { std: CARGO_HOME="/workspace/cargo-home" RUSTUP_HOME="/workspace/rustup-home" "/workspace/cargo-home/bin/cargo" "+beta-2023-12-22" "metadata" "--manifest-path" "Cargo.toml" "--no-deps", kill_on_drop: false }`
[INFO] started tweaking git repo https://github.com/HomeVision/rs-scout
[INFO] finished tweaking git repo https://github.com/HomeVision/rs-scout
[INFO] tweaked toml for git repo https://github.com/HomeVision/rs-scout written to /workspace/builds/worker-0-tc2/source/Cargo.toml
[INFO] crate git repo https://github.com/HomeVision/rs-scout already has a lockfile, it will not be regenerated
[INFO] running `Command { std: CARGO_HOME="/workspace/cargo-home" RUSTUP_HOME="/workspace/rustup-home" "/workspace/cargo-home/bin/cargo" "+beta-2023-12-22" "fetch" "--manifest-path" "Cargo.toml", kill_on_drop: false }`
[INFO] [stderr] warning: only one of `license` or `license-file` is necessary
[INFO] [stderr] `license` should be used if the package license can be expressed with a standard SPDX expression.
[INFO] [stderr] `license-file` should be used if the package uses a non-standard license.
[INFO] [stderr] See https://doc.rust-lang.org/cargo/reference/manifest.html#the-license-and-license-file-fields for more information.
[INFO] running `Command { std: "docker" "create" "-v" "/var/lib/crater-agent-workspace/builds/worker-0-tc2/target:/opt/rustwide/target:rw,Z" "-v" "/var/lib/crater-agent-workspace/builds/worker-0-tc2/source:/opt/rustwide/workdir:ro,Z" "-v" "/var/lib/crater-agent-workspace/cargo-home:/opt/rustwide/cargo-home:ro,Z" "-v" "/var/lib/crater-agent-workspace/rustup-home:/opt/rustwide/rustup-home:ro,Z" "-e" "SOURCE_DIR=/opt/rustwide/workdir" "-e" "CARGO_TARGET_DIR=/opt/rustwide/target" "-e" "CARGO_HOME=/opt/rustwide/cargo-home" "-e" "RUSTUP_HOME=/opt/rustwide/rustup-home" "-w" "/opt/rustwide/workdir" "-m" "1610612736" "--user" "0:0" "--network" "none" "ghcr.io/rust-lang/crates-build-env/linux@sha256:2788e3201cd34a07e3172128adcd8b3090168a8e3bcc40d7c032b9dda1df7d1c" "/opt/rustwide/cargo-home/bin/cargo" "+beta-2023-12-22" "metadata" "--no-deps" "--format-version=1", kill_on_drop: false }`
[INFO] [stdout] 11aad8d6659e27b99d60c2c342d15f46a9bea4945899fb6415f2dad9f9052657
[INFO] running `Command { std: "docker" "start" "-a" "11aad8d6659e27b99d60c2c342d15f46a9bea4945899fb6415f2dad9f9052657", kill_on_drop: false }`
[INFO] running `Command { std: "docker" "inspect" "11aad8d6659e27b99d60c2c342d15f46a9bea4945899fb6415f2dad9f9052657", kill_on_drop: false }`
[INFO] running `Command { std: "docker" "rm" "-f" "11aad8d6659e27b99d60c2c342d15f46a9bea4945899fb6415f2dad9f9052657", kill_on_drop: false }`
[INFO] [stdout] 11aad8d6659e27b99d60c2c342d15f46a9bea4945899fb6415f2dad9f9052657
[INFO] running `Command { std: "docker" "create" "-v" "/var/lib/crater-agent-workspace/builds/worker-0-tc2/target:/opt/rustwide/target:rw,Z" "-v" "/var/lib/crater-agent-workspace/builds/worker-0-tc2/source:/opt/rustwide/workdir:ro,Z" "-v" "/var/lib/crater-agent-workspace/cargo-home:/opt/rustwide/cargo-home:ro,Z" "-v" "/var/lib/crater-agent-workspace/rustup-home:/opt/rustwide/rustup-home:ro,Z" "-e" "SOURCE_DIR=/opt/rustwide/workdir" "-e" "CARGO_TARGET_DIR=/opt/rustwide/target" "-e" "CARGO_INCREMENTAL=0" "-e" "RUST_BACKTRACE=full" "-e" "RUSTFLAGS=--cap-lints=warn" "-e" "RUSTDOCFLAGS=--cap-lints=warn" "-e" "CARGO_HOME=/opt/rustwide/cargo-home" "-e" "RUSTUP_HOME=/opt/rustwide/rustup-home" "-w" "/opt/rustwide/workdir" "-m" "1610612736" "--user" "0:0" "--network" "none" "ghcr.io/rust-lang/crates-build-env/linux@sha256:2788e3201cd34a07e3172128adcd8b3090168a8e3bcc40d7c032b9dda1df7d1c" "/opt/rustwide/cargo-home/bin/cargo" "+beta-2023-12-22" "doc" "--frozen" "--no-deps" "--document-private-items" "--message-format=json", kill_on_drop: false }`
[INFO] [stdout] 052b6d8137a41f79fcfd11720c99f7a7a6c217c54da36cf7aa4f6ee878bf7ce6
[INFO] running `Command { std: "docker" "start" "-a" "052b6d8137a41f79fcfd11720c99f7a7a6c217c54da36cf7aa4f6ee878bf7ce6", kill_on_drop: false }`
[INFO] [stderr] warning: only one of `license` or `license-file` is necessary
[INFO] [stderr] `license` should be used if the package license can be expressed with a standard SPDX expression.
[INFO] [stderr] `license-file` should be used if the package uses a non-standard license.
[INFO] [stderr] See https://doc.rust-lang.org/cargo/reference/manifest.html#the-license-and-license-file-fields for more information.
[INFO] [stderr]    Compiling libc v0.2.144
[INFO] [stderr]    Compiling proc-macro2 v1.0.58
[INFO] [stderr]    Compiling unicode-ident v1.0.8
[INFO] [stderr]    Compiling quote v1.0.27
[INFO] [stderr]    Compiling pkg-config v0.3.27
[INFO] [stderr]    Compiling futures-core v0.3.28
[INFO] [stderr]     Checking once_cell v1.17.1
[INFO] [stderr]    Compiling syn v1.0.109
[INFO] [stderr]     Checking itoa v1.0.6
[INFO] [stderr]    Compiling slab v0.4.8
[INFO] [stderr]     Checking bytes v1.4.0
[INFO] [stderr]     Checking tracing-core v0.1.31
[INFO] [stderr]    Compiling futures-task v0.3.28
[INFO] [stderr]    Compiling generic-array v0.14.7
[INFO] [stderr]     Checking futures-sink v0.3.28
[INFO] [stderr]    Compiling futures-util v0.3.28
[INFO] [stderr]     Checking futures-io v0.3.28
[INFO] [stderr]     Checking tracing v0.1.37
[INFO] [stderr]    Compiling serde v1.0.163
[INFO] [stderr]     Checking http v0.2.9
[INFO] [stderr]    Compiling jobserver v0.1.26
[INFO] [stderr]    Compiling syn v2.0.16
[INFO] [stderr]    Compiling cc v1.0.79
[INFO] [stderr]    Compiling indexmap v1.9.3
[INFO] [stderr]    Compiling thiserror v1.0.40
[INFO] [stderr]     Checking num_cpus v1.15.0
[INFO] [stderr]     Checking aho-corasick v1.0.1
[INFO] [stderr]    Compiling parking_lot_core v0.9.7
[INFO] [stderr]     Checking regex-syntax v0.7.1
[INFO] [stderr]     Checking getrandom v0.2.9
[INFO] [stderr]     Checking bytes v0.5.6
[INFO] [stderr]    Compiling adler v1.0.2
[INFO] [stderr]     Checking ryu v1.0.13
[INFO] [stderr]     Checking tinyvec_macros v0.1.1
[INFO] [stderr]     Checking tinyvec v1.6.0
[INFO] [stderr]     Checking net2 v0.2.38
[INFO] [stderr]     Checking iovec v0.1.4
[INFO] [stderr]     Checking miniz_oxide v0.7.1
[INFO] [stderr]    Compiling openssl-sys v0.9.87
[INFO] [stderr]    Compiling bzip2-sys v0.1.11+1.0.8
[INFO] [stderr]    Compiling backtrace v0.3.67
[INFO] [stderr]    Compiling libz-sys v1.1.9
[INFO] [stderr]    Compiling unicase v2.6.0
[INFO] [stderr]    Compiling tokio v1.28.1
[INFO] [stderr]     Checking regex v1.8.1
[INFO] [stderr]    Compiling num-traits v0.2.15
[INFO] [stderr]    Compiling failure_derive v0.1.8
[INFO] [stderr]    Compiling crossbeam-utils v0.8.15
[INFO] [stderr]     Checking flate2 v1.0.26
[INFO] [stderr]     Checking unicode-normalization v0.1.22
[INFO] [stderr]     Checking mio v0.6.23
[INFO] [stderr]    Compiling curl-sys v0.4.62+curl-8.1.0
[INFO] [stderr]     Checking parking_lot v0.12.1
[INFO] [stderr]     Checking mio v0.8.6
[INFO] [stderr]     Checking signal-hook-registry v1.4.1
[INFO] [stderr]     Checking socket2 v0.4.9
[INFO] [stderr]    Compiling memoffset v0.8.0
[INFO] [stderr]    Compiling getrandom v0.1.16
[INFO] [stderr]    Compiling serde_json v1.0.96
[INFO] [stderr]     Checking pin-project-lite v0.1.12
[INFO] [stderr]     Checking tokio v0.2.25
[INFO] [stderr]    Compiling zstd-sys v2.0.8+zstd.1.5.5
[INFO] [stderr]    Compiling crossbeam-epoch v0.9.14
[INFO] [stderr]    Compiling io-lifetimes v1.0.10
[INFO] [stderr]    Compiling synstructure v0.12.6
[INFO] [stderr]     Checking cpufeatures v0.2.7
[INFO] [stderr]     Checking mime v0.3.17
[INFO] [stderr]     Checking unicode-bidi v0.3.13
[INFO] [stderr]    Compiling openssl v0.10.52
[INFO] [stderr]     Checking unicode-width v0.1.10
[INFO] [stderr]    Compiling gimli v0.27.2
[INFO] [stderr]     Checking idna v0.3.0
[INFO] [stderr]    Compiling miniz_oxide v0.6.2
[INFO] [stderr]    Compiling object v0.30.3
[INFO] [stderr]    Compiling serde_derive v1.0.163
[INFO] [stderr]    Compiling thiserror-impl v1.0.40
[INFO] [stderr]    Compiling pin-project-internal v1.1.0
[INFO] [stderr]    Compiling openssl-macros v0.1.1
[INFO] [stderr]    Compiling crc32fast v1.3.2
[INFO] [stderr]     Checking encoding_rs v0.8.32
[INFO] [stderr]    Compiling addr2line v0.19.0
[INFO] [stderr]    Compiling rustix v0.37.19
[INFO] [stderr]    Compiling futures-channel v0.3.28
[INFO] [stderr]    Compiling paste v1.0.12
[INFO] [stderr]    Compiling rustc-demangle v0.1.23
[INFO] [stderr]     Checking pin-project v1.1.0
[INFO] [stderr]    Compiling curl v0.4.44
[INFO] [stderr]    Compiling native-tls v0.2.11
[INFO] [stderr]     Checking tracing-futures v0.2.5
[INFO] [stderr]     Checking tokio-util v0.3.1
[INFO] [stderr]    Compiling mime_guess v2.0.4
[INFO] [stderr]     Checking rand_core v0.5.1
[INFO] [stderr]     Checking url v2.3.1
[INFO] [stderr]    Compiling time v0.1.45
[INFO] [stderr]    Compiling byteorder v1.4.3
[INFO] [stderr]     Checking try-lock v0.2.4
[INFO] [stderr]    Compiling openssl-probe v0.1.5
[INFO] [stderr]     Checking either v1.8.1
[INFO] [stderr]    Compiling rayon-core v1.11.0
[INFO] [stderr]    Compiling zstd-safe v6.0.5+zstd.1.5.4
[INFO] [stderr]     Checking linux-raw-sys v0.3.8
[INFO] [stderr]     Checking want v0.3.0
[INFO] [stderr]     Checking crossbeam-deque v0.8.3
[INFO] [stderr]     Checking h2 v0.2.7
[INFO] [stderr]    Compiling failure v0.1.8
[INFO] [stderr]     Checking rand_chacha v0.2.2
[INFO] [stderr]     Checking tokio-util v0.7.8
[INFO] [stderr]     Checking console v0.15.6
[INFO] [stderr]     Checking crossbeam-channel v0.5.8
[INFO] [stderr]     Checking http-body v0.3.1
[INFO] [stderr]     Checking rand_core v0.6.4
[INFO] [stderr]    Compiling cmake v0.1.50
[INFO] [stderr]     Checking socket2 v0.3.19
[INFO] [stderr]     Checking block-buffer v0.10.4
[INFO] [stderr]     Checking crypto-common v0.1.6
[INFO] [stderr]    Compiling ahash v0.8.3
[INFO] [stderr]    Compiling num-integer v0.1.45
[INFO] [stderr]    Compiling num-complex v0.2.4
[INFO] [stderr]     Checking httpdate v0.3.2
[INFO] [stderr]    Compiling time-core v0.1.1
[INFO] [stderr]     Checking itoa v0.4.8
[INFO] [stderr]     Checking number_prefix v0.3.0
[INFO] [stderr]    Compiling time-macros v0.2.9
[INFO] [stderr]     Checking tokio-tls v0.3.1
[INFO] [stderr]     Checking digest v0.10.7
[INFO] [stderr]     Checking rand_chacha v0.3.1
[INFO] [stderr]     Checking actix-service v2.0.2
[INFO] [stderr]     Checking rand v0.7.3
[INFO] [stderr]    Compiling bytestring v1.3.0
[INFO] [stderr]     Checking brotli-decompressor v2.3.4
[INFO] [stderr]     Checking actix-rt v2.8.0
[INFO] [stderr]     Checking hyper v0.13.10
[INFO] [stderr]     Checking serde_urlencoded v0.7.1
[INFO] [stderr]    Compiling cookie v0.16.2
[INFO] [stderr]    Compiling hashbrown v0.7.2
[INFO] [stderr]    Compiling ndarray v0.13.1
[INFO] [stderr]    Compiling anyhow v1.0.71
[INFO] [stderr]     Checking rawpointer v0.2.1
[INFO] [stderr]    Compiling protobuf v2.14.0
[INFO] [stderr]     Checking matrixmultiply v0.2.4
[INFO] [stderr]     Checking time v0.3.21
[INFO] [stderr]     Checking brotli v3.3.4
[INFO] [stderr]    Compiling derive_more v0.99.17
[INFO] [stderr]     Checking rayon v1.7.0
[INFO] [stderr]     Checking rand v0.8.5
[INFO] [stderr]     Checking sha1 v0.10.5
[INFO] [stderr]     Checking actix-codec v0.5.1
[INFO] [stderr]     Checking h2 v0.3.19
[INFO] [stderr]     Checking local-channel v0.1.3
[INFO] [stderr]     Checking xattr v0.2.3
[INFO] [stderr]    Compiling actix-router v0.5.1
[INFO] [stderr]     Checking filetime v0.2.21
[INFO] [stderr]     Checking block-buffer v0.9.0
[INFO] [stderr]     Checking digest v0.9.0
[INFO] [stderr]     Checking unicode-normalization-alignments v0.1.12
[INFO] [stderr]     Checking csv-core v0.1.10
[INFO] [stderr]     Checking hyper-tls v0.4.3
[INFO] [stderr]     Checking fastrand v1.9.0
[INFO] [stderr]     Checking ahash v0.3.8
[INFO] [stderr]     Checking base64 v0.21.0
[INFO] [stderr]     Checking ipnet v2.7.2
[INFO] [stderr]    Compiling rust_tokenizers v5.0.1
[INFO] [stderr]     Checking sha2 v0.9.9
[INFO] [stderr]     Checking reqwest v0.10.10
[INFO] [stderr]    Compiling actix-web-codegen v4.2.0
[INFO] [stderr]     Checking tempfile v3.5.0
[INFO] [stderr]    Compiling itertools v0.8.2
[INFO] [stderr]     Checking csv v1.2.1
[INFO] [stderr]     Checking tar v0.4.38
[INFO] [stderr]     Checking ahash v0.7.6
[INFO] [stderr]     Checking actix-server v2.2.0
[INFO] [stderr]     Checking indicatif v0.15.0
[INFO] [stderr]    Compiling actix-macros v0.2.3
[INFO] [stderr]     Checking textwrap v0.11.0
[INFO] [stderr]     Checking fs2 v0.4.3
[INFO] [stderr]     Checking atty v0.2.14
[INFO] [stderr]     Checking dirs-sys v0.3.7
[INFO] [stderr]    Compiling unicode-segmentation v1.10.1
[INFO] [stderr]     Checking strsim v0.8.0
[INFO] [stderr]     Checking half v1.8.2
[INFO] [stderr]     Checking glob v0.3.1
[INFO] [stderr]     Checking clap v2.34.0
[INFO] [stderr]     Checking dirs v3.0.2
[INFO] [stderr]    Compiling prost-derive v0.6.1
[INFO] [stderr]     Checking indicatif v0.14.0
[INFO] [stderr]     Checking itertools v0.9.0
[INFO] [stderr]    Compiling heck v0.3.3
[INFO] [stderr]     Checking ordered-float v2.10.0
[INFO] [stderr]    Compiling liblinear v1.0.0
[INFO] [stderr]     Checking uuid v0.8.2
[INFO] [stderr]     Checking regex-syntax v0.6.29
[INFO] [stderr]     Checking unicode_categories v0.1.1
[INFO] [stderr]    Compiling strum_macros v0.19.4
[INFO] [stderr]     Checking is-terminal v0.4.7
[INFO] [stderr]     Checking approx v0.3.2
[INFO] [stderr]     Checking strum v0.19.5
[INFO] [stderr]     Checking termcolor v1.2.0
[INFO] [stderr]     Checking askama_escape v0.10.3
[INFO] [stderr]     Checking parsnip v0.3.0
[INFO] [stderr]     Checking http-range v0.1.5
[INFO] [stderr]     Checking env_logger v0.10.0
[INFO] [stderr]    Compiling bzip2 v0.4.4
[INFO] [stderr]     Checking tokenizers v0.10.1
[INFO] [stderr]    Compiling zip v0.5.13
[INFO] [stderr]     Checking prost v0.6.1
[INFO] [stderr]     Checking zip-extensions v0.5.0
[INFO] [stderr]     Checking cached-path v0.4.5
[INFO] [stderr]    Compiling torch-sys v0.2.1
[INFO] [stderr] error: failed to run custom build command for `torch-sys v0.2.1`
[INFO] [stderr] note: To improve backtraces for build dependencies, set the CARGO_PROFILE_DEV_BUILD_OVERRIDE_DEBUG=true environment variable to enable debug information generation.
[INFO] [stderr] 
[INFO] [stderr] Caused by:
[INFO] [stderr]   process didn't exit successfully: `/opt/rustwide/target/debug/build/torch-sys-251e7ad97020c2f3/build-script-build` (exit status: 101)
[INFO] [stderr]   --- stdout
[INFO] [stderr]   cargo:rerun-if-env-changed=TORCH_CUDA_VERSION
[INFO] [stderr]   cargo:rerun-if-env-changed=LIBTORCH
[INFO] [stderr] 
[INFO] [stderr]   --- stderr
[INFO] [stderr]   thread 'main' panicked at /opt/rustwide/cargo-home/registry/src/index.crates.io-6f17d22bba15001f/torch-sys-0.2.1/build.rs:130:48:
[INFO] [stderr]   called `Result::unwrap()` on an `Err` value: Error { description: "Couldn't resolve host name", code: 6, extra: Some("Could not resolve host: download.pytorch.org") }
[INFO] [stderr] 
[INFO] [stderr]      0: failure::backtrace::internal::InternalBacktrace::new
[INFO] [stderr]      1: failure::backtrace::Backtrace::new
[INFO] [stderr]      2: <failure::error::error_impl::ErrorImpl as core::convert::From<F>>::from
[INFO] [stderr]      3: <failure::error::Error as core::convert::From<F>>::from
[INFO] [stderr]      4: <core::result::Result<T,F> as core::ops::try_trait::FromResidual<core::result::Result<core::convert::Infallible,E>>>::from_residual
[INFO] [stderr]      5: build_script_build::download
[INFO] [stderr]      6: build_script_build::prepare_libtorch_dir
[INFO] [stderr]      7: build_script_build::main
[INFO] [stderr]      8: core::ops::function::FnOnce::call_once
[INFO] [stderr]      9: std::sys_common::backtrace::__rust_begin_short_backtrace
[INFO] [stderr]     10: std::rt::lang_start::{{closure}}
[INFO] [stderr]     11: core::ops::function::impls::<impl core::ops::function::FnOnce<A> for &F>::call_once
[INFO] [stderr]                at /rustc/0e09125c6c3c2fd70d7de961bcf0e51575235fad/library/core/src/ops/function.rs:284:13
[INFO] [stderr]         std::panicking::try::do_call
[INFO] [stderr]                at /rustc/0e09125c6c3c2fd70d7de961bcf0e51575235fad/library/std/src/panicking.rs:552:40
[INFO] [stderr]         std::panicking::try
[INFO] [stderr]                at /rustc/0e09125c6c3c2fd70d7de961bcf0e51575235fad/library/std/src/panicking.rs:516:19
[INFO] [stderr]         std::panic::catch_unwind
[INFO] [stderr]                at /rustc/0e09125c6c3c2fd70d7de961bcf0e51575235fad/library/std/src/panic.rs:142:14
[INFO] [stderr]         std::rt::lang_start_internal::{{closure}}
[INFO] [stderr]                at /rustc/0e09125c6c3c2fd70d7de961bcf0e51575235fad/library/std/src/rt.rs:148:48
[INFO] [stderr]         std::panicking::try::do_call
[INFO] [stderr]                at /rustc/0e09125c6c3c2fd70d7de961bcf0e51575235fad/library/std/src/panicking.rs:552:40
[INFO] [stderr]         std::panicking::try
[INFO] [stderr]                at /rustc/0e09125c6c3c2fd70d7de961bcf0e51575235fad/library/std/src/panicking.rs:516:19
[INFO] [stderr]         std::panic::catch_unwind
[INFO] [stderr]                at /rustc/0e09125c6c3c2fd70d7de961bcf0e51575235fad/library/std/src/panic.rs:142:14
[INFO] [stderr]         std::rt::lang_start_internal
[INFO] [stderr]                at /rustc/0e09125c6c3c2fd70d7de961bcf0e51575235fad/library/std/src/rt.rs:148:20
[INFO] [stderr]     12: std::rt::lang_start
[INFO] [stderr]     13: main
[INFO] [stderr]     14: <unknown>
[INFO] [stderr]     15: __libc_start_main
[INFO] [stderr]     16: _start
[INFO] [stderr] 
[INFO] [stderr]   stack backtrace:
[INFO] [stderr]      0:     0x55a888bf47c6 - std::backtrace_rs::backtrace::libunwind::trace::h261606ad26a499c1
[INFO] [stderr]                                  at /rustc/0e09125c6c3c2fd70d7de961bcf0e51575235fad/library/std/src/../../backtrace/src/backtrace/libunwind.rs:104:5
[INFO] [stderr]      1:     0x55a888bf47c6 - std::backtrace_rs::backtrace::trace_unsynchronized::hd183f0625477fb28
[INFO] [stderr]                                  at /rustc/0e09125c6c3c2fd70d7de961bcf0e51575235fad/library/std/src/../../backtrace/src/backtrace/mod.rs:66:5
[INFO] [stderr]      2:     0x55a888bf47c6 - std::sys_common::backtrace::_print_fmt::hd7f8fef21b4eda67
[INFO] [stderr]                                  at /rustc/0e09125c6c3c2fd70d7de961bcf0e51575235fad/library/std/src/sys_common/backtrace.rs:68:5
[INFO] [stderr]      3:     0x55a888bf47c6 - <std::sys_common::backtrace::_print::DisplayBacktrace as core::fmt::Display>::fmt::h623d9b51f2f453f1
[INFO] [stderr]                                  at /rustc/0e09125c6c3c2fd70d7de961bcf0e51575235fad/library/std/src/sys_common/backtrace.rs:44:22
[INFO] [stderr]      4:     0x55a888c1c0a0 - core::fmt::rt::Argument::fmt::h9f417ac76a86f368
[INFO] [stderr]                                  at /rustc/0e09125c6c3c2fd70d7de961bcf0e51575235fad/library/core/src/fmt/rt.rs:142:9
[INFO] [stderr]      5:     0x55a888c1c0a0 - core::fmt::write::hc9b6faf4ac2aeff7
[INFO] [stderr]                                  at /rustc/0e09125c6c3c2fd70d7de961bcf0e51575235fad/library/core/src/fmt/mod.rs:1120:17
[INFO] [stderr]      6:     0x55a888bf18cf - std::io::Write::write_fmt::hfead1eee52c2e65e
[INFO] [stderr]                                  at /rustc/0e09125c6c3c2fd70d7de961bcf0e51575235fad/library/std/src/io/mod.rs:1810:15
[INFO] [stderr]      7:     0x55a888bf45a4 - std::sys_common::backtrace::_print::hd5d66399c7df88a2
[INFO] [stderr]                                  at /rustc/0e09125c6c3c2fd70d7de961bcf0e51575235fad/library/std/src/sys_common/backtrace.rs:47:5
[INFO] [stderr]      8:     0x55a888bf45a4 - std::sys_common::backtrace::print::he81ed2da642d37e5
[INFO] [stderr]                                  at /rustc/0e09125c6c3c2fd70d7de961bcf0e51575235fad/library/std/src/sys_common/backtrace.rs:34:9
[INFO] [stderr]      9:     0x55a888bf64d7 - std::panicking::default_hook::{{closure}}::h85773f4fa117163d
[INFO] [stderr]     10:     0x55a888bf6239 - std::panicking::default_hook::h6a1694a91d09b278
[INFO] [stderr]                                  at /rustc/0e09125c6c3c2fd70d7de961bcf0e51575235fad/library/std/src/panicking.rs:292:9
[INFO] [stderr]     11:     0x55a888bf6968 - std::panicking::rust_panic_with_hook::h0a7ad96e90f7145b
[INFO] [stderr]                                  at /rustc/0e09125c6c3c2fd70d7de961bcf0e51575235fad/library/std/src/panicking.rs:779:13
[INFO] [stderr]     12:     0x55a888bf6842 - std::panicking::begin_panic_handler::{{closure}}::h7919090525c6485e
[INFO] [stderr]                                  at /rustc/0e09125c6c3c2fd70d7de961bcf0e51575235fad/library/std/src/panicking.rs:657:13
[INFO] [stderr]     13:     0x55a888bf4cc6 - std::sys_common::backtrace::__rust_end_short_backtrace::hf3289479464f7dfe
[INFO] [stderr]                                  at /rustc/0e09125c6c3c2fd70d7de961bcf0e51575235fad/library/std/src/sys_common/backtrace.rs:171:18
[INFO] [stderr]     14:     0x55a888bf65a0 - rust_begin_unwind
[INFO] [stderr]                                  at /rustc/0e09125c6c3c2fd70d7de961bcf0e51575235fad/library/std/src/panicking.rs:645:5
[INFO] [stderr]     15:     0x55a888a63e15 - core::panicking::panic_fmt::hcc9f77c5c132af55
[INFO] [stderr]                                  at /rustc/0e09125c6c3c2fd70d7de961bcf0e51575235fad/library/core/src/panicking.rs:72:14
[INFO] [stderr]     16:     0x55a888a64373 - core::result::unwrap_failed::hbe14f498be1452f9
[INFO] [stderr]                                  at /rustc/0e09125c6c3c2fd70d7de961bcf0e51575235fad/library/core/src/result.rs:1649:5
[INFO] [stderr]     17:     0x55a888a7717a - core::result::Result<T,E>::unwrap::h037d8dce7f768527
[INFO] [stderr]     18:     0x55a888a6ceab - build_script_build::prepare_libtorch_dir::h2aefe77b953ba116
[INFO] [stderr]     19:     0x55a888a6df42 - build_script_build::main::hcebc9846833aa2fe
[INFO] [stderr]     20:     0x55a888a76093 - core::ops::function::FnOnce::call_once::hbd212ba29f4e072e
[INFO] [stderr]     21:     0x55a888a74f46 - std::sys_common::backtrace::__rust_begin_short_backtrace::hb85c268418c851be
[INFO] [stderr]     22:     0x55a888a6f899 - std::rt::lang_start::{{closure}}::h1073622496d72aa5
[INFO] [stderr]     23:     0x55a888becff1 - core::ops::function::impls::<impl core::ops::function::FnOnce<A> for &F>::call_once::h4eb4c5e1620f29b0
[INFO] [stderr]                                  at /rustc/0e09125c6c3c2fd70d7de961bcf0e51575235fad/library/core/src/ops/function.rs:284:13
[INFO] [stderr]     24:     0x55a888becff1 - std::panicking::try::do_call::h73fd26535faffcdf
[INFO] [stderr]                                  at /rustc/0e09125c6c3c2fd70d7de961bcf0e51575235fad/library/std/src/panicking.rs:552:40
[INFO] [stderr]     25:     0x55a888becff1 - std::panicking::try::h77ff1d98f0fb9f39
[INFO] [stderr]                                  at /rustc/0e09125c6c3c2fd70d7de961bcf0e51575235fad/library/std/src/panicking.rs:516:19
[INFO] [stderr]     26:     0x55a888becff1 - std::panic::catch_unwind::hab3caf2448b95e37
[INFO] [stderr]                                  at /rustc/0e09125c6c3c2fd70d7de961bcf0e51575235fad/library/std/src/panic.rs:142:14
[INFO] [stderr]     27:     0x55a888becff1 - std::rt::lang_start_internal::{{closure}}::h8086711f9c783f78
[INFO] [stderr]                                  at /rustc/0e09125c6c3c2fd70d7de961bcf0e51575235fad/library/std/src/rt.rs:148:48
[INFO] [stderr]     28:     0x55a888becff1 - std::panicking::try::do_call::hf920d4dc291cd6ca
[INFO] [stderr]                                  at /rustc/0e09125c6c3c2fd70d7de961bcf0e51575235fad/library/std/src/panicking.rs:552:40
[INFO] [stderr]     29:     0x55a888becff1 - std::panicking::try::h2b806ccc0a85db74
[INFO] [stderr]                                  at /rustc/0e09125c6c3c2fd70d7de961bcf0e51575235fad/library/std/src/panicking.rs:516:19
[INFO] [stderr]     30:     0x55a888becff1 - std::panic::catch_unwind::h038489539c507df2
[INFO] [stderr]                                  at /rustc/0e09125c6c3c2fd70d7de961bcf0e51575235fad/library/std/src/panic.rs:142:14
[INFO] [stderr]     31:     0x55a888becff1 - std::rt::lang_start_internal::h28503b88912e8a5c
[INFO] [stderr]                                  at /rustc/0e09125c6c3c2fd70d7de961bcf0e51575235fad/library/std/src/rt.rs:148:20
[INFO] [stderr]     32:     0x55a888a6f877 - std::rt::lang_start::h8299bc2b041f59d5
[INFO] [stderr]     33:     0x55a888a6ea75 - main
[INFO] [stderr]     34:     0x7fb51374cd90 - <unknown>
[INFO] [stderr]     35:     0x7fb51374ce40 - __libc_start_main
[INFO] [stderr]     36:     0x55a888a64685 - _start
[INFO] [stderr]     37:                0x0 - <unknown>
[INFO] [stderr] warning: build failed, waiting for other jobs to finish...
[INFO] running `Command { std: "docker" "inspect" "052b6d8137a41f79fcfd11720c99f7a7a6c217c54da36cf7aa4f6ee878bf7ce6", kill_on_drop: false }`
[INFO] running `Command { std: "docker" "rm" "-f" "052b6d8137a41f79fcfd11720c99f7a7a6c217c54da36cf7aa4f6ee878bf7ce6", kill_on_drop: false }`
[INFO] [stdout] 052b6d8137a41f79fcfd11720c99f7a7a6c217c54da36cf7aa4f6ee878bf7ce6
