[INFO] cloning repository https://github.com/HipyCas/rust-server-test
[INFO] running `Command { std: "git" "-c" "credential.helper=" "-c" "credential.helper=/workspace/cargo-home/bin/git-credential-null" "clone" "--bare" "https://github.com/HipyCas/rust-server-test" "/workspace/cache/git-repos/https%3A%2F%2Fgithub.com%2FHipyCas%2Frust-server-test", kill_on_drop: false }`
[INFO] [stderr] Cloning into bare repository '/workspace/cache/git-repos/https%3A%2F%2Fgithub.com%2FHipyCas%2Frust-server-test'...
[INFO] running `Command { std: "git" "rev-parse" "HEAD", kill_on_drop: false }`
[INFO] [stdout] 4e657d9f26be044543c0643ed575b421a2e451fa
[INFO] documenting HipyCas/rust-server-test against 1.75.0 for beta-1.76-rustdoc-1
[INFO] running `Command { std: "git" "clone" "/workspace/cache/git-repos/https%3A%2F%2Fgithub.com%2FHipyCas%2Frust-server-test" "/workspace/builds/worker-3-tc1/source", kill_on_drop: false }`
[INFO] [stderr] Cloning into '/workspace/builds/worker-3-tc1/source'...
[INFO] [stderr] done.
[INFO] [stderr] Updating files:  65% (765/1174)
Updating files:  66% (775/1174)
Updating files:  67% (787/1174)
Updating files:  68% (799/1174)
Updating files:  69% (811/1174)
Updating files:  70% (822/1174)
Updating files:  71% (834/1174)
Updating files:  72% (846/1174)
Updating files:  73% (858/1174)
Updating files:  74% (869/1174)
Updating files:  75% (881/1174)
Updating files:  76% (893/1174)
Updating files:  77% (904/1174)
Updating files:  78% (916/1174)
Updating files:  78% (922/1174)
Updating files:  79% (928/1174)
Updating files:  80% (940/1174)
Updating files:  81% (951/1174)
Updating files:  82% (963/1174)
Updating files:  83% (975/1174)
Updating files:  84% (987/1174)
Updating files:  85% (998/1174)
Updating files:  86% (1010/1174)
Updating files:  87% (1022/1174)
Updating files:  88% (1034/1174)
Updating files:  89% (1045/1174)
Updating files:  90% (1057/1174)
Updating files:  91% (1069/1174)
Updating files:  92% (1081/1174)
Updating files:  93% (1092/1174)
Updating files:  94% (1104/1174)
Updating files:  95% (1116/1174)
Updating files:  96% (1128/1174)
Updating files:  97% (1139/1174)
Updating files:  98% (1151/1174)
Updating files:  99% (1163/1174)
Updating files: 100% (1174/1174)
Updating files: 100% (1174/1174), done.
[INFO] validating manifest of git repo https://github.com/HipyCas/rust-server-test on toolchain 1.75.0
[INFO] running `Command { std: CARGO_HOME="/workspace/cargo-home" RUSTUP_HOME="/workspace/rustup-home" "/workspace/cargo-home/bin/cargo" "+1.75.0" "metadata" "--manifest-path" "Cargo.toml" "--no-deps", kill_on_drop: false }`
[INFO] started tweaking git repo https://github.com/HipyCas/rust-server-test
[INFO] finished tweaking git repo https://github.com/HipyCas/rust-server-test
[INFO] tweaked toml for git repo https://github.com/HipyCas/rust-server-test written to /workspace/builds/worker-3-tc1/source/Cargo.toml
[INFO] crate git repo https://github.com/HipyCas/rust-server-test already has a lockfile, it will not be regenerated
[INFO] running `Command { std: CARGO_HOME="/workspace/cargo-home" RUSTUP_HOME="/workspace/rustup-home" "/workspace/cargo-home/bin/cargo" "+1.75.0" "fetch" "--manifest-path" "Cargo.toml", kill_on_drop: false }`
[INFO] [stderr]     Updating git repository `https://github.com/SeaQL/sea-orm`
[INFO] [stderr]  Downloading crates ...
[INFO] [stderr]   Downloaded cookie v0.15.0
[INFO] [stderr]   Downloaded ouroboros_macro v0.15.0
[INFO] [stderr]   Downloaded state v0.5.2
[INFO] [stderr]   Downloaded sea-query-derive v0.2.0
[INFO] [stderr]   Downloaded devise_codegen v0.3.0
[INFO] [stderr]   Downloaded devise v0.3.0
[INFO] [stderr]   Downloaded sqlx-macros v0.5.7
[INFO] [stderr]   Downloaded ouroboros v0.15.0
[INFO] [stderr]   Downloaded rocket_dyn_templates v0.1.0-rc.1
[INFO] [stderr]   Downloaded multer v2.0.0
[INFO] [stderr]   Downloaded devise_core v0.3.0
[INFO] [stderr]   Downloaded ubyte v0.10.1
[INFO] [stderr]   Downloaded spin v0.9.1
[INFO] [stderr]   Downloaded figment v0.10.5
[INFO] [stderr]   Downloaded rocket_http v0.5.0-rc.1
[INFO] [stderr]   Downloaded sea-query v0.23.0
[INFO] [stderr]   Downloaded sea-orm v0.7.1
[INFO] [stderr]   Downloaded sea-schema v0.7.1
[INFO] [stderr]   Downloaded rust_decimal v1.23.1
[INFO] [stderr]   Downloaded rocket_codegen v0.5.0-rc.1
[INFO] [stderr]   Downloaded sea-query v0.22.0
[INFO] [stderr]   Downloaded rocket v0.5.0-rc.1
[INFO] [stderr]   Downloaded sqlx-core v0.5.7
[INFO] [stderr]   Downloaded loom v0.5.0
[INFO] [stderr]   Downloaded sqlx v0.5.7
[INFO] [stderr]   Downloaded sea-orm-macros v0.7.0
[INFO] running `Command { std: "docker" "create" "-v" "/var/lib/crater-agent-workspace/builds/worker-3-tc1/target:/opt/rustwide/target:rw,Z" "-v" "/var/lib/crater-agent-workspace/builds/worker-3-tc1/source:/opt/rustwide/workdir:ro,Z" "-v" "/var/lib/crater-agent-workspace/cargo-home:/opt/rustwide/cargo-home:ro,Z" "-v" "/var/lib/crater-agent-workspace/rustup-home:/opt/rustwide/rustup-home:ro,Z" "-e" "SOURCE_DIR=/opt/rustwide/workdir" "-e" "CARGO_TARGET_DIR=/opt/rustwide/target" "-e" "CARGO_HOME=/opt/rustwide/cargo-home" "-e" "RUSTUP_HOME=/opt/rustwide/rustup-home" "-w" "/opt/rustwide/workdir" "-m" "1610612736" "--user" "0:0" "--network" "none" "ghcr.io/rust-lang/crates-build-env/linux@sha256:2788e3201cd34a07e3172128adcd8b3090168a8e3bcc40d7c032b9dda1df7d1c" "/opt/rustwide/cargo-home/bin/cargo" "+1.75.0" "metadata" "--no-deps" "--format-version=1", kill_on_drop: false }`
[INFO] [stdout] 8875e79a123357cc4f678c2c08ffe7f29b106891535b81c1bfb21100bbafeff6
[INFO] running `Command { std: "docker" "start" "-a" "8875e79a123357cc4f678c2c08ffe7f29b106891535b81c1bfb21100bbafeff6", kill_on_drop: false }`
[INFO] running `Command { std: "docker" "inspect" "8875e79a123357cc4f678c2c08ffe7f29b106891535b81c1bfb21100bbafeff6", kill_on_drop: false }`
[INFO] running `Command { std: "docker" "rm" "-f" "8875e79a123357cc4f678c2c08ffe7f29b106891535b81c1bfb21100bbafeff6", kill_on_drop: false }`
[INFO] [stdout] 8875e79a123357cc4f678c2c08ffe7f29b106891535b81c1bfb21100bbafeff6
[INFO] running `Command { std: "docker" "create" "-v" "/var/lib/crater-agent-workspace/builds/worker-3-tc1/target:/opt/rustwide/target:rw,Z" "-v" "/var/lib/crater-agent-workspace/builds/worker-3-tc1/source:/opt/rustwide/workdir:ro,Z" "-v" "/var/lib/crater-agent-workspace/cargo-home:/opt/rustwide/cargo-home:ro,Z" "-v" "/var/lib/crater-agent-workspace/rustup-home:/opt/rustwide/rustup-home:ro,Z" "-e" "SOURCE_DIR=/opt/rustwide/workdir" "-e" "CARGO_TARGET_DIR=/opt/rustwide/target" "-e" "CARGO_INCREMENTAL=0" "-e" "RUST_BACKTRACE=full" "-e" "RUSTFLAGS=--cap-lints=warn" "-e" "RUSTDOCFLAGS=--cap-lints=warn" "-e" "CARGO_HOME=/opt/rustwide/cargo-home" "-e" "RUSTUP_HOME=/opt/rustwide/rustup-home" "-w" "/opt/rustwide/workdir" "-m" "1610612736" "--user" "0:0" "--network" "none" "ghcr.io/rust-lang/crates-build-env/linux@sha256:2788e3201cd34a07e3172128adcd8b3090168a8e3bcc40d7c032b9dda1df7d1c" "/opt/rustwide/cargo-home/bin/cargo" "+1.75.0" "doc" "--frozen" "--no-deps" "--document-private-items" "--message-format=json", kill_on_drop: false }`
[INFO] [stdout] 51ed150716b191f28d770306a772de6b5ac55a59c5ed797390e2aaac11e4c89d
[INFO] running `Command { std: "docker" "start" "-a" "51ed150716b191f28d770306a772de6b5ac55a59c5ed797390e2aaac11e4c89d", kill_on_drop: false }`
[INFO] [stderr]    Compiling proc-macro2 v1.0.27
[INFO] [stderr]    Compiling syn v1.0.73
[INFO] [stderr]    Compiling libc v0.2.125
[INFO] [stderr]    Compiling futures-core v0.3.15
[INFO] [stderr]    Compiling memchr v2.4.0
[INFO] [stderr]    Compiling value-bag v1.0.0-alpha.9
[INFO] [stderr]    Compiling log v0.4.14
[INFO] [stderr]    Compiling proc-macro-hack v0.5.19
[INFO] [stderr]    Compiling serde_derive v1.0.126
[INFO] [stderr]     Checking pin-project-lite v0.2.6
[INFO] [stderr]    Compiling proc-macro-nested v0.1.7
[INFO] [stderr]    Compiling futures-task v0.3.15
[INFO] [stderr]    Compiling serde v1.0.126
[INFO] [stderr]    Compiling futures-channel v0.3.15
[INFO] [stderr]    Compiling futures-macro v0.3.15
[INFO] [stderr]    Compiling quote v1.0.9
[INFO] [stderr]    Compiling futures-util v0.3.15
[INFO] [stderr]    Compiling pkg-config v0.3.25
[INFO] [stderr]    Compiling cc v1.0.68
[INFO] [stderr]    Compiling num-traits v0.2.14
[INFO] [stderr]    Compiling standback v0.2.17
[INFO] [stderr]     Checking slab v0.4.3
[INFO] [stderr]     Checking bytes v1.0.1
[INFO] [stderr]     Checking futures-io v0.3.15
[INFO] [stderr]    Compiling getrandom v0.2.3
[INFO] [stderr]    Compiling tokio v1.7.1
[INFO] [stderr]    Compiling const_fn v0.4.8
[INFO] [stderr]     Checking num_cpus v1.13.0
[INFO] [stderr]     Checking signal-hook-registry v1.4.0
[INFO] [stderr]    Compiling time v0.2.27
[INFO] [stderr]    Compiling mio v0.7.13
[INFO] [stderr]    Compiling bitflags v1.2.1
[INFO] [stderr]    Compiling num-integer v0.1.44
[INFO] [stderr]    Compiling futures-sink v0.3.15
[INFO] [stderr]    Compiling openssl-sys v0.9.72
[INFO] [stderr]     Checking itoa v0.4.7
[INFO] [stderr]    Compiling yansi v0.5.0
[INFO] [stderr]    Compiling indexmap v1.6.2
[INFO] [stderr]    Compiling proc-macro2-diagnostics v0.9.1
[INFO] [stderr]    Compiling generic-array v0.14.5
[INFO] [stderr]    Compiling uncased v0.9.6
[INFO] [stderr]    Compiling hashbrown v0.9.1
[INFO] [stderr]    Compiling openssl v0.10.38
[INFO] [stderr]    Compiling instant v0.1.9
[INFO] [stderr]    Compiling ahash v0.7.6
[INFO] [stderr]    Compiling scopeguard v1.1.0
[INFO] [stderr]    Compiling native-tls v0.2.10
[INFO] [stderr]    Compiling smallvec v1.6.1
[INFO] [stderr]    Compiling crossbeam-utils v0.8.8
[INFO] [stderr]    Compiling percent-encoding v2.1.0
[INFO] [stderr]    Compiling parking_lot_core v0.8.3
[INFO] [stderr]    Compiling lock_api v0.4.4
[INFO] [stderr]    Compiling once_cell v1.8.0
[INFO] [stderr]    Compiling parking_lot v0.11.1
[INFO] [stderr]     Checking tracing-core v0.1.26
[INFO] [stderr]    Compiling serde_json v1.0.64
[INFO] [stderr]    Compiling httparse v1.4.1
[INFO] [stderr]    Compiling foreign-types-shared v0.1.1
[INFO] [stderr]    Compiling tinyvec_macros v0.1.0
[INFO] [stderr]    Compiling rust_decimal v1.23.1
[INFO] [stderr]     Checking either v1.6.1
[INFO] [stderr]    Compiling tinyvec v1.6.0
[INFO] [stderr]    Compiling foreign-types v0.3.2
[INFO] [stderr]    Compiling typenum v1.15.0
[INFO] [stderr]    Compiling libsqlite3-sys v0.22.2
[INFO] [stderr]     Checking time v0.1.43
[INFO] [stderr]     Checking socket2 v0.4.0
[INFO] [stderr]    Compiling num-bigint v0.3.3
[INFO] [stderr]    Compiling crossbeam-queue v0.3.5
[INFO] [stderr]    Compiling unicode-normalization v0.1.19
[INFO] [stderr]    Compiling rand_core v0.6.3
[INFO] [stderr]    Compiling cookie v0.15.0
[INFO] [stderr]    Compiling openssl-probe v0.1.5
[INFO] [stderr]    Compiling ppv-lite86 v0.2.10
[INFO] [stderr]    Compiling matches v0.1.9
[INFO] [stderr]    Compiling siphasher v0.3.10
[INFO] [stderr]    Compiling unicode-bidi v0.3.8
[INFO] [stderr]    Compiling ref-cast v1.0.6
[INFO] [stderr]    Compiling http v0.2.4
[INFO] [stderr]    Compiling rand_chacha v0.3.1
[INFO] [stderr]    Compiling phf_shared v0.10.0
[INFO] [stderr]    Compiling proc-macro-error-attr v1.0.4
[INFO] [stderr]     Checking aho-corasick v0.7.18
[INFO] [stderr]    Compiling async-trait v0.1.50
[INFO] [stderr]     Checking cache-padded v1.2.0
[INFO] [stderr]     Checking regex v1.5.4
[INFO] [stderr]     Checking concurrent-queue v1.2.2
[INFO] [stderr]    Compiling ctor v0.1.22
[INFO] [stderr]    Compiling time-macros-impl v0.1.2
[INFO] [stderr]    Compiling tokio-macros v1.2.0
[INFO] [stderr]    Compiling thiserror-impl v1.0.25
[INFO] [stderr]    Compiling tracing-attributes v0.1.21
[INFO] [stderr]    Compiling time-macros v0.1.1
[INFO] [stdout] error[E0277]: the trait bound `ValueBag<'_>: From<u128>` is not satisfied
[INFO] [stdout]    --> /opt/rustwide/cargo-home/registry/src/index.crates.io-6f17d22bba15001f/log-0.4.14/src/kv/value.rs:364:43
[INFO] [stdout]     |
[INFO] [stdout] 364 |                       Value::from_value_bag(value)
[INFO] [stdout]     |                       --------------------- ^^^^^ the trait `From<u128>` is not implemented for `ValueBag<'_>`
[INFO] [stdout]     |                       |
[INFO] [stdout]     |                       required by a bound introduced by this call
[INFO] [stdout] ...
[INFO] [stdout] 384 | / impl_to_value_primitive![
[INFO] [stdout] 385 | |     usize, u8, u16, u32, u64, u128, isize, i8, i16, i32, i64, i128, f32, f64, char, bool,
[INFO] [stdout] 386 | | ];
[INFO] [stdout]     | |_- in this macro invocation
[INFO] [stdout]     |
[INFO] [stdout]     = help: the following other types implement trait `From<T>`:
[INFO] [stdout]               <ValueBag<'v> as From<&'v str>>
[INFO] [stdout]               <ValueBag<'v> as From<&'v u128>>
[INFO] [stdout]               <ValueBag<'v> as From<&'v i128>>
[INFO] [stdout]               <ValueBag<'v> as From<()>>
[INFO] [stdout]               <ValueBag<'v> as From<&'a ()>>
[INFO] [stdout]               <ValueBag<'v> as From<usize>>
[INFO] [stdout]               <ValueBag<'v> as From<&'a usize>>
[INFO] [stdout]               <ValueBag<'v> as From<u8>>
[INFO] [stdout]             and 25 others
[INFO] [stdout]     = note: required for `u128` to implement `Into<ValueBag<'_>>`
[INFO] [stdout] note: required by a bound in `value::Value::<'v>::from_value_bag`
[INFO] [stdout]    --> /opt/rustwide/cargo-home/registry/src/index.crates.io-6f17d22bba15001f/log-0.4.14/src/kv/value.rs:250:12
[INFO] [stdout]     |
[INFO] [stdout] 248 |     fn from_value_bag<T>(value: T) -> Self
[INFO] [stdout]     |        -------------- required by a bound in this associated function
[INFO] [stdout] 249 |     where
[INFO] [stdout] 250 |         T: Into<ValueBag<'v>>,
[INFO] [stdout]     |            ^^^^^^^^^^^^^^^^^^ required by this bound in `Value::<'v>::from_value_bag`
[INFO] [stdout]     = note: this error originates in the macro `impl_to_value_primitive` (in Nightly builds, run with -Z macro-backtrace for more info)
[INFO] [stdout] 
[INFO] [stdout] 
[INFO] [stdout] error[E0277]: the trait bound `ValueBag<'_>: From<i128>` is not satisfied
[INFO] [stdout]    --> /opt/rustwide/cargo-home/registry/src/index.crates.io-6f17d22bba15001f/log-0.4.14/src/kv/value.rs:364:43
[INFO] [stdout]     |
[INFO] [stdout] 364 |                       Value::from_value_bag(value)
[INFO] [stdout]     |                       --------------------- ^^^^^ the trait `From<i128>` is not implemented for `ValueBag<'_>`
[INFO] [stdout]     |                       |
[INFO] [stdout]     |                       required by a bound introduced by this call
[INFO] [stdout] ...
[INFO] [stdout] 384 | / impl_to_value_primitive![
[INFO] [stdout] 385 | |     usize, u8, u16, u32, u64, u128, isize, i8, i16, i32, i64, i128, f32, f64, char, bool,
[INFO] [stdout] 386 | | ];
[INFO] [stdout]     | |_- in this macro invocation
[INFO] [stdout]     |
[INFO] [stdout]     = help: the following other types implement trait `From<T>`:
[INFO] [stdout]               <ValueBag<'v> as From<&'v str>>
[INFO] [stdout]               <ValueBag<'v> as From<&'v u128>>
[INFO] [stdout]               <ValueBag<'v> as From<&'v i128>>
[INFO] [stdout]               <ValueBag<'v> as From<()>>
[INFO] [stdout]               <ValueBag<'v> as From<&'a ()>>
[INFO] [stdout]               <ValueBag<'v> as From<usize>>
[INFO] [stdout]               <ValueBag<'v> as From<&'a usize>>
[INFO] [stdout]               <ValueBag<'v> as From<u8>>
[INFO] [stdout]             and 25 others
[INFO] [stdout]     = note: required for `i128` to implement `Into<ValueBag<'_>>`
[INFO] [stdout] note: required by a bound in `value::Value::<'v>::from_value_bag`
[INFO] [stdout]    --> /opt/rustwide/cargo-home/registry/src/index.crates.io-6f17d22bba15001f/log-0.4.14/src/kv/value.rs:250:12
[INFO] [stdout]     |
[INFO] [stdout] 248 |     fn from_value_bag<T>(value: T) -> Self
[INFO] [stdout]     |        -------------- required by a bound in this associated function
[INFO] [stdout] 249 |     where
[INFO] [stdout] 250 |         T: Into<ValueBag<'v>>,
[INFO] [stdout]     |            ^^^^^^^^^^^^^^^^^^ required by this bound in `Value::<'v>::from_value_bag`
[INFO] [stdout]     = note: this error originates in the macro `impl_to_value_primitive` (in Nightly builds, run with -Z macro-backtrace for more info)
[INFO] [stdout] 
[INFO] [stdout] 
[INFO] [stdout] error: aborting due to 2 previous errors
[INFO] [stdout] 
[INFO] [stdout] 
[INFO] [stdout] For more information about this error, try `rustc --explain E0277`.
[INFO] [stdout] 
[INFO] [stderr] error: could not compile `log` (lib) due to 3 previous errors
[INFO] [stderr] warning: build failed, waiting for other jobs to finish...
[INFO] running `Command { std: "docker" "inspect" "51ed150716b191f28d770306a772de6b5ac55a59c5ed797390e2aaac11e4c89d", kill_on_drop: false }`
[INFO] running `Command { std: "docker" "rm" "-f" "51ed150716b191f28d770306a772de6b5ac55a59c5ed797390e2aaac11e4c89d", kill_on_drop: false }`
[INFO] [stdout] 51ed150716b191f28d770306a772de6b5ac55a59c5ed797390e2aaac11e4c89d
[INFO] documenting HipyCas/rust-server-test against beta-2023-12-22 for beta-1.76-rustdoc-1
[INFO] running `Command { std: "git" "clone" "/workspace/cache/git-repos/https%3A%2F%2Fgithub.com%2FHipyCas%2Frust-server-test" "/workspace/builds/worker-3-tc2/source", kill_on_drop: false }`
[INFO] [stderr] Cloning into '/workspace/builds/worker-3-tc2/source'...
[INFO] [stderr] done.
[INFO] [stderr] Updating files:  65% (770/1174)
Updating files:  66% (775/1174)
Updating files:  67% (787/1174)
Updating files:  68% (799/1174)
Updating files:  69% (811/1174)
Updating files:  70% (822/1174)
Updating files:  71% (834/1174)
Updating files:  72% (846/1174)
Updating files:  73% (858/1174)
Updating files:  74% (869/1174)
Updating files:  75% (881/1174)
Updating files:  76% (893/1174)
Updating files:  77% (904/1174)
Updating files:  78% (916/1174)
Updating files:  79% (928/1174)
Updating files:  80% (940/1174)
Updating files:  81% (951/1174)
Updating files:  82% (963/1174)
Updating files:  83% (975/1174)
Updating files:  84% (987/1174)
Updating files:  85% (998/1174)
Updating files:  86% (1010/1174)
Updating files:  87% (1022/1174)
Updating files:  88% (1034/1174)
Updating files:  89% (1045/1174)
Updating files:  90% (1057/1174)
Updating files:  91% (1069/1174)
Updating files:  92% (1081/1174)
Updating files:  93% (1092/1174)
Updating files:  94% (1104/1174)
Updating files:  95% (1116/1174)
Updating files:  96% (1128/1174)
Updating files:  97% (1139/1174)
Updating files:  98% (1151/1174)
Updating files:  99% (1163/1174)
Updating files: 100% (1174/1174)
Updating files: 100% (1174/1174), done.
[INFO] validating manifest of git repo https://github.com/HipyCas/rust-server-test on toolchain beta-2023-12-22
[INFO] running `Command { std: CARGO_HOME="/workspace/cargo-home" RUSTUP_HOME="/workspace/rustup-home" "/workspace/cargo-home/bin/cargo" "+beta-2023-12-22" "metadata" "--manifest-path" "Cargo.toml" "--no-deps", kill_on_drop: false }`
[INFO] started tweaking git repo https://github.com/HipyCas/rust-server-test
[INFO] finished tweaking git repo https://github.com/HipyCas/rust-server-test
[INFO] tweaked toml for git repo https://github.com/HipyCas/rust-server-test written to /workspace/builds/worker-3-tc2/source/Cargo.toml
[INFO] crate git repo https://github.com/HipyCas/rust-server-test already has a lockfile, it will not be regenerated
[INFO] running `Command { std: CARGO_HOME="/workspace/cargo-home" RUSTUP_HOME="/workspace/rustup-home" "/workspace/cargo-home/bin/cargo" "+beta-2023-12-22" "fetch" "--manifest-path" "Cargo.toml", kill_on_drop: false }`
[INFO] running `Command { std: "docker" "create" "-v" "/var/lib/crater-agent-workspace/builds/worker-3-tc2/target:/opt/rustwide/target:rw,Z" "-v" "/var/lib/crater-agent-workspace/builds/worker-3-tc2/source:/opt/rustwide/workdir:ro,Z" "-v" "/var/lib/crater-agent-workspace/cargo-home:/opt/rustwide/cargo-home:ro,Z" "-v" "/var/lib/crater-agent-workspace/rustup-home:/opt/rustwide/rustup-home:ro,Z" "-e" "SOURCE_DIR=/opt/rustwide/workdir" "-e" "CARGO_TARGET_DIR=/opt/rustwide/target" "-e" "CARGO_HOME=/opt/rustwide/cargo-home" "-e" "RUSTUP_HOME=/opt/rustwide/rustup-home" "-w" "/opt/rustwide/workdir" "-m" "1610612736" "--user" "0:0" "--network" "none" "ghcr.io/rust-lang/crates-build-env/linux@sha256:2788e3201cd34a07e3172128adcd8b3090168a8e3bcc40d7c032b9dda1df7d1c" "/opt/rustwide/cargo-home/bin/cargo" "+beta-2023-12-22" "metadata" "--no-deps" "--format-version=1", kill_on_drop: false }`
[INFO] [stdout] d872f4c27f83e17cd2cc69a37b772c03611cbd6cce04c936107a8faf896119dd
[INFO] running `Command { std: "docker" "start" "-a" "d872f4c27f83e17cd2cc69a37b772c03611cbd6cce04c936107a8faf896119dd", kill_on_drop: false }`
[INFO] running `Command { std: "docker" "inspect" "d872f4c27f83e17cd2cc69a37b772c03611cbd6cce04c936107a8faf896119dd", kill_on_drop: false }`
[INFO] running `Command { std: "docker" "rm" "-f" "d872f4c27f83e17cd2cc69a37b772c03611cbd6cce04c936107a8faf896119dd", kill_on_drop: false }`
[INFO] [stdout] d872f4c27f83e17cd2cc69a37b772c03611cbd6cce04c936107a8faf896119dd
[INFO] running `Command { std: "docker" "create" "-v" "/var/lib/crater-agent-workspace/builds/worker-3-tc2/target:/opt/rustwide/target:rw,Z" "-v" "/var/lib/crater-agent-workspace/builds/worker-3-tc2/source:/opt/rustwide/workdir:ro,Z" "-v" "/var/lib/crater-agent-workspace/cargo-home:/opt/rustwide/cargo-home:ro,Z" "-v" "/var/lib/crater-agent-workspace/rustup-home:/opt/rustwide/rustup-home:ro,Z" "-e" "SOURCE_DIR=/opt/rustwide/workdir" "-e" "CARGO_TARGET_DIR=/opt/rustwide/target" "-e" "CARGO_INCREMENTAL=0" "-e" "RUST_BACKTRACE=full" "-e" "RUSTFLAGS=--cap-lints=warn" "-e" "RUSTDOCFLAGS=--cap-lints=warn" "-e" "CARGO_HOME=/opt/rustwide/cargo-home" "-e" "RUSTUP_HOME=/opt/rustwide/rustup-home" "-w" "/opt/rustwide/workdir" "-m" "1610612736" "--user" "0:0" "--network" "none" "ghcr.io/rust-lang/crates-build-env/linux@sha256:2788e3201cd34a07e3172128adcd8b3090168a8e3bcc40d7c032b9dda1df7d1c" "/opt/rustwide/cargo-home/bin/cargo" "+beta-2023-12-22" "doc" "--frozen" "--no-deps" "--document-private-items" "--message-format=json", kill_on_drop: false }`
[INFO] [stdout] d9481b350ec6f0ceb1f6c6eb592902f448fd624c8f535087d188d568845cf451
[INFO] running `Command { std: "docker" "start" "-a" "d9481b350ec6f0ceb1f6c6eb592902f448fd624c8f535087d188d568845cf451", kill_on_drop: false }`
[INFO] [stderr]    Compiling proc-macro2 v1.0.27
[INFO] [stderr]    Compiling syn v1.0.73
[INFO] [stderr]    Compiling libc v0.2.125
[INFO] [stderr]    Compiling futures-core v0.3.15
[INFO] [stderr]    Compiling memchr v2.4.0
[INFO] [stderr]    Compiling value-bag v1.0.0-alpha.9
[INFO] [stderr]    Compiling log v0.4.14
[INFO] [stderr]    Compiling proc-macro-hack v0.5.19
[INFO] [stderr]    Compiling serde_derive v1.0.126
[INFO] [stderr]     Checking pin-project-lite v0.2.6
[INFO] [stderr]    Compiling futures-task v0.3.15
[INFO] [stderr]    Compiling proc-macro-nested v0.1.7
[INFO] [stderr]    Compiling futures-channel v0.3.15
[INFO] [stderr]    Compiling serde v1.0.126
[INFO] [stderr]    Compiling futures-macro v0.3.15
[INFO] [stderr]    Compiling quote v1.0.9
[INFO] [stderr]    Compiling futures-util v0.3.15
[INFO] [stderr]    Compiling pkg-config v0.3.25
[INFO] [stderr]    Compiling cc v1.0.68
[INFO] [stderr]    Compiling num-traits v0.2.14
[INFO] [stderr]    Compiling standback v0.2.17
[INFO] [stderr]     Checking slab v0.4.3
[INFO] [stderr]     Checking bytes v1.0.1
[INFO] [stderr]     Checking futures-io v0.3.15
[INFO] [stderr]    Compiling getrandom v0.2.3
[INFO] [stderr]    Compiling tokio v1.7.1
[INFO] [stderr]    Compiling const_fn v0.4.8
[INFO] [stderr]     Checking num_cpus v1.13.0
[INFO] [stderr]     Checking signal-hook-registry v1.4.0
[INFO] [stderr]    Compiling time v0.2.27
[INFO] [stderr]    Compiling mio v0.7.13
[INFO] [stderr]    Compiling bitflags v1.2.1
[INFO] [stderr]    Compiling num-integer v0.1.44
[INFO] [stderr]    Compiling futures-sink v0.3.15
[INFO] [stderr]    Compiling yansi v0.5.0
[INFO] [stderr]    Compiling openssl-sys v0.9.72
[INFO] [stderr]     Checking itoa v0.4.7
[INFO] [stderr]    Compiling indexmap v1.6.2
[INFO] [stderr]    Compiling uncased v0.9.6
[INFO] [stderr]    Compiling generic-array v0.14.5
[INFO] [stderr]    Compiling proc-macro2-diagnostics v0.9.1
[INFO] [stderr]    Compiling hashbrown v0.9.1
[INFO] [stderr]    Compiling instant v0.1.9
[INFO] [stderr]    Compiling openssl v0.10.38
[INFO] [stderr]    Compiling ahash v0.7.6
[INFO] [stderr]    Compiling percent-encoding v2.1.0
[INFO] [stderr]    Compiling native-tls v0.2.10
[INFO] [stderr]    Compiling smallvec v1.6.1
[INFO] [stderr]    Compiling scopeguard v1.1.0
[INFO] [stderr]    Compiling crossbeam-utils v0.8.8
[INFO] [stderr]    Compiling lock_api v0.4.4
[INFO] [stderr]    Compiling parking_lot_core v0.8.3
[INFO] [stderr]    Compiling once_cell v1.8.0
[INFO] [stderr]    Compiling parking_lot v0.11.1
[INFO] [stderr]     Checking tracing-core v0.1.26
[INFO] [stderr]    Compiling serde_json v1.0.64
[INFO] [stderr]    Compiling httparse v1.4.1
[INFO] [stderr]     Checking either v1.6.1
[INFO] [stderr]    Compiling rust_decimal v1.23.1
[INFO] [stderr]    Compiling foreign-types-shared v0.1.1
[INFO] [stderr]    Compiling tinyvec_macros v0.1.0
[INFO] [stderr]    Compiling tinyvec v1.6.0
[INFO] [stderr]    Compiling foreign-types v0.3.2
[INFO] [stderr]    Compiling libsqlite3-sys v0.22.2
[INFO] [stderr]    Compiling typenum v1.15.0
[INFO] [stderr]     Checking socket2 v0.4.0
[INFO] [stderr]     Checking time v0.1.43
[INFO] [stderr]    Compiling num-bigint v0.3.3
[INFO] [stderr]    Compiling crossbeam-queue v0.3.5
[INFO] [stderr]    Compiling unicode-normalization v0.1.19
[INFO] [stderr]    Compiling rand_core v0.6.3
[INFO] [stderr]    Compiling cookie v0.15.0
[INFO] [stderr]    Compiling openssl-probe v0.1.5
[INFO] [stderr]    Compiling ref-cast v1.0.6
[INFO] [stderr]    Compiling unicode-bidi v0.3.8
[INFO] [stderr]    Compiling matches v0.1.9
[INFO] [stderr]    Compiling siphasher v0.3.10
[INFO] [stderr]    Compiling ppv-lite86 v0.2.10
[INFO] [stderr]    Compiling phf_shared v0.10.0
[INFO] [stderr]    Compiling http v0.2.4
[INFO] [stderr]    Compiling rand_chacha v0.3.1
[INFO] [stderr]    Compiling proc-macro-error-attr v1.0.4
[INFO] [stderr]     Checking aho-corasick v0.7.18
[INFO] [stderr]    Compiling ctor v0.1.22
[INFO] [stderr]    Compiling time-macros-impl v0.1.2
[INFO] [stderr]    Compiling tokio-macros v1.2.0
[INFO] [stderr]    Compiling thiserror-impl v1.0.25
[INFO] [stderr]    Compiling time-macros v0.1.1
[INFO] [stderr]    Compiling tracing-attributes v0.1.21
[INFO] [stdout] error[E0277]: the trait bound `ValueBag<'_>: From<u128>` is not satisfied
[INFO] [stdout]    --> /opt/rustwide/cargo-home/registry/src/index.crates.io-6f17d22bba15001f/log-0.4.14/src/kv/value.rs:364:43
[INFO] [stdout]     |
[INFO] [stdout] 364 |                       Value::from_value_bag(value)
[INFO] [stdout]     |                       --------------------- ^^^^^ the trait `From<u128>` is not implemented for `ValueBag<'_>`
[INFO] [stdout]     |                       |
[INFO] [stdout]     |                       required by a bound introduced by this call
[INFO] [stdout] ...
[INFO] [stdout] 384 | / impl_to_value_primitive![
[INFO] [stdout] 385 | |     usize, u8, u16, u32, u64, u128, isize, i8, i16, i32, i64, i128, f32, f64, char, bool,
[INFO] [stdout] 386 | | ];
[INFO] [stdout]     | |_- in this macro invocation
[INFO] [stdout]     |
[INFO] [stdout]     = help: the following other types implement trait `From<T>`:
[INFO] [stdout]               <ValueBag<'v> as From<&'v str>>
[INFO] [stdout]               <ValueBag<'v> as From<&'v u128>>
[INFO] [stdout]               <ValueBag<'v> as From<&'v i128>>
[INFO] [stdout]               <ValueBag<'v> as From<()>>
[INFO] [stdout]               <ValueBag<'v> as From<&'a ()>>
[INFO] [stdout]               <ValueBag<'v> as From<usize>>
[INFO] [stdout]               <ValueBag<'v> as From<&'a usize>>
[INFO] [stdout]               <ValueBag<'v> as From<u8>>
[INFO] [stdout]             and 25 others
[INFO] [stdout]     = note: required for `u128` to implement `Into<ValueBag<'_>>`
[INFO] [stdout] note: required by a bound in `value::Value::<'v>::from_value_bag`
[INFO] [stdout]    --> /opt/rustwide/cargo-home/registry/src/index.crates.io-6f17d22bba15001f/log-0.4.14/src/kv/value.rs:250:12
[INFO] [stdout]     |
[INFO] [stdout] 248 |     fn from_value_bag<T>(value: T) -> Self
[INFO] [stdout]     |        -------------- required by a bound in this associated function
[INFO] [stdout] 249 |     where
[INFO] [stdout] 250 |         T: Into<ValueBag<'v>>,
[INFO] [stdout]     |            ^^^^^^^^^^^^^^^^^^ required by this bound in `Value::<'v>::from_value_bag`
[INFO] [stdout]     = note: this error originates in the macro `impl_to_value_primitive` (in Nightly builds, run with -Z macro-backtrace for more info)
[INFO] [stdout] 
[INFO] [stdout] 
[INFO] [stdout] error[E0277]: the trait bound `ValueBag<'_>: From<i128>` is not satisfied
[INFO] [stdout]    --> /opt/rustwide/cargo-home/registry/src/index.crates.io-6f17d22bba15001f/log-0.4.14/src/kv/value.rs:364:43
[INFO] [stdout]     |
[INFO] [stdout] 364 |                       Value::from_value_bag(value)
[INFO] [stdout]     |                       --------------------- ^^^^^ the trait `From<i128>` is not implemented for `ValueBag<'_>`
[INFO] [stdout]     |                       |
[INFO] [stdout]     |                       required by a bound introduced by this call
[INFO] [stdout] ...
[INFO] [stdout] 384 | / impl_to_value_primitive![
[INFO] [stdout] 385 | |     usize, u8, u16, u32, u64, u128, isize, i8, i16, i32, i64, i128, f32, f64, char, bool,
[INFO] [stdout] 386 | | ];
[INFO] [stdout]     | |_- in this macro invocation
[INFO] [stdout]     |
[INFO] [stdout]     = help: the following other types implement trait `From<T>`:
[INFO] [stdout]               <ValueBag<'v> as From<&'v str>>
[INFO] [stdout]               <ValueBag<'v> as From<&'v u128>>
[INFO] [stdout]               <ValueBag<'v> as From<&'v i128>>
[INFO] [stdout]               <ValueBag<'v> as From<()>>
[INFO] [stdout]               <ValueBag<'v> as From<&'a ()>>
[INFO] [stdout]               <ValueBag<'v> as From<usize>>
[INFO] [stdout]               <ValueBag<'v> as From<&'a usize>>
[INFO] [stdout]               <ValueBag<'v> as From<u8>>
[INFO] [stdout]             and 25 others
[INFO] [stdout]     = note: required for `i128` to implement `Into<ValueBag<'_>>`
[INFO] [stdout] note: required by a bound in `value::Value::<'v>::from_value_bag`
[INFO] [stdout]    --> /opt/rustwide/cargo-home/registry/src/index.crates.io-6f17d22bba15001f/log-0.4.14/src/kv/value.rs:250:12
[INFO] [stdout]     |
[INFO] [stdout] 248 |     fn from_value_bag<T>(value: T) -> Self
[INFO] [stdout]     |        -------------- required by a bound in this associated function
[INFO] [stdout] 249 |     where
[INFO] [stdout] 250 |         T: Into<ValueBag<'v>>,
[INFO] [stdout]     |            ^^^^^^^^^^^^^^^^^^ required by this bound in `Value::<'v>::from_value_bag`
[INFO] [stdout]     = note: this error originates in the macro `impl_to_value_primitive` (in Nightly builds, run with -Z macro-backtrace for more info)
[INFO] [stdout] 
[INFO] [stdout] 
[INFO] [stdout] error: aborting due to 2 previous errors
[INFO] [stdout] 
[INFO] [stdout] 
[INFO] [stdout] For more information about this error, try `rustc --explain E0277`.
[INFO] [stdout] 
[INFO] [stderr] error: could not compile `log` (lib) due to 3 previous errors
[INFO] [stderr] warning: build failed, waiting for other jobs to finish...
[INFO] running `Command { std: "docker" "inspect" "d9481b350ec6f0ceb1f6c6eb592902f448fd624c8f535087d188d568845cf451", kill_on_drop: false }`
[INFO] running `Command { std: "docker" "rm" "-f" "d9481b350ec6f0ceb1f6c6eb592902f448fd624c8f535087d188d568845cf451", kill_on_drop: false }`
[INFO] [stdout] d9481b350ec6f0ceb1f6c6eb592902f448fd624c8f535087d188d568845cf451
