[INFO] cloning repository https://github.com/Hex-Zero/NNetR
[INFO] running `Command { std: "git" "-c" "credential.helper=" "-c" "credential.helper=/workspace/cargo-home/bin/git-credential-null" "clone" "--bare" "https://github.com/Hex-Zero/NNetR" "/workspace/cache/git-repos/https%3A%2F%2Fgithub.com%2FHex-Zero%2FNNetR", kill_on_drop: false }`
[INFO] [stderr] Cloning into bare repository '/workspace/cache/git-repos/https%3A%2F%2Fgithub.com%2FHex-Zero%2FNNetR'...
[INFO] running `Command { std: "git" "rev-parse" "HEAD", kill_on_drop: false }`
[INFO] [stdout] f8966aba30a52e390e59fee5978cd7fd3f620329
[INFO] documenting Hex-Zero/NNetR against 1.75.0 for beta-1.76-rustdoc-1
[INFO] running `Command { std: "git" "clone" "/workspace/cache/git-repos/https%3A%2F%2Fgithub.com%2FHex-Zero%2FNNetR" "/workspace/builds/worker-2-tc1/source", kill_on_drop: false }`
[INFO] [stderr] Cloning into '/workspace/builds/worker-2-tc1/source'...
[INFO] [stderr] done.
[INFO] validating manifest of git repo https://github.com/Hex-Zero/NNetR on toolchain 1.75.0
[INFO] running `Command { std: CARGO_HOME="/workspace/cargo-home" RUSTUP_HOME="/workspace/rustup-home" "/workspace/cargo-home/bin/cargo" "+1.75.0" "metadata" "--manifest-path" "Cargo.toml" "--no-deps", kill_on_drop: false }`
[INFO] started tweaking git repo https://github.com/Hex-Zero/NNetR
[INFO] finished tweaking git repo https://github.com/Hex-Zero/NNetR
[INFO] tweaked toml for git repo https://github.com/Hex-Zero/NNetR written to /workspace/builds/worker-2-tc1/source/Cargo.toml
[INFO] crate git repo https://github.com/Hex-Zero/NNetR already has a lockfile, it will not be regenerated
[INFO] running `Command { std: CARGO_HOME="/workspace/cargo-home" RUSTUP_HOME="/workspace/rustup-home" "/workspace/cargo-home/bin/cargo" "+1.75.0" "fetch" "--manifest-path" "Cargo.toml", kill_on_drop: false }`
[INFO] [stderr]     Updating crates.io index
[INFO] [stderr]  Downloading crates ...
[INFO] [stderr]   Downloaded byteorder v0.4.2
[INFO] [stderr]   Downloaded rblas v0.0.11
[INFO] [stderr]   Downloaded timeit v0.1.2
[INFO] [stderr]   Downloaded linear-map v0.0.4
[INFO] [stderr]   Downloaded collenchyma v0.0.8
[INFO] [stderr]   Downloaded collenchyma-blas v0.2.0
[INFO] [stderr]   Downloaded capnpc v0.6.2
[INFO] [stderr]   Downloaded capnp v0.6.2
[INFO] [stderr]   Downloaded collenchyma-nn v0.3.4
[INFO] [stderr]   Downloaded leaf v0.2.1
[INFO] running `Command { std: "docker" "create" "-v" "/var/lib/crater-agent-workspace/builds/worker-2-tc1/target:/opt/rustwide/target:rw,Z" "-v" "/var/lib/crater-agent-workspace/builds/worker-2-tc1/source:/opt/rustwide/workdir:ro,Z" "-v" "/var/lib/crater-agent-workspace/cargo-home:/opt/rustwide/cargo-home:ro,Z" "-v" "/var/lib/crater-agent-workspace/rustup-home:/opt/rustwide/rustup-home:ro,Z" "-e" "SOURCE_DIR=/opt/rustwide/workdir" "-e" "CARGO_TARGET_DIR=/opt/rustwide/target" "-e" "CARGO_HOME=/opt/rustwide/cargo-home" "-e" "RUSTUP_HOME=/opt/rustwide/rustup-home" "-w" "/opt/rustwide/workdir" "-m" "1610612736" "--user" "0:0" "--network" "none" "ghcr.io/rust-lang/crates-build-env/linux@sha256:2788e3201cd34a07e3172128adcd8b3090168a8e3bcc40d7c032b9dda1df7d1c" "/opt/rustwide/cargo-home/bin/cargo" "+1.75.0" "metadata" "--no-deps" "--format-version=1", kill_on_drop: false }`
[INFO] [stdout] a06796c50b54ecd04d9ab12851719c3d7e689cec954e022827b63406312acc95
[INFO] running `Command { std: "docker" "start" "-a" "a06796c50b54ecd04d9ab12851719c3d7e689cec954e022827b63406312acc95", kill_on_drop: false }`
[INFO] running `Command { std: "docker" "inspect" "a06796c50b54ecd04d9ab12851719c3d7e689cec954e022827b63406312acc95", kill_on_drop: false }`
[INFO] running `Command { std: "docker" "rm" "-f" "a06796c50b54ecd04d9ab12851719c3d7e689cec954e022827b63406312acc95", kill_on_drop: false }`
[INFO] [stdout] a06796c50b54ecd04d9ab12851719c3d7e689cec954e022827b63406312acc95
[INFO] running `Command { std: "docker" "create" "-v" "/var/lib/crater-agent-workspace/builds/worker-2-tc1/target:/opt/rustwide/target:rw,Z" "-v" "/var/lib/crater-agent-workspace/builds/worker-2-tc1/source:/opt/rustwide/workdir:ro,Z" "-v" "/var/lib/crater-agent-workspace/cargo-home:/opt/rustwide/cargo-home:ro,Z" "-v" "/var/lib/crater-agent-workspace/rustup-home:/opt/rustwide/rustup-home:ro,Z" "-e" "SOURCE_DIR=/opt/rustwide/workdir" "-e" "CARGO_TARGET_DIR=/opt/rustwide/target" "-e" "CARGO_INCREMENTAL=0" "-e" "RUST_BACKTRACE=full" "-e" "RUSTFLAGS=--cap-lints=warn" "-e" "RUSTDOCFLAGS=--cap-lints=warn" "-e" "CARGO_HOME=/opt/rustwide/cargo-home" "-e" "RUSTUP_HOME=/opt/rustwide/rustup-home" "-w" "/opt/rustwide/workdir" "-m" "1610612736" "--user" "0:0" "--network" "none" "ghcr.io/rust-lang/crates-build-env/linux@sha256:2788e3201cd34a07e3172128adcd8b3090168a8e3bcc40d7c032b9dda1df7d1c" "/opt/rustwide/cargo-home/bin/cargo" "+1.75.0" "doc" "--frozen" "--no-deps" "--document-private-items" "--message-format=json", kill_on_drop: false }`
[INFO] [stdout] 6c5f6199c55e043beeea731511caf1eb40203df2d9bbec3d9927b85d31be3839
[INFO] running `Command { std: "docker" "start" "-a" "6c5f6199c55e043beeea731511caf1eb40203df2d9bbec3d9927b85d31be3839", kill_on_drop: false }`
[INFO] [stderr]    Compiling autocfg v1.0.0
[INFO] [stderr]    Compiling libc v0.2.71
[INFO] [stderr]     Checking rustc-serialize v0.3.24
[INFO] [stderr]    Compiling byteorder v0.4.2
[INFO] [stderr]    Compiling log v0.4.8
[INFO] [stderr]    Compiling rblas v0.0.11
[INFO] [stderr]     Checking bitflags v0.3.3
[INFO] [stderr]     Checking linear-map v0.0.4
[INFO] [stderr]     Checking cfg-if v0.1.10
[INFO] [stderr]     Checking lazy_static v0.1.16
[INFO] [stderr]     Checking capnp v0.6.2
[INFO] [stderr]    Compiling num-traits v0.2.12
[INFO] [stderr]    Compiling num-integer v0.1.43
[INFO] [stderr]    Compiling num-iter v0.1.41
[INFO] [stderr]     Checking log v0.3.9
[INFO] [stdout] error[E0502]: cannot borrow `*reff` as immutable because it is also borrowed as mutable
[INFO] [stdout]    --> /opt/rustwide/cargo-home/registry/src/index.crates.io-6f17d22bba15001f/capnp-0.6.2/src/private/layout.rs:639:47
[INFO] [stdout]     |
[INFO] [stdout] 639 |         let ptr = try!(follow_fars(&mut reff, (*reff).target(), &mut segment));
[INFO] [stdout]     |                        ----------- ---------  ^^^^^^^ immutable borrow occurs here
[INFO] [stdout]     |                        |           |
[INFO] [stdout]     |                        |           mutable borrow occurs here
[INFO] [stdout]     |                        mutable borrow later used by call
[INFO] [stdout] 
[INFO] [stdout] 
[INFO] [stdout] error[E0502]: cannot borrow `*reff` as immutable because it is also borrowed as mutable
[INFO] [stdout]    --> /opt/rustwide/cargo-home/registry/src/index.crates.io-6f17d22bba15001f/capnp-0.6.2/src/private/layout.rs:639:47
[INFO] [stdout]     |
[INFO] [stdout] 639 |         let ptr = try!(follow_fars(&mut reff, (*reff).target(), &mut segment));
[INFO] [stdout]     |                        ----------- ---------  ^^^^^^^ immutable borrow occurs here
[INFO] [stdout]     |                        |           |
[INFO] [stdout]     |                        |           mutable borrow occurs here
[INFO] [stdout]     |                        mutable borrow later used by call
[INFO] [stdout] 
[INFO] [stdout] 
[INFO] [stdout] error: aborting due to previous error
[INFO] [stdout] 
[INFO] [stdout] 
[INFO] [stdout] For more information about this error, try `rustc --explain E0502`.
[INFO] [stdout] 
[INFO] [stderr] error: could not compile `capnp` (lib) due to 2 previous errors
[INFO] [stderr] warning: build failed, waiting for other jobs to finish...
[INFO] [stdout] error: aborting due to previous error
[INFO] [stdout] 
[INFO] [stdout] 
[INFO] [stdout] For more information about this error, try `rustc --explain E0502`.
[INFO] [stdout] 
[INFO] [stderr] error: could not compile `capnp` (lib) due to 2 previous errors
[INFO] running `Command { std: "docker" "inspect" "6c5f6199c55e043beeea731511caf1eb40203df2d9bbec3d9927b85d31be3839", kill_on_drop: false }`
[INFO] running `Command { std: "docker" "rm" "-f" "6c5f6199c55e043beeea731511caf1eb40203df2d9bbec3d9927b85d31be3839", kill_on_drop: false }`
[INFO] [stdout] 6c5f6199c55e043beeea731511caf1eb40203df2d9bbec3d9927b85d31be3839
[INFO] documenting Hex-Zero/NNetR against beta-2023-12-22 for beta-1.76-rustdoc-1
[INFO] running `Command { std: "git" "clone" "/workspace/cache/git-repos/https%3A%2F%2Fgithub.com%2FHex-Zero%2FNNetR" "/workspace/builds/worker-2-tc2/source", kill_on_drop: false }`
[INFO] [stderr] Cloning into '/workspace/builds/worker-2-tc2/source'...
[INFO] [stderr] done.
[INFO] validating manifest of git repo https://github.com/Hex-Zero/NNetR on toolchain beta-2023-12-22
[INFO] running `Command { std: CARGO_HOME="/workspace/cargo-home" RUSTUP_HOME="/workspace/rustup-home" "/workspace/cargo-home/bin/cargo" "+beta-2023-12-22" "metadata" "--manifest-path" "Cargo.toml" "--no-deps", kill_on_drop: false }`
[INFO] started tweaking git repo https://github.com/Hex-Zero/NNetR
[INFO] finished tweaking git repo https://github.com/Hex-Zero/NNetR
[INFO] tweaked toml for git repo https://github.com/Hex-Zero/NNetR written to /workspace/builds/worker-2-tc2/source/Cargo.toml
[INFO] crate git repo https://github.com/Hex-Zero/NNetR already has a lockfile, it will not be regenerated
[INFO] running `Command { std: CARGO_HOME="/workspace/cargo-home" RUSTUP_HOME="/workspace/rustup-home" "/workspace/cargo-home/bin/cargo" "+beta-2023-12-22" "fetch" "--manifest-path" "Cargo.toml", kill_on_drop: false }`
[INFO] running `Command { std: "docker" "create" "-v" "/var/lib/crater-agent-workspace/builds/worker-2-tc2/target:/opt/rustwide/target:rw,Z" "-v" "/var/lib/crater-agent-workspace/builds/worker-2-tc2/source:/opt/rustwide/workdir:ro,Z" "-v" "/var/lib/crater-agent-workspace/cargo-home:/opt/rustwide/cargo-home:ro,Z" "-v" "/var/lib/crater-agent-workspace/rustup-home:/opt/rustwide/rustup-home:ro,Z" "-e" "SOURCE_DIR=/opt/rustwide/workdir" "-e" "CARGO_TARGET_DIR=/opt/rustwide/target" "-e" "CARGO_HOME=/opt/rustwide/cargo-home" "-e" "RUSTUP_HOME=/opt/rustwide/rustup-home" "-w" "/opt/rustwide/workdir" "-m" "1610612736" "--user" "0:0" "--network" "none" "ghcr.io/rust-lang/crates-build-env/linux@sha256:2788e3201cd34a07e3172128adcd8b3090168a8e3bcc40d7c032b9dda1df7d1c" "/opt/rustwide/cargo-home/bin/cargo" "+beta-2023-12-22" "metadata" "--no-deps" "--format-version=1", kill_on_drop: false }`
[INFO] [stdout] 1ce80377407a78f1d5c068c55de091990c72c908ef1eac3fcbddcb370ac96772
[INFO] running `Command { std: "docker" "start" "-a" "1ce80377407a78f1d5c068c55de091990c72c908ef1eac3fcbddcb370ac96772", kill_on_drop: false }`
[INFO] running `Command { std: "docker" "inspect" "1ce80377407a78f1d5c068c55de091990c72c908ef1eac3fcbddcb370ac96772", kill_on_drop: false }`
[INFO] running `Command { std: "docker" "rm" "-f" "1ce80377407a78f1d5c068c55de091990c72c908ef1eac3fcbddcb370ac96772", kill_on_drop: false }`
[INFO] [stdout] 1ce80377407a78f1d5c068c55de091990c72c908ef1eac3fcbddcb370ac96772
[INFO] running `Command { std: "docker" "create" "-v" "/var/lib/crater-agent-workspace/builds/worker-2-tc2/target:/opt/rustwide/target:rw,Z" "-v" "/var/lib/crater-agent-workspace/builds/worker-2-tc2/source:/opt/rustwide/workdir:ro,Z" "-v" "/var/lib/crater-agent-workspace/cargo-home:/opt/rustwide/cargo-home:ro,Z" "-v" "/var/lib/crater-agent-workspace/rustup-home:/opt/rustwide/rustup-home:ro,Z" "-e" "SOURCE_DIR=/opt/rustwide/workdir" "-e" "CARGO_TARGET_DIR=/opt/rustwide/target" "-e" "CARGO_INCREMENTAL=0" "-e" "RUST_BACKTRACE=full" "-e" "RUSTFLAGS=--cap-lints=warn" "-e" "RUSTDOCFLAGS=--cap-lints=warn" "-e" "CARGO_HOME=/opt/rustwide/cargo-home" "-e" "RUSTUP_HOME=/opt/rustwide/rustup-home" "-w" "/opt/rustwide/workdir" "-m" "1610612736" "--user" "0:0" "--network" "none" "ghcr.io/rust-lang/crates-build-env/linux@sha256:2788e3201cd34a07e3172128adcd8b3090168a8e3bcc40d7c032b9dda1df7d1c" "/opt/rustwide/cargo-home/bin/cargo" "+beta-2023-12-22" "doc" "--frozen" "--no-deps" "--document-private-items" "--message-format=json", kill_on_drop: false }`
[INFO] [stdout] 87d14fdee5a25ef32e50803c91e27664237bc58eadb9e80e0c9bcd37f26a39bf
[INFO] running `Command { std: "docker" "start" "-a" "87d14fdee5a25ef32e50803c91e27664237bc58eadb9e80e0c9bcd37f26a39bf", kill_on_drop: false }`
[INFO] [stderr]    Compiling autocfg v1.0.0
[INFO] [stderr]    Compiling libc v0.2.71
[INFO] [stderr]     Checking rustc-serialize v0.3.24
[INFO] [stderr]    Compiling log v0.4.8
[INFO] [stderr]    Compiling byteorder v0.4.2
[INFO] [stderr]    Compiling rblas v0.0.11
[INFO] [stderr]     Checking lazy_static v0.1.16
[INFO] [stderr]     Checking bitflags v0.3.3
[INFO] [stderr]     Checking linear-map v0.0.4
[INFO] [stderr]     Checking cfg-if v0.1.10
[INFO] [stderr]    Compiling capnp v0.6.2
[INFO] [stderr]    Compiling num-traits v0.2.12
[INFO] [stderr]    Compiling num-integer v0.1.43
[INFO] [stderr]    Compiling num-iter v0.1.41
[INFO] [stdout] error[E0310]: the parameter type `T` may not live long enough
[INFO] [stdout]     --> /opt/rustwide/cargo-home/registry/src/index.crates.io-6f17d22bba15001f/rustc-serialize-0.3.24/src/serialize.rs:1155:5
[INFO] [stdout]      |
[INFO] [stdout] 1155 |     fn decode<D: Decoder>(d: &mut D) -> Result<Cow<'static, T>, D::Error> {
[INFO] [stdout]      |     ^^^^^^^^^^^^^^^^^^^^^^^^^^^^^^^^^^^^^^^^^^^^^^^^^^^^^^^^^^^^^^^^^^^^^
[INFO] [stdout]      |     |
[INFO] [stdout]      |     the parameter type `T` must be valid for the static lifetime...
[INFO] [stdout]      |     ...so that the type `T` will meet its required lifetime bounds...
[INFO] [stdout]      |
[INFO] [stdout] note: ...that is required by this bound
[INFO] [stdout]     --> /rustc/0e09125c6c3c2fd70d7de961bcf0e51575235fad/library/alloc/src/borrow.rs:180:30
[INFO] [stdout] help: consider adding an explicit lifetime bound
[INFO] [stdout]      |
[INFO] [stdout] 1151 | impl<'a, T: ?Sized + 'static> Decodable for Cow<'a, T>
[INFO] [stdout]      |                    +++++++++
[INFO] [stdout] 
[INFO] [stdout] 
[INFO] [stderr]     Checking log v0.3.9
[INFO] [stdout] error[E0502]: cannot borrow `*reff` as immutable because it is also borrowed as mutable
[INFO] [stdout]    --> /opt/rustwide/cargo-home/registry/src/index.crates.io-6f17d22bba15001f/capnp-0.6.2/src/private/layout.rs:639:47
[INFO] [stdout]     |
[INFO] [stdout] 639 |         let ptr = try!(follow_fars(&mut reff, (*reff).target(), &mut segment));
[INFO] [stdout]     |                        ----------- ---------  ^^^^^^^ immutable borrow occurs here
[INFO] [stdout]     |                        |           |
[INFO] [stdout]     |                        |           mutable borrow occurs here
[INFO] [stdout]     |                        mutable borrow later used by call
[INFO] [stdout] 
[INFO] [stdout] 
[INFO] [stdout] error[E0502]: cannot borrow `*reff` as immutable because it is also borrowed as mutable
[INFO] [stdout]    --> /opt/rustwide/cargo-home/registry/src/index.crates.io-6f17d22bba15001f/capnp-0.6.2/src/private/layout.rs:639:47
[INFO] [stdout]     |
[INFO] [stdout] 639 |         let ptr = try!(follow_fars(&mut reff, (*reff).target(), &mut segment));
[INFO] [stdout]     |                        ----------- ---------  ^^^^^^^ immutable borrow occurs here
[INFO] [stdout]     |                        |           |
[INFO] [stdout]     |                        |           mutable borrow occurs here
[INFO] [stdout]     |                        mutable borrow later used by call
[INFO] [stdout] 
[INFO] [stdout] 
[INFO] [stdout] error: aborting due to 1 previous error
[INFO] [stdout] 
[INFO] [stdout] 
[INFO] [stdout] For more information about this error, try `rustc --explain E0502`.
[INFO] [stdout] 
[INFO] [stderr] error: could not compile `capnp` (lib) due to 2 previous errors
[INFO] [stderr] warning: build failed, waiting for other jobs to finish...
[INFO] [stdout] error: aborting due to 1 previous error
[INFO] [stdout] 
[INFO] [stdout] 
[INFO] [stdout] For more information about this error, try `rustc --explain E0502`.
[INFO] [stdout] 
[INFO] [stderr] error: could not compile `capnp` (lib) due to 2 previous errors
[INFO] [stdout] error: aborting due to 1 previous error
[INFO] [stdout] 
[INFO] [stdout] 
[INFO] [stdout] For more information about this error, try `rustc --explain E0310`.
[INFO] [stdout] 
[INFO] [stderr] error: could not compile `rustc-serialize` (lib) due to 2 previous errors
[INFO] running `Command { std: "docker" "inspect" "87d14fdee5a25ef32e50803c91e27664237bc58eadb9e80e0c9bcd37f26a39bf", kill_on_drop: false }`
[INFO] running `Command { std: "docker" "rm" "-f" "87d14fdee5a25ef32e50803c91e27664237bc58eadb9e80e0c9bcd37f26a39bf", kill_on_drop: false }`
[INFO] [stdout] 87d14fdee5a25ef32e50803c91e27664237bc58eadb9e80e0c9bcd37f26a39bf
