[INFO] cloning repository https://github.com/Heng30/cryptoinfo
[INFO] running `Command { std: "git" "-c" "credential.helper=" "-c" "credential.helper=/workspace/cargo-home/bin/git-credential-null" "clone" "--bare" "https://github.com/Heng30/cryptoinfo" "/workspace/cache/git-repos/https%3A%2F%2Fgithub.com%2FHeng30%2Fcryptoinfo", kill_on_drop: false }`
[INFO] [stderr] Cloning into bare repository '/workspace/cache/git-repos/https%3A%2F%2Fgithub.com%2FHeng30%2Fcryptoinfo'...
[INFO] running `Command { std: "git" "rev-parse" "HEAD", kill_on_drop: false }`
[INFO] [stdout] 5c3c1396f61b29e8c66f3ecf34aa7fa05a6b77fb
[INFO] documenting Heng30/cryptoinfo against 1.75.0 for beta-1.76-rustdoc-1
[INFO] running `Command { std: "git" "clone" "/workspace/cache/git-repos/https%3A%2F%2Fgithub.com%2FHeng30%2Fcryptoinfo" "/workspace/builds/worker-3-tc1/source", kill_on_drop: false }`
[INFO] [stderr] Cloning into '/workspace/builds/worker-3-tc1/source'...
[INFO] [stderr] done.
[INFO] validating manifest of git repo https://github.com/Heng30/cryptoinfo on toolchain 1.75.0
[INFO] running `Command { std: CARGO_HOME="/workspace/cargo-home" RUSTUP_HOME="/workspace/rustup-home" "/workspace/cargo-home/bin/cargo" "+1.75.0" "metadata" "--manifest-path" "Cargo.toml" "--no-deps", kill_on_drop: false }`
[INFO] removed /workspace/builds/worker-3-tc1/source/rust-toolchain
[INFO] started tweaking git repo https://github.com/Heng30/cryptoinfo
[INFO] finished tweaking git repo https://github.com/Heng30/cryptoinfo
[INFO] tweaked toml for git repo https://github.com/Heng30/cryptoinfo written to /workspace/builds/worker-3-tc1/source/Cargo.toml
[INFO] crate git repo https://github.com/Heng30/cryptoinfo already has a lockfile, it will not be regenerated
[INFO] running `Command { std: CARGO_HOME="/workspace/cargo-home" RUSTUP_HOME="/workspace/rustup-home" "/workspace/cargo-home/bin/cargo" "+1.75.0" "fetch" "--manifest-path" "Cargo.toml", kill_on_drop: false }`
[INFO] [stderr]     Updating crates.io index
[INFO] [stderr]  Downloading crates ...
[INFO] [stderr]   Downloaded qttypes v0.2.9
[INFO] [stderr]   Downloaded cpp_common v0.5.9
[INFO] [stderr]   Downloaded embed-resource v1.8.0
[INFO] [stderr]   Downloaded pidlock v0.1.4
[INFO] [stderr]   Downloaded hmac-sha256 v1.1.7
[INFO] [stderr]   Downloaded cpp v0.5.9
[INFO] [stderr]   Downloaded enigo v0.0.14
[INFO] [stderr]   Downloaded vswhom-sys v0.1.2
[INFO] [stderr]   Downloaded cpp_macros v0.5.9
[INFO] [stderr]   Downloaded cpp_build v0.5.9
[INFO] [stderr]   Downloaded qmetaobject v0.2.9
[INFO] [stderr]   Downloaded platform-dirs v0.3.0
[INFO] [stderr]   Downloaded cstr v0.2.11
[INFO] [stderr]   Downloaded core-graphics v0.18.0
[INFO] [stderr]   Downloaded qmetaobject_impl v0.2.9
[INFO] running `Command { std: "docker" "create" "-v" "/var/lib/crater-agent-workspace/builds/worker-3-tc1/target:/opt/rustwide/target:rw,Z" "-v" "/var/lib/crater-agent-workspace/builds/worker-3-tc1/source:/opt/rustwide/workdir:ro,Z" "-v" "/var/lib/crater-agent-workspace/cargo-home:/opt/rustwide/cargo-home:ro,Z" "-v" "/var/lib/crater-agent-workspace/rustup-home:/opt/rustwide/rustup-home:ro,Z" "-e" "SOURCE_DIR=/opt/rustwide/workdir" "-e" "CARGO_TARGET_DIR=/opt/rustwide/target" "-e" "CARGO_HOME=/opt/rustwide/cargo-home" "-e" "RUSTUP_HOME=/opt/rustwide/rustup-home" "-w" "/opt/rustwide/workdir" "-m" "1610612736" "--user" "0:0" "--network" "none" "ghcr.io/rust-lang/crates-build-env/linux@sha256:2788e3201cd34a07e3172128adcd8b3090168a8e3bcc40d7c032b9dda1df7d1c" "/opt/rustwide/cargo-home/bin/cargo" "+1.75.0" "metadata" "--no-deps" "--format-version=1", kill_on_drop: false }`
[INFO] [stdout] fc21374ccc99a87758992a4f781616fbb8b946cd14c4ce2232fda5f35b0452b4
[INFO] running `Command { std: "docker" "start" "-a" "fc21374ccc99a87758992a4f781616fbb8b946cd14c4ce2232fda5f35b0452b4", kill_on_drop: false }`
[INFO] running `Command { std: "docker" "inspect" "fc21374ccc99a87758992a4f781616fbb8b946cd14c4ce2232fda5f35b0452b4", kill_on_drop: false }`
[INFO] running `Command { std: "docker" "rm" "-f" "fc21374ccc99a87758992a4f781616fbb8b946cd14c4ce2232fda5f35b0452b4", kill_on_drop: false }`
[INFO] [stdout] fc21374ccc99a87758992a4f781616fbb8b946cd14c4ce2232fda5f35b0452b4
[INFO] running `Command { std: "docker" "create" "-v" "/var/lib/crater-agent-workspace/builds/worker-3-tc1/target:/opt/rustwide/target:rw,Z" "-v" "/var/lib/crater-agent-workspace/builds/worker-3-tc1/source:/opt/rustwide/workdir:ro,Z" "-v" "/var/lib/crater-agent-workspace/cargo-home:/opt/rustwide/cargo-home:ro,Z" "-v" "/var/lib/crater-agent-workspace/rustup-home:/opt/rustwide/rustup-home:ro,Z" "-e" "SOURCE_DIR=/opt/rustwide/workdir" "-e" "CARGO_TARGET_DIR=/opt/rustwide/target" "-e" "CARGO_INCREMENTAL=0" "-e" "RUST_BACKTRACE=full" "-e" "RUSTFLAGS=--cap-lints=warn" "-e" "RUSTDOCFLAGS=--cap-lints=warn" "-e" "CARGO_HOME=/opt/rustwide/cargo-home" "-e" "RUSTUP_HOME=/opt/rustwide/rustup-home" "-w" "/opt/rustwide/workdir" "-m" "1610612736" "--user" "0:0" "--network" "none" "ghcr.io/rust-lang/crates-build-env/linux@sha256:2788e3201cd34a07e3172128adcd8b3090168a8e3bcc40d7c032b9dda1df7d1c" "/opt/rustwide/cargo-home/bin/cargo" "+1.75.0" "doc" "--frozen" "--no-deps" "--document-private-items" "--message-format=json", kill_on_drop: false }`
[INFO] [stdout] 3461543ddd3718d3567517f10f262e07f194aba22b1d1f50dd8bb906e6746a60
[INFO] running `Command { std: "docker" "start" "-a" "3461543ddd3718d3567517f10f262e07f194aba22b1d1f50dd8bb906e6746a60", kill_on_drop: false }`
[INFO] [stderr]    Compiling pkg-config v0.3.27
[INFO] [stderr]     Checking once_cell v1.18.0
[INFO] [stderr]    Compiling memchr v2.6.4
[INFO] [stderr]    Compiling semver v1.0.20
[INFO] [stderr]     Checking log v0.4.20
[INFO] [stderr]    Compiling regex-syntax v0.8.2
[INFO] [stderr]    Compiling typenum v1.17.0
[INFO] [stderr]    Compiling libc v0.2.149
[INFO] [stderr]    Compiling generic-array v0.14.7
[INFO] [stderr]    Compiling lock_api v0.4.10
[INFO] [stderr]    Compiling parking_lot_core v0.9.8
[INFO] [stderr]    Compiling unicode-xid v0.2.4
[INFO] [stderr]    Compiling syn v1.0.109
[INFO] [stderr]    Compiling serde v1.0.189
[INFO] [stderr]    Compiling syn v2.0.38
[INFO] [stderr]    Compiling openssl v0.10.57
[INFO] [stderr]    Compiling num-traits v0.2.17
[INFO] [stderr]    Compiling rayon-core v1.12.0
[INFO] [stderr]     Checking crossbeam-deque v0.8.3
[INFO] [stderr]     Checking tracing-core v0.1.32
[INFO] [stderr]    Compiling num-integer v0.1.45
[INFO] [stderr]     Checking byteorder v1.5.0
[INFO] [stderr]     Checking percent-encoding v2.3.0
[INFO] [stderr]    Compiling proc-macro-error-attr v1.0.4
[INFO] [stderr]     Checking form_urlencoded v1.2.0
[INFO] [stderr]    Compiling aho-corasick v1.1.2
[INFO] [stderr]     Checking unicode-normalization v0.1.22
[INFO] [stderr]     Checking parking_lot v0.12.1
[INFO] [stderr]     Checking tracing v0.1.39
[INFO] [stderr]    Compiling miniz_oxide v0.4.4
[INFO] [stderr]    Compiling ahash v0.7.6
[INFO] [stderr]     Checking unicode-bidi v0.3.13
[INFO] [stderr]    Compiling cc v1.0.83
[INFO] [stderr]     Checking either v1.9.0
[INFO] [stderr]    Compiling xcb v0.8.2
[INFO] [stderr]    Compiling x11-dl v2.21.0
[INFO] [stderr]    Compiling num-rational v0.3.2
[INFO] [stderr]     Checking rayon v1.8.0
[INFO] [stderr]    Compiling num-iter v0.1.43
[INFO] [stderr]     Checking weezl v0.1.7
[INFO] [stderr]     Checking idna v0.4.0
[INFO] [stderr]    Compiling thiserror v1.0.49
[INFO] [stderr]     Checking cpufeatures v0.2.9
[INFO] [stderr]    Compiling faccess v0.2.4
[INFO] [stderr]    Compiling os_pipe v0.9.2
[INFO] [stderr]     Checking url v2.4.1
[INFO] [stderr]     Checking deflate v0.8.6
[INFO] [stderr]    Compiling libsqlite3-sys v0.24.2
[INFO] [stderr] error: failed to run custom build command for `xcb v0.8.2`
[INFO] [stderr] note: To improve backtraces for build dependencies, set the CARGO_PROFILE_DEV_BUILD_OVERRIDE_DEBUG=true environment variable to enable debug information generation.
[INFO] [stderr] 
[INFO] [stderr] Caused by:
[INFO] [stderr]   process didn't exit successfully: `/opt/rustwide/target/debug/build/xcb-e1a4f70e6a0d9dd4/build-script-build` (exit status: 101)
[INFO] [stderr]   --- stderr
[INFO] [stderr]   error occured in handler:  ('request: ', ('xcb', 'SELinux', 'GetClientContext'))
[INFO] [stderr]   Traceback (most recent call last):
[INFO] [stderr]     File "/opt/rustwide/cargo-home/registry/src/index.crates.io-6f17d22bba15001f/xcb-0.8.2/rs_client.py", line 2448, in <module>
[INFO] [stderr]       module.generate()
[INFO] [stderr]     File "/opt/rustwide/cargo-home/registry/src/index.crates.io-6f17d22bba15001f/xcb-0.8.2/xcbgen/state.py", line 108, in generate
[INFO] [stderr]       self.close()
[INFO] [stderr]     File "/opt/rustwide/cargo-home/registry/src/index.crates.io-6f17d22bba15001f/xcb-0.8.2/rs_client.py", line 296, in rs_close
[INFO] [stderr]       _f.writeout(os.path.join(module.rs_srcdir, "ffi", "%s.rs" % _module_name(_ns.ext_name)))
[INFO] [stderr]     File "/opt/rustwide/cargo-home/registry/src/index.crates.io-6f17d22bba15001f/xcb-0.8.2/rs_client.py", line 114, in writeout
[INFO] [stderr]       with open(path, 'w') as f:
[INFO] [stderr]   OSError: [Errno 30] Read-only file system: '/opt/rustwide/cargo-home/registry/src/index.crates.io-6f17d22bba15001f/xcb-0.8.2/src/ffi/selinux.rs'
[INFO] [stderr]   thread 'main' panicked at /opt/rustwide/cargo-home/registry/src/index.crates.io-6f17d22bba15001f/xcb-0.8.2/build.rs:75:17:
[INFO] [stderr]   processing of /opt/rustwide/cargo-home/registry/src/index.crates.io-6f17d22bba15001f/xcb-0.8.2/xml/xselinux.xml returned non-zero (1)
[INFO] [stderr]   stack backtrace:
[INFO] [stderr]      0:     0x55f4d00a72cc - std::backtrace_rs::backtrace::libunwind::trace::ha637c64ce894333a
[INFO] [stderr]                                  at /rustc/82e1608dfa6e0b5569232559e3d385fea5a93112/library/std/src/../../backtrace/src/backtrace/libunwind.rs:104:5
[INFO] [stderr]      1:     0x55f4d00a72cc - std::backtrace_rs::backtrace::trace_unsynchronized::h47f62dea28e0c88d
[INFO] [stderr]                                  at /rustc/82e1608dfa6e0b5569232559e3d385fea5a93112/library/std/src/../../backtrace/src/backtrace/mod.rs:66:5
[INFO] [stderr]      2:     0x55f4d00a72cc - std::sys_common::backtrace::_print_fmt::h9eef0abe20ede486
[INFO] [stderr]                                  at /rustc/82e1608dfa6e0b5569232559e3d385fea5a93112/library/std/src/sys_common/backtrace.rs:67:5
[INFO] [stderr]      3:     0x55f4d00a72cc - <std::sys_common::backtrace::_print::DisplayBacktrace as core::fmt::Display>::fmt::hed7f999df88cc644
[INFO] [stderr]                                  at /rustc/82e1608dfa6e0b5569232559e3d385fea5a93112/library/std/src/sys_common/backtrace.rs:44:22
[INFO] [stderr]      4:     0x55f4d00ca6c0 - core::fmt::rt::Argument::fmt::h1539a9308b8d058d
[INFO] [stderr]                                  at /rustc/82e1608dfa6e0b5569232559e3d385fea5a93112/library/core/src/fmt/rt.rs:142:9
[INFO] [stderr]      5:     0x55f4d00ca6c0 - core::fmt::write::h3a39390d8560d9c9
[INFO] [stderr]                                  at /rustc/82e1608dfa6e0b5569232559e3d385fea5a93112/library/core/src/fmt/mod.rs:1120:17
[INFO] [stderr]      6:     0x55f4d00a529f - std::io::Write::write_fmt::h5fc9997dfe05f882
[INFO] [stderr]                                  at /rustc/82e1608dfa6e0b5569232559e3d385fea5a93112/library/std/src/io/mod.rs:1762:15
[INFO] [stderr]      7:     0x55f4d00a70b4 - std::sys_common::backtrace::_print::h894006fb5c6f3d45
[INFO] [stderr]                                  at /rustc/82e1608dfa6e0b5569232559e3d385fea5a93112/library/std/src/sys_common/backtrace.rs:47:5
[INFO] [stderr]      8:     0x55f4d00a70b4 - std::sys_common::backtrace::print::h23a2d212c6fff936
[INFO] [stderr]                                  at /rustc/82e1608dfa6e0b5569232559e3d385fea5a93112/library/std/src/sys_common/backtrace.rs:34:9
[INFO] [stderr]      9:     0x55f4d00a8757 - std::panicking::default_hook::{{closure}}::h8a1d2ee00185001a
[INFO] [stderr]     10:     0x55f4d00a84bf - std::panicking::default_hook::h6038f2eba384e475
[INFO] [stderr]                                  at /rustc/82e1608dfa6e0b5569232559e3d385fea5a93112/library/std/src/panicking.rs:292:9
[INFO] [stderr]     11:     0x55f4d00a8bd8 - std::panicking::rust_panic_with_hook::h2b5517d590cab22e
[INFO] [stderr]                                  at /rustc/82e1608dfa6e0b5569232559e3d385fea5a93112/library/std/src/panicking.rs:779:13
[INFO] [stderr]     12:     0x55f4d00a8abe - std::panicking::begin_panic_handler::{{closure}}::h233112c06e0ef43e
[INFO] [stderr]                                  at /rustc/82e1608dfa6e0b5569232559e3d385fea5a93112/library/std/src/panicking.rs:657:13
[INFO] [stderr]     13:     0x55f4d00a7796 - std::sys_common::backtrace::__rust_end_short_backtrace::h6e893f24d7ebbff8
[INFO] [stderr]                                  at /rustc/82e1608dfa6e0b5569232559e3d385fea5a93112/library/std/src/sys_common/backtrace.rs:170:18
[INFO] [stderr]     14:     0x55f4d00a8822 - rust_begin_unwind
[INFO] [stderr]                                  at /rustc/82e1608dfa6e0b5569232559e3d385fea5a93112/library/std/src/panicking.rs:645:5
[INFO] [stderr]     15:     0x55f4d0081285 - core::panicking::panic_fmt::hbf0e066aabfa482c
[INFO] [stderr]                                  at /rustc/82e1608dfa6e0b5569232559e3d385fea5a93112/library/core/src/panicking.rs:72:14
[INFO] [stderr]     16:     0x55f4d00871e1 - build_script_build::main::{{closure}}::ha0e6086107c84fd6
[INFO] [stderr]     17:     0x55f4d00860d5 - build_script_build::visit_xml::h7900d5f575fbc8f0
[INFO] [stderr]     18:     0x55f4d0086773 - build_script_build::main::hd4faf3b99f67e3a6
[INFO] [stderr]     19:     0x55f4d0082df3 - core::ops::function::FnOnce::call_once::hc1e43ae2e0c64b59
[INFO] [stderr]     20:     0x55f4d0081dc6 - std::sys_common::backtrace::__rust_begin_short_backtrace::h565d0b6ac35a2d28
[INFO] [stderr]     21:     0x55f4d0082509 - std::rt::lang_start::{{closure}}::h8f3711cec9c1f8a1
[INFO] [stderr]     22:     0x55f4d00a1fa7 - core::ops::function::impls::<impl core::ops::function::FnOnce<A> for &F>::call_once::hd95060ecd5e1ca24
[INFO] [stderr]                                  at /rustc/82e1608dfa6e0b5569232559e3d385fea5a93112/library/core/src/ops/function.rs:284:13
[INFO] [stderr]     23:     0x55f4d00a1fa7 - std::panicking::try::do_call::h6e8cf51db32a6e4b
[INFO] [stderr]                                  at /rustc/82e1608dfa6e0b5569232559e3d385fea5a93112/library/std/src/panicking.rs:552:40
[INFO] [stderr]     24:     0x55f4d00a1fa7 - std::panicking::try::h3a52eefe24fe3c29
[INFO] [stderr]                                  at /rustc/82e1608dfa6e0b5569232559e3d385fea5a93112/library/std/src/panicking.rs:516:19
[INFO] [stderr]     25:     0x55f4d00a1fa7 - std::panic::catch_unwind::h24c28c23c02c3841
[INFO] [stderr]                                  at /rustc/82e1608dfa6e0b5569232559e3d385fea5a93112/library/std/src/panic.rs:142:14
[INFO] [stderr]     26:     0x55f4d00a1fa7 - std::rt::lang_start_internal::{{closure}}::h705d3c9cbc06ef47
[INFO] [stderr]                                  at /rustc/82e1608dfa6e0b5569232559e3d385fea5a93112/library/std/src/rt.rs:148:48
[INFO] [stderr]     27:     0x55f4d00a1fa7 - std::panicking::try::do_call::ha21f52ba13158470
[INFO] [stderr]                                  at /rustc/82e1608dfa6e0b5569232559e3d385fea5a93112/library/std/src/panicking.rs:552:40
[INFO] [stderr]     28:     0x55f4d00a1fa7 - std::panicking::try::h5581346bf6aeb1f8
[INFO] [stderr]                                  at /rustc/82e1608dfa6e0b5569232559e3d385fea5a93112/library/std/src/panicking.rs:516:19
[INFO] [stderr]     29:     0x55f4d00a1fa7 - std::panic::catch_unwind::h7919645a6b72e25b
[INFO] [stderr]                                  at /rustc/82e1608dfa6e0b5569232559e3d385fea5a93112/library/std/src/panic.rs:142:14
[INFO] [stderr]     30:     0x55f4d00a1fa7 - std::rt::lang_start_internal::h12de51168669836e
[INFO] [stderr]                                  at /rustc/82e1608dfa6e0b5569232559e3d385fea5a93112/library/std/src/rt.rs:148:20
[INFO] [stderr]     31:     0x55f4d00824e7 - std::rt::lang_start::h3395687fd843f39d
[INFO] [stderr]     32:     0x55f4d0087265 - main
[INFO] [stderr]     33:     0x7fd644b1fd90 - <unknown>
[INFO] [stderr]     34:     0x7fd644b1fe40 - __libc_start_main
[INFO] [stderr]     35:     0x55f4d00819a5 - _start
[INFO] [stderr]     36:                0x0 - <unknown>
[INFO] [stderr] warning: build failed, waiting for other jobs to finish...
[INFO] running `Command { std: "docker" "inspect" "3461543ddd3718d3567517f10f262e07f194aba22b1d1f50dd8bb906e6746a60", kill_on_drop: false }`
[INFO] running `Command { std: "docker" "rm" "-f" "3461543ddd3718d3567517f10f262e07f194aba22b1d1f50dd8bb906e6746a60", kill_on_drop: false }`
[INFO] [stdout] 3461543ddd3718d3567517f10f262e07f194aba22b1d1f50dd8bb906e6746a60
[INFO] documenting Heng30/cryptoinfo against beta-2023-12-22 for beta-1.76-rustdoc-1
[INFO] running `Command { std: "git" "clone" "/workspace/cache/git-repos/https%3A%2F%2Fgithub.com%2FHeng30%2Fcryptoinfo" "/workspace/builds/worker-3-tc2/source", kill_on_drop: false }`
[INFO] [stderr] Cloning into '/workspace/builds/worker-3-tc2/source'...
[INFO] [stderr] done.
[INFO] validating manifest of git repo https://github.com/Heng30/cryptoinfo on toolchain beta-2023-12-22
[INFO] running `Command { std: CARGO_HOME="/workspace/cargo-home" RUSTUP_HOME="/workspace/rustup-home" "/workspace/cargo-home/bin/cargo" "+beta-2023-12-22" "metadata" "--manifest-path" "Cargo.toml" "--no-deps", kill_on_drop: false }`
[INFO] removed /workspace/builds/worker-3-tc2/source/rust-toolchain
[INFO] started tweaking git repo https://github.com/Heng30/cryptoinfo
[INFO] finished tweaking git repo https://github.com/Heng30/cryptoinfo
[INFO] tweaked toml for git repo https://github.com/Heng30/cryptoinfo written to /workspace/builds/worker-3-tc2/source/Cargo.toml
[INFO] crate git repo https://github.com/Heng30/cryptoinfo already has a lockfile, it will not be regenerated
[INFO] running `Command { std: CARGO_HOME="/workspace/cargo-home" RUSTUP_HOME="/workspace/rustup-home" "/workspace/cargo-home/bin/cargo" "+beta-2023-12-22" "fetch" "--manifest-path" "Cargo.toml", kill_on_drop: false }`
[INFO] running `Command { std: "docker" "create" "-v" "/var/lib/crater-agent-workspace/builds/worker-3-tc2/target:/opt/rustwide/target:rw,Z" "-v" "/var/lib/crater-agent-workspace/builds/worker-3-tc2/source:/opt/rustwide/workdir:ro,Z" "-v" "/var/lib/crater-agent-workspace/cargo-home:/opt/rustwide/cargo-home:ro,Z" "-v" "/var/lib/crater-agent-workspace/rustup-home:/opt/rustwide/rustup-home:ro,Z" "-e" "SOURCE_DIR=/opt/rustwide/workdir" "-e" "CARGO_TARGET_DIR=/opt/rustwide/target" "-e" "CARGO_HOME=/opt/rustwide/cargo-home" "-e" "RUSTUP_HOME=/opt/rustwide/rustup-home" "-w" "/opt/rustwide/workdir" "-m" "1610612736" "--user" "0:0" "--network" "none" "ghcr.io/rust-lang/crates-build-env/linux@sha256:2788e3201cd34a07e3172128adcd8b3090168a8e3bcc40d7c032b9dda1df7d1c" "/opt/rustwide/cargo-home/bin/cargo" "+beta-2023-12-22" "metadata" "--no-deps" "--format-version=1", kill_on_drop: false }`
[INFO] [stdout] cc2cd180fdf2132dd5ef6e515bf1ec016a4ea3d4fb4ec32205961fc48bfb1b54
[INFO] running `Command { std: "docker" "start" "-a" "cc2cd180fdf2132dd5ef6e515bf1ec016a4ea3d4fb4ec32205961fc48bfb1b54", kill_on_drop: false }`
[INFO] running `Command { std: "docker" "inspect" "cc2cd180fdf2132dd5ef6e515bf1ec016a4ea3d4fb4ec32205961fc48bfb1b54", kill_on_drop: false }`
[INFO] running `Command { std: "docker" "rm" "-f" "cc2cd180fdf2132dd5ef6e515bf1ec016a4ea3d4fb4ec32205961fc48bfb1b54", kill_on_drop: false }`
[INFO] [stdout] cc2cd180fdf2132dd5ef6e515bf1ec016a4ea3d4fb4ec32205961fc48bfb1b54
[INFO] running `Command { std: "docker" "create" "-v" "/var/lib/crater-agent-workspace/builds/worker-3-tc2/target:/opt/rustwide/target:rw,Z" "-v" "/var/lib/crater-agent-workspace/builds/worker-3-tc2/source:/opt/rustwide/workdir:ro,Z" "-v" "/var/lib/crater-agent-workspace/cargo-home:/opt/rustwide/cargo-home:ro,Z" "-v" "/var/lib/crater-agent-workspace/rustup-home:/opt/rustwide/rustup-home:ro,Z" "-e" "SOURCE_DIR=/opt/rustwide/workdir" "-e" "CARGO_TARGET_DIR=/opt/rustwide/target" "-e" "CARGO_INCREMENTAL=0" "-e" "RUST_BACKTRACE=full" "-e" "RUSTFLAGS=--cap-lints=warn" "-e" "RUSTDOCFLAGS=--cap-lints=warn" "-e" "CARGO_HOME=/opt/rustwide/cargo-home" "-e" "RUSTUP_HOME=/opt/rustwide/rustup-home" "-w" "/opt/rustwide/workdir" "-m" "1610612736" "--user" "0:0" "--network" "none" "ghcr.io/rust-lang/crates-build-env/linux@sha256:2788e3201cd34a07e3172128adcd8b3090168a8e3bcc40d7c032b9dda1df7d1c" "/opt/rustwide/cargo-home/bin/cargo" "+beta-2023-12-22" "doc" "--frozen" "--no-deps" "--document-private-items" "--message-format=json", kill_on_drop: false }`
[INFO] [stdout] d719248507e565b78800d8b33efd9535e04eb60d08d6afaddbd1482ea76f7e1d
[INFO] running `Command { std: "docker" "start" "-a" "d719248507e565b78800d8b33efd9535e04eb60d08d6afaddbd1482ea76f7e1d", kill_on_drop: false }`
[INFO] [stderr]    Compiling pkg-config v0.3.27
[INFO] [stderr]     Checking once_cell v1.18.0
[INFO] [stderr]    Compiling memchr v2.6.4
[INFO] [stderr]    Compiling semver v1.0.20
[INFO] [stderr]     Checking log v0.4.20
[INFO] [stderr]    Compiling regex-syntax v0.8.2
[INFO] [stderr]    Compiling typenum v1.17.0
[INFO] [stderr]    Compiling libc v0.2.149
[INFO] [stderr]    Compiling lock_api v0.4.10
[INFO] [stderr]    Compiling generic-array v0.14.7
[INFO] [stderr]    Compiling syn v1.0.109
[INFO] [stderr]    Compiling unicode-xid v0.2.4
[INFO] [stderr]    Compiling parking_lot_core v0.9.8
[INFO] [stderr]    Compiling syn v2.0.38
[INFO] [stderr]    Compiling serde v1.0.189
[INFO] [stderr]    Compiling openssl v0.10.57
[INFO] [stderr]    Compiling num-traits v0.2.17
[INFO] [stderr]    Compiling rayon-core v1.12.0
[INFO] [stderr]     Checking crossbeam-deque v0.8.3
[INFO] [stderr]     Checking tracing-core v0.1.32
[INFO] [stderr]    Compiling num-integer v0.1.45
[INFO] [stderr]    Compiling byteorder v1.5.0
[INFO] [stderr]     Checking percent-encoding v2.3.0
[INFO] [stderr]     Checking form_urlencoded v1.2.0
[INFO] [stderr]     Checking parking_lot v0.12.1
[INFO] [stderr]    Compiling proc-macro-error-attr v1.0.4
[INFO] [stderr]     Checking unicode-normalization v0.1.22
[INFO] [stderr]    Compiling aho-corasick v1.1.2
[INFO] [stderr]    Compiling ahash v0.7.6
[INFO] [stderr]    Compiling miniz_oxide v0.4.4
[INFO] [stderr]     Checking tracing v0.1.39
[INFO] [stderr]    Compiling cc v1.0.83
[INFO] [stderr]     Checking unicode-bidi v0.3.13
[INFO] [stderr]     Checking either v1.9.0
[INFO] [stderr]    Compiling xcb v0.8.2
[INFO] [stderr]    Compiling x11-dl v2.21.0
[INFO] [stderr]     Checking rayon v1.8.0
[INFO] [stderr]    Compiling num-iter v0.1.43
[INFO] [stderr]    Compiling num-rational v0.3.2
[INFO] [stderr]     Checking idna v0.4.0
[INFO] [stderr]     Checking weezl v0.1.7
[INFO] [stderr]    Compiling thiserror v1.0.49
[INFO] [stderr]     Checking cpufeatures v0.2.9
[INFO] [stderr]    Compiling faccess v0.2.4
[INFO] [stderr]     Checking deflate v0.8.6
[INFO] [stderr] error: failed to run custom build command for `xcb v0.8.2`
[INFO] [stderr] note: To improve backtraces for build dependencies, set the CARGO_PROFILE_DEV_BUILD_OVERRIDE_DEBUG=true environment variable to enable debug information generation.
[INFO] [stderr] 
[INFO] [stderr] Caused by:
[INFO] [stderr]   process didn't exit successfully: `/opt/rustwide/target/debug/build/xcb-c161d70a434e93c8/build-script-build` (exit status: 101)
[INFO] [stderr]   --- stderr
[INFO] [stderr]   error occured in handler:  ('request: ', ('xcb', 'SELinux', 'GetClientContext'))
[INFO] [stderr]   Traceback (most recent call last):
[INFO] [stderr]     File "/opt/rustwide/cargo-home/registry/src/index.crates.io-6f17d22bba15001f/xcb-0.8.2/rs_client.py", line 2448, in <module>
[INFO] [stderr]       module.generate()
[INFO] [stderr]     File "/opt/rustwide/cargo-home/registry/src/index.crates.io-6f17d22bba15001f/xcb-0.8.2/xcbgen/state.py", line 108, in generate
[INFO] [stderr]       self.close()
[INFO] [stderr]     File "/opt/rustwide/cargo-home/registry/src/index.crates.io-6f17d22bba15001f/xcb-0.8.2/rs_client.py", line 296, in rs_close
[INFO] [stderr]       _f.writeout(os.path.join(module.rs_srcdir, "ffi", "%s.rs" % _module_name(_ns.ext_name)))
[INFO] [stderr]     File "/opt/rustwide/cargo-home/registry/src/index.crates.io-6f17d22bba15001f/xcb-0.8.2/rs_client.py", line 114, in writeout
[INFO] [stderr]       with open(path, 'w') as f:
[INFO] [stderr]   OSError: [Errno 30] Read-only file system: '/opt/rustwide/cargo-home/registry/src/index.crates.io-6f17d22bba15001f/xcb-0.8.2/src/ffi/selinux.rs'
[INFO] [stderr]   thread 'main' panicked at /opt/rustwide/cargo-home/registry/src/index.crates.io-6f17d22bba15001f/xcb-0.8.2/build.rs:75:17:
[INFO] [stderr]   processing of /opt/rustwide/cargo-home/registry/src/index.crates.io-6f17d22bba15001f/xcb-0.8.2/xml/xselinux.xml returned non-zero (1)
[INFO] [stderr]   stack backtrace:
[INFO] [stderr]      0:     0x56151ad28376 - std::backtrace_rs::backtrace::libunwind::trace::h261606ad26a499c1
[INFO] [stderr]                                  at /rustc/0e09125c6c3c2fd70d7de961bcf0e51575235fad/library/std/src/../../backtrace/src/backtrace/libunwind.rs:104:5
[INFO] [stderr]      1:     0x56151ad28376 - std::backtrace_rs::backtrace::trace_unsynchronized::hd183f0625477fb28
[INFO] [stderr]                                  at /rustc/0e09125c6c3c2fd70d7de961bcf0e51575235fad/library/std/src/../../backtrace/src/backtrace/mod.rs:66:5
[INFO] [stderr]      2:     0x56151ad28376 - std::sys_common::backtrace::_print_fmt::hd7f8fef21b4eda67
[INFO] [stderr]                                  at /rustc/0e09125c6c3c2fd70d7de961bcf0e51575235fad/library/std/src/sys_common/backtrace.rs:68:5
[INFO] [stderr]      3:     0x56151ad28376 - <std::sys_common::backtrace::_print::DisplayBacktrace as core::fmt::Display>::fmt::h623d9b51f2f453f1
[INFO] [stderr]                                  at /rustc/0e09125c6c3c2fd70d7de961bcf0e51575235fad/library/std/src/sys_common/backtrace.rs:44:22
[INFO] [stderr]      4:     0x56151ad4aaa0 - core::fmt::rt::Argument::fmt::h9f417ac76a86f368
[INFO] [stderr]                                  at /rustc/0e09125c6c3c2fd70d7de961bcf0e51575235fad/library/core/src/fmt/rt.rs:142:9
[INFO] [stderr]      5:     0x56151ad4aaa0 - core::fmt::write::hc9b6faf4ac2aeff7
[INFO] [stderr]                                  at /rustc/0e09125c6c3c2fd70d7de961bcf0e51575235fad/library/core/src/fmt/mod.rs:1120:17
[INFO] [stderr]      6:     0x56151ad263ef - std::io::Write::write_fmt::hfead1eee52c2e65e
[INFO] [stderr]                                  at /rustc/0e09125c6c3c2fd70d7de961bcf0e51575235fad/library/std/src/io/mod.rs:1810:15
[INFO] [stderr]      7:     0x56151ad28154 - std::sys_common::backtrace::_print::hd5d66399c7df88a2
[INFO] [stderr]                                  at /rustc/0e09125c6c3c2fd70d7de961bcf0e51575235fad/library/std/src/sys_common/backtrace.rs:47:5
[INFO] [stderr]      8:     0x56151ad28154 - std::sys_common::backtrace::print::he81ed2da642d37e5
[INFO] [stderr]                                  at /rustc/0e09125c6c3c2fd70d7de961bcf0e51575235fad/library/std/src/sys_common/backtrace.rs:34:9
[INFO] [stderr]      9:     0x56151ad29847 - std::panicking::default_hook::{{closure}}::h85773f4fa117163d
[INFO] [stderr]     10:     0x56151ad295a9 - std::panicking::default_hook::h6a1694a91d09b278
[INFO] [stderr]                                  at /rustc/0e09125c6c3c2fd70d7de961bcf0e51575235fad/library/std/src/panicking.rs:292:9
[INFO] [stderr]     11:     0x56151ad29cd8 - std::panicking::rust_panic_with_hook::h0a7ad96e90f7145b
[INFO] [stderr]                                  at /rustc/0e09125c6c3c2fd70d7de961bcf0e51575235fad/library/std/src/panicking.rs:779:13
[INFO] [stderr]     12:     0x56151ad29bb2 - std::panicking::begin_panic_handler::{{closure}}::h7919090525c6485e
[INFO] [stderr]                                  at /rustc/0e09125c6c3c2fd70d7de961bcf0e51575235fad/library/std/src/panicking.rs:657:13
[INFO] [stderr]     13:     0x56151ad28876 - std::sys_common::backtrace::__rust_end_short_backtrace::hf3289479464f7dfe
[INFO] [stderr]                                  at /rustc/0e09125c6c3c2fd70d7de961bcf0e51575235fad/library/std/src/sys_common/backtrace.rs:171:18
[INFO] [stderr]     14:     0x56151ad29910 - rust_begin_unwind
[INFO] [stderr]                                  at /rustc/0e09125c6c3c2fd70d7de961bcf0e51575235fad/library/std/src/panicking.rs:645:5
[INFO] [stderr]     15:     0x56151ad02285 - core::panicking::panic_fmt::hcc9f77c5c132af55
[INFO] [stderr]                                  at /rustc/0e09125c6c3c2fd70d7de961bcf0e51575235fad/library/core/src/panicking.rs:72:14
[INFO] [stderr]     16:     0x56151ad081b1 - build_script_build::main::{{closure}}::hf4061a4870f282e6
[INFO] [stderr]     17:     0x56151ad070a3 - build_script_build::visit_xml::h02276ab0352ceae1
[INFO] [stderr]     18:     0x56151ad07743 - build_script_build::main::hd95ddd5c730e7ec8
[INFO] [stderr]     19:     0x56151ad03d93 - core::ops::function::FnOnce::call_once::h42249f2e842fb529
[INFO] [stderr]     20:     0x56151ad02dd6 - std::sys_common::backtrace::__rust_begin_short_backtrace::ha85abbdb664fcc25
[INFO] [stderr]     21:     0x56151ad03509 - std::rt::lang_start::{{closure}}::hfea82c615a170a4c
[INFO] [stderr]     22:     0x56151ad22fd1 - core::ops::function::impls::<impl core::ops::function::FnOnce<A> for &F>::call_once::h4eb4c5e1620f29b0
[INFO] [stderr]                                  at /rustc/0e09125c6c3c2fd70d7de961bcf0e51575235fad/library/core/src/ops/function.rs:284:13
[INFO] [stderr]     23:     0x56151ad22fd1 - std::panicking::try::do_call::h73fd26535faffcdf
[INFO] [stderr]                                  at /rustc/0e09125c6c3c2fd70d7de961bcf0e51575235fad/library/std/src/panicking.rs:552:40
[INFO] [stderr]     24:     0x56151ad22fd1 - std::panicking::try::h77ff1d98f0fb9f39
[INFO] [stderr]                                  at /rustc/0e09125c6c3c2fd70d7de961bcf0e51575235fad/library/std/src/panicking.rs:516:19
[INFO] [stderr]     25:     0x56151ad22fd1 - std::panic::catch_unwind::hab3caf2448b95e37
[INFO] [stderr]                                  at /rustc/0e09125c6c3c2fd70d7de961bcf0e51575235fad/library/std/src/panic.rs:142:14
[INFO] [stderr]     26:     0x56151ad22fd1 - std::rt::lang_start_internal::{{closure}}::h8086711f9c783f78
[INFO] [stderr]                                  at /rustc/0e09125c6c3c2fd70d7de961bcf0e51575235fad/library/std/src/rt.rs:148:48
[INFO] [stderr]     27:     0x56151ad22fd1 - std::panicking::try::do_call::hf920d4dc291cd6ca
[INFO] [stderr]                                  at /rustc/0e09125c6c3c2fd70d7de961bcf0e51575235fad/library/std/src/panicking.rs:552:40
[INFO] [stderr]     28:     0x56151ad22fd1 - std::panicking::try::h2b806ccc0a85db74
[INFO] [stderr]                                  at /rustc/0e09125c6c3c2fd70d7de961bcf0e51575235fad/library/std/src/panicking.rs:516:19
[INFO] [stderr]     29:     0x56151ad22fd1 - std::panic::catch_unwind::h038489539c507df2
[INFO] [stderr]                                  at /rustc/0e09125c6c3c2fd70d7de961bcf0e51575235fad/library/std/src/panic.rs:142:14
[INFO] [stderr]     30:     0x56151ad22fd1 - std::rt::lang_start_internal::h28503b88912e8a5c
[INFO] [stderr]                                  at /rustc/0e09125c6c3c2fd70d7de961bcf0e51575235fad/library/std/src/rt.rs:148:20
[INFO] [stderr]     31:     0x56151ad034e7 - std::rt::lang_start::h46933666de96bc9a
[INFO] [stderr]     32:     0x56151ad08235 - main
[INFO] [stderr]     33:     0x7f3563347d90 - <unknown>
[INFO] [stderr]     34:     0x7f3563347e40 - __libc_start_main
[INFO] [stderr]     35:     0x56151ad029b5 - _start
[INFO] [stderr]     36:                0x0 - <unknown>
[INFO] [stderr] warning: build failed, waiting for other jobs to finish...
[INFO] running `Command { std: "docker" "inspect" "d719248507e565b78800d8b33efd9535e04eb60d08d6afaddbd1482ea76f7e1d", kill_on_drop: false }`
[INFO] running `Command { std: "docker" "rm" "-f" "d719248507e565b78800d8b33efd9535e04eb60d08d6afaddbd1482ea76f7e1d", kill_on_drop: false }`
[INFO] [stdout] d719248507e565b78800d8b33efd9535e04eb60d08d6afaddbd1482ea76f7e1d
