[INFO] cloning repository https://github.com/Heinmci/HumorLampAPI
[INFO] running `Command { std: "git" "-c" "credential.helper=" "-c" "credential.helper=/workspace/cargo-home/bin/git-credential-null" "clone" "--bare" "https://github.com/Heinmci/HumorLampAPI" "/workspace/cache/git-repos/https%3A%2F%2Fgithub.com%2FHeinmci%2FHumorLampAPI", kill_on_drop: false }`
[INFO] [stderr] Cloning into bare repository '/workspace/cache/git-repos/https%3A%2F%2Fgithub.com%2FHeinmci%2FHumorLampAPI'...
[INFO] running `Command { std: "git" "rev-parse" "HEAD", kill_on_drop: false }`
[INFO] [stdout] 7a54aa8685150b1d29505b49a41cfe81b3105d6c
[INFO] documenting Heinmci/HumorLampAPI against 1.75.0 for beta-1.76-rustdoc-1
[INFO] running `Command { std: "git" "clone" "/workspace/cache/git-repos/https%3A%2F%2Fgithub.com%2FHeinmci%2FHumorLampAPI" "/workspace/builds/worker-5-tc1/source", kill_on_drop: false }`
[INFO] [stderr] Cloning into '/workspace/builds/worker-5-tc1/source'...
[INFO] [stderr] done.
[INFO] validating manifest of git repo https://github.com/Heinmci/HumorLampAPI on toolchain 1.75.0
[INFO] running `Command { std: CARGO_HOME="/workspace/cargo-home" RUSTUP_HOME="/workspace/rustup-home" "/workspace/cargo-home/bin/cargo" "+1.75.0" "metadata" "--manifest-path" "Cargo.toml" "--no-deps", kill_on_drop: false }`
[INFO] started tweaking git repo https://github.com/Heinmci/HumorLampAPI
[INFO] finished tweaking git repo https://github.com/Heinmci/HumorLampAPI
[INFO] tweaked toml for git repo https://github.com/Heinmci/HumorLampAPI written to /workspace/builds/worker-5-tc1/source/Cargo.toml
[INFO] crate git repo https://github.com/Heinmci/HumorLampAPI already has a lockfile, it will not be regenerated
[INFO] running `Command { std: CARGO_HOME="/workspace/cargo-home" RUSTUP_HOME="/workspace/rustup-home" "/workspace/cargo-home/bin/cargo" "+1.75.0" "fetch" "--manifest-path" "Cargo.toml", kill_on_drop: false }`
[INFO] [stderr]     Updating crates.io index
[INFO] [stderr]  Downloading crates ...
[INFO] [stderr]   Downloaded scoped-tls v0.1.1
[INFO] [stderr]   Downloaded serde_urlencoded v0.4.3
[INFO] [stderr]   Downloaded crc v1.7.0
[INFO] [stderr]   Downloaded crossbeam-deque v0.3.0
[INFO] [stderr]   Downloaded tiny_http v0.5.9
[INFO] [stderr]   Downloaded base64 v0.5.2
[INFO] [stderr]   Downloaded hyper-native-tls v0.2.4
[INFO] [stderr]   Downloaded tokio-timer v0.2.1
[INFO] [stderr]   Downloaded base64 v0.9.0
[INFO] [stderr]   Downloaded mime v0.3.5
[INFO] [stderr]   Downloaded openssl-sys v0.9.28
[INFO] [stderr]   Downloaded bytes v0.4.6
[INFO] [stderr]   Downloaded serde_json v1.0.15
[INFO] [stderr]   Downloaded libflate v0.1.14
[INFO] [stderr]   Downloaded tokio v0.1.5
[INFO] [stderr]   Downloaded quote v0.5.1
[INFO] [stderr]   Downloaded mime_guess v1.8.4
[INFO] [stderr]   Downloaded hyper v0.11.25
[INFO] [stderr]   Downloaded tokio-threadpool v0.1.2
[INFO] [stderr]   Downloaded remove_dir_all v0.5.0
[INFO] [stderr]   Downloaded reqwest v0.5.2
[INFO] [stderr]   Downloaded oauth-client v0.3.2
[INFO] [stderr]   Downloaded twitter-stream v0.5.3
[INFO] [stderr]   Downloaded tweetust v0.8.0
[INFO] [stderr]   Downloaded twitter-stream-message v0.2.0
[INFO] [stderr]   Downloaded multipart v0.12.0
[INFO] [stderr]   Downloaded oauthcli v1.0.6
[INFO] [stderr]   Downloaded serde_derive v1.0.39
[INFO] [stderr]   Downloaded serde v1.0.39
[INFO] [stderr]   Downloaded Inflector v0.10.1
[INFO] [stderr]   Downloaded ring v0.9.7
[INFO] running `Command { std: "docker" "create" "-v" "/var/lib/crater-agent-workspace/builds/worker-5-tc1/target:/opt/rustwide/target:rw,Z" "-v" "/var/lib/crater-agent-workspace/builds/worker-5-tc1/source:/opt/rustwide/workdir:ro,Z" "-v" "/var/lib/crater-agent-workspace/cargo-home:/opt/rustwide/cargo-home:ro,Z" "-v" "/var/lib/crater-agent-workspace/rustup-home:/opt/rustwide/rustup-home:ro,Z" "-e" "SOURCE_DIR=/opt/rustwide/workdir" "-e" "CARGO_TARGET_DIR=/opt/rustwide/target" "-e" "CARGO_HOME=/opt/rustwide/cargo-home" "-e" "RUSTUP_HOME=/opt/rustwide/rustup-home" "-w" "/opt/rustwide/workdir" "-m" "1610612736" "--user" "0:0" "--network" "none" "ghcr.io/rust-lang/crates-build-env/linux@sha256:2788e3201cd34a07e3172128adcd8b3090168a8e3bcc40d7c032b9dda1df7d1c" "/opt/rustwide/cargo-home/bin/cargo" "+1.75.0" "metadata" "--no-deps" "--format-version=1", kill_on_drop: false }`
[INFO] [stdout] a4e6075dd5b93650760029379833dd8ef8e2cf6a33a3ec2730db2ce1c39efaa7
[INFO] running `Command { std: "docker" "start" "-a" "a4e6075dd5b93650760029379833dd8ef8e2cf6a33a3ec2730db2ce1c39efaa7", kill_on_drop: false }`
[INFO] running `Command { std: "docker" "inspect" "a4e6075dd5b93650760029379833dd8ef8e2cf6a33a3ec2730db2ce1c39efaa7", kill_on_drop: false }`
[INFO] running `Command { std: "docker" "rm" "-f" "a4e6075dd5b93650760029379833dd8ef8e2cf6a33a3ec2730db2ce1c39efaa7", kill_on_drop: false }`
[INFO] [stdout] a4e6075dd5b93650760029379833dd8ef8e2cf6a33a3ec2730db2ce1c39efaa7
[INFO] running `Command { std: "docker" "create" "-v" "/var/lib/crater-agent-workspace/builds/worker-5-tc1/target:/opt/rustwide/target:rw,Z" "-v" "/var/lib/crater-agent-workspace/builds/worker-5-tc1/source:/opt/rustwide/workdir:ro,Z" "-v" "/var/lib/crater-agent-workspace/cargo-home:/opt/rustwide/cargo-home:ro,Z" "-v" "/var/lib/crater-agent-workspace/rustup-home:/opt/rustwide/rustup-home:ro,Z" "-e" "SOURCE_DIR=/opt/rustwide/workdir" "-e" "CARGO_TARGET_DIR=/opt/rustwide/target" "-e" "CARGO_INCREMENTAL=0" "-e" "RUST_BACKTRACE=full" "-e" "RUSTFLAGS=--cap-lints=warn" "-e" "RUSTDOCFLAGS=--cap-lints=warn" "-e" "CARGO_HOME=/opt/rustwide/cargo-home" "-e" "RUSTUP_HOME=/opt/rustwide/rustup-home" "-w" "/opt/rustwide/workdir" "-m" "1610612736" "--user" "0:0" "--network" "none" "ghcr.io/rust-lang/crates-build-env/linux@sha256:2788e3201cd34a07e3172128adcd8b3090168a8e3bcc40d7c032b9dda1df7d1c" "/opt/rustwide/cargo-home/bin/cargo" "+1.75.0" "doc" "--frozen" "--no-deps" "--document-private-items" "--message-format=json", kill_on_drop: false }`
[INFO] [stdout] 00009cdfc74a7a9d7eab87408fcf0f8423b5b1ce56e231dbe66a2700c741d2dc
[INFO] running `Command { std: "docker" "start" "-a" "00009cdfc74a7a9d7eab87408fcf0f8423b5b1ce56e231dbe66a2700c741d2dc", kill_on_drop: false }`
[INFO] [stderr]     Checking libc v0.2.40
[INFO] [stderr]     Checking cfg-if v0.1.2
[INFO] [stderr]    Compiling version_check v0.1.3
[INFO] [stderr]     Checking byteorder v1.2.2
[INFO] [stderr]    Compiling cc v1.0.10
[INFO] [stderr]     Checking futures v0.1.21
[INFO] [stderr]     Checking lazy_static v1.0.0
[INFO] [stderr]     Checking log v0.4.1
[INFO] [stderr]     Checking num-traits v0.2.2
[INFO] [stderr]     Checking matches v0.1.6
[INFO] [stderr]     Checking log v0.3.9
[INFO] [stderr]    Compiling pkg-config v0.3.9
[INFO] [stderr]    Compiling unicase v1.4.2
[INFO] [stderr]     Checking percent-encoding v1.0.1
[INFO] [stderr]     Checking unicode-bidi v0.3.4
[INFO] [stderr]     Checking rand v0.4.2
[INFO] [stderr]     Checking num_cpus v1.8.0
[INFO] [stderr]     Checking time v0.1.39
[INFO] [stderr]     Checking iovec v0.1.2
[INFO] [stderr]     Checking net2 v0.2.32
[INFO] [stderr]     Checking bytes v0.4.6
[INFO] [stderr]     Checking unicode-normalization v0.1.5
[INFO] [stderr]    Compiling nodrop v0.1.12
[INFO] [stderr]     Checking lazycell v0.6.0
[INFO] [stderr]     Checking slab v0.4.0
[INFO] [stderr]     Checking safemem v0.2.0
[INFO] [stderr]     Checking arrayvec v0.4.7
[INFO] [stderr]     Checking mio v0.6.14
[INFO] [stderr]     Checking rand v0.3.22
[INFO] [stderr]    Compiling openssl-sys v0.9.28
[INFO] [stderr]     Checking idna v0.1.4
[INFO] [stderr]    Compiling crossbeam-utils v0.2.2
[INFO] [stderr]     Checking tokio-executor v0.1.2
[INFO] [stderr]     Checking tokio-io v0.1.6
[INFO] [stderr]     Checking crossbeam-utils v0.3.2
[INFO] [stderr]    Compiling memoffset v0.2.1
[INFO] [stderr]    Compiling openssl v0.9.24
[INFO] [stderr]     Checking lazy_static v0.2.11
[INFO] [stderr]    Compiling gcc v0.3.54
[INFO] [stderr]    Compiling scopeguard v0.3.3
[INFO] [stderr]     Checking crossbeam-epoch v0.4.1
[INFO] [stderr]    Compiling crossbeam-epoch v0.3.1
[INFO] [stderr]     Checking tokio-reactor v0.1.1
[INFO] [stderr]     Checking httparse v1.2.4
[INFO] [stderr]     Checking language-tags v0.2.2
[INFO] [stderr]    Compiling rayon-core v1.4.0
[INFO] [stderr]    Compiling siphasher v0.2.2
[INFO] [stderr]     Checking bitflags v0.9.1
[INFO] [stderr]     Checking url v1.7.0
[INFO] [stderr]    Compiling crossbeam-deque v0.2.0
[INFO] [stderr] error: failed to run custom build command for `openssl-sys v0.9.28`
[INFO] [stderr] note: To improve backtraces for build dependencies, set the CARGO_PROFILE_DEV_BUILD_OVERRIDE_DEBUG=true environment variable to enable debug information generation.
[INFO] [stderr] 
[INFO] [stderr] Caused by:
[INFO] [stderr]   process didn't exit successfully: `/opt/rustwide/target/debug/build/openssl-sys-a0856f3c57f873ff/build-script-build` (exit status: 101)
[INFO] [stderr]   --- stdout
[INFO] [stderr]   cargo:rerun-if-env-changed=X86_64_UNKNOWN_LINUX_GNU_OPENSSL_LIB_DIR
[INFO] [stderr]   cargo:rerun-if-env-changed=OPENSSL_LIB_DIR
[INFO] [stderr]   cargo:rerun-if-env-changed=X86_64_UNKNOWN_LINUX_GNU_OPENSSL_INCLUDE_DIR
[INFO] [stderr]   cargo:rerun-if-env-changed=OPENSSL_INCLUDE_DIR
[INFO] [stderr]   cargo:rerun-if-env-changed=X86_64_UNKNOWN_LINUX_GNU_OPENSSL_DIR
[INFO] [stderr]   cargo:rerun-if-env-changed=OPENSSL_DIR
[INFO] [stderr]   cargo:rustc-link-lib=ssl
[INFO] [stderr]   cargo:rustc-link-lib=crypto
[INFO] [stderr]   OPT_LEVEL = Some("0")
[INFO] [stderr]   TARGET = Some("x86_64-unknown-linux-gnu")
[INFO] [stderr]   HOST = Some("x86_64-unknown-linux-gnu")
[INFO] [stderr]   TARGET = Some("x86_64-unknown-linux-gnu")
[INFO] [stderr]   TARGET = Some("x86_64-unknown-linux-gnu")
[INFO] [stderr]   HOST = Some("x86_64-unknown-linux-gnu")
[INFO] [stderr]   CC_x86_64-unknown-linux-gnu = None
[INFO] [stderr]   CC_x86_64_unknown_linux_gnu = None
[INFO] [stderr]   HOST_CC = None
[INFO] [stderr]   CC = None
[INFO] [stderr]   HOST = Some("x86_64-unknown-linux-gnu")
[INFO] [stderr]   TARGET = Some("x86_64-unknown-linux-gnu")
[INFO] [stderr]   HOST = Some("x86_64-unknown-linux-gnu")
[INFO] [stderr]   CFLAGS_x86_64-unknown-linux-gnu = None
[INFO] [stderr]   CFLAGS_x86_64_unknown_linux_gnu = None
[INFO] [stderr]   HOST_CFLAGS = None
[INFO] [stderr]   CFLAGS = None
[INFO] [stderr]   DEBUG = Some("true")
[INFO] [stderr]   running: "cc" "-O0" "-ffunction-sections" "-fdata-sections" "-fPIC" "-g" "-m64" "-Wall" "-Wextra" "-E" "/opt/rustwide/target/debug/build/openssl-sys-fb60211274843569/out/expando.c"
[INFO] [stderr]   exit status: 0
[INFO] [stderr]   cargo:rustc-cfg=osslconf="OPENSSL_NO_SSL3_METHOD"
[INFO] [stderr]   cargo:conf=OPENSSL_NO_SSL3_METHOD
[INFO] [stderr] 
[INFO] [stderr]   --- stderr
[INFO] [stderr]   thread 'main' panicked at /opt/rustwide/cargo-home/registry/src/index.crates.io-6f17d22bba15001f/openssl-sys-0.9.28/build.rs:509:9:
[INFO] [stderr] 
[INFO] [stderr] 
[INFO] [stderr]   This crate is only compatible with OpenSSL 1.0.1 through 1.1.1, or LibreSSL 2.5
[INFO] [stderr]   through 2.7, but a different version of OpenSSL was found. The build is now aborting
[INFO] [stderr]   due to this version mismatch.
[INFO] [stderr] 
[INFO] [stderr] 
[INFO] [stderr]   stack backtrace:
[INFO] [stderr]      0:     0x5583c26748dc - std::backtrace_rs::backtrace::libunwind::trace::ha637c64ce894333a
[INFO] [stderr]                                  at /rustc/82e1608dfa6e0b5569232559e3d385fea5a93112/library/std/src/../../backtrace/src/backtrace/libunwind.rs:104:5
[INFO] [stderr]      1:     0x5583c26748dc - std::backtrace_rs::backtrace::trace_unsynchronized::h47f62dea28e0c88d
[INFO] [stderr]                                  at /rustc/82e1608dfa6e0b5569232559e3d385fea5a93112/library/std/src/../../backtrace/src/backtrace/mod.rs:66:5
[INFO] [stderr]      2:     0x5583c26748dc - std::sys_common::backtrace::_print_fmt::h9eef0abe20ede486
[INFO] [stderr]                                  at /rustc/82e1608dfa6e0b5569232559e3d385fea5a93112/library/std/src/sys_common/backtrace.rs:67:5
[INFO] [stderr]      3:     0x5583c26748dc - <std::sys_common::backtrace::_print::DisplayBacktrace as core::fmt::Display>::fmt::hed7f999df88cc644
[INFO] [stderr]                                  at /rustc/82e1608dfa6e0b5569232559e3d385fea5a93112/library/std/src/sys_common/backtrace.rs:44:22
[INFO] [stderr]      4:     0x5583c269aa10 - core::fmt::rt::Argument::fmt::h1539a9308b8d058d
[INFO] [stderr]                                  at /rustc/82e1608dfa6e0b5569232559e3d385fea5a93112/library/core/src/fmt/rt.rs:142:9
[INFO] [stderr]      5:     0x5583c269aa10 - core::fmt::write::h3a39390d8560d9c9
[INFO] [stderr]                                  at /rustc/82e1608dfa6e0b5569232559e3d385fea5a93112/library/core/src/fmt/mod.rs:1120:17
[INFO] [stderr]      6:     0x5583c267221f - std::io::Write::write_fmt::h5fc9997dfe05f882
[INFO] [stderr]                                  at /rustc/82e1608dfa6e0b5569232559e3d385fea5a93112/library/std/src/io/mod.rs:1762:15
[INFO] [stderr]      7:     0x5583c26746c4 - std::sys_common::backtrace::_print::h894006fb5c6f3d45
[INFO] [stderr]                                  at /rustc/82e1608dfa6e0b5569232559e3d385fea5a93112/library/std/src/sys_common/backtrace.rs:47:5
[INFO] [stderr]      8:     0x5583c26746c4 - std::sys_common::backtrace::print::h23a2d212c6fff936
[INFO] [stderr]                                  at /rustc/82e1608dfa6e0b5569232559e3d385fea5a93112/library/std/src/sys_common/backtrace.rs:34:9
[INFO] [stderr]      9:     0x5583c2675ed7 - std::panicking::default_hook::{{closure}}::h8a1d2ee00185001a
[INFO] [stderr]     10:     0x5583c2675c3f - std::panicking::default_hook::h6038f2eba384e475
[INFO] [stderr]                                  at /rustc/82e1608dfa6e0b5569232559e3d385fea5a93112/library/std/src/panicking.rs:292:9
[INFO] [stderr]     11:     0x5583c2676358 - std::panicking::rust_panic_with_hook::h2b5517d590cab22e
[INFO] [stderr]                                  at /rustc/82e1608dfa6e0b5569232559e3d385fea5a93112/library/std/src/panicking.rs:779:13
[INFO] [stderr]     12:     0x5583c264cefe - std::panicking::begin_panic::{{closure}}::hbaad2f545e186273
[INFO] [stderr]     13:     0x5583c263e74a - std::sys_common::backtrace::__rust_end_short_backtrace::h63d00d8d43d9127d
[INFO] [stderr]     14:     0x5583c264ce7b - std::panicking::begin_panic::hbcea34ae09512bf1
[INFO] [stderr]     15:     0x5583c260cab6 - build_script_build::validate_headers::h2e9933a37793ab2f
[INFO] [stderr]     16:     0x5583c260b9af - build_script_build::try_pkg_config::h333d02c03ed24da0
[INFO] [stderr]     17:     0x5583c260ab04 - build_script_build::find_openssl_dir::h7bad4dbc1de435f3
[INFO] [stderr]     18:     0x5583c260a978 - build_script_build::main::{{closure}}::ha43c2c28013a3964
[INFO] [stderr]     19:     0x5583c26121e9 - core::option::Option<T>::unwrap_or_else::hba3a343a8b385656
[INFO] [stderr]     20:     0x5583c26099e1 - build_script_build::main::h2cb09f936026b62e
[INFO] [stderr]     21:     0x5583c260ec33 - core::ops::function::FnOnce::call_once::h7d779d83bba91c6e
[INFO] [stderr]     22:     0x5583c2607216 - std::sys_common::backtrace::__rust_begin_short_backtrace::hda00370536217159
[INFO] [stderr]     23:     0x5583c26137f9 - std::rt::lang_start::{{closure}}::h0f28e2d5118da5fb
[INFO] [stderr]     24:     0x5583c266e767 - core::ops::function::impls::<impl core::ops::function::FnOnce<A> for &F>::call_once::hd95060ecd5e1ca24
[INFO] [stderr]                                  at /rustc/82e1608dfa6e0b5569232559e3d385fea5a93112/library/core/src/ops/function.rs:284:13
[INFO] [stderr]     25:     0x5583c266e767 - std::panicking::try::do_call::h6e8cf51db32a6e4b
[INFO] [stderr]                                  at /rustc/82e1608dfa6e0b5569232559e3d385fea5a93112/library/std/src/panicking.rs:552:40
[INFO] [stderr]     26:     0x5583c266e767 - std::panicking::try::h3a52eefe24fe3c29
[INFO] [stderr]                                  at /rustc/82e1608dfa6e0b5569232559e3d385fea5a93112/library/std/src/panicking.rs:516:19
[INFO] [stderr]     27:     0x5583c266e767 - std::panic::catch_unwind::h24c28c23c02c3841
[INFO] [stderr]                                  at /rustc/82e1608dfa6e0b5569232559e3d385fea5a93112/library/std/src/panic.rs:142:14
[INFO] [stderr]     28:     0x5583c266e767 - std::rt::lang_start_internal::{{closure}}::h705d3c9cbc06ef47
[INFO] [stderr]                                  at /rustc/82e1608dfa6e0b5569232559e3d385fea5a93112/library/std/src/rt.rs:148:48
[INFO] [stderr]     29:     0x5583c266e767 - std::panicking::try::do_call::ha21f52ba13158470
[INFO] [stderr]                                  at /rustc/82e1608dfa6e0b5569232559e3d385fea5a93112/library/std/src/panicking.rs:552:40
[INFO] [stderr]     30:     0x5583c266e767 - std::panicking::try::h5581346bf6aeb1f8
[INFO] [stderr]                                  at /rustc/82e1608dfa6e0b5569232559e3d385fea5a93112/library/std/src/panicking.rs:516:19
[INFO] [stderr]     31:     0x5583c266e767 - std::panic::catch_unwind::h7919645a6b72e25b
[INFO] [stderr]                                  at /rustc/82e1608dfa6e0b5569232559e3d385fea5a93112/library/std/src/panic.rs:142:14
[INFO] [stderr]     32:     0x5583c266e767 - std::rt::lang_start_internal::h12de51168669836e
[INFO] [stderr]                                  at /rustc/82e1608dfa6e0b5569232559e3d385fea5a93112/library/std/src/rt.rs:148:20
[INFO] [stderr]     33:     0x5583c26137d7 - std::rt::lang_start::hda32bcdedca0f02a
[INFO] [stderr]     34:     0x5583c260e585 - main
[INFO] [stderr]     35:     0x7fb439c55d90 - <unknown>
[INFO] [stderr]     36:     0x7fb439c55e40 - __libc_start_main
[INFO] [stderr]     37:     0x5583c2604e95 - _start
[INFO] [stderr]     38:                0x0 - <unknown>
[INFO] [stderr] warning: build failed, waiting for other jobs to finish...
[INFO] [stdout] error[E0713]: borrow may still be in use when destructor runs
[INFO] [stdout]    --> /opt/rustwide/cargo-home/registry/src/index.crates.io-6f17d22bba15001f/url-1.7.0/src/form_urlencoded.rs:261:40
[INFO] [stdout]     |
[INFO] [stdout] 259 | impl<'a> Target for ::UrlQuery<'a> {
[INFO] [stdout]     |      -- lifetime `'a` defined here
[INFO] [stdout] 260 |     fn as_mut_string(&mut self) -> &mut String { &mut self.url.serialization }
[INFO] [stdout] 261 |     fn finish(self) -> &'a mut ::Url { self.url }
[INFO] [stdout]     |                                        ^^^^^^^^ - here, drop of `self` needs exclusive access to `*self.url`, because the type `UrlQuery<'_>` implements the `Drop` trait
[INFO] [stdout]     |                                        |
[INFO] [stdout]     |                                        returning this value requires that `*self.url` is borrowed for `'a`
[INFO] [stdout] 
[INFO] [stdout] 
[INFO] [stdout] error: aborting due to previous error
[INFO] [stdout] 
[INFO] [stdout] 
[INFO] [stdout] For more information about this error, try `rustc --explain E0713`.
[INFO] [stdout] 
[INFO] [stderr] error: could not compile `url` (lib) due to 2 previous errors
[INFO] running `Command { std: "docker" "inspect" "00009cdfc74a7a9d7eab87408fcf0f8423b5b1ce56e231dbe66a2700c741d2dc", kill_on_drop: false }`
[INFO] running `Command { std: "docker" "rm" "-f" "00009cdfc74a7a9d7eab87408fcf0f8423b5b1ce56e231dbe66a2700c741d2dc", kill_on_drop: false }`
[INFO] [stdout] 00009cdfc74a7a9d7eab87408fcf0f8423b5b1ce56e231dbe66a2700c741d2dc
[INFO] documenting Heinmci/HumorLampAPI against beta-2023-12-22 for beta-1.76-rustdoc-1
[INFO] running `Command { std: "git" "clone" "/workspace/cache/git-repos/https%3A%2F%2Fgithub.com%2FHeinmci%2FHumorLampAPI" "/workspace/builds/worker-5-tc2/source", kill_on_drop: false }`
[INFO] [stderr] Cloning into '/workspace/builds/worker-5-tc2/source'...
[INFO] [stderr] done.
[INFO] validating manifest of git repo https://github.com/Heinmci/HumorLampAPI on toolchain beta-2023-12-22
[INFO] running `Command { std: CARGO_HOME="/workspace/cargo-home" RUSTUP_HOME="/workspace/rustup-home" "/workspace/cargo-home/bin/cargo" "+beta-2023-12-22" "metadata" "--manifest-path" "Cargo.toml" "--no-deps", kill_on_drop: false }`
[INFO] started tweaking git repo https://github.com/Heinmci/HumorLampAPI
[INFO] finished tweaking git repo https://github.com/Heinmci/HumorLampAPI
[INFO] tweaked toml for git repo https://github.com/Heinmci/HumorLampAPI written to /workspace/builds/worker-5-tc2/source/Cargo.toml
[INFO] crate git repo https://github.com/Heinmci/HumorLampAPI already has a lockfile, it will not be regenerated
[INFO] running `Command { std: CARGO_HOME="/workspace/cargo-home" RUSTUP_HOME="/workspace/rustup-home" "/workspace/cargo-home/bin/cargo" "+beta-2023-12-22" "fetch" "--manifest-path" "Cargo.toml", kill_on_drop: false }`
[INFO] running `Command { std: "docker" "create" "-v" "/var/lib/crater-agent-workspace/builds/worker-5-tc2/target:/opt/rustwide/target:rw,Z" "-v" "/var/lib/crater-agent-workspace/builds/worker-5-tc2/source:/opt/rustwide/workdir:ro,Z" "-v" "/var/lib/crater-agent-workspace/cargo-home:/opt/rustwide/cargo-home:ro,Z" "-v" "/var/lib/crater-agent-workspace/rustup-home:/opt/rustwide/rustup-home:ro,Z" "-e" "SOURCE_DIR=/opt/rustwide/workdir" "-e" "CARGO_TARGET_DIR=/opt/rustwide/target" "-e" "CARGO_HOME=/opt/rustwide/cargo-home" "-e" "RUSTUP_HOME=/opt/rustwide/rustup-home" "-w" "/opt/rustwide/workdir" "-m" "1610612736" "--user" "0:0" "--network" "none" "ghcr.io/rust-lang/crates-build-env/linux@sha256:2788e3201cd34a07e3172128adcd8b3090168a8e3bcc40d7c032b9dda1df7d1c" "/opt/rustwide/cargo-home/bin/cargo" "+beta-2023-12-22" "metadata" "--no-deps" "--format-version=1", kill_on_drop: false }`
[INFO] [stdout] 04557324fac40878acfa9254c9d51018e0a682e905f67b6b51233a6600cb884b
[INFO] running `Command { std: "docker" "start" "-a" "04557324fac40878acfa9254c9d51018e0a682e905f67b6b51233a6600cb884b", kill_on_drop: false }`
[INFO] running `Command { std: "docker" "inspect" "04557324fac40878acfa9254c9d51018e0a682e905f67b6b51233a6600cb884b", kill_on_drop: false }`
[INFO] running `Command { std: "docker" "rm" "-f" "04557324fac40878acfa9254c9d51018e0a682e905f67b6b51233a6600cb884b", kill_on_drop: false }`
[INFO] [stdout] 04557324fac40878acfa9254c9d51018e0a682e905f67b6b51233a6600cb884b
[INFO] running `Command { std: "docker" "create" "-v" "/var/lib/crater-agent-workspace/builds/worker-5-tc2/target:/opt/rustwide/target:rw,Z" "-v" "/var/lib/crater-agent-workspace/builds/worker-5-tc2/source:/opt/rustwide/workdir:ro,Z" "-v" "/var/lib/crater-agent-workspace/cargo-home:/opt/rustwide/cargo-home:ro,Z" "-v" "/var/lib/crater-agent-workspace/rustup-home:/opt/rustwide/rustup-home:ro,Z" "-e" "SOURCE_DIR=/opt/rustwide/workdir" "-e" "CARGO_TARGET_DIR=/opt/rustwide/target" "-e" "CARGO_INCREMENTAL=0" "-e" "RUST_BACKTRACE=full" "-e" "RUSTFLAGS=--cap-lints=warn" "-e" "RUSTDOCFLAGS=--cap-lints=warn" "-e" "CARGO_HOME=/opt/rustwide/cargo-home" "-e" "RUSTUP_HOME=/opt/rustwide/rustup-home" "-w" "/opt/rustwide/workdir" "-m" "1610612736" "--user" "0:0" "--network" "none" "ghcr.io/rust-lang/crates-build-env/linux@sha256:2788e3201cd34a07e3172128adcd8b3090168a8e3bcc40d7c032b9dda1df7d1c" "/opt/rustwide/cargo-home/bin/cargo" "+beta-2023-12-22" "doc" "--frozen" "--no-deps" "--document-private-items" "--message-format=json", kill_on_drop: false }`
[INFO] [stdout] f9f9bf780a1ad8cd01442f500c22d1853a9687c777ece55ce5aafb55b49735a1
[INFO] running `Command { std: "docker" "start" "-a" "f9f9bf780a1ad8cd01442f500c22d1853a9687c777ece55ce5aafb55b49735a1", kill_on_drop: false }`
[INFO] [stderr]     Checking libc v0.2.40
[INFO] [stderr]     Checking cfg-if v0.1.2
[INFO] [stderr]    Compiling version_check v0.1.3
[INFO] [stderr]     Checking byteorder v1.2.2
[INFO] [stderr]    Compiling cc v1.0.10
[INFO] [stderr]     Checking futures v0.1.21
[INFO] [stderr]     Checking lazy_static v1.0.0
[INFO] [stderr]     Checking log v0.4.1
[INFO] [stderr]     Checking num-traits v0.2.2
[INFO] [stderr]     Checking matches v0.1.6
[INFO] [stderr]     Checking log v0.3.9
[INFO] [stderr]    Compiling pkg-config v0.3.9
[INFO] [stderr]    Compiling unicase v1.4.2
[INFO] [stderr]     Checking percent-encoding v1.0.1
[INFO] [stderr]    Compiling rand v0.4.2
[INFO] [stderr]     Checking time v0.1.39
[INFO] [stderr]     Checking num_cpus v1.8.0
[INFO] [stderr]     Checking iovec v0.1.2
[INFO] [stderr]     Checking net2 v0.2.32
[INFO] [stderr]     Checking bytes v0.4.6
[INFO] [stderr]     Checking unicode-bidi v0.3.4
[INFO] [stderr]     Checking lazycell v0.6.0
[INFO] [stderr]     Checking slab v0.4.0
[INFO] [stderr]    Compiling nodrop v0.1.12
[INFO] [stderr]     Checking unicode-normalization v0.1.5
[INFO] [stderr]     Checking safemem v0.2.0
[INFO] [stderr]     Checking mio v0.6.14
[INFO] [stderr]    Compiling arrayvec v0.4.7
[INFO] [stderr]    Compiling openssl-sys v0.9.28
[INFO] [stderr]     Checking rand v0.3.22
[INFO] [stderr]     Checking tokio-executor v0.1.2
[INFO] [stderr]     Checking tokio-io v0.1.6
[INFO] [stderr]    Compiling crossbeam-utils v0.2.2
[INFO] [stderr]     Checking idna v0.1.4
[INFO] [stderr]     Checking crossbeam-utils v0.3.2
[INFO] [stderr]    Compiling memoffset v0.2.1
[INFO] [stderr]    Compiling scopeguard v0.3.3
[INFO] [stderr]    Compiling openssl v0.9.24
[INFO] [stderr]    Compiling gcc v0.3.54
[INFO] [stderr]     Checking lazy_static v0.2.11
[INFO] [stderr]     Checking crossbeam-epoch v0.4.1
[INFO] [stderr]    Compiling crossbeam-epoch v0.3.1
[INFO] [stderr]     Checking tokio-reactor v0.1.1
[INFO] [stderr]     Checking language-tags v0.2.2
[INFO] [stderr]    Compiling siphasher v0.2.2
[INFO] [stderr]     Checking bitflags v0.9.1
[INFO] [stderr] error: failed to run custom build command for `openssl-sys v0.9.28`
[INFO] [stderr] note: To improve backtraces for build dependencies, set the CARGO_PROFILE_DEV_BUILD_OVERRIDE_DEBUG=true environment variable to enable debug information generation.
[INFO] [stderr] 
[INFO] [stderr] Caused by:
[INFO] [stderr]   process didn't exit successfully: `/opt/rustwide/target/debug/build/openssl-sys-066319eb917df8cd/build-script-build` (exit status: 101)
[INFO] [stderr]   --- stdout
[INFO] [stderr]   cargo:rerun-if-env-changed=X86_64_UNKNOWN_LINUX_GNU_OPENSSL_LIB_DIR
[INFO] [stderr]   cargo:rerun-if-env-changed=OPENSSL_LIB_DIR
[INFO] [stderr]   cargo:rerun-if-env-changed=X86_64_UNKNOWN_LINUX_GNU_OPENSSL_INCLUDE_DIR
[INFO] [stderr]   cargo:rerun-if-env-changed=OPENSSL_INCLUDE_DIR
[INFO] [stderr]   cargo:rerun-if-env-changed=X86_64_UNKNOWN_LINUX_GNU_OPENSSL_DIR
[INFO] [stderr]   cargo:rerun-if-env-changed=OPENSSL_DIR
[INFO] [stderr]   cargo:rustc-link-lib=ssl
[INFO] [stderr]   cargo:rustc-link-lib=crypto
[INFO] [stderr]   OPT_LEVEL = Some("0")
[INFO] [stderr]   TARGET = Some("x86_64-unknown-linux-gnu")
[INFO] [stderr]   HOST = Some("x86_64-unknown-linux-gnu")
[INFO] [stderr]   TARGET = Some("x86_64-unknown-linux-gnu")
[INFO] [stderr]   TARGET = Some("x86_64-unknown-linux-gnu")
[INFO] [stderr]   HOST = Some("x86_64-unknown-linux-gnu")
[INFO] [stderr]   CC_x86_64-unknown-linux-gnu = None
[INFO] [stderr]   CC_x86_64_unknown_linux_gnu = None
[INFO] [stderr]   HOST_CC = None
[INFO] [stderr]   CC = None
[INFO] [stderr]   HOST = Some("x86_64-unknown-linux-gnu")
[INFO] [stderr]   TARGET = Some("x86_64-unknown-linux-gnu")
[INFO] [stderr]   HOST = Some("x86_64-unknown-linux-gnu")
[INFO] [stderr]   CFLAGS_x86_64-unknown-linux-gnu = None
[INFO] [stderr]   CFLAGS_x86_64_unknown_linux_gnu = None
[INFO] [stderr]   HOST_CFLAGS = None
[INFO] [stderr]   CFLAGS = None
[INFO] [stderr]   DEBUG = Some("true")
[INFO] [stderr]   running: "cc" "-O0" "-ffunction-sections" "-fdata-sections" "-fPIC" "-g" "-m64" "-Wall" "-Wextra" "-E" "/opt/rustwide/target/debug/build/openssl-sys-1b5dd42aded6252a/out/expando.c"
[INFO] [stderr]   exit status: 0
[INFO] [stderr]   cargo:rustc-cfg=osslconf="OPENSSL_NO_SSL3_METHOD"
[INFO] [stderr]   cargo:conf=OPENSSL_NO_SSL3_METHOD
[INFO] [stderr] 
[INFO] [stderr]   --- stderr
[INFO] [stderr]   thread 'main' panicked at /opt/rustwide/cargo-home/registry/src/index.crates.io-6f17d22bba15001f/openssl-sys-0.9.28/build.rs:509:9:
[INFO] [stderr] 
[INFO] [stderr] 
[INFO] [stderr]   This crate is only compatible with OpenSSL 1.0.1 through 1.1.1, or LibreSSL 2.5
[INFO] [stderr]   through 2.7, but a different version of OpenSSL was found. The build is now aborting
[INFO] [stderr]   due to this version mismatch.
[INFO] [stderr] 
[INFO] [stderr] 
[INFO] [stderr]   stack backtrace:
[INFO] [stderr]      0:     0x5601e826d456 - std::backtrace_rs::backtrace::libunwind::trace::h261606ad26a499c1
[INFO] [stderr]                                  at /rustc/0e09125c6c3c2fd70d7de961bcf0e51575235fad/library/std/src/../../backtrace/src/backtrace/libunwind.rs:104:5
[INFO] [stderr]      1:     0x5601e826d456 - std::backtrace_rs::backtrace::trace_unsynchronized::hd183f0625477fb28
[INFO] [stderr]                                  at /rustc/0e09125c6c3c2fd70d7de961bcf0e51575235fad/library/std/src/../../backtrace/src/backtrace/mod.rs:66:5
[INFO] [stderr]      2:     0x5601e826d456 - std::sys_common::backtrace::_print_fmt::hd7f8fef21b4eda67
[INFO] [stderr]                                  at /rustc/0e09125c6c3c2fd70d7de961bcf0e51575235fad/library/std/src/sys_common/backtrace.rs:68:5
[INFO] [stderr]      3:     0x5601e826d456 - <std::sys_common::backtrace::_print::DisplayBacktrace as core::fmt::Display>::fmt::h623d9b51f2f453f1
[INFO] [stderr]                                  at /rustc/0e09125c6c3c2fd70d7de961bcf0e51575235fad/library/std/src/sys_common/backtrace.rs:44:22
[INFO] [stderr]      4:     0x5601e8292970 - core::fmt::rt::Argument::fmt::h9f417ac76a86f368
[INFO] [stderr]                                  at /rustc/0e09125c6c3c2fd70d7de961bcf0e51575235fad/library/core/src/fmt/rt.rs:142:9
[INFO] [stderr]      5:     0x5601e8292970 - core::fmt::write::hc9b6faf4ac2aeff7
[INFO] [stderr]                                  at /rustc/0e09125c6c3c2fd70d7de961bcf0e51575235fad/library/core/src/fmt/mod.rs:1120:17
[INFO] [stderr]      6:     0x5601e826aebf - std::io::Write::write_fmt::hfead1eee52c2e65e
[INFO] [stderr]                                  at /rustc/0e09125c6c3c2fd70d7de961bcf0e51575235fad/library/std/src/io/mod.rs:1810:15
[INFO] [stderr]      7:     0x5601e826d234 - std::sys_common::backtrace::_print::hd5d66399c7df88a2
[INFO] [stderr]                                  at /rustc/0e09125c6c3c2fd70d7de961bcf0e51575235fad/library/std/src/sys_common/backtrace.rs:47:5
[INFO] [stderr]      8:     0x5601e826d234 - std::sys_common::backtrace::print::he81ed2da642d37e5
[INFO] [stderr]                                  at /rustc/0e09125c6c3c2fd70d7de961bcf0e51575235fad/library/std/src/sys_common/backtrace.rs:34:9
[INFO] [stderr]      9:     0x5601e826eb17 - std::panicking::default_hook::{{closure}}::h85773f4fa117163d
[INFO] [stderr]     10:     0x5601e826e879 - std::panicking::default_hook::h6a1694a91d09b278
[INFO] [stderr]                                  at /rustc/0e09125c6c3c2fd70d7de961bcf0e51575235fad/library/std/src/panicking.rs:292:9
[INFO] [stderr]     11:     0x5601e826efa8 - std::panicking::rust_panic_with_hook::h0a7ad96e90f7145b
[INFO] [stderr]                                  at /rustc/0e09125c6c3c2fd70d7de961bcf0e51575235fad/library/std/src/panicking.rs:779:13
[INFO] [stderr]     12:     0x5601e821322e - std::panicking::begin_panic::{{closure}}::hcb7dbc657146e1bc
[INFO] [stderr]     13:     0x5601e820fd1a - std::sys_common::backtrace::__rust_end_short_backtrace::h698599791721b93b
[INFO] [stderr]     14:     0x5601e82131ab - std::panicking::begin_panic::hf65bab93d97e043b
[INFO] [stderr]     15:     0x5601e8204a52 - build_script_build::validate_headers::hf24763176cd4b69e
[INFO] [stderr]     16:     0x5601e8203945 - build_script_build::try_pkg_config::h61805c5bafb47f79
[INFO] [stderr]     17:     0x5601e8202aa4 - build_script_build::find_openssl_dir::h94b2ecf65703425d
[INFO] [stderr]     18:     0x5601e8202918 - build_script_build::main::{{closure}}::h16c692e8f3eb9ca0
[INFO] [stderr]     19:     0x5601e8209b7f - core::option::Option<T>::unwrap_or_else::h0b34626efce75c0c
[INFO] [stderr]     20:     0x5601e820198f - build_script_build::main::h762826425caa9042
[INFO] [stderr]     21:     0x5601e8206c83 - core::ops::function::FnOnce::call_once::hdf8cf8ebf842fff8
[INFO] [stderr]     22:     0x5601e820b186 - std::sys_common::backtrace::__rust_begin_short_backtrace::hd9bb28c0686ab12e
[INFO] [stderr]     23:     0x5601e820b819 - std::rt::lang_start::{{closure}}::hf48a1f1c89ebb064
[INFO] [stderr]     24:     0x5601e82671b1 - core::ops::function::impls::<impl core::ops::function::FnOnce<A> for &F>::call_once::h4eb4c5e1620f29b0
[INFO] [stderr]                                  at /rustc/0e09125c6c3c2fd70d7de961bcf0e51575235fad/library/core/src/ops/function.rs:284:13
[INFO] [stderr]     25:     0x5601e82671b1 - std::panicking::try::do_call::h73fd26535faffcdf
[INFO] [stderr]                                  at /rustc/0e09125c6c3c2fd70d7de961bcf0e51575235fad/library/std/src/panicking.rs:552:40
[INFO] [stderr]     26:     0x5601e82671b1 - std::panicking::try::h77ff1d98f0fb9f39
[INFO] [stderr]                                  at /rustc/0e09125c6c3c2fd70d7de961bcf0e51575235fad/library/std/src/panicking.rs:516:19
[INFO] [stderr]     27:     0x5601e82671b1 - std::panic::catch_unwind::hab3caf2448b95e37
[INFO] [stderr]                                  at /rustc/0e09125c6c3c2fd70d7de961bcf0e51575235fad/library/std/src/panic.rs:142:14
[INFO] [stderr]     28:     0x5601e82671b1 - std::rt::lang_start_internal::{{closure}}::h8086711f9c783f78
[INFO] [stderr]                                  at /rustc/0e09125c6c3c2fd70d7de961bcf0e51575235fad/library/std/src/rt.rs:148:48
[INFO] [stderr]     29:     0x5601e82671b1 - std::panicking::try::do_call::hf920d4dc291cd6ca
[INFO] [stderr]                                  at /rustc/0e09125c6c3c2fd70d7de961bcf0e51575235fad/library/std/src/panicking.rs:552:40
[INFO] [stderr]     30:     0x5601e82671b1 - std::panicking::try::h2b806ccc0a85db74
[INFO] [stderr]                                  at /rustc/0e09125c6c3c2fd70d7de961bcf0e51575235fad/library/std/src/panicking.rs:516:19
[INFO] [stderr]     31:     0x5601e82671b1 - std::panic::catch_unwind::h038489539c507df2
[INFO] [stderr]                                  at /rustc/0e09125c6c3c2fd70d7de961bcf0e51575235fad/library/std/src/panic.rs:142:14
[INFO] [stderr]     32:     0x5601e82671b1 - std::rt::lang_start_internal::h28503b88912e8a5c
[INFO] [stderr]                                  at /rustc/0e09125c6c3c2fd70d7de961bcf0e51575235fad/library/std/src/rt.rs:148:20
[INFO] [stderr]     33:     0x5601e820b7f7 - std::rt::lang_start::h2e882ad8106a6e81
[INFO] [stderr]     34:     0x5601e8206515 - main
[INFO] [stderr]     35:     0x7f224a64ed90 - <unknown>
[INFO] [stderr]     36:     0x7f224a64ee40 - __libc_start_main
[INFO] [stderr]     37:     0x5601e81fcea5 - _start
[INFO] [stderr]     38:                0x0 - <unknown>
[INFO] [stderr] warning: build failed, waiting for other jobs to finish...
[INFO] running `Command { std: "docker" "inspect" "f9f9bf780a1ad8cd01442f500c22d1853a9687c777ece55ce5aafb55b49735a1", kill_on_drop: false }`
[INFO] running `Command { std: "docker" "rm" "-f" "f9f9bf780a1ad8cd01442f500c22d1853a9687c777ece55ce5aafb55b49735a1", kill_on_drop: false }`
[INFO] [stdout] f9f9bf780a1ad8cd01442f500c22d1853a9687c777ece55ce5aafb55b49735a1
