[INFO] cloning repository https://github.com/HashWarlock/phat-contract-examples
[INFO] running `Command { std: "git" "-c" "credential.helper=" "-c" "credential.helper=/workspace/cargo-home/bin/git-credential-null" "clone" "--bare" "https://github.com/HashWarlock/phat-contract-examples" "/workspace/cache/git-repos/https%3A%2F%2Fgithub.com%2FHashWarlock%2Fphat-contract-examples", kill_on_drop: false }`
[INFO] [stderr] Cloning into bare repository '/workspace/cache/git-repos/https%3A%2F%2Fgithub.com%2FHashWarlock%2Fphat-contract-examples'...
[INFO] running `Command { std: "git" "rev-parse" "HEAD", kill_on_drop: false }`
[INFO] [stdout] 03b11deaad154e741b8d768e54cc616a19eae77c
[INFO] documenting HashWarlock/phat-contract-examples against 1.75.0 for beta-1.76-rustdoc-1
[INFO] running `Command { std: "git" "clone" "/workspace/cache/git-repos/https%3A%2F%2Fgithub.com%2FHashWarlock%2Fphat-contract-examples" "/workspace/builds/worker-5-tc1/source", kill_on_drop: false }`
[INFO] [stderr] Cloning into '/workspace/builds/worker-5-tc1/source'...
[INFO] [stderr] done.
[INFO] [stderr] Updating files:  36% (194/537)
Updating files:  37% (199/537)
Updating files:  38% (205/537)
Updating files:  39% (210/537)
Updating files:  40% (215/537)
Updating files:  41% (221/537)
Updating files:  42% (226/537)
Updating files:  43% (231/537)
Updating files:  44% (237/537)
Updating files:  45% (242/537)
Updating files:  46% (248/537)
Updating files:  47% (253/537)
Updating files:  48% (258/537)
Updating files:  49% (264/537)
Updating files:  50% (269/537)
Updating files:  51% (274/537)
Updating files:  52% (280/537)
Updating files:  53% (285/537)
Updating files:  54% (290/537)
Updating files:  55% (296/537)
Updating files:  56% (301/537)
Updating files:  57% (307/537)
Updating files:  58% (312/537)
Updating files:  59% (317/537)
Updating files:  60% (323/537)
Updating files:  61% (328/537)
Updating files:  62% (333/537)
Updating files:  63% (339/537)
Updating files:  64% (344/537)
Updating files:  65% (350/537)
Updating files:  66% (355/537)
Updating files:  67% (360/537)
Updating files:  68% (366/537)
Updating files:  69% (371/537)
Updating files:  70% (376/537)
Updating files:  71% (382/537)
Updating files:  72% (387/537)
Updating files:  73% (393/537)
Updating files:  74% (398/537)
Updating files:  75% (403/537)
Updating files:  76% (409/537)
Updating files:  77% (414/537)
Updating files:  78% (419/537)
Updating files:  79% (425/537)
Updating files:  80% (430/537)
Updating files:  81% (435/537)
Updating files:  82% (441/537)
Updating files:  83% (446/537)
Updating files:  84% (452/537)
Updating files:  85% (457/537)
Updating files:  86% (462/537)
Updating files:  87% (468/537)
Updating files:  88% (473/537)
Updating files:  89% (478/537)
Updating files:  90% (484/537)
Updating files:  91% (489/537)
Updating files:  92% (495/537)
Updating files:  93% (500/537)
Updating files:  94% (505/537)
Updating files:  95% (511/537)
Updating files:  96% (516/537)
Updating files:  97% (521/537)
Updating files:  98% (527/537)
Updating files:  99% (532/537)
Updating files: 100% (537/537)
Updating files: 100% (537/537), done.
[INFO] validating manifest of git repo https://github.com/HashWarlock/phat-contract-examples on toolchain 1.75.0
[INFO] running `Command { std: CARGO_HOME="/workspace/cargo-home" RUSTUP_HOME="/workspace/rustup-home" "/workspace/cargo-home/bin/cargo" "+1.75.0" "metadata" "--manifest-path" "Cargo.toml" "--no-deps", kill_on_drop: false }`
[INFO] removed /workspace/builds/worker-5-tc1/source/rust-toolchain.toml
[INFO] started tweaking git repo https://github.com/HashWarlock/phat-contract-examples
[INFO] finished tweaking git repo https://github.com/HashWarlock/phat-contract-examples
[INFO] tweaked toml for git repo https://github.com/HashWarlock/phat-contract-examples written to /workspace/builds/worker-5-tc1/source/Cargo.toml
[INFO] crate git repo https://github.com/HashWarlock/phat-contract-examples already has a lockfile, it will not be regenerated
[INFO] running `Command { std: CARGO_HOME="/workspace/cargo-home" RUSTUP_HOME="/workspace/rustup-home" "/workspace/cargo-home/bin/cargo" "+1.75.0" "fetch" "--manifest-path" "Cargo.toml", kill_on_drop: false }`
[INFO] [stderr] warning: profiles for the non root package will be ignored, specify profiles at the workspace root:
[INFO] [stderr] package:   /workspace/builds/worker-5-tc1/source/examples/phat-gm/Cargo.toml
[INFO] [stderr] workspace: /workspace/builds/worker-5-tc1/source/Cargo.toml
[INFO] [stderr] warning: profiles for the non root package will be ignored, specify profiles at the workspace root:
[INFO] [stderr] package:   /workspace/builds/worker-5-tc1/source/examples/phat-rpc/Cargo.toml
[INFO] [stderr] workspace: /workspace/builds/worker-5-tc1/source/Cargo.toml
[INFO] [stderr]     Updating crates.io index
[INFO] [stderr]     Updating git repository `https://github.com/paritytech/substrate.git`
[INFO] [stderr]  Downloading crates ...
[INFO] [stderr]   Downloaded ink_lang_macro v3.3.1
[INFO] [stderr]   Downloaded serde-json-core v0.4.0
[INFO] [stderr]   Downloaded ink_metadata v3.3.1
[INFO] [stderr]   Downloaded ink_prelude v3.3.1
[INFO] [stderr]   Downloaded ink_allocator v3.3.1
[INFO] [stderr]   Downloaded wyz v0.5.0
[INFO] [stderr]   Downloaded ss58-registry v1.29.0
[INFO] [stderr]   Downloaded ink_lang v3.3.1
[INFO] [stderr]   Downloaded secp256k1 v0.24.0
[INFO] [stderr]   Downloaded parity-scale-codec v3.1.5
[INFO] [stderr]   Downloaded ink_env v3.3.1
[INFO] [stderr]   Downloaded ink_lang_codegen v3.3.1
[INFO] [stderr]   Downloaded sha3 v0.10.4
[INFO] [stderr]   Downloaded secp256k1-sys v0.6.0
[INFO] [stderr]   Downloaded ink_lang_ir v3.3.1
[INFO] [stderr]   Downloaded signature v1.6.0
[INFO] [stderr]   Downloaded scale-info-derive v2.1.2
[INFO] [stderr]   Downloaded ink_engine v3.3.1
[INFO] [stderr]   Downloaded scale-info v2.1.2
[INFO] [stderr]   Downloaded ink_primitives v3.3.1
[INFO] [stderr]   Downloaded pink-extension-runtime v0.1.4
[INFO] [stderr]   Downloaded pink-utils v0.1.0
[INFO] [stderr]   Downloaded pink-extension v0.1.18
[INFO] [stderr]   Downloaded pink-extension-macro v0.1.5
[INFO] [stderr]   Downloaded ink_storage_derive v3.3.1
[INFO] [stderr]   Downloaded ink_storage v3.3.1
[INFO] running `Command { std: "docker" "create" "-v" "/var/lib/crater-agent-workspace/builds/worker-5-tc1/target:/opt/rustwide/target:rw,Z" "-v" "/var/lib/crater-agent-workspace/builds/worker-5-tc1/source:/opt/rustwide/workdir:ro,Z" "-v" "/var/lib/crater-agent-workspace/cargo-home:/opt/rustwide/cargo-home:ro,Z" "-v" "/var/lib/crater-agent-workspace/rustup-home:/opt/rustwide/rustup-home:ro,Z" "-e" "SOURCE_DIR=/opt/rustwide/workdir" "-e" "CARGO_TARGET_DIR=/opt/rustwide/target" "-e" "CARGO_HOME=/opt/rustwide/cargo-home" "-e" "RUSTUP_HOME=/opt/rustwide/rustup-home" "-w" "/opt/rustwide/workdir" "-m" "1610612736" "--user" "0:0" "--network" "none" "ghcr.io/rust-lang/crates-build-env/linux@sha256:2788e3201cd34a07e3172128adcd8b3090168a8e3bcc40d7c032b9dda1df7d1c" "/opt/rustwide/cargo-home/bin/cargo" "+1.75.0" "metadata" "--no-deps" "--format-version=1", kill_on_drop: false }`
[INFO] [stdout] 50aa43099d6f3c2cf52c84d4f3e97cb2623fc1253c9579242dfe5c6a3d5e0cfd
[INFO] running `Command { std: "docker" "start" "-a" "50aa43099d6f3c2cf52c84d4f3e97cb2623fc1253c9579242dfe5c6a3d5e0cfd", kill_on_drop: false }`
[INFO] running `Command { std: "docker" "inspect" "50aa43099d6f3c2cf52c84d4f3e97cb2623fc1253c9579242dfe5c6a3d5e0cfd", kill_on_drop: false }`
[INFO] running `Command { std: "docker" "rm" "-f" "50aa43099d6f3c2cf52c84d4f3e97cb2623fc1253c9579242dfe5c6a3d5e0cfd", kill_on_drop: false }`
[INFO] [stdout] 50aa43099d6f3c2cf52c84d4f3e97cb2623fc1253c9579242dfe5c6a3d5e0cfd
[INFO] running `Command { std: "docker" "create" "-v" "/var/lib/crater-agent-workspace/builds/worker-5-tc1/target:/opt/rustwide/target:rw,Z" "-v" "/var/lib/crater-agent-workspace/builds/worker-5-tc1/source:/opt/rustwide/workdir:ro,Z" "-v" "/var/lib/crater-agent-workspace/cargo-home:/opt/rustwide/cargo-home:ro,Z" "-v" "/var/lib/crater-agent-workspace/rustup-home:/opt/rustwide/rustup-home:ro,Z" "-e" "SOURCE_DIR=/opt/rustwide/workdir" "-e" "CARGO_TARGET_DIR=/opt/rustwide/target" "-e" "CARGO_INCREMENTAL=0" "-e" "RUST_BACKTRACE=full" "-e" "RUSTFLAGS=--cap-lints=warn" "-e" "RUSTDOCFLAGS=--cap-lints=warn" "-e" "CARGO_HOME=/opt/rustwide/cargo-home" "-e" "RUSTUP_HOME=/opt/rustwide/rustup-home" "-w" "/opt/rustwide/workdir" "-m" "1610612736" "--user" "0:0" "--network" "none" "ghcr.io/rust-lang/crates-build-env/linux@sha256:2788e3201cd34a07e3172128adcd8b3090168a8e3bcc40d7c032b9dda1df7d1c" "/opt/rustwide/cargo-home/bin/cargo" "+1.75.0" "doc" "--frozen" "--no-deps" "--document-private-items" "--message-format=json", kill_on_drop: false }`
[INFO] [stdout] 35c46f3040a63cfec3b32cb54a7dde7f4a64ae65965be8719fc5fb96ac5ce7fd
[INFO] running `Command { std: "docker" "start" "-a" "35c46f3040a63cfec3b32cb54a7dde7f4a64ae65965be8719fc5fb96ac5ce7fd", kill_on_drop: false }`
[INFO] [stderr] warning: profiles for the non root package will be ignored, specify profiles at the workspace root:
[INFO] [stderr] package:   /opt/rustwide/workdir/examples/phat-gm/Cargo.toml
[INFO] [stderr] workspace: /opt/rustwide/workdir/Cargo.toml
[INFO] [stderr] warning: profiles for the non root package will be ignored, specify profiles at the workspace root:
[INFO] [stderr] package:   /opt/rustwide/workdir/examples/phat-rpc/Cargo.toml
[INFO] [stderr] workspace: /opt/rustwide/workdir/Cargo.toml
[INFO] [stderr]    Compiling unicode-ident v1.0.3
[INFO] [stderr]    Compiling syn v1.0.99
[INFO] [stderr]    Compiling serde v1.0.144
[INFO] [stderr]    Compiling radium v0.7.0
[INFO] [stderr]    Compiling once_cell v1.14.0
[INFO] [stderr]    Compiling tap v1.0.1
[INFO] [stderr]    Compiling secp256k1-sys v0.6.0
[INFO] [stderr]    Compiling funty v2.0.0
[INFO] [stderr]    Compiling byte-slice-cast v1.2.1
[INFO] [stderr]    Compiling arrayvec v0.7.2
[INFO] [stderr]    Compiling libc v0.2.132
[INFO] [stderr]    Compiling unicode-xid v0.2.3
[INFO] [stderr]    Compiling num-traits v0.2.15
[INFO] [stderr]    Compiling digest v0.10.3
[INFO] [stderr]    Compiling proc-macro2 v1.0.43
[INFO] [stderr]    Compiling wyz v0.5.0
[INFO] [stderr]    Compiling either v1.8.0
[INFO] [stderr]     Checking crypto-common v0.1.6
[INFO] [stderr]    Compiling ink_prelude v3.3.1
[INFO] [stderr]    Compiling blake2 v0.10.4
[INFO] [stderr]    Compiling itertools v0.10.3
[INFO] [stderr]    Compiling serde_json v1.0.85
[INFO] [stderr]     Checking static_assertions v1.1.0
[INFO] [stderr]    Compiling heck v0.4.0
[INFO] [stderr]    Compiling ucd-trie v0.1.5
[INFO] [stderr]     Checking keccak v0.1.2
[INFO] [stderr]     Checking sha2 v0.10.5
[INFO] [stderr]    Compiling quote v1.0.21
[INFO] [stderr]    Compiling bitvec v1.0.1
[INFO] [stderr]     Checking sha3 v0.10.4
[INFO] [stderr]    Compiling camino v1.1.1
[INFO] [stderr]    Compiling digest v0.9.0
[INFO] [stderr]    Compiling crypto-mac v0.8.0
[INFO] [stderr]     Checking ink_allocator v3.3.1
[INFO] [stderr]    Compiling unicode-segmentation v1.9.0
[INFO] [stderr]     Checking arrayref v0.3.6
[INFO] [stderr]    Compiling opaque-debug v0.3.0
[INFO] [stderr]    Compiling blake2 v0.9.2
[INFO] [stderr]    Compiling getrandom v0.2.7
[INFO] [stderr]    Compiling fs2 v0.4.3
[INFO] [stderr]    Compiling unwrap v1.2.1
[INFO] [stderr]    Compiling semver v1.0.13
[INFO] [stderr]    Compiling rand_core v0.6.3
[INFO] [stderr]     Checking array-init v2.0.1
[INFO] [stderr]     Checking byteorder v1.4.3
[INFO] [stderr]    Compiling lock_api v0.4.8
[INFO] [stderr]    Compiling heck v0.3.3
[INFO] [stderr]    Compiling crunchy v0.2.2
[INFO] [stderr]    Compiling rand_chacha v0.3.1
[INFO] [stderr]     Checking hex v0.4.3
[INFO] [stderr]    Compiling Inflector v0.11.4
[INFO] [stderr]    Compiling arrayvec v0.4.12
[INFO] [stderr]    Compiling unzip3 v1.0.0
[INFO] [stderr]    Compiling rand v0.8.5
[INFO] [stderr]     Checking hash32 v0.2.1
[INFO] [stderr]     Checking stable_deref_trait v1.2.0
[INFO] [stderr]     Checking nodrop v0.1.14
[INFO] [stderr]     Checking uint v0.9.3
[INFO] [stderr]    Compiling rustc_version v0.4.0
[INFO] [stderr]     Checking fixed-hash v0.7.0
[INFO] [stderr]     Checking twox-hash v1.6.3
[INFO] [stderr]     Checking sp-std v4.0.0 (https://github.com/paritytech/substrate.git?branch=polkadot-v0.9.27#8eff668a)
[INFO] [stderr]     Checking constant_time_eq v0.1.5
[INFO] [stderr]     Checking spin v0.9.4
[INFO] [stderr]    Compiling hex-literal v0.3.4
[INFO] [stderr]     Checking base58 v0.2.0
[INFO] [stderr]  Documenting environmental v1.1.3 (/opt/rustwide/workdir/utils/environmental)
[INFO] [stderr]    Compiling heapless v0.7.16
[INFO] [stderr]     Checking sp-core-hashing v4.0.0 (https://github.com/paritytech/substrate.git?branch=polkadot-v0.9.27#8eff668a)
[INFO] [stderr]     Checking blake2-rfc v0.2.18
[INFO] [stderr]     Checking secp256k1 v0.24.0
[INFO] [stderr]    Compiling synstructure v0.12.6
[INFO] [stderr]    Compiling ink_lang_ir v3.3.1
[INFO] [stderr]    Compiling serde_derive v1.0.144
[INFO] [stderr]    Compiling thiserror-impl v1.0.34
[INFO] [stderr]    Compiling impl-trait-for-tuples v0.2.2
[INFO] [stderr]    Compiling derive_more v0.99.17
[INFO] [stderr]    Compiling ink_storage_derive v3.3.1
[INFO] [stderr]    Compiling thiserror v1.0.34
[INFO] [stderr]    Compiling pest v2.3.0
[INFO] [stderr]    Compiling semver-parser v0.10.2
[INFO] [stderr]     Checking impl-serde v0.3.2
[INFO] [stderr]     Checking serde-json-core v0.4.0
[INFO] [stderr]    Compiling toml v0.5.9
[INFO] [stderr]    Compiling semver v0.11.0
[INFO] [stderr]    Compiling cargo-platform v0.1.2
[INFO] [stderr]    Compiling cargo_metadata v0.13.1
[INFO] [stderr]    Compiling proc-macro-crate v1.2.1
[INFO] [stderr]    Compiling ss58-registry v1.29.0
[INFO] [stderr]    Compiling parity-scale-codec-derive v3.1.3
[INFO] [stderr]    Compiling scale-info-derive v2.1.2
[INFO] [stderr]    Compiling openbrush_lang_codegen v2.1.0 (/opt/rustwide/workdir/vendor/openbrush-contracts/lang/codegen)
[INFO] [stdout] error[E0554]: `#![feature]` may not be used on the stable release channel
[INFO] [stdout]   --> vendor/openbrush-contracts/lang/codegen/src/lib.rs:22:12
[INFO] [stdout]    |
[INFO] [stdout] 22 | #![feature(drain_filter)]
[INFO] [stdout]    |            ^^^^^^^^^^^^
[INFO] [stdout] 
[INFO] [stdout] 
[INFO] [stdout] error[E0635]: unknown feature `drain_filter`
[INFO] [stdout]   --> vendor/openbrush-contracts/lang/codegen/src/lib.rs:22:12
[INFO] [stdout]    |
[INFO] [stdout] 22 | #![feature(drain_filter)]
[INFO] [stdout]    |            ^^^^^^^^^^^^
[INFO] [stdout] 
[INFO] [stdout] 
[INFO] [stdout] error[E0599]: no method named `drain_filter` found for mutable reference `&mut Vec<Attribute>` in the current scope
[INFO] [stdout]    --> vendor/openbrush-contracts/lang/codegen/src/internal.rs:303:11
[INFO] [stdout]     |
[INFO] [stdout] 303 |     attrs.drain_filter(|attr| is_attr(&vec![attr.clone()], ident)).collect()
[INFO] [stdout]     |           ^^^^^^^^^^^^ method not found in `&mut Vec<Attribute>`
[INFO] [stdout] 
[INFO] [stdout] 
[INFO] [stdout] error: aborting due to 3 previous errors
[INFO] [stdout] 
[INFO] [stdout] 
[INFO] [stdout] Some errors have detailed explanations: E0554, E0599, E0635.
[INFO] [stdout] 
[INFO] [stdout] For more information about an error, try `rustc --explain E0554`.
[INFO] [stdout] 
[INFO] [stderr] error: could not compile `openbrush_lang_codegen` (lib) due to 4 previous errors
[INFO] [stderr] warning: build failed, waiting for other jobs to finish...
[INFO] running `Command { std: "docker" "inspect" "35c46f3040a63cfec3b32cb54a7dde7f4a64ae65965be8719fc5fb96ac5ce7fd", kill_on_drop: false }`
[INFO] running `Command { std: "docker" "rm" "-f" "35c46f3040a63cfec3b32cb54a7dde7f4a64ae65965be8719fc5fb96ac5ce7fd", kill_on_drop: false }`
[INFO] [stdout] 35c46f3040a63cfec3b32cb54a7dde7f4a64ae65965be8719fc5fb96ac5ce7fd
