[INFO] cloning repository https://github.com/Harzu/freya-term
[INFO] running `Command { std: "git" "-c" "credential.helper=" "-c" "credential.helper=/workspace/cargo-home/bin/git-credential-null" "clone" "--bare" "https://github.com/Harzu/freya-term" "/workspace/cache/git-repos/https%3A%2F%2Fgithub.com%2FHarzu%2Ffreya-term", kill_on_drop: false }`
[INFO] [stderr] Cloning into bare repository '/workspace/cache/git-repos/https%3A%2F%2Fgithub.com%2FHarzu%2Ffreya-term'...
[INFO] running `Command { std: "git" "rev-parse" "HEAD", kill_on_drop: false }`
[INFO] [stdout] b3f5e7a52e300522f5d60ecb6f98489fb9eece16
[INFO] documenting Harzu/freya-term against 1.75.0 for beta-1.76-rustdoc-1
[INFO] running `Command { std: "git" "clone" "/workspace/cache/git-repos/https%3A%2F%2Fgithub.com%2FHarzu%2Ffreya-term" "/workspace/builds/worker-3-tc1/source", kill_on_drop: false }`
[INFO] [stderr] Cloning into '/workspace/builds/worker-3-tc1/source'...
[INFO] [stderr] done.
[INFO] validating manifest of git repo https://github.com/Harzu/freya-term on toolchain 1.75.0
[INFO] running `Command { std: CARGO_HOME="/workspace/cargo-home" RUSTUP_HOME="/workspace/rustup-home" "/workspace/cargo-home/bin/cargo" "+1.75.0" "metadata" "--manifest-path" "Cargo.toml" "--no-deps", kill_on_drop: false }`
[INFO] started tweaking git repo https://github.com/Harzu/freya-term
[INFO] finished tweaking git repo https://github.com/Harzu/freya-term
[INFO] tweaked toml for git repo https://github.com/Harzu/freya-term written to /workspace/builds/worker-3-tc1/source/Cargo.toml
[INFO] crate git repo https://github.com/Harzu/freya-term already has a lockfile, it will not be regenerated
[INFO] running `Command { std: CARGO_HOME="/workspace/cargo-home" RUSTUP_HOME="/workspace/rustup-home" "/workspace/cargo-home/bin/cargo" "+1.75.0" "fetch" "--manifest-path" "Cargo.toml", kill_on_drop: false }`
[INFO] [stderr]     Updating crates.io index
[INFO] [stderr]  Downloading crates ...
[INFO] [stderr]   Downloaded dioxus-native-core-macro v0.4.3
[INFO] [stderr]   Downloaded execute-command-macro v0.1.9
[INFO] [stderr]   Downloaded keyboard-types v0.7.0
[INFO] [stderr]   Downloaded freya-common v0.1.0
[INFO] [stderr]   Downloaded alacritty_config v0.1.1
[INFO] [stderr]   Downloaded spsc-buffer v0.1.1
[INFO] [stderr]   Downloaded mio-anonymous-pipes v0.2.0
[INFO] [stderr]   Downloaded freya-layout v0.1.6
[INFO] [stderr]   Downloaded torin v0.1.0
[INFO] [stderr]   Downloaded internment v0.7.4
[INFO] [stderr]   Downloaded dioxus-router v0.4.3
[INFO] [stderr]   Downloaded shipyard v0.6.2
[INFO] [stderr]   Downloaded ropey v1.6.1
[INFO] [stderr]   Downloaded skia-safe v0.63.0
[INFO] [stderr]   Downloaded dioxus-html v0.4.3
[INFO] [stderr]   Downloaded dioxus-core v0.4.3
[INFO] [stderr]   Downloaded skia-bindings v0.63.0
[INFO] [stderr]   Downloaded alacritty_config_derive v0.2.1
[INFO] [stderr]   Downloaded krates v0.12.6
[INFO] [stderr]   Downloaded tween v2.0.1
[INFO] [stderr]   Downloaded xattr v1.1.1
[INFO] [stderr]   Downloaded dioxus-rsx v0.4.3
[INFO] [stderr]   Downloaded dioxus-hooks v0.4.3
[INFO] [stderr]   Downloaded dioxus v0.4.3
[INFO] [stderr]   Downloaded interprocess-docfix v1.2.2
[INFO] [stderr]   Downloaded cfg-expr v0.12.0
[INFO] [stderr]   Downloaded freya-elements v0.1.0
[INFO] [stderr]   Downloaded dioxus-core-macro v0.4.3
[INFO] [stderr]   Downloaded longest-increasing-subsequence v0.1.0
[INFO] [stderr]   Downloaded str_indices v0.4.3
[INFO] [stderr]   Downloaded freya-dom v0.1.2
[INFO] [stderr]   Downloaded execute-command-macro-impl v0.1.10
[INFO] [stderr]   Downloaded anymap v1.0.0-beta.2
[INFO] [stderr]   Downloaded dioxus-router-macro v0.4.3
[INFO] [stderr]   Downloaded dioxus-debug-cell v0.1.1
[INFO] [stderr]   Downloaded freya-node-state v0.1.4
[INFO] [stderr]   Downloaded freya v0.1.8
[INFO] [stderr]   Downloaded execute v0.2.13
[INFO] [stderr]   Downloaded freya-hooks v0.1.3
[INFO] [stderr]   Downloaded execute-command-tokens v0.1.7
[INFO] [stderr]   Downloaded dioxus-hot-reload v0.4.3
[INFO] [stderr]   Downloaded freya-engine v0.1.3
[INFO] [stderr]   Downloaded shipyard_proc v0.3.0
[INFO] [stderr]   Downloaded generic-array v1.0.0
[INFO] [stderr]   Downloaded freya-renderer v0.1.6
[INFO] [stderr]   Downloaded freya-core v0.1.3
[INFO] [stderr]   Downloaded dioxus-native-core v0.4.3
[INFO] [stderr]   Downloaded freya-components v0.1.5
[INFO] [stderr]   Downloaded alacritty_terminal v0.19.1
[INFO] running `Command { std: "docker" "create" "-v" "/var/lib/crater-agent-workspace/builds/worker-3-tc1/target:/opt/rustwide/target:rw,Z" "-v" "/var/lib/crater-agent-workspace/builds/worker-3-tc1/source:/opt/rustwide/workdir:ro,Z" "-v" "/var/lib/crater-agent-workspace/cargo-home:/opt/rustwide/cargo-home:ro,Z" "-v" "/var/lib/crater-agent-workspace/rustup-home:/opt/rustwide/rustup-home:ro,Z" "-e" "SOURCE_DIR=/opt/rustwide/workdir" "-e" "CARGO_TARGET_DIR=/opt/rustwide/target" "-e" "CARGO_HOME=/opt/rustwide/cargo-home" "-e" "RUSTUP_HOME=/opt/rustwide/rustup-home" "-w" "/opt/rustwide/workdir" "-m" "1610612736" "--user" "0:0" "--network" "none" "ghcr.io/rust-lang/crates-build-env/linux@sha256:2788e3201cd34a07e3172128adcd8b3090168a8e3bcc40d7c032b9dda1df7d1c" "/opt/rustwide/cargo-home/bin/cargo" "+1.75.0" "metadata" "--no-deps" "--format-version=1", kill_on_drop: false }`
[INFO] [stdout] b1289290939f7322ae057aba30a960fcfad1241a886aa83ab7de608b951f3139
[INFO] running `Command { std: "docker" "start" "-a" "b1289290939f7322ae057aba30a960fcfad1241a886aa83ab7de608b951f3139", kill_on_drop: false }`
[INFO] running `Command { std: "docker" "inspect" "b1289290939f7322ae057aba30a960fcfad1241a886aa83ab7de608b951f3139", kill_on_drop: false }`
[INFO] running `Command { std: "docker" "rm" "-f" "b1289290939f7322ae057aba30a960fcfad1241a886aa83ab7de608b951f3139", kill_on_drop: false }`
[INFO] [stdout] b1289290939f7322ae057aba30a960fcfad1241a886aa83ab7de608b951f3139
[INFO] running `Command { std: "docker" "create" "-v" "/var/lib/crater-agent-workspace/builds/worker-3-tc1/target:/opt/rustwide/target:rw,Z" "-v" "/var/lib/crater-agent-workspace/builds/worker-3-tc1/source:/opt/rustwide/workdir:ro,Z" "-v" "/var/lib/crater-agent-workspace/cargo-home:/opt/rustwide/cargo-home:ro,Z" "-v" "/var/lib/crater-agent-workspace/rustup-home:/opt/rustwide/rustup-home:ro,Z" "-e" "SOURCE_DIR=/opt/rustwide/workdir" "-e" "CARGO_TARGET_DIR=/opt/rustwide/target" "-e" "CARGO_INCREMENTAL=0" "-e" "RUST_BACKTRACE=full" "-e" "RUSTFLAGS=--cap-lints=warn" "-e" "RUSTDOCFLAGS=--cap-lints=warn" "-e" "CARGO_HOME=/opt/rustwide/cargo-home" "-e" "RUSTUP_HOME=/opt/rustwide/rustup-home" "-w" "/opt/rustwide/workdir" "-m" "1610612736" "--user" "0:0" "--network" "none" "ghcr.io/rust-lang/crates-build-env/linux@sha256:2788e3201cd34a07e3172128adcd8b3090168a8e3bcc40d7c032b9dda1df7d1c" "/opt/rustwide/cargo-home/bin/cargo" "+1.75.0" "doc" "--frozen" "--no-deps" "--document-private-items" "--message-format=json", kill_on_drop: false }`
[INFO] [stdout] c669377f095efe89bcf4f2882fff3ebbdc63b7ad88cad5098741db6a39f1f1e5
[INFO] running `Command { std: "docker" "start" "-a" "c669377f095efe89bcf4f2882fff3ebbdc63b7ad88cad5098741db6a39f1f1e5", kill_on_drop: false }`
[INFO] [stderr]    Compiling proc-macro2 v1.0.70
[INFO] [stderr]    Compiling libc v0.2.150
[INFO] [stderr]    Compiling serde v1.0.193
[INFO] [stderr]    Compiling log v0.4.20
[INFO] [stderr]    Compiling futures-core v0.3.29
[INFO] [stderr]    Compiling pkg-config v0.3.27
[INFO] [stderr]    Compiling crossbeam-utils v0.8.16
[INFO] [stderr]    Compiling bumpalo v3.14.0
[INFO] [stderr]    Compiling xml-rs v0.8.19
[INFO] [stderr]     Checking futures-io v0.3.29
[INFO] [stderr]     Checking futures-sink v0.3.29
[INFO] [stderr]    Compiling futures-channel v0.3.29
[INFO] [stderr]    Compiling wasm-bindgen-shared v0.2.89
[INFO] [stderr]    Compiling futures-task v0.3.29
[INFO] [stderr]    Compiling futures-util v0.3.29
[INFO] [stderr]    Compiling quote v1.0.33
[INFO] [stderr]    Compiling syn v1.0.109
[INFO] [stderr]     Checking concurrent-queue v2.4.0
[INFO] [stderr]    Compiling cc v1.0.83
[INFO] [stderr]    Compiling wasm-bindgen v0.2.89
[INFO] [stderr]    Compiling syn v2.0.39
[INFO] [stderr]    Compiling hashbrown v0.14.3
[INFO] [stderr]    Compiling equivalent v1.0.1
[INFO] [stderr]    Compiling serde_json v1.0.108
[INFO] [stderr]     Checking parking v2.2.0
[INFO] [stderr]    Compiling ahash v0.7.7
[INFO] [stderr]    Compiling typenum v1.17.0
[INFO] [stderr]     Checking getrandom v0.2.11
[INFO] [stderr]    Compiling winnow v0.5.26
[INFO] [stderr]    Compiling indexmap v2.1.0
[INFO] [stderr]     Checking event-listener v4.0.0
[INFO] [stderr]    Compiling ring v0.17.7
[INFO] [stderr]    Compiling wayland-scanner v0.29.5
[INFO] [stderr]     Checking libloading v0.8.1
[INFO] [stderr]     Checking dlib v0.5.2
[INFO] [stderr]     Checking event-listener-strategy v0.4.0
[INFO] [stderr]     Checking hashbrown v0.12.3
[INFO] [stderr]    Compiling aho-corasick v1.1.2
[INFO] [stderr]    Compiling memoffset v0.9.0
[INFO] [stderr]    Compiling regex-syntax v0.8.2
[INFO] [stderr]    Compiling khronos_api v3.1.0
[INFO] [stderr]    Compiling serde_spanned v0.6.4
[INFO] [stderr]    Compiling toml_datetime v0.6.5
[INFO] [stderr]    Compiling crossbeam-epoch v0.9.15
[INFO] [stderr]    Compiling toml_edit v0.19.15
[INFO] [stderr]     Checking simd-adler32 v0.3.7
[INFO] [stderr]    Compiling prettyplease v0.2.15
[INFO] [stderr]     Checking parking_lot_core v0.9.9
[INFO] [stderr]     Checking async-lock v3.2.0
[INFO] [stderr]    Compiling wayland-sys v0.29.5
[INFO] [stderr]     Checking futures-lite v2.1.0
[INFO] [stderr]    Compiling num-traits v0.2.17
[INFO] [stderr]    Compiling wasm-bindgen-backend v0.2.89
[INFO] [stderr]    Compiling regex-automata v0.4.3
[INFO] [stderr]    Compiling rustc-hash v1.1.0
[INFO] [stderr]     Checking atomic-waker v1.1.2
[INFO] [stderr]     Checking async-task v4.5.0
[INFO] [stderr]    Compiling cfg_aliases v0.1.1
[INFO] [stderr]     Checking miniz_oxide v0.7.1
[INFO] [stderr]     Checking piper v0.2.1
[INFO] [stderr]    Compiling wasm-bindgen-macro-support v0.2.89
[INFO] [stderr]    Compiling gl_generator v0.14.0
[INFO] [stderr]     Checking nix v0.24.3
[INFO] [stderr]     Checking async-channel v2.1.1
[INFO] [stderr]    Compiling async-trait v0.1.74
[INFO] [stderr]     Checking flate2 v1.0.28
[INFO] [stderr]     Checking crossbeam-deque v0.8.3
[INFO] [stderr]     Checking parking_lot v0.12.1
[INFO] [stderr]    Compiling wayland-client v0.29.5
[INFO] [stderr]     Checking signal-hook-registry v1.4.1
[INFO] [stderr]    Compiling serde_derive v1.0.193
[INFO] [stderr]    Compiling tracing-attributes v0.1.27
[INFO] [stderr]    Compiling futures-macro v0.3.29
[INFO] [stderr]    Compiling thiserror-impl v1.0.50
[INFO] [stderr]    Compiling wasm-bindgen-macro v0.2.89
[INFO] [stderr]    Compiling regex v1.10.2
[INFO] [stderr]    Compiling semver v1.0.20
[INFO] [stderr]     Checking js-sys v0.3.66
[INFO] [stderr]     Checking smallbox v0.8.2
[INFO] [stderr]    Compiling camino v1.1.6
[INFO] [stderr]     Checking tracing v0.1.40
[INFO] [stderr]     Checking longest-increasing-subsequence v0.1.0
[INFO] [stderr]     Checking wayland-commons v0.29.5
[INFO] [stderr]     Checking thiserror v1.0.50
[INFO] [stderr]     Checking blocking v1.5.1
[INFO] [stderr]    Compiling serde_repr v0.1.17
[INFO] [stderr]     Checking generic-array v0.14.7
[INFO] [stderr]    Compiling proc-macro-crate v1.3.1
[INFO] [stderr]    Compiling zvariant_utils v1.0.1
[INFO] [stderr]     Checking socket2 v0.4.10
[INFO] [stderr]    Compiling x11-dl v2.21.0
[INFO] [stderr]    Compiling slotmap v1.0.7
[INFO] [stderr]    Compiling memoffset v0.7.1
[INFO] [stderr]    Compiling rustls v0.21.10
[INFO] [stderr]    Compiling io-lifetimes v1.0.11
[INFO] [stderr]     Checking downcast-rs v1.2.0
[INFO] [stderr]    Compiling spin v0.9.8
[INFO] [stderr]     Checking unicode-segmentation v1.10.1
[INFO] [stderr]     Checking unicode-ident v1.0.12
[INFO] [stderr]    Compiling glob v0.3.1
[INFO] [stderr]     Checking nom v7.1.3
[INFO] [stderr]    Compiling clang-sys v1.6.1
[INFO] [stderr]    Compiling enumflags2_derive v0.7.8
[INFO] [stderr]    Compiling wayland-protocols v0.29.5
[INFO] [stderr]     Checking web-sys v0.3.66
[INFO] [stderr]    Compiling polling v2.8.0
[INFO] [stderr]    Compiling rustix v0.37.27
[INFO] [stderr]     Checking waker-fn v1.1.1
[INFO] [stderr]     Checking fastrand v1.9.0
[INFO] [stderr]     Checking fixedbitset v0.4.2
[INFO] [stderr]    Compiling rustix v0.38.28
[INFO] [stderr]     Checking petgraph v0.6.4
[INFO] [stderr]     Checking futures-lite v1.13.0
[INFO] [stderr]     Checking xcursor v0.3.4
[INFO] [stderr]    Compiling unicode-normalization v0.1.22
[INFO] [stderr]     Checking crypto-common v0.1.6
[INFO] [stderr]     Checking block-buffer v0.10.4
[INFO] [stderr]    Compiling zvariant_derive v3.15.0
[INFO] [stderr]    Compiling tokio-macros v2.2.0
[INFO] [stderr]     Checking fdeflate v0.3.1
[INFO] [stderr]     Checking mio v0.8.10
[INFO] [stderr]     Checking bitflags v2.4.1
[INFO] [stderr]     Checking dioxus-core v0.4.3
[INFO] [stderr]     Checking cargo-platform v0.1.5
[INFO] [stderr]     Checking keyboard-types v0.7.0
[INFO] [stderr]     Checking enumflags2 v0.7.8
[INFO] [stderr]     Checking cargo_metadata v0.15.4
[INFO] [stderr]     Checking async-channel v1.9.0
[INFO] [stderr]     Checking async-lock v2.8.0
[INFO] [stderr]     Checking nix v0.25.1
[INFO] [stderr]     Checking rand_core v0.6.4
[INFO] [stderr]     Checking num_cpus v1.16.0
[INFO] [stderr]     Checking socket2 v0.5.5
[INFO] [stderr]    Compiling smithay-client-toolkit v0.16.1
[INFO] [stderr]     Checking cfg-expr v0.12.0
[INFO] [stderr]    Compiling async-io v1.13.0
[INFO] [stderr]    Compiling tracing-core v0.1.32
[INFO] [stderr]    Compiling async-fs v1.6.0
[INFO] [stderr]     Checking arrayref v0.3.7
[INFO] [stderr]    Compiling unicode-bidi v0.3.14
[INFO] [stderr]    Compiling adler v1.0.2
[INFO] [stderr]    Compiling linux-raw-sys v0.4.12
[INFO] [stderr]     Checking bytemuck v1.14.0
[INFO] [stderr]    Compiling rayon-core v1.12.0
[INFO] [stderr]     Checking linux-raw-sys v0.3.8
[INFO] [stderr]     Checking strict-num v0.1.1
[INFO] [stderr]     Checking ttf-parser v0.20.0
[INFO] [stderr]     Checking static_assertions v1.1.0
[INFO] [stderr]     Checking calloop v0.10.6
[INFO] [stderr]     Checking zvariant v3.15.0
[INFO] [stderr]     Checking tiny-skia-path v0.8.4
[INFO] [stderr]    Compiling idna v0.5.0
[INFO] [stderr]     Checking rand_chacha v0.3.1
[INFO] [stderr]     Checking owned_ttf_parser v0.20.0
[INFO] [stderr]     Checking krates v0.12.6
[INFO] [stderr]     Checking tokio v1.35.0
[INFO] [stderr]     Checking png v0.17.10
[INFO] [stderr]     Checking euclid v0.22.9
[INFO] [stderr]     Checking digest v0.10.7
[INFO] [stderr]     Checking nix v0.26.4
[INFO] [stderr]     Checking wayland-cursor v0.29.5
[INFO] [stderr]    Compiling sct v0.7.1
[INFO] [stderr]    Compiling rustls-webpki v0.101.7
[INFO] [stderr]     Checking internment v0.7.4
[INFO] [stderr]     Checking memmap2 v0.5.10
[INFO] [stderr]    Compiling libloading v0.7.4
[INFO] [stderr]    Compiling crc32fast v1.3.2
[INFO] [stderr]     Checking arrayvec v0.7.4
[INFO] [stderr]     Checking raw-window-handle v0.5.2
[INFO] [stderr]    Compiling ident_case v1.0.1
[INFO] [stderr]    Compiling bindgen v0.65.1
[INFO] [stderr]     Checking ab_glyph_rasterizer v0.1.8
[INFO] [stderr]    Compiling home v0.5.5
[INFO] [stderr]     Checking cpufeatures v0.2.11
[INFO] [stderr]     Checking ab_glyph v0.2.23
[INFO] [stderr]     Checking sha1 v0.10.6
[INFO] [stderr]    Compiling which v4.4.2
[INFO] [stderr]    Compiling darling_core v0.20.3
[INFO] [stderr]     Checking tiny-skia v0.8.4
[INFO] [stderr]     Checking dioxus-rsx v0.4.3
[INFO] [stderr]    Compiling cexpr v0.6.0
[INFO] [stderr]     Checking xdg-home v1.0.0
[INFO] [stderr]    Compiling url v2.5.0
[INFO] [stderr]     Checking rand v0.8.5
[INFO] [stderr]     Checking zbus_names v2.6.0
[INFO] [stderr]    Compiling zbus_macros v3.14.1
[INFO] [stderr]    Compiling enumn v0.1.12
[INFO] [stderr]    Compiling async-recursion v1.0.5
[INFO] [stderr]    Compiling derivative v2.2.0
[INFO] [stderr]     Checking async-executor v1.8.0
[INFO] [stderr]    Compiling winit v0.28.7
[INFO] [stderr]     Checking async-broadcast v0.5.1
[INFO] [stderr]    Compiling filetime v0.2.23
[INFO] [stderr]    Compiling xattr v1.1.1
[INFO] [stderr]     Checking ordered-stream v0.2.0
[INFO] [stderr]    Compiling ryu v1.0.16
[INFO] [stderr]    Compiling peeking_take_while v0.1.2
[INFO] [stderr]    Compiling lazycell v1.3.0
[INFO] [stderr]     Checking either v1.9.0
[INFO] [stderr]    Compiling shlex v1.2.0
[INFO] [stderr]    Compiling webpki-roots v0.25.3
[INFO] [stderr]     Checking rayon v1.8.0
[INFO] [stderr]    Compiling ureq v2.9.1
[INFO] [stderr]    Compiling tar v0.4.40
[INFO] [stderr]     Checking accesskit v0.11.2
[INFO] [stderr]    Compiling darling_macro v0.20.3
[INFO] [stderr]    Compiling shipyard_proc v0.3.0
[INFO] [stderr]    Compiling atspi-macros v0.2.0
[INFO] [stderr]    Compiling glutin_glx_sys v0.4.0
[INFO] [stderr]    Compiling glutin_egl_sys v0.5.1
[INFO] [stderr]    Compiling toml v0.7.8
[INFO] [stderr]    Compiling wayland-sys v0.30.1
[INFO] [stderr]     Checking instant v0.1.12
[INFO] [stderr]    Compiling constcat v0.3.1
[INFO] [stderr]     Checking zbus v3.14.1
[INFO] [stderr]     Checking dioxus-debug-cell v0.1.1
[INFO] [stderr]    Compiling heck v0.4.1
[INFO] [stderr]     Checking dioxus-hooks v0.4.3
[INFO] [stderr]    Compiling dioxus-core-macro v0.4.3
[INFO] [stderr]     Checking shipyard v0.6.2
[INFO] [stderr]     Checking accesskit_consumer v0.15.2
[INFO] [stderr]    Compiling darling v0.20.3
[INFO] [stderr]    Compiling glutin v0.30.10
[INFO] [stderr]     Checking dashmap v5.5.3
[INFO] [stderr]    Compiling execute-command-tokens v0.1.7
[INFO] [stderr]     Checking anymap v1.0.0-beta.2
[INFO] [stderr]    Compiling openssl-sys v0.9.97
[INFO] [stderr]    Compiling execute-command-macro-impl v0.1.10
[INFO] [stderr]     Checking walkdir v2.4.0
[INFO] [stderr]    Compiling enumset_derive v0.8.1
[INFO] [stderr]    Compiling interprocess-docfix v1.2.2
[INFO] [stderr]     Checking fxhash v0.2.1
[INFO] [stderr]     Checking ordered-float v2.10.1
[INFO] [stderr]     Checking inotify-sys v0.1.5
[INFO] [stderr]     Checking bstr v1.8.0
[INFO] [stderr]     Checking serde-value v0.7.0
[INFO] [stderr]     Checking inotify v0.9.6
[INFO] [stderr]     Checking globset v0.4.14
[INFO] [stderr]    Compiling skia-bindings v0.63.0
[INFO] [stderr]     Checking enumset v1.1.3
[INFO] [stderr]     Checking execute-command-macro v0.1.9
[INFO] [stderr]     Checking generic-array v1.0.0
[INFO] [stderr]     Checking spinning v0.1.0
[INFO] [stderr]     Checking uuid v1.6.1
[INFO] [stderr]     Checking crossbeam-channel v0.5.8
[INFO] [stderr]     Checking to_method v1.1.0
[INFO] [stderr]     Checking iana-time-zone v0.1.58
[INFO] [stderr]     Checking intmap v0.7.1
[INFO] [stderr]     Checking execute v0.2.13
[INFO] [stderr]     Checking chrono v0.4.31
[INFO] [stderr]     Checking dioxus-html v0.4.3
[INFO] [stderr]     Checking notify v5.2.0
[INFO] [stderr]     Checking atspi v0.10.1
[INFO] [stderr]     Checking ignore v0.4.21
[INFO] [stderr]     Checking dioxus-native-core v0.4.3
[INFO] [stderr]     Checking gloo-utils v0.1.7
[INFO] [stderr]     Checking keyboard-types v0.6.2
[INFO] [stderr]     Checking torin v0.1.0
[INFO] [stderr]    Compiling dioxus-native-core-macro v0.4.3
[INFO] [stderr]     Checking anymap v0.12.1
[INFO] [stderr]    Compiling openssl v0.10.61
[INFO] [stderr]    Compiling openssl-macros v0.1.1
[INFO] [stderr]    Compiling native-tls v0.2.11
[INFO] [stderr]     Checking tokio-util v0.7.10
[INFO] [stderr]     Checking dioxus-hot-reload v0.4.3
[INFO] [stderr]     Checking gloo-events v0.1.2
[INFO] [stderr]     Checking serde_urlencoded v0.7.1
[INFO] [stderr]     Checking wasm-bindgen-futures v0.4.39
[INFO] [stderr]     Checking dioxus v0.4.3
[INFO] [stderr]    Compiling pin-project-internal v1.1.3
[INFO] [stderr]     Checking net2 v0.2.39
[INFO] [stderr]     Checking gloo-console v0.2.3
[INFO] [stderr]     Checking serde-wasm-bindgen v0.5.0
[INFO] [stderr]     Checking bincode v1.3.3
[INFO] [stderr]     Checking h2 v0.3.22
[INFO] [stderr]     Checking iovec v0.1.4
[INFO] [stderr]    Compiling indexmap v1.9.3
[INFO] [stderr]     Checking anymap2 v0.13.0
[INFO] [stderr]    Compiling anyhow v1.0.75
[INFO] [stderr]     Checking gloo-worker v0.2.1
[INFO] [stderr]     Checking mio v0.6.23
[INFO] [stderr]     Checking gloo-history v0.1.5
[INFO] [stderr]     Checking gloo-file v0.2.3
[INFO] [stderr]     Checking gloo-storage v0.2.2
[INFO] [stderr]     Checking gloo-render v0.1.1
[INFO] [stderr]     Checking gloo-dialogs v0.1.1
[INFO] [stderr]     Checking gloo-timers v0.2.6
[INFO] [stderr]    Compiling gl v0.14.0
[INFO] [stderr]     Checking pin-project v1.1.3
[INFO] [stderr]     Checking gloo-net v0.3.1
[INFO] [stderr]    Compiling glutin-winit v0.3.0
[INFO] [stderr] error: failed to run custom build command for `skia-bindings v0.63.0`
[INFO] [stderr] note: To improve backtraces for build dependencies, set the CARGO_PROFILE_DEV_BUILD_OVERRIDE_DEBUG=true environment variable to enable debug information generation.
[INFO] [stderr] 
[INFO] [stderr] Caused by:
[INFO] [stderr]   process didn't exit successfully: `/opt/rustwide/target/debug/build/skia-bindings-901073777d5cb7c1/build-script-build` (exit status: 101)
[INFO] [stderr]   --- stdout
[INFO] [stderr]   cargo:rerun-if-env-changed=DOCS_RS
[INFO] [stderr]   cargo:rerun-if-env-changed=SKIA_DEBUG
[INFO] [stderr]   HOST: x86_64-unknown-linux-gnu
[INFO] [stderr]   cargo:rerun-if-env-changed=SKIA_SOURCE_DIR
[INFO] [stderr]   cargo:rerun-if-env-changed=FORCE_SKIA_BUILD
[INFO] [stderr]   cargo:rerun-if-env-changed=FORCE_SKIA_BINARIES_DOWNLOAD
[INFO] [stderr]   TRYING TO DOWNLOAD AND INSTALL SKIA BINARIES: 0.63.0/e9c8bd6ba59d6d360bd9-x86_64-unknown-linux-gnu-gl-svg-textlayout
[INFO] [stderr]   cargo:rerun-if-env-changed=SKIA_BINARIES_URL
[INFO] [stderr]     FROM: https://github.com/rust-skia/skia-binaries/releases/download/0.63.0/skia-binaries-e9c8bd6ba59d6d360bd9-x86_64-unknown-linux-gnu-gl-svg-textlayout.tar.gz
[INFO] [stderr]   DOWNLOAD AND INSTALL FAILED: https://github.com/rust-skia/skia-binaries/releases/download/0.63.0/skia-binaries-e9c8bd6ba59d6d360bd9-x86_64-unknown-linux-gnu-gl-svg-textlayout.tar.gz: Dns Failed: resolve dns name 'github.com:443': failed to lookup address information: Temporary failure in name resolution
[INFO] [stderr]   STARTING A FULL BUILD
[INFO] [stderr]   cargo:rerun-if-env-changed=CLANGCC
[INFO] [stderr]   cargo:rerun-if-env-changed=CC
[INFO] [stderr]   cargo:rerun-if-env-changed=CLANGCXX
[INFO] [stderr]   cargo:rerun-if-env-changed=CXX
[INFO] [stderr]   HOST: x86_64-unknown-linux-gnu
[INFO] [stderr]   cargo:rerun-if-env-changed=OPT_LEVEL
[INFO] [stderr]   cargo:rerun-if-env-changed=SKIA_USE_SYSTEM_LIBRARIES
[INFO] [stderr]   cargo:rerun-if-env-changed=SDKTARGETSYSROOT
[INFO] [stderr]   cargo:rerun-if-env-changed=SDKROOT
[INFO] [stderr]   HOST: x86_64-unknown-linux-gnu
[INFO] [stderr]   cargo:rerun-if-env-changed=SKIA_NINJA_COMMAND
[INFO] [stderr]   cargo:rerun-if-env-changed=SKIA_GN_COMMAND
[INFO] [stderr]   Probing 'python'
[INFO] [stderr]   Probing 'python3'
[INFO] [stderr]   Python 3 found: "python3"
[INFO] [stderr]   Synchronizing Skia dependencies
[INFO] [stderr]   DOWNLOADING: https://codeload.github.com/rust-skia/skia/tar.gz/m114-0.62.3
[INFO] [stderr] 
[INFO] [stderr]   --- stderr
[INFO] [stderr]   thread 'main' panicked at /opt/rustwide/cargo-home/registry/src/index.crates.io-6f17d22bba15001f/skia-bindings-0.63.0/build_support/binary_cache/download.rs:77:35:
[INFO] [stderr]   Failed to download https://codeload.github.com/rust-skia/skia/tar.gz/m114-0.62.3 (https://codeload.github.com/rust-skia/skia/tar.gz/m114-0.62.3: Dns Failed: resolve dns name 'codeload.github.com:443': failed to lookup address information: Temporary failure in name resolution)
[INFO] [stderr]   stack backtrace:
[INFO] [stderr]      0:     0x5567d5c013ec - std::backtrace_rs::backtrace::libunwind::trace::ha637c64ce894333a
[INFO] [stderr]                                  at /rustc/82e1608dfa6e0b5569232559e3d385fea5a93112/library/std/src/../../backtrace/src/backtrace/libunwind.rs:104:5
[INFO] [stderr]      1:     0x5567d5c013ec - std::backtrace_rs::backtrace::trace_unsynchronized::h47f62dea28e0c88d
[INFO] [stderr]                                  at /rustc/82e1608dfa6e0b5569232559e3d385fea5a93112/library/std/src/../../backtrace/src/backtrace/mod.rs:66:5
[INFO] [stderr]      2:     0x5567d5c013ec - std::sys_common::backtrace::_print_fmt::h9eef0abe20ede486
[INFO] [stderr]                                  at /rustc/82e1608dfa6e0b5569232559e3d385fea5a93112/library/std/src/sys_common/backtrace.rs:67:5
[INFO] [stderr]      3:     0x5567d5c013ec - <std::sys_common::backtrace::_print::DisplayBacktrace as core::fmt::Display>::fmt::hed7f999df88cc644
[INFO] [stderr]                                  at /rustc/82e1608dfa6e0b5569232559e3d385fea5a93112/library/std/src/sys_common/backtrace.rs:44:22
[INFO] [stderr]      4:     0x5567d5c32550 - core::fmt::rt::Argument::fmt::h1539a9308b8d058d
[INFO] [stderr]                                  at /rustc/82e1608dfa6e0b5569232559e3d385fea5a93112/library/core/src/fmt/rt.rs:142:9
[INFO] [stderr]      5:     0x5567d5c32550 - core::fmt::write::h3a39390d8560d9c9
[INFO] [stderr]                                  at /rustc/82e1608dfa6e0b5569232559e3d385fea5a93112/library/core/src/fmt/mod.rs:1120:17
[INFO] [stderr]      6:     0x5567d5bfd27f - std::io::Write::write_fmt::h5fc9997dfe05f882
[INFO] [stderr]                                  at /rustc/82e1608dfa6e0b5569232559e3d385fea5a93112/library/std/src/io/mod.rs:1762:15
[INFO] [stderr]      7:     0x5567d5c011d4 - std::sys_common::backtrace::_print::h894006fb5c6f3d45
[INFO] [stderr]                                  at /rustc/82e1608dfa6e0b5569232559e3d385fea5a93112/library/std/src/sys_common/backtrace.rs:47:5
[INFO] [stderr]      8:     0x5567d5c011d4 - std::sys_common::backtrace::print::h23a2d212c6fff936
[INFO] [stderr]                                  at /rustc/82e1608dfa6e0b5569232559e3d385fea5a93112/library/std/src/sys_common/backtrace.rs:34:9
[INFO] [stderr]      9:     0x5567d5c03007 - std::panicking::default_hook::{{closure}}::h8a1d2ee00185001a
[INFO] [stderr]     10:     0x5567d5c02d6f - std::panicking::default_hook::h6038f2eba384e475
[INFO] [stderr]                                  at /rustc/82e1608dfa6e0b5569232559e3d385fea5a93112/library/std/src/panicking.rs:292:9
[INFO] [stderr]     11:     0x5567d5c03488 - std::panicking::rust_panic_with_hook::h2b5517d590cab22e
[INFO] [stderr]                                  at /rustc/82e1608dfa6e0b5569232559e3d385fea5a93112/library/std/src/panicking.rs:779:13
[INFO] [stderr]     12:     0x5567d5c0336e - std::panicking::begin_panic_handler::{{closure}}::h233112c06e0ef43e
[INFO] [stderr]                                  at /rustc/82e1608dfa6e0b5569232559e3d385fea5a93112/library/std/src/panicking.rs:657:13
[INFO] [stderr]     13:     0x5567d5c018b6 - std::sys_common::backtrace::__rust_end_short_backtrace::h6e893f24d7ebbff8
[INFO] [stderr]                                  at /rustc/82e1608dfa6e0b5569232559e3d385fea5a93112/library/std/src/sys_common/backtrace.rs:170:18
[INFO] [stderr]     14:     0x5567d5c030d2 - rust_begin_unwind
[INFO] [stderr]                                  at /rustc/82e1608dfa6e0b5569232559e3d385fea5a93112/library/std/src/panicking.rs:645:5
[INFO] [stderr]     15:     0x5567d51cb035 - core::panicking::panic_fmt::hbf0e066aabfa482c
[INFO] [stderr]                                  at /rustc/82e1608dfa6e0b5569232559e3d385fea5a93112/library/core/src/panicking.rs:72:14
[INFO] [stderr]     16:     0x5567d51db525 - build_script_build::build_support::binary_cache::download::download_dependencies::{{closure}}::ha397382544f8204b
[INFO] [stderr]     17:     0x5567d51ea9aa - core::result::Result<T,E>::unwrap_or_else::h84472951e96035d3
[INFO] [stderr]     18:     0x5567d51daed2 - build_script_build::build_support::binary_cache::download::download_dependencies::h1f52b17e5e7c13f4
[INFO] [stderr]     19:     0x5567d51da618 - build_script_build::build_support::binary_cache::download::resolve_dependencies::hbe49000c613ba23a
[INFO] [stderr]     20:     0x5567d5204453 - build_script_build::build_support::skia::config::build::he12ca24afdc20861
[INFO] [stderr]     21:     0x5567d51fab63 - build_script_build::build_from_source::h1bd44a55dfd366de
[INFO] [stderr]     22:     0x5567d51fa546 - build_script_build::main::h1e638110db607dda
[INFO] [stderr]     23:     0x5567d51deb53 - core::ops::function::FnOnce::call_once::ha60b1317199c0696
[INFO] [stderr]     24:     0x5567d51fb586 - std::sys_common::backtrace::__rust_begin_short_backtrace::h721f5f4cd422b9e5
[INFO] [stderr]     25:     0x5567d51ddde9 - std::rt::lang_start::{{closure}}::h1a59c2c9d55639ac
[INFO] [stderr]     26:     0x5567d5bf7617 - core::ops::function::impls::<impl core::ops::function::FnOnce<A> for &F>::call_once::hd95060ecd5e1ca24
[INFO] [stderr]                                  at /rustc/82e1608dfa6e0b5569232559e3d385fea5a93112/library/core/src/ops/function.rs:284:13
[INFO] [stderr]     27:     0x5567d5bf7617 - std::panicking::try::do_call::h6e8cf51db32a6e4b
[INFO] [stderr]                                  at /rustc/82e1608dfa6e0b5569232559e3d385fea5a93112/library/std/src/panicking.rs:552:40
[INFO] [stderr]     28:     0x5567d5bf7617 - std::panicking::try::h3a52eefe24fe3c29
[INFO] [stderr]                                  at /rustc/82e1608dfa6e0b5569232559e3d385fea5a93112/library/std/src/panicking.rs:516:19
[INFO] [stderr]     29:     0x5567d5bf7617 - std::panic::catch_unwind::h24c28c23c02c3841
[INFO] [stderr]                                  at /rustc/82e1608dfa6e0b5569232559e3d385fea5a93112/library/std/src/panic.rs:142:14
[INFO] [stderr]     30:     0x5567d5bf7617 - std::rt::lang_start_internal::{{closure}}::h705d3c9cbc06ef47
[INFO] [stderr]                                  at /rustc/82e1608dfa6e0b5569232559e3d385fea5a93112/library/std/src/rt.rs:148:48
[INFO] [stderr]     31:     0x5567d5bf7617 - std::panicking::try::do_call::ha21f52ba13158470
[INFO] [stderr]                                  at /rustc/82e1608dfa6e0b5569232559e3d385fea5a93112/library/std/src/panicking.rs:552:40
[INFO] [stderr]     32:     0x5567d5bf7617 - std::panicking::try::h5581346bf6aeb1f8
[INFO] [stderr]                                  at /rustc/82e1608dfa6e0b5569232559e3d385fea5a93112/library/std/src/panicking.rs:516:19
[INFO] [stderr]     33:     0x5567d5bf7617 - std::panic::catch_unwind::h7919645a6b72e25b
[INFO] [stderr]                                  at /rustc/82e1608dfa6e0b5569232559e3d385fea5a93112/library/std/src/panic.rs:142:14
[INFO] [stderr]     34:     0x5567d5bf7617 - std::rt::lang_start_internal::h12de51168669836e
[INFO] [stderr]                                  at /rustc/82e1608dfa6e0b5569232559e3d385fea5a93112/library/std/src/rt.rs:148:20
[INFO] [stderr]     35:     0x5567d51dddc7 - std::rt::lang_start::h22f544c9af0923e2
[INFO] [stderr]     36:     0x5567d51fae95 - main
[INFO] [stderr]     37:     0x7f6369e2fd90 - <unknown>
[INFO] [stderr]     38:     0x7f6369e2fe40 - __libc_start_main
[INFO] [stderr]     39:     0x5567d51cb905 - _start
[INFO] [stderr]     40:                0x0 - <unknown>
[INFO] [stderr] warning: build failed, waiting for other jobs to finish...
[INFO] running `Command { std: "docker" "inspect" "c669377f095efe89bcf4f2882fff3ebbdc63b7ad88cad5098741db6a39f1f1e5", kill_on_drop: false }`
[INFO] running `Command { std: "docker" "rm" "-f" "c669377f095efe89bcf4f2882fff3ebbdc63b7ad88cad5098741db6a39f1f1e5", kill_on_drop: false }`
[INFO] [stdout] c669377f095efe89bcf4f2882fff3ebbdc63b7ad88cad5098741db6a39f1f1e5
[INFO] documenting Harzu/freya-term against beta-2023-12-22 for beta-1.76-rustdoc-1
[INFO] running `Command { std: "git" "clone" "/workspace/cache/git-repos/https%3A%2F%2Fgithub.com%2FHarzu%2Ffreya-term" "/workspace/builds/worker-3-tc2/source", kill_on_drop: false }`
[INFO] [stderr] Cloning into '/workspace/builds/worker-3-tc2/source'...
[INFO] [stderr] done.
[INFO] validating manifest of git repo https://github.com/Harzu/freya-term on toolchain beta-2023-12-22
[INFO] running `Command { std: CARGO_HOME="/workspace/cargo-home" RUSTUP_HOME="/workspace/rustup-home" "/workspace/cargo-home/bin/cargo" "+beta-2023-12-22" "metadata" "--manifest-path" "Cargo.toml" "--no-deps", kill_on_drop: false }`
[INFO] started tweaking git repo https://github.com/Harzu/freya-term
[INFO] finished tweaking git repo https://github.com/Harzu/freya-term
[INFO] tweaked toml for git repo https://github.com/Harzu/freya-term written to /workspace/builds/worker-3-tc2/source/Cargo.toml
[INFO] crate git repo https://github.com/Harzu/freya-term already has a lockfile, it will not be regenerated
[INFO] running `Command { std: CARGO_HOME="/workspace/cargo-home" RUSTUP_HOME="/workspace/rustup-home" "/workspace/cargo-home/bin/cargo" "+beta-2023-12-22" "fetch" "--manifest-path" "Cargo.toml", kill_on_drop: false }`
[INFO] running `Command { std: "docker" "create" "-v" "/var/lib/crater-agent-workspace/builds/worker-3-tc2/target:/opt/rustwide/target:rw,Z" "-v" "/var/lib/crater-agent-workspace/builds/worker-3-tc2/source:/opt/rustwide/workdir:ro,Z" "-v" "/var/lib/crater-agent-workspace/cargo-home:/opt/rustwide/cargo-home:ro,Z" "-v" "/var/lib/crater-agent-workspace/rustup-home:/opt/rustwide/rustup-home:ro,Z" "-e" "SOURCE_DIR=/opt/rustwide/workdir" "-e" "CARGO_TARGET_DIR=/opt/rustwide/target" "-e" "CARGO_HOME=/opt/rustwide/cargo-home" "-e" "RUSTUP_HOME=/opt/rustwide/rustup-home" "-w" "/opt/rustwide/workdir" "-m" "1610612736" "--user" "0:0" "--network" "none" "ghcr.io/rust-lang/crates-build-env/linux@sha256:2788e3201cd34a07e3172128adcd8b3090168a8e3bcc40d7c032b9dda1df7d1c" "/opt/rustwide/cargo-home/bin/cargo" "+beta-2023-12-22" "metadata" "--no-deps" "--format-version=1", kill_on_drop: false }`
[INFO] [stdout] 659e06782afe5d6657eb337fb6bb8fa5427217f3e865e3c0518765a95857cae8
[INFO] running `Command { std: "docker" "start" "-a" "659e06782afe5d6657eb337fb6bb8fa5427217f3e865e3c0518765a95857cae8", kill_on_drop: false }`
[INFO] running `Command { std: "docker" "inspect" "659e06782afe5d6657eb337fb6bb8fa5427217f3e865e3c0518765a95857cae8", kill_on_drop: false }`
[INFO] running `Command { std: "docker" "rm" "-f" "659e06782afe5d6657eb337fb6bb8fa5427217f3e865e3c0518765a95857cae8", kill_on_drop: false }`
[INFO] [stdout] 659e06782afe5d6657eb337fb6bb8fa5427217f3e865e3c0518765a95857cae8
[INFO] running `Command { std: "docker" "create" "-v" "/var/lib/crater-agent-workspace/builds/worker-3-tc2/target:/opt/rustwide/target:rw,Z" "-v" "/var/lib/crater-agent-workspace/builds/worker-3-tc2/source:/opt/rustwide/workdir:ro,Z" "-v" "/var/lib/crater-agent-workspace/cargo-home:/opt/rustwide/cargo-home:ro,Z" "-v" "/var/lib/crater-agent-workspace/rustup-home:/opt/rustwide/rustup-home:ro,Z" "-e" "SOURCE_DIR=/opt/rustwide/workdir" "-e" "CARGO_TARGET_DIR=/opt/rustwide/target" "-e" "CARGO_INCREMENTAL=0" "-e" "RUST_BACKTRACE=full" "-e" "RUSTFLAGS=--cap-lints=warn" "-e" "RUSTDOCFLAGS=--cap-lints=warn" "-e" "CARGO_HOME=/opt/rustwide/cargo-home" "-e" "RUSTUP_HOME=/opt/rustwide/rustup-home" "-w" "/opt/rustwide/workdir" "-m" "1610612736" "--user" "0:0" "--network" "none" "ghcr.io/rust-lang/crates-build-env/linux@sha256:2788e3201cd34a07e3172128adcd8b3090168a8e3bcc40d7c032b9dda1df7d1c" "/opt/rustwide/cargo-home/bin/cargo" "+beta-2023-12-22" "doc" "--frozen" "--no-deps" "--document-private-items" "--message-format=json", kill_on_drop: false }`
[INFO] [stdout] 133d9da9c8c804b5815eb8cfca5a52e43eec29dedc05e786f7d712d4e10c6e52
[INFO] running `Command { std: "docker" "start" "-a" "133d9da9c8c804b5815eb8cfca5a52e43eec29dedc05e786f7d712d4e10c6e52", kill_on_drop: false }`
[INFO] [stderr]    Compiling proc-macro2 v1.0.70
[INFO] [stderr]    Compiling libc v0.2.150
[INFO] [stderr]    Compiling serde v1.0.193
[INFO] [stderr]    Compiling log v0.4.20
[INFO] [stderr]    Compiling futures-core v0.3.29
[INFO] [stderr]    Compiling pkg-config v0.3.27
[INFO] [stderr]    Compiling crossbeam-utils v0.8.16
[INFO] [stderr]    Compiling bumpalo v3.14.0
[INFO] [stderr]    Compiling xml-rs v0.8.19
[INFO] [stderr]     Checking futures-io v0.3.29
[INFO] [stderr]     Checking futures-sink v0.3.29
[INFO] [stderr]    Compiling futures-channel v0.3.29
[INFO] [stderr]    Compiling wasm-bindgen-shared v0.2.89
[INFO] [stderr]    Compiling quote v1.0.33
[INFO] [stderr]    Compiling syn v2.0.39
[INFO] [stderr]    Compiling futures-task v0.3.29
[INFO] [stderr]    Compiling futures-util v0.3.29
[INFO] [stderr]    Compiling cc v1.0.83
[INFO] [stderr]    Compiling syn v1.0.109
[INFO] [stderr]     Checking concurrent-queue v2.4.0
[INFO] [stderr]    Compiling wasm-bindgen v0.2.89
[INFO] [stderr]     Checking parking v2.2.0
[INFO] [stderr]    Compiling serde_json v1.0.108
[INFO] [stderr]     Checking getrandom v0.2.11
[INFO] [stderr]    Compiling equivalent v1.0.1
[INFO] [stderr]    Compiling hashbrown v0.14.3
[INFO] [stderr]    Compiling ahash v0.7.7
[INFO] [stderr]    Compiling typenum v1.17.0
[INFO] [stderr]    Compiling winnow v0.5.26
[INFO] [stderr]    Compiling indexmap v2.1.0
[INFO] [stderr]    Compiling ring v0.17.7
[INFO] [stderr]     Checking event-listener v4.0.0
[INFO] [stderr]    Compiling wayland-scanner v0.29.5
[INFO] [stderr]     Checking libloading v0.8.1
[INFO] [stderr]     Checking dlib v0.5.2
[INFO] [stderr]     Checking event-listener-strategy v0.4.0
[INFO] [stderr]     Checking hashbrown v0.12.3
[INFO] [stderr]    Compiling aho-corasick v1.1.2
[INFO] [stderr]    Compiling memoffset v0.9.0
[INFO] [stderr]    Compiling regex-syntax v0.8.2
[INFO] [stderr]    Compiling khronos_api v3.1.0
[INFO] [stderr]    Compiling wasm-bindgen-backend v0.2.89
[INFO] [stderr]    Compiling toml_datetime v0.6.5
[INFO] [stderr]    Compiling serde_spanned v0.6.4
[INFO] [stderr]    Compiling crossbeam-epoch v0.9.15
[INFO] [stderr]    Compiling toml_edit v0.19.15
[INFO] [stderr]     Checking simd-adler32 v0.3.7
[INFO] [stderr]    Compiling prettyplease v0.2.15
[INFO] [stderr]    Compiling wasm-bindgen-macro-support v0.2.89
[INFO] [stderr]    Compiling regex-automata v0.4.3
[INFO] [stderr]     Checking parking_lot_core v0.9.9
[INFO] [stderr]     Checking async-lock v3.2.0
[INFO] [stderr]    Compiling wayland-sys v0.29.5
[INFO] [stderr]     Checking futures-lite v2.1.0
[INFO] [stderr]    Compiling serde_derive v1.0.193
[INFO] [stderr]    Compiling tracing-attributes v0.1.27
[INFO] [stderr]    Compiling thiserror-impl v1.0.50
[INFO] [stderr]    Compiling futures-macro v0.3.29
[INFO] [stderr]    Compiling wasm-bindgen-macro v0.2.89
[INFO] [stderr]    Compiling num-traits v0.2.17
[INFO] [stderr]    Compiling regex v1.10.2
[INFO] [stderr]     Checking atomic-waker v1.1.2
[INFO] [stderr]     Checking async-task v4.5.0
[INFO] [stderr]     Checking js-sys v0.3.66
[INFO] [stderr]    Compiling rustc-hash v1.1.0
[INFO] [stderr]    Compiling cfg_aliases v0.1.1
[INFO] [stderr]     Checking miniz_oxide v0.7.1
[INFO] [stderr]     Checking thiserror v1.0.50
[INFO] [stderr]     Checking piper v0.2.1
[INFO] [stderr]    Compiling gl_generator v0.14.0
[INFO] [stderr]     Checking tracing v0.1.40
[INFO] [stderr]     Checking nix v0.24.3
[INFO] [stderr]     Checking async-channel v2.1.1
[INFO] [stderr]    Compiling async-trait v0.1.74
[INFO] [stderr]     Checking blocking v1.5.1
[INFO] [stderr]     Checking flate2 v1.0.28
[INFO] [stderr]     Checking crossbeam-deque v0.8.3
[INFO] [stderr]     Checking parking_lot v0.12.1
[INFO] [stderr]    Compiling wayland-client v0.29.5
[INFO] [stderr]     Checking signal-hook-registry v1.4.1
[INFO] [stderr]     Checking longest-increasing-subsequence v0.1.0
[INFO] [stderr]    Compiling camino v1.1.6
[INFO] [stderr]     Checking smallbox v0.8.2
[INFO] [stderr]    Compiling semver v1.0.20
[INFO] [stderr]     Checking generic-array v0.14.7
[INFO] [stderr]    Compiling serde_repr v0.1.17
[INFO] [stderr]    Compiling proc-macro-crate v1.3.1
[INFO] [stderr]    Compiling zvariant_utils v1.0.1
[INFO] [stderr]     Checking socket2 v0.4.10
[INFO] [stderr]     Checking web-sys v0.3.66
[INFO] [stderr]    Compiling x11-dl v2.21.0
[INFO] [stderr]    Compiling slotmap v1.0.7
[INFO] [stderr]    Compiling memoffset v0.7.1
[INFO] [stderr]     Checking downcast-rs v1.2.0
[INFO] [stderr]    Compiling io-lifetimes v1.0.11
[INFO] [stderr]    Compiling rustls v0.21.10
[INFO] [stderr]    Compiling spin v0.9.8
[INFO] [stderr]     Checking wayland-commons v0.29.5
[INFO] [stderr]     Checking unicode-ident v1.0.12
[INFO] [stderr]     Checking unicode-segmentation v1.10.1
[INFO] [stderr]    Compiling glob v0.3.1
[INFO] [stderr]     Checking nom v7.1.3
[INFO] [stderr]    Compiling clang-sys v1.6.1
[INFO] [stderr]    Compiling enumflags2_derive v0.7.8
[INFO] [stderr]    Compiling wayland-protocols v0.29.5
[INFO] [stderr]    Compiling polling v2.8.0
[INFO] [stderr]     Checking mio v0.8.10
[INFO] [stderr]     Checking bitflags v2.4.1
[INFO] [stderr]     Checking dioxus-core v0.4.3
[INFO] [stderr]     Checking cargo-platform v0.1.5
[INFO] [stderr]     Checking fixedbitset v0.4.2
[INFO] [stderr]     Checking fastrand v1.9.0
[INFO] [stderr]    Compiling rustix v0.38.28
[INFO] [stderr]    Compiling rustix v0.37.27
[INFO] [stderr]     Checking waker-fn v1.1.1
[INFO] [stderr]     Checking futures-lite v1.13.0
[INFO] [stderr]     Checking petgraph v0.6.4
[INFO] [stderr]     Checking enumflags2 v0.7.8
[INFO] [stderr]     Checking cargo_metadata v0.15.4
[INFO] [stderr]     Checking keyboard-types v0.7.0
[INFO] [stderr]     Checking xcursor v0.3.4
[INFO] [stderr]    Compiling unicode-normalization v0.1.22
[INFO] [stderr]    Compiling zvariant_derive v3.15.0
[INFO] [stderr]     Checking crypto-common v0.1.6
[INFO] [stderr]     Checking block-buffer v0.10.4
[INFO] [stderr]    Compiling tokio-macros v2.2.0
[INFO] [stderr]     Checking fdeflate v0.3.1
[INFO] [stderr]     Checking async-lock v2.8.0
[INFO] [stderr]     Checking async-channel v1.9.0
[INFO] [stderr]     Checking nix v0.25.1
[INFO] [stderr]     Checking rand_core v0.6.4
[INFO] [stderr]     Checking socket2 v0.5.5
[INFO] [stderr]     Checking num_cpus v1.16.0
[INFO] [stderr]    Compiling smithay-client-toolkit v0.16.1
[INFO] [stderr]     Checking cfg-expr v0.12.0
[INFO] [stderr]    Compiling tracing-core v0.1.32
[INFO] [stderr]    Compiling async-fs v1.6.0
[INFO] [stderr]    Compiling async-io v1.13.0
[INFO] [stderr]     Checking ttf-parser v0.20.0
[INFO] [stderr]     Checking linux-raw-sys v0.3.8
[INFO] [stderr]    Compiling rayon-core v1.12.0
[INFO] [stderr]     Checking arrayref v0.3.7
[INFO] [stderr]    Compiling unicode-bidi v0.3.14
[INFO] [stderr]     Checking bytemuck v1.14.0
[INFO] [stderr]     Checking static_assertions v1.1.0
[INFO] [stderr]    Compiling adler v1.0.2
[INFO] [stderr]     Checking strict-num v0.1.1
[INFO] [stderr]    Compiling linux-raw-sys v0.4.12
[INFO] [stderr]     Checking tiny-skia-path v0.8.4
[INFO] [stderr]    Compiling idna v0.5.0
[INFO] [stderr]     Checking calloop v0.10.6
[INFO] [stderr]     Checking zvariant v3.15.0
[INFO] [stderr]     Checking owned_ttf_parser v0.20.0
[INFO] [stderr]     Checking rand_chacha v0.3.1
[INFO] [stderr]     Checking krates v0.12.6
[INFO] [stderr]     Checking tokio v1.35.0
[INFO] [stderr]     Checking png v0.17.10
[INFO] [stderr]     Checking digest v0.10.7
[INFO] [stderr]     Checking nix v0.26.4
[INFO] [stderr]     Checking wayland-cursor v0.29.5
[INFO] [stderr]    Compiling sct v0.7.1
[INFO] [stderr]    Compiling rustls-webpki v0.101.7
[INFO] [stderr]     Checking euclid v0.22.9
[INFO] [stderr]     Checking internment v0.7.4
[INFO] [stderr]    Compiling crc32fast v1.3.2
[INFO] [stderr]    Compiling libloading v0.7.4
[INFO] [stderr]     Checking memmap2 v0.5.10
[INFO] [stderr]     Checking arrayvec v0.7.4
[INFO] [stderr]     Checking ab_glyph_rasterizer v0.1.8
[INFO] [stderr]    Compiling bindgen v0.65.1
[INFO] [stderr]    Compiling home v0.5.5
[INFO] [stderr]     Checking raw-window-handle v0.5.2
[INFO] [stderr]    Compiling ident_case v1.0.1
[INFO] [stderr]     Checking cpufeatures v0.2.11
[INFO] [stderr]     Checking sha1 v0.10.6
[INFO] [stderr]    Compiling darling_core v0.20.3
[INFO] [stderr]    Compiling which v4.4.2
[INFO] [stderr]     Checking ab_glyph v0.2.23
[INFO] [stderr]     Checking dioxus-rsx v0.4.3
[INFO] [stderr]     Checking tiny-skia v0.8.4
[INFO] [stderr]     Checking xdg-home v1.0.0
[INFO] [stderr]    Compiling cexpr v0.6.0
[INFO] [stderr]     Checking zbus_names v2.6.0
[INFO] [stderr]     Checking rand v0.8.5
[INFO] [stderr]    Compiling url v2.5.0
[INFO] [stderr]    Compiling zbus_macros v3.14.1
[INFO] [stderr]    Compiling winit v0.28.7
[INFO] [stderr]     Checking async-executor v1.8.0
[INFO] [stderr]    Compiling derivative v2.2.0
[INFO] [stderr]    Compiling async-recursion v1.0.5
[INFO] [stderr]    Compiling enumn v0.1.12
[INFO] [stderr]     Checking async-broadcast v0.5.1
[INFO] [stderr]    Compiling filetime v0.2.23
[INFO] [stderr]    Compiling xattr v1.1.1
[INFO] [stderr]     Checking ordered-stream v0.2.0
[INFO] [stderr]    Compiling peeking_take_while v0.1.2
[INFO] [stderr]    Compiling lazycell v1.3.0
[INFO] [stderr]    Compiling webpki-roots v0.25.3
[INFO] [stderr]    Compiling ryu v1.0.16
[INFO] [stderr]     Checking either v1.9.0
[INFO] [stderr]    Compiling shlex v1.2.0
[INFO] [stderr]    Compiling ureq v2.9.1
[INFO] [stderr]     Checking rayon v1.8.0
[INFO] [stderr]     Checking accesskit v0.11.2
[INFO] [stderr]    Compiling tar v0.4.40
[INFO] [stderr]    Compiling darling_macro v0.20.3
[INFO] [stderr]    Compiling glutin_egl_sys v0.5.1
[INFO] [stderr]    Compiling glutin_glx_sys v0.4.0
[INFO] [stderr]    Compiling atspi-macros v0.2.0
[INFO] [stderr]    Compiling shipyard_proc v0.3.0
[INFO] [stderr]    Compiling toml v0.7.8
[INFO] [stderr]    Compiling wayland-sys v0.30.1
[INFO] [stderr]     Checking instant v0.1.12
[INFO] [stderr]    Compiling heck v0.4.1
[INFO] [stderr]    Compiling constcat v0.3.1
[INFO] [stderr]     Checking dioxus-debug-cell v0.1.1
[INFO] [stderr]     Checking zbus v3.14.1
[INFO] [stderr]    Compiling dioxus-core-macro v0.4.3
[INFO] [stderr]     Checking dioxus-hooks v0.4.3
[INFO] [stderr]    Compiling darling v0.20.3
[INFO] [stderr]     Checking accesskit_consumer v0.15.2
[INFO] [stderr]     Checking shipyard v0.6.2
[INFO] [stderr]    Compiling glutin v0.30.10
[INFO] [stderr]     Checking dashmap v5.5.3
[INFO] [stderr]    Compiling execute-command-tokens v0.1.7
[INFO] [stderr]     Checking anymap v1.0.0-beta.2
[INFO] [stderr]     Checking walkdir v2.4.0
[INFO] [stderr]    Compiling openssl-sys v0.9.97
[INFO] [stderr]    Compiling execute-command-macro-impl v0.1.10
[INFO] [stderr]    Compiling enumset_derive v0.8.1
[INFO] [stderr]    Compiling interprocess-docfix v1.2.2
[INFO] [stderr]    Compiling skia-bindings v0.63.0
[INFO] [stderr]     Checking fxhash v0.2.1
[INFO] [stderr]     Checking ordered-float v2.10.1
[INFO] [stderr]     Checking inotify-sys v0.1.5
[INFO] [stderr]     Checking bstr v1.8.0
[INFO] [stderr]     Checking serde-value v0.7.0
[INFO] [stderr]     Checking inotify v0.9.6
[INFO] [stderr]     Checking globset v0.4.14
[INFO] [stderr]     Checking enumset v1.1.3
[INFO] [stderr]     Checking execute-command-macro v0.1.9
[INFO] [stderr]     Checking generic-array v1.0.0
[INFO] [stderr]     Checking spinning v0.1.0
[INFO] [stderr]     Checking uuid v1.6.1
[INFO] [stderr]     Checking atspi v0.10.1
[INFO] [stderr]     Checking crossbeam-channel v0.5.8
[INFO] [stderr]     Checking intmap v0.7.1
[INFO] [stderr]     Checking to_method v1.1.0
[INFO] [stderr]     Checking iana-time-zone v0.1.58
[INFO] [stderr]     Checking execute v0.2.13
[INFO] [stderr]     Checking chrono v0.4.31
[INFO] [stderr]     Checking dioxus-html v0.4.3
[INFO] [stderr]     Checking notify v5.2.0
[INFO] [stderr]     Checking dioxus-native-core v0.4.3
[INFO] [stderr]     Checking ignore v0.4.21
[INFO] [stderr]     Checking gloo-utils v0.1.7
[INFO] [stderr]     Checking keyboard-types v0.6.2
[INFO] [stderr]    Compiling dioxus-native-core-macro v0.4.3
[INFO] [stderr]     Checking torin v0.1.0
[INFO] [stderr]     Checking anymap v0.12.1
[INFO] [stderr]    Compiling openssl v0.10.61
[INFO] [stderr]    Compiling openssl-macros v0.1.1
[INFO] [stderr]    Compiling native-tls v0.2.11
[INFO] [stderr]     Checking tokio-util v0.7.10
[INFO] [stderr]     Checking dioxus-hot-reload v0.4.3
[INFO] [stderr]     Checking gloo-events v0.1.2
[INFO] [stderr]     Checking dioxus v0.4.3
[INFO] [stderr]     Checking serde_urlencoded v0.7.1
[INFO] [stderr]     Checking wasm-bindgen-futures v0.4.39
[INFO] [stderr]    Compiling pin-project-internal v1.1.3
[INFO] [stderr]     Checking net2 v0.2.39
[INFO] [stderr]     Checking h2 v0.3.22
[INFO] [stderr]     Checking gloo-console v0.2.3
[INFO] [stderr]     Checking serde-wasm-bindgen v0.5.0
[INFO] [stderr]     Checking bincode v1.3.3
[INFO] [stderr]     Checking iovec v0.1.4
[INFO] [stderr]    Compiling indexmap v1.9.3
[INFO] [stderr]     Checking anymap2 v0.13.0
[INFO] [stderr]    Compiling anyhow v1.0.75
[INFO] [stderr]     Checking gloo-worker v0.2.1
[INFO] [stderr]     Checking mio v0.6.23
[INFO] [stderr]     Checking gloo-history v0.1.5
[INFO] [stderr] error: failed to run custom build command for `skia-bindings v0.63.0`
[INFO] [stderr] note: To improve backtraces for build dependencies, set the CARGO_PROFILE_DEV_BUILD_OVERRIDE_DEBUG=true environment variable to enable debug information generation.
[INFO] [stderr] 
[INFO] [stderr] Caused by:
[INFO] [stderr]   process didn't exit successfully: `/opt/rustwide/target/debug/build/skia-bindings-70d7438a49831512/build-script-build` (exit status: 101)
[INFO] [stderr]   --- stdout
[INFO] [stderr]   cargo:rerun-if-env-changed=DOCS_RS
[INFO] [stderr]   cargo:rerun-if-env-changed=SKIA_DEBUG
[INFO] [stderr]   HOST: x86_64-unknown-linux-gnu
[INFO] [stderr]   cargo:rerun-if-env-changed=SKIA_SOURCE_DIR
[INFO] [stderr]   cargo:rerun-if-env-changed=FORCE_SKIA_BUILD
[INFO] [stderr]   cargo:rerun-if-env-changed=FORCE_SKIA_BINARIES_DOWNLOAD
[INFO] [stderr]   TRYING TO DOWNLOAD AND INSTALL SKIA BINARIES: 0.63.0/e9c8bd6ba59d6d360bd9-x86_64-unknown-linux-gnu-gl-svg-textlayout
[INFO] [stderr]   cargo:rerun-if-env-changed=SKIA_BINARIES_URL
[INFO] [stderr]     FROM: https://github.com/rust-skia/skia-binaries/releases/download/0.63.0/skia-binaries-e9c8bd6ba59d6d360bd9-x86_64-unknown-linux-gnu-gl-svg-textlayout.tar.gz
[INFO] [stderr]   DOWNLOAD AND INSTALL FAILED: https://github.com/rust-skia/skia-binaries/releases/download/0.63.0/skia-binaries-e9c8bd6ba59d6d360bd9-x86_64-unknown-linux-gnu-gl-svg-textlayout.tar.gz: Dns Failed: resolve dns name 'github.com:443': failed to lookup address information: Temporary failure in name resolution
[INFO] [stderr]   STARTING A FULL BUILD
[INFO] [stderr]   cargo:rerun-if-env-changed=CLANGCC
[INFO] [stderr]   cargo:rerun-if-env-changed=CC
[INFO] [stderr]   cargo:rerun-if-env-changed=CLANGCXX
[INFO] [stderr]   cargo:rerun-if-env-changed=CXX
[INFO] [stderr]   HOST: x86_64-unknown-linux-gnu
[INFO] [stderr]   cargo:rerun-if-env-changed=OPT_LEVEL
[INFO] [stderr]   cargo:rerun-if-env-changed=SKIA_USE_SYSTEM_LIBRARIES
[INFO] [stderr]   cargo:rerun-if-env-changed=SDKTARGETSYSROOT
[INFO] [stderr]   cargo:rerun-if-env-changed=SDKROOT
[INFO] [stderr]   HOST: x86_64-unknown-linux-gnu
[INFO] [stderr]   cargo:rerun-if-env-changed=SKIA_NINJA_COMMAND
[INFO] [stderr]   cargo:rerun-if-env-changed=SKIA_GN_COMMAND
[INFO] [stderr]   Probing 'python'
[INFO] [stderr]   Probing 'python3'
[INFO] [stderr]   Python 3 found: "python3"
[INFO] [stderr]   Synchronizing Skia dependencies
[INFO] [stderr]   DOWNLOADING: https://codeload.github.com/rust-skia/skia/tar.gz/m114-0.62.3
[INFO] [stderr] 
[INFO] [stderr]   --- stderr
[INFO] [stderr]   thread 'main' panicked at /opt/rustwide/cargo-home/registry/src/index.crates.io-6f17d22bba15001f/skia-bindings-0.63.0/build_support/binary_cache/download.rs:77:35:
[INFO] [stderr]   Failed to download https://codeload.github.com/rust-skia/skia/tar.gz/m114-0.62.3 (https://codeload.github.com/rust-skia/skia/tar.gz/m114-0.62.3: Dns Failed: resolve dns name 'codeload.github.com:443': failed to lookup address information: Temporary failure in name resolution)
[INFO] [stderr]   stack backtrace:
[INFO] [stderr]      0:     0x55797d8997d6 - std::backtrace_rs::backtrace::libunwind::trace::h261606ad26a499c1
[INFO] [stderr]                                  at /rustc/0e09125c6c3c2fd70d7de961bcf0e51575235fad/library/std/src/../../backtrace/src/backtrace/libunwind.rs:104:5
[INFO] [stderr]      1:     0x55797d8997d6 - std::backtrace_rs::backtrace::trace_unsynchronized::hd183f0625477fb28
[INFO] [stderr]                                  at /rustc/0e09125c6c3c2fd70d7de961bcf0e51575235fad/library/std/src/../../backtrace/src/backtrace/mod.rs:66:5
[INFO] [stderr]      2:     0x55797d8997d6 - std::sys_common::backtrace::_print_fmt::hd7f8fef21b4eda67
[INFO] [stderr]                                  at /rustc/0e09125c6c3c2fd70d7de961bcf0e51575235fad/library/std/src/sys_common/backtrace.rs:68:5
[INFO] [stderr]      3:     0x55797d8997d6 - <std::sys_common::backtrace::_print::DisplayBacktrace as core::fmt::Display>::fmt::h623d9b51f2f453f1
[INFO] [stderr]                                  at /rustc/0e09125c6c3c2fd70d7de961bcf0e51575235fad/library/std/src/sys_common/backtrace.rs:44:22
[INFO] [stderr]      4:     0x55797d8c9c90 - core::fmt::rt::Argument::fmt::h9f417ac76a86f368
[INFO] [stderr]                                  at /rustc/0e09125c6c3c2fd70d7de961bcf0e51575235fad/library/core/src/fmt/rt.rs:142:9
[INFO] [stderr]      5:     0x55797d8c9c90 - core::fmt::write::hc9b6faf4ac2aeff7
[INFO] [stderr]                                  at /rustc/0e09125c6c3c2fd70d7de961bcf0e51575235fad/library/core/src/fmt/mod.rs:1120:17
[INFO] [stderr]      6:     0x55797d8957df - std::io::Write::write_fmt::hfead1eee52c2e65e
[INFO] [stderr]                                  at /rustc/0e09125c6c3c2fd70d7de961bcf0e51575235fad/library/std/src/io/mod.rs:1810:15
[INFO] [stderr]      7:     0x55797d8995b4 - std::sys_common::backtrace::_print::hd5d66399c7df88a2
[INFO] [stderr]                                  at /rustc/0e09125c6c3c2fd70d7de961bcf0e51575235fad/library/std/src/sys_common/backtrace.rs:47:5
[INFO] [stderr]      8:     0x55797d8995b4 - std::sys_common::backtrace::print::he81ed2da642d37e5
[INFO] [stderr]                                  at /rustc/0e09125c6c3c2fd70d7de961bcf0e51575235fad/library/std/src/sys_common/backtrace.rs:34:9
[INFO] [stderr]      9:     0x55797d89b4e7 - std::panicking::default_hook::{{closure}}::h85773f4fa117163d
[INFO] [stderr]     10:     0x55797d89b249 - std::panicking::default_hook::h6a1694a91d09b278
[INFO] [stderr]                                  at /rustc/0e09125c6c3c2fd70d7de961bcf0e51575235fad/library/std/src/panicking.rs:292:9
[INFO] [stderr]     11:     0x55797d89b978 - std::panicking::rust_panic_with_hook::h0a7ad96e90f7145b
[INFO] [stderr]                                  at /rustc/0e09125c6c3c2fd70d7de961bcf0e51575235fad/library/std/src/panicking.rs:779:13
[INFO] [stderr]     12:     0x55797d89b852 - std::panicking::begin_panic_handler::{{closure}}::h7919090525c6485e
[INFO] [stderr]                                  at /rustc/0e09125c6c3c2fd70d7de961bcf0e51575235fad/library/std/src/panicking.rs:657:13
[INFO] [stderr]     13:     0x55797d899cd6 - std::sys_common::backtrace::__rust_end_short_backtrace::hf3289479464f7dfe
[INFO] [stderr]                                  at /rustc/0e09125c6c3c2fd70d7de961bcf0e51575235fad/library/std/src/sys_common/backtrace.rs:171:18
[INFO] [stderr]     14:     0x55797d89b5b0 - rust_begin_unwind
[INFO] [stderr]                                  at /rustc/0e09125c6c3c2fd70d7de961bcf0e51575235fad/library/std/src/panicking.rs:645:5
[INFO] [stderr]     15:     0x55797ce450b5 - core::panicking::panic_fmt::hcc9f77c5c132af55
[INFO] [stderr]                                  at /rustc/0e09125c6c3c2fd70d7de961bcf0e51575235fad/library/core/src/panicking.rs:72:14
[INFO] [stderr]     16:     0x55797ce573c5 - build_script_build::build_support::binary_cache::download::download_dependencies::{{closure}}::h2e2233d1b850c8a1
[INFO] [stderr]     17:     0x55797ce4cf20 - core::result::Result<T,E>::unwrap_or_else::hde938f9395b7695f
[INFO] [stderr]     18:     0x55797ce56d72 - build_script_build::build_support::binary_cache::download::download_dependencies::h8e658345a25abf9e
[INFO] [stderr]     19:     0x55797ce564b8 - build_script_build::build_support::binary_cache::download::resolve_dependencies::hc4724e1e4e458ef8
[INFO] [stderr]     20:     0x55797ce6bc43 - build_script_build::build_support::skia::config::build::hee969a07d6d6ce85
[INFO] [stderr]     21:     0x55797ce738e3 - build_script_build::build_from_source::h24dfc660959eb049
[INFO] [stderr]     22:     0x55797ce732b8 - build_script_build::main::h4239f4951544d5ec
[INFO] [stderr]     23:     0x55797ce74983 - core::ops::function::FnOnce::call_once::h4a4666a81c0a142a
[INFO] [stderr]     24:     0x55797ce74096 - std::sys_common::backtrace::__rust_begin_short_backtrace::h520235c1b769f093
[INFO] [stderr]     25:     0x55797ce62479 - std::rt::lang_start::{{closure}}::hb4840d367980e455
[INFO] [stderr]     26:     0x55797d88f781 - core::ops::function::impls::<impl core::ops::function::FnOnce<A> for &F>::call_once::h4eb4c5e1620f29b0
[INFO] [stderr]                                  at /rustc/0e09125c6c3c2fd70d7de961bcf0e51575235fad/library/core/src/ops/function.rs:284:13
[INFO] [stderr]     27:     0x55797d88f781 - std::panicking::try::do_call::h73fd26535faffcdf
[INFO] [stderr]                                  at /rustc/0e09125c6c3c2fd70d7de961bcf0e51575235fad/library/std/src/panicking.rs:552:40
[INFO] [stderr]     28:     0x55797d88f781 - std::panicking::try::h77ff1d98f0fb9f39
[INFO] [stderr]                                  at /rustc/0e09125c6c3c2fd70d7de961bcf0e51575235fad/library/std/src/panicking.rs:516:19
[INFO] [stderr]     29:     0x55797d88f781 - std::panic::catch_unwind::hab3caf2448b95e37
[INFO] [stderr]                                  at /rustc/0e09125c6c3c2fd70d7de961bcf0e51575235fad/library/std/src/panic.rs:142:14
[INFO] [stderr]     30:     0x55797d88f781 - std::rt::lang_start_internal::{{closure}}::h8086711f9c783f78
[INFO] [stderr]                                  at /rustc/0e09125c6c3c2fd70d7de961bcf0e51575235fad/library/std/src/rt.rs:148:48
[INFO] [stderr]     31:     0x55797d88f781 - std::panicking::try::do_call::hf920d4dc291cd6ca
[INFO] [stderr]                                  at /rustc/0e09125c6c3c2fd70d7de961bcf0e51575235fad/library/std/src/panicking.rs:552:40
[INFO] [stderr]     32:     0x55797d88f781 - std::panicking::try::h2b806ccc0a85db74
[INFO] [stderr]                                  at /rustc/0e09125c6c3c2fd70d7de961bcf0e51575235fad/library/std/src/panicking.rs:516:19
[INFO] [stderr]     33:     0x55797d88f781 - std::panic::catch_unwind::h038489539c507df2
[INFO] [stderr]                                  at /rustc/0e09125c6c3c2fd70d7de961bcf0e51575235fad/library/std/src/panic.rs:142:14
[INFO] [stderr]     34:     0x55797d88f781 - std::rt::lang_start_internal::h28503b88912e8a5c
[INFO] [stderr]                                  at /rustc/0e09125c6c3c2fd70d7de961bcf0e51575235fad/library/std/src/rt.rs:148:20
[INFO] [stderr]     35:     0x55797ce62457 - std::rt::lang_start::h391d9f81301a5d48
[INFO] [stderr]     36:     0x55797ce73c05 - main
[INFO] [stderr]     37:     0x7f9e7f67ed90 - <unknown>
[INFO] [stderr]     38:     0x7f9e7f67ee40 - __libc_start_main
[INFO] [stderr]     39:     0x55797ce45995 - _start
[INFO] [stderr]     40:                0x0 - <unknown>
[INFO] [stderr] warning: build failed, waiting for other jobs to finish...
[INFO] running `Command { std: "docker" "inspect" "133d9da9c8c804b5815eb8cfca5a52e43eec29dedc05e786f7d712d4e10c6e52", kill_on_drop: false }`
[INFO] running `Command { std: "docker" "rm" "-f" "133d9da9c8c804b5815eb8cfca5a52e43eec29dedc05e786f7d712d4e10c6e52", kill_on_drop: false }`
[INFO] [stdout] 133d9da9c8c804b5815eb8cfca5a52e43eec29dedc05e786f7d712d4e10c6e52
