[INFO] cloning repository https://github.com/HarukiUchito/satellite_viz_rust
[INFO] running `Command { std: "git" "-c" "credential.helper=" "-c" "credential.helper=/workspace/cargo-home/bin/git-credential-null" "clone" "--bare" "https://github.com/HarukiUchito/satellite_viz_rust" "/workspace/cache/git-repos/https%3A%2F%2Fgithub.com%2FHarukiUchito%2Fsatellite_viz_rust", kill_on_drop: false }`
[INFO] [stderr] Cloning into bare repository '/workspace/cache/git-repos/https%3A%2F%2Fgithub.com%2FHarukiUchito%2Fsatellite_viz_rust'...
[INFO] running `Command { std: "git" "rev-parse" "HEAD", kill_on_drop: false }`
[INFO] [stdout] c12536894a770514ce04cf69e05696e5777c2d29
[INFO] documenting HarukiUchito/satellite_viz_rust against 1.75.0 for beta-1.76-rustdoc-1
[INFO] running `Command { std: "git" "clone" "/workspace/cache/git-repos/https%3A%2F%2Fgithub.com%2FHarukiUchito%2Fsatellite_viz_rust" "/workspace/builds/worker-5-tc1/source", kill_on_drop: false }`
[INFO] [stderr] Cloning into '/workspace/builds/worker-5-tc1/source'...
[INFO] [stderr] done.
[INFO] validating manifest of git repo https://github.com/HarukiUchito/satellite_viz_rust on toolchain 1.75.0
[INFO] running `Command { std: CARGO_HOME="/workspace/cargo-home" RUSTUP_HOME="/workspace/rustup-home" "/workspace/cargo-home/bin/cargo" "+1.75.0" "metadata" "--manifest-path" "Cargo.toml" "--no-deps", kill_on_drop: false }`
[INFO] started tweaking git repo https://github.com/HarukiUchito/satellite_viz_rust
[INFO] finished tweaking git repo https://github.com/HarukiUchito/satellite_viz_rust
[INFO] tweaked toml for git repo https://github.com/HarukiUchito/satellite_viz_rust written to /workspace/builds/worker-5-tc1/source/Cargo.toml
[INFO] crate git repo https://github.com/HarukiUchito/satellite_viz_rust already has a lockfile, it will not be regenerated
[INFO] running `Command { std: CARGO_HOME="/workspace/cargo-home" RUSTUP_HOME="/workspace/rustup-home" "/workspace/cargo-home/bin/cargo" "+1.75.0" "fetch" "--manifest-path" "Cargo.toml", kill_on_drop: false }`
[INFO] [stderr]     Blocking waiting for file lock on package cache
[INFO] [stderr]     Updating crates.io index
[INFO] [stderr]     Blocking waiting for file lock on package cache
[INFO] [stderr]  Downloading crates ...
[INFO] [stderr]   Downloaded serde_bytes v0.10.4
[INFO] [stderr]   Downloaded tokio-io v0.1.8
[INFO] [stderr]   Downloaded base64 v0.9.2
[INFO] [stderr]   Downloaded tokio-uds v0.2.1
[INFO] [stderr]   Downloaded unicase v2.1.0
[INFO] [stderr]   Downloaded yaml-rust v0.4.0
[INFO] [stderr]   Downloaded serde_rosmsg v0.2.0
[INFO] [stderr]   Downloaded tokio-current-thread v0.1.1
[INFO] [stderr]   Downloaded ctrlc v3.1.1
[INFO] [stderr]   Downloaded mime v0.3.9
[INFO] [stderr]   Downloaded crossbeam-deque v0.6.1
[INFO] [stderr]   Downloaded mio-uds v0.6.6
[INFO] [stderr]   Downloaded tokio-timer v0.2.6
[INFO] [stderr]   Downloaded nix v0.9.0
[INFO] [stderr]   Downloaded serde_derive v1.0.75
[INFO] [stderr]   Downloaded tokio-threadpool v0.1.6
[INFO] [stderr]   Downloaded tokio v0.1.8
[INFO] [stderr]   Downloaded cc v1.0.22
[INFO] [stderr]   Downloaded serde-xml-rs v0.2.1
[INFO] [stderr]   Downloaded parking_lot v0.6.3
[INFO] [stderr]   Downloaded tokio-reactor v0.1.5
[INFO] [stderr]   Downloaded tokio-udp v0.1.2
[INFO] [stderr]   Downloaded lock_api v0.1.3
[INFO] [stderr]   Downloaded tokio-executor v0.1.4
[INFO] [stderr]   Downloaded serde v1.0.75
[INFO] [stderr]   Downloaded hyper10 v0.1.0
[INFO] [stderr]   Downloaded xml-rpc v0.0.9
[INFO] [stderr]   Downloaded gnuplot v0.0.26
[INFO] [stderr]   Downloaded rosrust_codegen v0.6.5
[INFO] [stderr]   Downloaded rosrust v0.6.5
[INFO] running `Command { std: "docker" "create" "-v" "/var/lib/crater-agent-workspace/builds/worker-5-tc1/target:/opt/rustwide/target:rw,Z" "-v" "/var/lib/crater-agent-workspace/builds/worker-5-tc1/source:/opt/rustwide/workdir:ro,Z" "-v" "/var/lib/crater-agent-workspace/cargo-home:/opt/rustwide/cargo-home:ro,Z" "-v" "/var/lib/crater-agent-workspace/rustup-home:/opt/rustwide/rustup-home:ro,Z" "-e" "SOURCE_DIR=/opt/rustwide/workdir" "-e" "CARGO_TARGET_DIR=/opt/rustwide/target" "-e" "CARGO_HOME=/opt/rustwide/cargo-home" "-e" "RUSTUP_HOME=/opt/rustwide/rustup-home" "-w" "/opt/rustwide/workdir" "-m" "1610612736" "--user" "0:0" "--network" "none" "ghcr.io/rust-lang/crates-build-env/linux@sha256:2788e3201cd34a07e3172128adcd8b3090168a8e3bcc40d7c032b9dda1df7d1c" "/opt/rustwide/cargo-home/bin/cargo" "+1.75.0" "metadata" "--no-deps" "--format-version=1", kill_on_drop: false }`
[INFO] [stdout] b370d8d11a5d9663b5163905911b26bb15c26875a58fe1df758850b39578949c
[INFO] running `Command { std: "docker" "start" "-a" "b370d8d11a5d9663b5163905911b26bb15c26875a58fe1df758850b39578949c", kill_on_drop: false }`
[INFO] running `Command { std: "docker" "inspect" "b370d8d11a5d9663b5163905911b26bb15c26875a58fe1df758850b39578949c", kill_on_drop: false }`
[INFO] running `Command { std: "docker" "rm" "-f" "b370d8d11a5d9663b5163905911b26bb15c26875a58fe1df758850b39578949c", kill_on_drop: false }`
[INFO] [stdout] b370d8d11a5d9663b5163905911b26bb15c26875a58fe1df758850b39578949c
[INFO] running `Command { std: "docker" "create" "-v" "/var/lib/crater-agent-workspace/builds/worker-5-tc1/target:/opt/rustwide/target:rw,Z" "-v" "/var/lib/crater-agent-workspace/builds/worker-5-tc1/source:/opt/rustwide/workdir:ro,Z" "-v" "/var/lib/crater-agent-workspace/cargo-home:/opt/rustwide/cargo-home:ro,Z" "-v" "/var/lib/crater-agent-workspace/rustup-home:/opt/rustwide/rustup-home:ro,Z" "-e" "SOURCE_DIR=/opt/rustwide/workdir" "-e" "CARGO_TARGET_DIR=/opt/rustwide/target" "-e" "CARGO_INCREMENTAL=0" "-e" "RUST_BACKTRACE=full" "-e" "RUSTFLAGS=--cap-lints=warn" "-e" "RUSTDOCFLAGS=--cap-lints=warn" "-e" "CARGO_HOME=/opt/rustwide/cargo-home" "-e" "RUSTUP_HOME=/opt/rustwide/rustup-home" "-w" "/opt/rustwide/workdir" "-m" "1610612736" "--user" "0:0" "--network" "none" "ghcr.io/rust-lang/crates-build-env/linux@sha256:2788e3201cd34a07e3172128adcd8b3090168a8e3bcc40d7c032b9dda1df7d1c" "/opt/rustwide/cargo-home/bin/cargo" "+1.75.0" "doc" "--frozen" "--no-deps" "--document-private-items" "--message-format=json", kill_on_drop: false }`
[INFO] [stdout] a832988384ef1bd41fad03619d714a6a1fb029c72eee7a7255d9bb9241395e71
[INFO] running `Command { std: "docker" "start" "-a" "a832988384ef1bd41fad03619d714a6a1fb029c72eee7a7255d9bb9241395e71", kill_on_drop: false }`
[INFO] [stderr]     Checking libc v0.2.43
[INFO] [stderr]    Compiling version_check v0.1.4
[INFO] [stderr]     Checking cfg-if v0.1.5
[INFO] [stderr]     Checking futures v0.1.23
[INFO] [stderr]     Checking byteorder v1.2.6
[INFO] [stderr]    Compiling cc v1.0.22
[INFO] [stderr]     Checking void v1.0.2
[INFO] [stderr]     Checking log v0.4.4
[INFO] [stderr]     Checking scopeguard v0.3.3
[INFO] [stderr]     Checking crossbeam-utils v0.5.0
[INFO] [stderr]     Checking unreachable v1.0.0
[INFO] [stderr]     Checking stable_deref_trait v1.1.1
[INFO] [stderr]    Compiling lazy_static v1.1.0
[INFO] [stderr]     Checking slab v0.4.1
[INFO] [stderr]     Checking owning_ref v0.3.3
[INFO] [stderr]     Checking smallvec v0.6.5
[INFO] [stderr]     Checking lazycell v0.6.0
[INFO] [stderr]     Checking lock_api v0.1.3
[INFO] [stderr]    Compiling regex v0.2.11
[INFO] [stderr]    Compiling gcc v0.3.54
[INFO] [stderr]     Checking nodrop v0.1.12
[INFO] [stderr]     Checking iovec v0.1.2
[INFO] [stderr]     Checking num_cpus v1.8.0
[INFO] [stderr]     Checking rand v0.4.3
[INFO] [stderr]     Checking net2 v0.2.33
[INFO] [stderr]     Checking bytes v0.4.9
[INFO] [stderr]     Checking arrayvec v0.4.7
[INFO] [stderr]     Checking memoffset v0.2.1
[INFO] [stderr]     Checking mio v0.6.15
[INFO] [stderr]     Checking crossbeam-epoch v0.5.2
[INFO] [stderr]     Checking rand_core v0.2.1
[INFO] [stderr]    Compiling backtrace-sys v0.1.24
[INFO] [stderr]    Compiling memchr v2.0.2
[INFO] [stderr]     Checking rand v0.5.5
[INFO] [stderr]     Checking crossbeam-deque v0.6.1
[INFO] [stderr]     Checking parking_lot_core v0.2.14
[INFO] [stderr]     Checking tokio-executor v0.1.4
[INFO] [stderr]     Checking tokio-io v0.1.8
[INFO] [stderr]    Compiling rust-crypto v0.2.36
[INFO] [stderr]     Checking parking_lot v0.6.3
[INFO] [stderr]     Checking log v0.3.9
[INFO] [stderr]    Compiling ucd-util v0.1.1
[INFO] [stderr]    Compiling proc-macro2 v0.4.13
[INFO] [stderr]    Compiling rustc-demangle v0.1.9
[INFO] [stderr]    Compiling regex-syntax v0.5.6
[INFO] [stderr]     Checking tokio-reactor v0.1.5
[INFO] [stderr]     Checking tokio-codec v0.1.0
[INFO] [stderr]     Checking tokio-threadpool v0.1.6
[INFO] [stderr]    Compiling rand v0.3.22
[INFO] [stderr]     Checking mio-uds v0.6.6
[INFO] [stderr]    Compiling aho-corasick v0.6.8
[INFO] [stderr]    Compiling thread_local v0.3.6
[INFO] [stderr]     Checking time v0.1.40
[INFO] [stderr]    Compiling serde v1.0.75
[INFO] [stderr]    Compiling utf8-ranges v1.0.1
[INFO] [stderr]    Compiling httparse v1.3.2
[INFO] [stderr]     Checking safemem v0.2.0
[INFO] [stderr]    Compiling rustc-serialize v0.3.24
[INFO] [stderr]     Checking tokio-fs v0.1.3
[INFO] [stderr]    Compiling backtrace v0.3.9
[INFO] [stderr]     Checking tokio-uds v0.2.1
[INFO] [stderr]    Compiling error-chain v0.11.0
[INFO] [stderr]     Checking tokio-tcp v0.1.1
[INFO] [stderr]     Checking tokio-udp v0.1.2
[INFO] [stderr]     Checking tokio-current-thread v0.1.1
[INFO] [stderr]     Checking tokio-timer v0.2.6
[INFO] [stderr]    Compiling unicase v2.1.0
[INFO] [stderr]    Compiling unicase v1.4.2
[INFO] [stderr]     Checking unicode-normalization v0.1.7
[INFO] [stderr]     Checking percent-encoding v1.0.1
[INFO] [stderr]     Checking tokio v0.1.8
[INFO] [stderr]    Compiling quote v0.6.8
[INFO] [stderr]     Checking scoped-tls v0.1.2
[INFO] [stderr]     Checking language-tags v0.2.2
[INFO] [stderr]     Checking tokio-core v0.1.17
[INFO] [stderr]    Compiling syn v0.14.9
[INFO] [stderr]     Checking base64 v0.6.0
[INFO] [stderr]     Checking mime v0.2.6
[INFO] [stderr]     Checking tokio-service v0.1.0
[INFO] [stderr]     Checking smallvec v0.2.1
[INFO] [stderr]     Checking try-lock v0.1.0
[INFO] [stderr]     Checking idna v0.1.5
[INFO] [stderr]     Checking slab v0.3.0
[INFO] [stderr]     Checking bitflags v0.9.1
[INFO] [stderr]     Checking url v1.7.1
[INFO] [stderr]     Checking typeable v0.1.2
[INFO] [stderr]     Checking traitobject v0.1.0
[INFO] [stderr]     Checking bitflags v0.7.0
[INFO] [stderr]     Checking take v0.1.0
[INFO] [stderr]    Compiling nix v0.11.0
[INFO] [stderr]     Checking xml-rs v0.3.6
[INFO] [stderr]     Checking tokio-proto v0.1.1
[INFO] [stderr]     Checking hyper v0.10.13
[INFO] [stderr]     Checking want v0.0.4
[INFO] [stderr]     Checking mime v0.3.9
[INFO] [stderr]     Checking error-chain v0.10.0
[INFO] [stderr]     Checking base64 v0.9.2
[INFO] [stderr]     Checking futures-cpupool v0.1.8
[INFO] [stderr]     Checking relay v0.1.1
[INFO] [stderr]     Checking bitflags v1.0.4
[INFO] [stderr]     Checking hyper v0.11.27
[INFO] [stderr]    Compiling serde_derive v1.0.75
[INFO] [stderr]     Checking hyper10 v0.1.0
[INFO] [stderr]     Checking xml-rs v0.6.1
[INFO] [stderr]     Checking serde_bytes v0.10.4
[INFO] [stderr]     Checking serde-xml-rs v0.2.1
[INFO] [stderr]     Checking linked-hash-map v0.5.1
[INFO] [stderr]     Checking nix v0.9.0
[INFO] [stderr]     Checking gnuplot v0.0.26
[INFO] [stderr]     Checking yaml-rust v0.4.0
[INFO] [stderr]    Compiling rosrust_codegen v0.6.5
[INFO] [stderr]     Checking ctrlc v3.1.1
[INFO] [stderr]    Compiling rosrust v0.6.5
[INFO] [stderr]    Compiling satellite_viz_rust v0.1.0 (/opt/rustwide/workdir)
[INFO] [stderr] error: failed to run custom build command for `rosrust v0.6.5`
[INFO] [stderr] note: To improve backtraces for build dependencies, set the CARGO_PROFILE_DEV_BUILD_OVERRIDE_DEBUG=true environment variable to enable debug information generation.
[INFO] [stderr] 
[INFO] [stderr] Caused by:
[INFO] [stderr]   process didn't exit successfully: `/opt/rustwide/target/debug/build/rosrust-252e6a4e1f19c50e/build-script-build` (exit status: 101)
[INFO] [stderr]   --- stderr
[INFO] [stderr]   thread 'main' panicked at /opt/rustwide/cargo-home/registry/src/index.crates.io-6f17d22bba15001f/rosrust_codegen-0.6.5/src/lib.rs:75:87:
[INFO] [stderr]   called `Result::unwrap()` on an `Err` value: Error(Msg("Could not find requested message in provided folders: rosgraph_msgs/Log"), State { next_error: None, backtrace: Some(stack backtrace:
[INFO] [stderr]      0:     0x55b21a354a40 - <no info>
[INFO] [stderr]      1:     0x55b21a357388 - <no info>
[INFO] [stderr]      2:     0x55b21a3572d0 - <no info>
[INFO] [stderr]      3:     0x55b21a351e4f - <no info>
[INFO] [stderr]      4:     0x55b21a351e8e - <no info>
[INFO] [stderr]      5:     0x55b21a23911b - <no info>
[INFO] [stderr]      6:     0x55b21a239318 - <no info>
[INFO] [stderr]      7:     0x55b21a25c3fd - <no info>
[INFO] [stderr]      8:     0x55b21a2545e8 - <no info>
[INFO] [stderr]      9:     0x55b21a25363e - <no info>
[INFO] [stderr]     10:     0x55b21a236555 - <no info>
[INFO] [stderr]     11:     0x55b21a238ae6 - <no info>
[INFO] [stderr]     12:     0x55b21a232b0c - <no info>
[INFO] [stderr]     13:     0x55b21a232a82 - <no info>
[INFO] [stderr]     14:     0x55b21a232a05 - <no info>
[INFO] [stderr]     15:     0x55b21a232a58 - <no info>
[INFO] [stderr]     16:     0x55b21a38ece6 - <no info>
[INFO] [stderr]     17:     0x55b21a232a36 - <no info>
[INFO] [stderr]     18:     0x55b21a232b24 - <no info>
[INFO] [stderr]     19:     0x7faeff904d8f - <no info>
[INFO] [stderr]     20:     0x7faeff904e3f - <no info>
[INFO] [stderr]     21:     0x55b21a232934 - <no info>
[INFO] [stderr]     22:                0x0 - <no info>) })
[INFO] [stderr]   stack backtrace:
[INFO] [stderr]      0:     0x55b21a39342c - std::backtrace_rs::backtrace::libunwind::trace::ha637c64ce894333a
[INFO] [stderr]                                  at /rustc/82e1608dfa6e0b5569232559e3d385fea5a93112/library/std/src/../../backtrace/src/backtrace/libunwind.rs:104:5
[INFO] [stderr]      1:     0x55b21a39342c - std::backtrace_rs::backtrace::trace_unsynchronized::h47f62dea28e0c88d
[INFO] [stderr]                                  at /rustc/82e1608dfa6e0b5569232559e3d385fea5a93112/library/std/src/../../backtrace/src/backtrace/mod.rs:66:5
[INFO] [stderr]      2:     0x55b21a39342c - std::sys_common::backtrace::_print_fmt::h9eef0abe20ede486
[INFO] [stderr]                                  at /rustc/82e1608dfa6e0b5569232559e3d385fea5a93112/library/std/src/sys_common/backtrace.rs:67:5
[INFO] [stderr]      3:     0x55b21a39342c - <std::sys_common::backtrace::_print::DisplayBacktrace as core::fmt::Display>::fmt::hed7f999df88cc644
[INFO] [stderr]                                  at /rustc/82e1608dfa6e0b5569232559e3d385fea5a93112/library/std/src/sys_common/backtrace.rs:44:22
[INFO] [stderr]      4:     0x55b21a3b3930 - core::fmt::rt::Argument::fmt::h1539a9308b8d058d
[INFO] [stderr]                                  at /rustc/82e1608dfa6e0b5569232559e3d385fea5a93112/library/core/src/fmt/rt.rs:142:9
[INFO] [stderr]      5:     0x55b21a3b3930 - core::fmt::write::h3a39390d8560d9c9
[INFO] [stderr]                                  at /rustc/82e1608dfa6e0b5569232559e3d385fea5a93112/library/core/src/fmt/mod.rs:1120:17
[INFO] [stderr]      6:     0x55b21a3915bf - std::io::Write::write_fmt::h5fc9997dfe05f882
[INFO] [stderr]                                  at /rustc/82e1608dfa6e0b5569232559e3d385fea5a93112/library/std/src/io/mod.rs:1762:15
[INFO] [stderr]      7:     0x55b21a393214 - std::sys_common::backtrace::_print::h894006fb5c6f3d45
[INFO] [stderr]                                  at /rustc/82e1608dfa6e0b5569232559e3d385fea5a93112/library/std/src/sys_common/backtrace.rs:47:5
[INFO] [stderr]      8:     0x55b21a393214 - std::sys_common::backtrace::print::h23a2d212c6fff936
[INFO] [stderr]                                  at /rustc/82e1608dfa6e0b5569232559e3d385fea5a93112/library/std/src/sys_common/backtrace.rs:34:9
[INFO] [stderr]      9:     0x55b21a394727 - std::panicking::default_hook::{{closure}}::h8a1d2ee00185001a
[INFO] [stderr]     10:     0x55b21a39448f - std::panicking::default_hook::h6038f2eba384e475
[INFO] [stderr]                                  at /rustc/82e1608dfa6e0b5569232559e3d385fea5a93112/library/std/src/panicking.rs:292:9
[INFO] [stderr]     11:     0x55b21a394ba8 - std::panicking::rust_panic_with_hook::h2b5517d590cab22e
[INFO] [stderr]                                  at /rustc/82e1608dfa6e0b5569232559e3d385fea5a93112/library/std/src/panicking.rs:779:13
[INFO] [stderr]     12:     0x55b21a394a8e - std::panicking::begin_panic_handler::{{closure}}::h233112c06e0ef43e
[INFO] [stderr]                                  at /rustc/82e1608dfa6e0b5569232559e3d385fea5a93112/library/std/src/panicking.rs:657:13
[INFO] [stderr]     13:     0x55b21a3938f6 - std::sys_common::backtrace::__rust_end_short_backtrace::h6e893f24d7ebbff8
[INFO] [stderr]                                  at /rustc/82e1608dfa6e0b5569232559e3d385fea5a93112/library/std/src/sys_common/backtrace.rs:170:18
[INFO] [stderr]     14:     0x55b21a3947f2 - rust_begin_unwind
[INFO] [stderr]                                  at /rustc/82e1608dfa6e0b5569232559e3d385fea5a93112/library/std/src/panicking.rs:645:5
[INFO] [stderr]     15:     0x55b21a2320e5 - core::panicking::panic_fmt::hbf0e066aabfa482c
[INFO] [stderr]                                  at /rustc/82e1608dfa6e0b5569232559e3d385fea5a93112/library/core/src/panicking.rs:72:14
[INFO] [stderr]     16:     0x55b21a232633 - core::result::unwrap_failed::hddb4fea594200c52
[INFO] [stderr]                                  at /rustc/82e1608dfa6e0b5569232559e3d385fea5a93112/library/core/src/result.rs:1653:5
[INFO] [stderr]     17:     0x55b21a25c044 - core::result::Result<T,E>::unwrap::h6f421ba58edc39e1
[INFO] [stderr]     18:     0x55b21a238b09 - rosrust_codegen::depend_on_messages::h0c4ef6b8c04f7a0b
[INFO] [stderr]     19:     0x55b21a232b0d - build_script_build::main::h001beb264113efd5
[INFO] [stderr]     20:     0x55b21a232a83 - core::ops::function::FnOnce::call_once::h4615582537c3cdfe
[INFO] [stderr]     21:     0x55b21a232a06 - std::sys_common::backtrace::__rust_begin_short_backtrace::h88071b23f66cdd0a
[INFO] [stderr]     22:     0x55b21a232a59 - std::rt::lang_start::{{closure}}::h354158c328adec8d
[INFO] [stderr]     23:     0x55b21a38ece7 - core::ops::function::impls::<impl core::ops::function::FnOnce<A> for &F>::call_once::hd95060ecd5e1ca24
[INFO] [stderr]                                  at /rustc/82e1608dfa6e0b5569232559e3d385fea5a93112/library/core/src/ops/function.rs:284:13
[INFO] [stderr]     24:     0x55b21a38ece7 - std::panicking::try::do_call::h6e8cf51db32a6e4b
[INFO] [stderr]                                  at /rustc/82e1608dfa6e0b5569232559e3d385fea5a93112/library/std/src/panicking.rs:552:40
[INFO] [stderr]     25:     0x55b21a38ece7 - std::panicking::try::h3a52eefe24fe3c29
[INFO] [stderr]                                  at /rustc/82e1608dfa6e0b5569232559e3d385fea5a93112/library/std/src/panicking.rs:516:19
[INFO] [stderr]     26:     0x55b21a38ece7 - std::panic::catch_unwind::h24c28c23c02c3841
[INFO] [stderr]                                  at /rustc/82e1608dfa6e0b5569232559e3d385fea5a93112/library/std/src/panic.rs:142:14
[INFO] [stderr]     27:     0x55b21a38ece7 - std::rt::lang_start_internal::{{closure}}::h705d3c9cbc06ef47
[INFO] [stderr]                                  at /rustc/82e1608dfa6e0b5569232559e3d385fea5a93112/library/std/src/rt.rs:148:48
[INFO] [stderr]     28:     0x55b21a38ece7 - std::panicking::try::do_call::ha21f52ba13158470
[INFO] [stderr]                                  at /rustc/82e1608dfa6e0b5569232559e3d385fea5a93112/library/std/src/panicking.rs:552:40
[INFO] [stderr]     29:     0x55b21a38ece7 - std::panicking::try::h5581346bf6aeb1f8
[INFO] [stderr]                                  at /rustc/82e1608dfa6e0b5569232559e3d385fea5a93112/library/std/src/panicking.rs:516:19
[INFO] [stderr]     30:     0x55b21a38ece7 - std::panic::catch_unwind::h7919645a6b72e25b
[INFO] [stderr]                                  at /rustc/82e1608dfa6e0b5569232559e3d385fea5a93112/library/std/src/panic.rs:142:14
[INFO] [stderr]     31:     0x55b21a38ece7 - std::rt::lang_start_internal::h12de51168669836e
[INFO] [stderr]                                  at /rustc/82e1608dfa6e0b5569232559e3d385fea5a93112/library/std/src/rt.rs:148:20
[INFO] [stderr]     32:     0x55b21a232a37 - std::rt::lang_start::hdeea023cd9332f77
[INFO] [stderr]     33:     0x55b21a232b25 - main
[INFO] [stderr]     34:     0x7faeff904d90 - <unknown>
[INFO] [stderr]     35:     0x7faeff904e40 - __libc_start_main
[INFO] [stderr]     36:     0x55b21a232935 - _start
[INFO] [stderr]     37:                0x0 - <unknown>
[INFO] [stderr] warning: build failed, waiting for other jobs to finish...
[INFO] [stderr] error: failed to run custom build command for `satellite_viz_rust v0.1.0 (/opt/rustwide/workdir)`
[INFO] [stderr] note: To improve backtraces for build dependencies, set the CARGO_PROFILE_DEV_BUILD_OVERRIDE_DEBUG=true environment variable to enable debug information generation.
[INFO] [stderr] 
[INFO] [stderr] Caused by:
[INFO] [stderr]   process didn't exit successfully: `/opt/rustwide/target/debug/build/satellite_viz_rust-b6c53508b47fa1ec/build-script-build` (exit status: 101)
[INFO] [stderr]   --- stderr
[INFO] [stderr]   thread 'main' panicked at /opt/rustwide/cargo-home/registry/src/index.crates.io-6f17d22bba15001f/rosrust_codegen-0.6.5/src/lib.rs:75:87:
[INFO] [stderr]   called `Result::unwrap()` on an `Err` value: Error(Msg("Could not find requested message in provided folders: rtklibros/satellites"), State { next_error: None, backtrace: Some(stack backtrace:
[INFO] [stderr]      0:     0x55d7e2b5fa50 - <no info>
[INFO] [stderr]      1:     0x55d7e2b62398 - <no info>
[INFO] [stderr]      2:     0x55d7e2b622e0 - <no info>
[INFO] [stderr]      3:     0x55d7e2b5ce5f - <no info>
[INFO] [stderr]      4:     0x55d7e2b5ce9e - <no info>
[INFO] [stderr]      5:     0x55d7e2a4412b - <no info>
[INFO] [stderr]      6:     0x55d7e2a44328 - <no info>
[INFO] [stderr]      7:     0x55d7e2a6740d - <no info>
[INFO] [stderr]      8:     0x55d7e2a5f5f8 - <no info>
[INFO] [stderr]      9:     0x55d7e2a5e64e - <no info>
[INFO] [stderr]     10:     0x55d7e2a41565 - <no info>
[INFO] [stderr]     11:     0x55d7e2a43af6 - <no info>
[INFO] [stderr]     12:     0x55d7e2a3db0e - <no info>
[INFO] [stderr]     13:     0x55d7e2a3da82 - <no info>
[INFO] [stderr]     14:     0x55d7e2a3da05 - <no info>
[INFO] [stderr]     15:     0x55d7e2a3da58 - <no info>
[INFO] [stderr]     16:     0x55d7e2b99cf6 - <no info>
[INFO] [stderr]     17:     0x55d7e2a3da36 - <no info>
[INFO] [stderr]     18:     0x55d7e2a3db34 - <no info>
[INFO] [stderr]     19:     0x7f7837961d8f - <no info>
[INFO] [stderr]     20:     0x7f7837961e3f - <no info>
[INFO] [stderr]     21:     0x55d7e2a3d934 - <no info>
[INFO] [stderr]     22:                0x0 - <no info>) })
[INFO] [stderr]   stack backtrace:
[INFO] [stderr]      0:     0x55d7e2b9e43c - std::backtrace_rs::backtrace::libunwind::trace::ha637c64ce894333a
[INFO] [stderr]                                  at /rustc/82e1608dfa6e0b5569232559e3d385fea5a93112/library/std/src/../../backtrace/src/backtrace/libunwind.rs:104:5
[INFO] [stderr]      1:     0x55d7e2b9e43c - std::backtrace_rs::backtrace::trace_unsynchronized::h47f62dea28e0c88d
[INFO] [stderr]                                  at /rustc/82e1608dfa6e0b5569232559e3d385fea5a93112/library/std/src/../../backtrace/src/backtrace/mod.rs:66:5
[INFO] [stderr]      2:     0x55d7e2b9e43c - std::sys_common::backtrace::_print_fmt::h9eef0abe20ede486
[INFO] [stderr]                                  at /rustc/82e1608dfa6e0b5569232559e3d385fea5a93112/library/std/src/sys_common/backtrace.rs:67:5
[INFO] [stderr]      3:     0x55d7e2b9e43c - <std::sys_common::backtrace::_print::DisplayBacktrace as core::fmt::Display>::fmt::hed7f999df88cc644
[INFO] [stderr]                                  at /rustc/82e1608dfa6e0b5569232559e3d385fea5a93112/library/std/src/sys_common/backtrace.rs:44:22
[INFO] [stderr]      4:     0x55d7e2bbe940 - core::fmt::rt::Argument::fmt::h1539a9308b8d058d
[INFO] [stderr]                                  at /rustc/82e1608dfa6e0b5569232559e3d385fea5a93112/library/core/src/fmt/rt.rs:142:9
[INFO] [stderr]      5:     0x55d7e2bbe940 - core::fmt::write::h3a39390d8560d9c9
[INFO] [stderr]                                  at /rustc/82e1608dfa6e0b5569232559e3d385fea5a93112/library/core/src/fmt/mod.rs:1120:17
[INFO] [stderr]      6:     0x55d7e2b9c5cf - std::io::Write::write_fmt::h5fc9997dfe05f882
[INFO] [stderr]                                  at /rustc/82e1608dfa6e0b5569232559e3d385fea5a93112/library/std/src/io/mod.rs:1762:15
[INFO] [stderr]      7:     0x55d7e2b9e224 - std::sys_common::backtrace::_print::h894006fb5c6f3d45
[INFO] [stderr]                                  at /rustc/82e1608dfa6e0b5569232559e3d385fea5a93112/library/std/src/sys_common/backtrace.rs:47:5
[INFO] [stderr]      8:     0x55d7e2b9e224 - std::sys_common::backtrace::print::h23a2d212c6fff936
[INFO] [stderr]                                  at /rustc/82e1608dfa6e0b5569232559e3d385fea5a93112/library/std/src/sys_common/backtrace.rs:34:9
[INFO] [stderr]      9:     0x55d7e2b9f737 - std::panicking::default_hook::{{closure}}::h8a1d2ee00185001a
[INFO] [stderr]     10:     0x55d7e2b9f49f - std::panicking::default_hook::h6038f2eba384e475
[INFO] [stderr]                                  at /rustc/82e1608dfa6e0b5569232559e3d385fea5a93112/library/std/src/panicking.rs:292:9
[INFO] [stderr]     11:     0x55d7e2b9fbb8 - std::panicking::rust_panic_with_hook::h2b5517d590cab22e
[INFO] [stderr]                                  at /rustc/82e1608dfa6e0b5569232559e3d385fea5a93112/library/std/src/panicking.rs:779:13
[INFO] [stderr]     12:     0x55d7e2b9fa9e - std::panicking::begin_panic_handler::{{closure}}::h233112c06e0ef43e
[INFO] [stderr]                                  at /rustc/82e1608dfa6e0b5569232559e3d385fea5a93112/library/std/src/panicking.rs:657:13
[INFO] [stderr]     13:     0x55d7e2b9e906 - std::sys_common::backtrace::__rust_end_short_backtrace::h6e893f24d7ebbff8
[INFO] [stderr]                                  at /rustc/82e1608dfa6e0b5569232559e3d385fea5a93112/library/std/src/sys_common/backtrace.rs:170:18
[INFO] [stderr]     14:     0x55d7e2b9f802 - rust_begin_unwind
[INFO] [stderr]                                  at /rustc/82e1608dfa6e0b5569232559e3d385fea5a93112/library/std/src/panicking.rs:645:5
[INFO] [stderr]     15:     0x55d7e2a3d0e5 - core::panicking::panic_fmt::hbf0e066aabfa482c
[INFO] [stderr]                                  at /rustc/82e1608dfa6e0b5569232559e3d385fea5a93112/library/core/src/panicking.rs:72:14
[INFO] [stderr]     16:     0x55d7e2a3d633 - core::result::unwrap_failed::hddb4fea594200c52
[INFO] [stderr]                                  at /rustc/82e1608dfa6e0b5569232559e3d385fea5a93112/library/core/src/result.rs:1653:5
[INFO] [stderr]     17:     0x55d7e2a67054 - core::result::Result<T,E>::unwrap::h6f421ba58edc39e1
[INFO] [stderr]     18:     0x55d7e2a43b19 - rosrust_codegen::depend_on_messages::h0c4ef6b8c04f7a0b
[INFO] [stderr]     19:     0x55d7e2a3db0f - build_script_build::main::hb09d27420134dbae
[INFO] [stderr]     20:     0x55d7e2a3da83 - core::ops::function::FnOnce::call_once::hbc241ffba07d4a16
[INFO] [stderr]     21:     0x55d7e2a3da06 - std::sys_common::backtrace::__rust_begin_short_backtrace::hf82d74b5df5f2c48
[INFO] [stderr]     22:     0x55d7e2a3da59 - std::rt::lang_start::{{closure}}::hdedd2e84479a232f
[INFO] [stderr]     23:     0x55d7e2b99cf7 - core::ops::function::impls::<impl core::ops::function::FnOnce<A> for &F>::call_once::hd95060ecd5e1ca24
[INFO] [stderr]                                  at /rustc/82e1608dfa6e0b5569232559e3d385fea5a93112/library/core/src/ops/function.rs:284:13
[INFO] [stderr]     24:     0x55d7e2b99cf7 - std::panicking::try::do_call::h6e8cf51db32a6e4b
[INFO] [stderr]                                  at /rustc/82e1608dfa6e0b5569232559e3d385fea5a93112/library/std/src/panicking.rs:552:40
[INFO] [stderr]     25:     0x55d7e2b99cf7 - std::panicking::try::h3a52eefe24fe3c29
[INFO] [stderr]                                  at /rustc/82e1608dfa6e0b5569232559e3d385fea5a93112/library/std/src/panicking.rs:516:19
[INFO] [stderr]     26:     0x55d7e2b99cf7 - std::panic::catch_unwind::h24c28c23c02c3841
[INFO] [stderr]                                  at /rustc/82e1608dfa6e0b5569232559e3d385fea5a93112/library/std/src/panic.rs:142:14
[INFO] [stderr]     27:     0x55d7e2b99cf7 - std::rt::lang_start_internal::{{closure}}::h705d3c9cbc06ef47
[INFO] [stderr]                                  at /rustc/82e1608dfa6e0b5569232559e3d385fea5a93112/library/std/src/rt.rs:148:48
[INFO] [stderr]     28:     0x55d7e2b99cf7 - std::panicking::try::do_call::ha21f52ba13158470
[INFO] [stderr]                                  at /rustc/82e1608dfa6e0b5569232559e3d385fea5a93112/library/std/src/panicking.rs:552:40
[INFO] [stderr]     29:     0x55d7e2b99cf7 - std::panicking::try::h5581346bf6aeb1f8
[INFO] [stderr]                                  at /rustc/82e1608dfa6e0b5569232559e3d385fea5a93112/library/std/src/panicking.rs:516:19
[INFO] [stderr]     30:     0x55d7e2b99cf7 - std::panic::catch_unwind::h7919645a6b72e25b
[INFO] [stderr]                                  at /rustc/82e1608dfa6e0b5569232559e3d385fea5a93112/library/std/src/panic.rs:142:14
[INFO] [stderr]     31:     0x55d7e2b99cf7 - std::rt::lang_start_internal::h12de51168669836e
[INFO] [stderr]                                  at /rustc/82e1608dfa6e0b5569232559e3d385fea5a93112/library/std/src/rt.rs:148:20
[INFO] [stderr]     32:     0x55d7e2a3da37 - std::rt::lang_start::hc08c40ae2979cb32
[INFO] [stderr]     33:     0x55d7e2a3db35 - main
[INFO] [stderr]     34:     0x7f7837961d90 - <unknown>
[INFO] [stderr]     35:     0x7f7837961e40 - __libc_start_main
[INFO] [stderr]     36:     0x55d7e2a3d935 - _start
[INFO] [stderr]     37:                0x0 - <unknown>
[INFO] running `Command { std: "docker" "inspect" "a832988384ef1bd41fad03619d714a6a1fb029c72eee7a7255d9bb9241395e71", kill_on_drop: false }`
[INFO] running `Command { std: "docker" "rm" "-f" "a832988384ef1bd41fad03619d714a6a1fb029c72eee7a7255d9bb9241395e71", kill_on_drop: false }`
[INFO] [stdout] a832988384ef1bd41fad03619d714a6a1fb029c72eee7a7255d9bb9241395e71
[INFO] documenting HarukiUchito/satellite_viz_rust against beta-2023-12-22 for beta-1.76-rustdoc-1
[INFO] running `Command { std: "git" "clone" "/workspace/cache/git-repos/https%3A%2F%2Fgithub.com%2FHarukiUchito%2Fsatellite_viz_rust" "/workspace/builds/worker-5-tc2/source", kill_on_drop: false }`
[INFO] [stderr] Cloning into '/workspace/builds/worker-5-tc2/source'...
[INFO] [stderr] done.
[INFO] validating manifest of git repo https://github.com/HarukiUchito/satellite_viz_rust on toolchain beta-2023-12-22
[INFO] running `Command { std: CARGO_HOME="/workspace/cargo-home" RUSTUP_HOME="/workspace/rustup-home" "/workspace/cargo-home/bin/cargo" "+beta-2023-12-22" "metadata" "--manifest-path" "Cargo.toml" "--no-deps", kill_on_drop: false }`
[INFO] started tweaking git repo https://github.com/HarukiUchito/satellite_viz_rust
[INFO] finished tweaking git repo https://github.com/HarukiUchito/satellite_viz_rust
[INFO] tweaked toml for git repo https://github.com/HarukiUchito/satellite_viz_rust written to /workspace/builds/worker-5-tc2/source/Cargo.toml
[INFO] crate git repo https://github.com/HarukiUchito/satellite_viz_rust already has a lockfile, it will not be regenerated
[INFO] running `Command { std: CARGO_HOME="/workspace/cargo-home" RUSTUP_HOME="/workspace/rustup-home" "/workspace/cargo-home/bin/cargo" "+beta-2023-12-22" "fetch" "--manifest-path" "Cargo.toml", kill_on_drop: false }`
[INFO] running `Command { std: "docker" "create" "-v" "/var/lib/crater-agent-workspace/builds/worker-5-tc2/target:/opt/rustwide/target:rw,Z" "-v" "/var/lib/crater-agent-workspace/builds/worker-5-tc2/source:/opt/rustwide/workdir:ro,Z" "-v" "/var/lib/crater-agent-workspace/cargo-home:/opt/rustwide/cargo-home:ro,Z" "-v" "/var/lib/crater-agent-workspace/rustup-home:/opt/rustwide/rustup-home:ro,Z" "-e" "SOURCE_DIR=/opt/rustwide/workdir" "-e" "CARGO_TARGET_DIR=/opt/rustwide/target" "-e" "CARGO_HOME=/opt/rustwide/cargo-home" "-e" "RUSTUP_HOME=/opt/rustwide/rustup-home" "-w" "/opt/rustwide/workdir" "-m" "1610612736" "--user" "0:0" "--network" "none" "ghcr.io/rust-lang/crates-build-env/linux@sha256:2788e3201cd34a07e3172128adcd8b3090168a8e3bcc40d7c032b9dda1df7d1c" "/opt/rustwide/cargo-home/bin/cargo" "+beta-2023-12-22" "metadata" "--no-deps" "--format-version=1", kill_on_drop: false }`
[INFO] [stdout] ecbfcffcab70e256a734f1c59da02bcf1badd6f640d9e3aa5164d3d1498df41b
[INFO] running `Command { std: "docker" "start" "-a" "ecbfcffcab70e256a734f1c59da02bcf1badd6f640d9e3aa5164d3d1498df41b", kill_on_drop: false }`
[INFO] running `Command { std: "docker" "inspect" "ecbfcffcab70e256a734f1c59da02bcf1badd6f640d9e3aa5164d3d1498df41b", kill_on_drop: false }`
[INFO] running `Command { std: "docker" "rm" "-f" "ecbfcffcab70e256a734f1c59da02bcf1badd6f640d9e3aa5164d3d1498df41b", kill_on_drop: false }`
[INFO] [stdout] ecbfcffcab70e256a734f1c59da02bcf1badd6f640d9e3aa5164d3d1498df41b
[INFO] running `Command { std: "docker" "create" "-v" "/var/lib/crater-agent-workspace/builds/worker-5-tc2/target:/opt/rustwide/target:rw,Z" "-v" "/var/lib/crater-agent-workspace/builds/worker-5-tc2/source:/opt/rustwide/workdir:ro,Z" "-v" "/var/lib/crater-agent-workspace/cargo-home:/opt/rustwide/cargo-home:ro,Z" "-v" "/var/lib/crater-agent-workspace/rustup-home:/opt/rustwide/rustup-home:ro,Z" "-e" "SOURCE_DIR=/opt/rustwide/workdir" "-e" "CARGO_TARGET_DIR=/opt/rustwide/target" "-e" "CARGO_INCREMENTAL=0" "-e" "RUST_BACKTRACE=full" "-e" "RUSTFLAGS=--cap-lints=warn" "-e" "RUSTDOCFLAGS=--cap-lints=warn" "-e" "CARGO_HOME=/opt/rustwide/cargo-home" "-e" "RUSTUP_HOME=/opt/rustwide/rustup-home" "-w" "/opt/rustwide/workdir" "-m" "1610612736" "--user" "0:0" "--network" "none" "ghcr.io/rust-lang/crates-build-env/linux@sha256:2788e3201cd34a07e3172128adcd8b3090168a8e3bcc40d7c032b9dda1df7d1c" "/opt/rustwide/cargo-home/bin/cargo" "+beta-2023-12-22" "doc" "--frozen" "--no-deps" "--document-private-items" "--message-format=json", kill_on_drop: false }`
[INFO] [stdout] d6a2817aef0daf3a47da5fb7c53d0fe57ff63a58bd8340c96400199decb12a5d
[INFO] running `Command { std: "docker" "start" "-a" "d6a2817aef0daf3a47da5fb7c53d0fe57ff63a58bd8340c96400199decb12a5d", kill_on_drop: false }`
[INFO] [stderr]     Checking libc v0.2.43
[INFO] [stderr]    Compiling version_check v0.1.4
[INFO] [stderr]     Checking cfg-if v0.1.5
[INFO] [stderr]     Checking futures v0.1.23
[INFO] [stderr]     Checking byteorder v1.2.6
[INFO] [stderr]    Compiling cc v1.0.22
[INFO] [stderr]     Checking void v1.0.2
[INFO] [stderr]     Checking scopeguard v0.3.3
[INFO] [stderr]     Checking log v0.4.4
[INFO] [stderr]     Checking crossbeam-utils v0.5.0
[INFO] [stderr]     Checking unreachable v1.0.0
[INFO] [stderr]     Checking stable_deref_trait v1.1.1
[INFO] [stderr]     Checking slab v0.4.1
[INFO] [stderr]     Checking owning_ref v0.3.3
[INFO] [stderr]     Checking smallvec v0.6.5
[INFO] [stderr]    Compiling lazy_static v1.1.0
[INFO] [stderr]     Checking lazycell v0.6.0
[INFO] [stderr]     Checking lock_api v0.1.3
[INFO] [stderr]     Checking nodrop v0.1.12
[INFO] [stderr]     Checking iovec v0.1.2
[INFO] [stderr]     Checking rand v0.4.3
[INFO] [stderr]     Checking num_cpus v1.8.0
[INFO] [stderr]     Checking bytes v0.4.9
[INFO] [stderr]     Checking net2 v0.2.33
[INFO] [stderr]    Compiling gcc v0.3.54
[INFO] [stderr]    Compiling regex v0.2.11
[INFO] [stderr]     Checking mio v0.6.15
[INFO] [stderr]     Checking arrayvec v0.4.7
[INFO] [stderr]     Checking memoffset v0.2.1
[INFO] [stderr]    Compiling backtrace-sys v0.1.24
[INFO] [stderr]     Checking rand_core v0.2.1
[INFO] [stderr]     Checking crossbeam-epoch v0.5.2
[INFO] [stderr]     Checking parking_lot_core v0.2.14
[INFO] [stderr]    Compiling memchr v2.0.2
[INFO] [stderr]    Compiling rust-crypto v0.2.36
[INFO] [stderr]     Checking tokio-executor v0.1.4
[INFO] [stderr]     Checking tokio-io v0.1.8
[INFO] [stderr]     Checking rand v0.5.5
[INFO] [stderr]     Checking parking_lot v0.6.3
[INFO] [stderr]     Checking crossbeam-deque v0.6.1
[INFO] [stderr]     Checking log v0.3.9
[INFO] [stderr]    Compiling proc-macro2 v0.4.13
[INFO] [stderr]    Compiling rustc-demangle v0.1.9
[INFO] [stderr]    Compiling ucd-util v0.1.1
[INFO] [stderr]     Checking mio-uds v0.6.6
[INFO] [stderr]     Checking tokio-reactor v0.1.5
[INFO] [stderr]    Compiling regex-syntax v0.5.6
[INFO] [stderr]     Checking tokio-codec v0.1.0
[INFO] [stderr]    Compiling aho-corasick v0.6.8
[INFO] [stderr]    Compiling thread_local v0.3.6
[INFO] [stderr]    Compiling rand v0.3.22
[INFO] [stderr]     Checking time v0.1.40
[INFO] [stderr]    Compiling httparse v1.3.2
[INFO] [stderr]     Checking safemem v0.2.0
[INFO] [stderr]    Compiling rustc-serialize v0.3.24
[INFO] [stderr]    Compiling serde v1.0.75
[INFO] [stderr]    Compiling utf8-ranges v1.0.1
[INFO] [stderr]    Compiling backtrace v0.3.9
[INFO] [stderr]     Checking tokio-threadpool v0.1.6
[INFO] [stdout] error[E0310]: the parameter type `T` may not live long enough
[INFO] [stdout]     --> /opt/rustwide/cargo-home/registry/src/index.crates.io-6f17d22bba15001f/rustc-serialize-0.3.24/src/serialize.rs:1155:5
[INFO] [stdout]      |
[INFO] [stdout] 1155 |     fn decode<D: Decoder>(d: &mut D) -> Result<Cow<'static, T>, D::Error> {
[INFO] [stdout]      |     ^^^^^^^^^^^^^^^^^^^^^^^^^^^^^^^^^^^^^^^^^^^^^^^^^^^^^^^^^^^^^^^^^^^^^
[INFO] [stdout]      |     |
[INFO] [stdout]      |     the parameter type `T` must be valid for the static lifetime...
[INFO] [stdout]      |     ...so that the type `T` will meet its required lifetime bounds...
[INFO] [stdout]      |
[INFO] [stdout] note: ...that is required by this bound
[INFO] [stdout]     --> /rustc/0e09125c6c3c2fd70d7de961bcf0e51575235fad/library/alloc/src/borrow.rs:180:30
[INFO] [stdout] help: consider adding an explicit lifetime bound
[INFO] [stdout]      |
[INFO] [stdout] 1151 | impl<'a, T: ?Sized + 'static> Decodable for Cow<'a, T>
[INFO] [stdout]      |                    +++++++++
[INFO] [stdout] 
[INFO] [stdout] 
[INFO] [stderr]    Compiling error-chain v0.11.0
[INFO] [stderr]     Checking tokio-tcp v0.1.1
[INFO] [stderr]     Checking tokio-udp v0.1.2
[INFO] [stderr]     Checking tokio-uds v0.2.1
[INFO] [stderr]     Checking tokio-timer v0.2.6
[INFO] [stderr]     Checking tokio-current-thread v0.1.1
[INFO] [stderr]     Checking tokio-fs v0.1.3
[INFO] [stderr]    Compiling unicase v1.4.2
[INFO] [stderr]    Compiling unicase v2.1.0
[INFO] [stderr]     Checking percent-encoding v1.0.1
[INFO] [stderr]     Checking unicode-normalization v0.1.7
[INFO] [stderr]     Checking tokio v0.1.8
[INFO] [stderr]    Compiling quote v0.6.8
[INFO] [stderr]     Checking scoped-tls v0.1.2
[INFO] [stderr]     Checking language-tags v0.2.2
[INFO] [stderr]     Checking tokio-core v0.1.17
[INFO] [stdout] error: aborting due to 1 previous error
[INFO] [stdout] 
[INFO] [stdout] 
[INFO] [stdout] For more information about this error, try `rustc --explain E0310`.
[INFO] [stdout] 
[INFO] [stderr] error: could not compile `rustc-serialize` (lib) due to 2 previous errors
[INFO] [stderr] warning: build failed, waiting for other jobs to finish...
[INFO] running `Command { std: "docker" "inspect" "d6a2817aef0daf3a47da5fb7c53d0fe57ff63a58bd8340c96400199decb12a5d", kill_on_drop: false }`
[INFO] running `Command { std: "docker" "rm" "-f" "d6a2817aef0daf3a47da5fb7c53d0fe57ff63a58bd8340c96400199decb12a5d", kill_on_drop: false }`
[INFO] [stdout] d6a2817aef0daf3a47da5fb7c53d0fe57ff63a58bd8340c96400199decb12a5d
