[INFO] cloning repository https://github.com/Hanoke/vulkan-engine
[INFO] running `Command { std: "git" "-c" "credential.helper=" "-c" "credential.helper=/workspace/cargo-home/bin/git-credential-null" "clone" "--bare" "https://github.com/Hanoke/vulkan-engine" "/workspace/cache/git-repos/https%3A%2F%2Fgithub.com%2FHanoke%2Fvulkan-engine", kill_on_drop: false }`
[INFO] [stderr] Cloning into bare repository '/workspace/cache/git-repos/https%3A%2F%2Fgithub.com%2FHanoke%2Fvulkan-engine'...
[INFO] running `Command { std: "git" "rev-parse" "HEAD", kill_on_drop: false }`
[INFO] [stdout] 4d60e350a0535b63a79b6cabff170cc334c327c9
[INFO] documenting Hanoke/vulkan-engine against 1.75.0 for beta-1.76-rustdoc-1
[INFO] running `Command { std: "git" "clone" "/workspace/cache/git-repos/https%3A%2F%2Fgithub.com%2FHanoke%2Fvulkan-engine" "/workspace/builds/worker-4-tc1/source", kill_on_drop: false }`
[INFO] [stderr] Cloning into '/workspace/builds/worker-4-tc1/source'...
[INFO] [stderr] done.
[INFO] validating manifest of git repo https://github.com/Hanoke/vulkan-engine on toolchain 1.75.0
[INFO] running `Command { std: CARGO_HOME="/workspace/cargo-home" RUSTUP_HOME="/workspace/rustup-home" "/workspace/cargo-home/bin/cargo" "+1.75.0" "metadata" "--manifest-path" "Cargo.toml" "--no-deps", kill_on_drop: false }`
[INFO] started tweaking git repo https://github.com/Hanoke/vulkan-engine
[INFO] finished tweaking git repo https://github.com/Hanoke/vulkan-engine
[INFO] tweaked toml for git repo https://github.com/Hanoke/vulkan-engine written to /workspace/builds/worker-4-tc1/source/Cargo.toml
[INFO] crate git repo https://github.com/Hanoke/vulkan-engine already has a lockfile, it will not be regenerated
[INFO] running `Command { std: CARGO_HOME="/workspace/cargo-home" RUSTUP_HOME="/workspace/rustup-home" "/workspace/cargo-home/bin/cargo" "+1.75.0" "fetch" "--manifest-path" "Cargo.toml", kill_on_drop: false }`
[INFO] [stderr]     Updating crates.io index
[INFO] [stderr]  Downloading crates ...
[INFO] [stderr]   Downloaded obj v0.10.2
[INFO] running `Command { std: "docker" "create" "-v" "/var/lib/crater-agent-workspace/builds/worker-4-tc1/target:/opt/rustwide/target:rw,Z" "-v" "/var/lib/crater-agent-workspace/builds/worker-4-tc1/source:/opt/rustwide/workdir:ro,Z" "-v" "/var/lib/crater-agent-workspace/cargo-home:/opt/rustwide/cargo-home:ro,Z" "-v" "/var/lib/crater-agent-workspace/rustup-home:/opt/rustwide/rustup-home:ro,Z" "-e" "SOURCE_DIR=/opt/rustwide/workdir" "-e" "CARGO_TARGET_DIR=/opt/rustwide/target" "-e" "CARGO_HOME=/opt/rustwide/cargo-home" "-e" "RUSTUP_HOME=/opt/rustwide/rustup-home" "-w" "/opt/rustwide/workdir" "-m" "1610612736" "--user" "0:0" "--network" "none" "ghcr.io/rust-lang/crates-build-env/linux@sha256:2788e3201cd34a07e3172128adcd8b3090168a8e3bcc40d7c032b9dda1df7d1c" "/opt/rustwide/cargo-home/bin/cargo" "+1.75.0" "metadata" "--no-deps" "--format-version=1", kill_on_drop: false }`
[INFO] [stdout] dbdf50c8ba45a90cf90923bc6169b0f1a4866fba730fb7020894359d29784f2f
[INFO] running `Command { std: "docker" "start" "-a" "dbdf50c8ba45a90cf90923bc6169b0f1a4866fba730fb7020894359d29784f2f", kill_on_drop: false }`
[INFO] running `Command { std: "docker" "inspect" "dbdf50c8ba45a90cf90923bc6169b0f1a4866fba730fb7020894359d29784f2f", kill_on_drop: false }`
[INFO] running `Command { std: "docker" "rm" "-f" "dbdf50c8ba45a90cf90923bc6169b0f1a4866fba730fb7020894359d29784f2f", kill_on_drop: false }`
[INFO] [stdout] dbdf50c8ba45a90cf90923bc6169b0f1a4866fba730fb7020894359d29784f2f
[INFO] running `Command { std: "docker" "create" "-v" "/var/lib/crater-agent-workspace/builds/worker-4-tc1/target:/opt/rustwide/target:rw,Z" "-v" "/var/lib/crater-agent-workspace/builds/worker-4-tc1/source:/opt/rustwide/workdir:ro,Z" "-v" "/var/lib/crater-agent-workspace/cargo-home:/opt/rustwide/cargo-home:ro,Z" "-v" "/var/lib/crater-agent-workspace/rustup-home:/opt/rustwide/rustup-home:ro,Z" "-e" "SOURCE_DIR=/opt/rustwide/workdir" "-e" "CARGO_TARGET_DIR=/opt/rustwide/target" "-e" "CARGO_INCREMENTAL=0" "-e" "RUST_BACKTRACE=full" "-e" "RUSTFLAGS=--cap-lints=warn" "-e" "RUSTDOCFLAGS=--cap-lints=warn" "-e" "CARGO_HOME=/opt/rustwide/cargo-home" "-e" "RUSTUP_HOME=/opt/rustwide/rustup-home" "-w" "/opt/rustwide/workdir" "-m" "1610612736" "--user" "0:0" "--network" "none" "ghcr.io/rust-lang/crates-build-env/linux@sha256:2788e3201cd34a07e3172128adcd8b3090168a8e3bcc40d7c032b9dda1df7d1c" "/opt/rustwide/cargo-home/bin/cargo" "+1.75.0" "doc" "--frozen" "--no-deps" "--document-private-items" "--message-format=json", kill_on_drop: false }`
[INFO] [stdout] 7b8c3a5e99cf41b836b44d9e8d2509769bce87868cfc923091f81f194266e4fb
[INFO] running `Command { std: "docker" "start" "-a" "7b8c3a5e99cf41b836b44d9e8d2509769bce87868cfc923091f81f194266e4fb", kill_on_drop: false }`
[INFO] [stderr]    Compiling proc-macro2 v1.0.56
[INFO] [stderr]    Compiling unicode-ident v1.0.8
[INFO] [stderr]    Compiling quote v1.0.26
[INFO] [stderr]    Compiling libc v0.2.141
[INFO] [stderr]    Compiling pkg-config v0.3.26
[INFO] [stderr]     Checking bitflags v1.3.2
[INFO] [stderr]    Compiling xml-rs v0.8.4
[INFO] [stderr]    Compiling memoffset v0.6.5
[INFO] [stderr]    Compiling crossbeam-utils v0.8.15
[INFO] [stderr]     Checking libloading v0.7.4
[INFO] [stderr]    Compiling memoffset v0.8.0
[INFO] [stderr]    Compiling crossbeam-epoch v0.9.14
[INFO] [stderr]    Compiling crc32fast v1.3.2
[INFO] [stderr]     Checking adler v1.0.2
[INFO] [stderr]    Compiling wayland-sys v0.29.5
[INFO] [stderr]     Checking smallvec v1.10.0
[INFO] [stderr]     Checking miniz_oxide v0.6.2
[INFO] [stderr]    Compiling wayland-scanner v0.29.5
[INFO] [stderr]     Checking dlib v0.5.0
[INFO] [stderr]     Checking once_cell v1.17.1
[INFO] [stderr]    Compiling version_check v0.9.4
[INFO] [stderr]    Compiling syn v1.0.109
[INFO] [stderr]    Compiling rayon-core v1.11.0
[INFO] [stderr]    Compiling log v0.4.17
[INFO] [stderr]     Checking crossbeam-deque v0.8.3
[INFO] [stderr]     Checking flate2 v1.0.25
[INFO] [stderr]     Checking crossbeam-channel v0.5.7
[INFO] [stderr]    Compiling syn v2.0.13
[INFO] [stderr]    Compiling lock_api v0.4.9
[INFO] [stderr]    Compiling slotmap v1.0.6
[INFO] [stderr]     Checking nix v0.24.3
[INFO] [stderr]     Checking num_cpus v1.15.0
[INFO] [stderr]    Compiling thiserror v1.0.40
[INFO] [stderr]     Checking scoped-tls v1.0.1
[INFO] [stderr]     Checking bytemuck v1.13.1
[INFO] [stderr]    Compiling num-traits v0.2.15
[INFO] [stderr]    Compiling futures-core v0.3.28
[INFO] [stderr]    Compiling wayland-client v0.29.5
[INFO] [stderr]    Compiling wayland-protocols v0.29.5
[INFO] [stderr]     Checking xcursor v0.3.4
[INFO] [stderr]     Checking png v0.17.7
[INFO] [stderr]     Checking nix v0.25.1
[INFO] [stderr]     Checking wayland-commons v0.29.5
[INFO] [stderr]     Checking getrandom v0.2.9
[INFO] [stderr]    Compiling smithay-client-toolkit v0.16.0
[INFO] [stderr]    Compiling num-integer v0.1.45
[INFO] [stderr]     Checking ttf-parser v0.18.1
[INFO] [stderr]     Checking either v1.8.1
[INFO] [stderr]     Checking arrayref v0.3.7
[INFO] [stderr]     Checking strict-num v0.1.0
[INFO] [stderr]     Checking rayon v1.7.0
[INFO] [stderr]     Checking tiny-skia-path v0.8.3
[INFO] [stderr]     Checking nanorand v0.7.0
[INFO] [stderr]     Checking spin v0.9.8
[INFO] [stderr]    Compiling thiserror-impl v1.0.40
[INFO] [stderr]     Checking memmap2 v0.5.10
[INFO] [stderr]    Compiling x11-dl v2.21.0
[INFO] [stderr]    Compiling num-rational v0.4.1
[INFO] [stderr]     Checking weezl v0.1.7
[INFO] [stderr]     Checking arrayvec v0.7.2
[INFO] [stderr]     Checking simd-adler32 v0.3.5
[INFO] [stderr]     Checking owned_ttf_parser v0.18.1
[INFO] [stderr]     Checking futures-sink v0.3.28
[INFO] [stderr]     Checking ab_glyph_rasterizer v0.1.8
[INFO] [stderr]    Compiling cfg_aliases v0.1.1
[INFO] [stderr]     Checking zune-inflate v0.2.53
[INFO] [stderr]     Checking ab_glyph v0.2.20
[INFO] [stderr]     Checking jpeg-decoder v0.3.0
[INFO] [stderr]    Compiling winit v0.28.3
[INFO] [stderr]     Checking tiny-skia v0.8.3
[INFO] [stderr]    Compiling ash v0.37.2+1.3.238
[INFO] [stderr]     Checking calloop v0.10.5
[INFO] [stderr]     Checking wayland-cursor v0.29.5
[INFO] [stderr]     Checking half v2.2.1
[INFO] [stderr]     Checking color_quant v1.1.0
[INFO] [stderr]     Checking bit_field v0.10.2
[INFO] [stderr]     Checking lebe v0.5.2
[INFO] [stderr]     Checking gif v0.12.0
[INFO] [stderr]     Checking tiff v0.8.1
[INFO] [stderr]     Checking mio v0.8.6
[INFO] [stderr]     Checking qoi v0.4.1
[INFO] [stderr]     Checking instant v0.1.12
[INFO] [stderr]     Checking byteorder v1.4.3
[INFO] [stderr]     Checking percent-encoding v2.2.0
[INFO] [stderr]     Checking raw-window-handle v0.5.2
[INFO] [stderr]     Checking obj v0.10.2
[INFO] [stderr]     Checking glam v0.23.0
[INFO] [stderr]    Compiling pin-project-internal v1.0.12
[INFO] [stderr]     Checking pin-project v1.0.12
[INFO] [stderr]     Checking flume v0.10.14
[INFO] [stderr]     Checking exr v1.6.3
[INFO] [stderr]     Checking image v0.24.6
[INFO] [stderr]     Checking sctk-adwaita v0.5.4
[INFO] [stderr]     Checking hanokei v0.1.0 (/opt/rustwide/workdir)
[INFO] [stderr]  Documenting hanokei v0.1.0 (/opt/rustwide/workdir)
[INFO] [stdout] error[E0432]: unresolved import `winit::platform::windows`
[INFO] [stdout]  --> src/lib/engine/renderer.rs:2:28
[INFO] [stdout]   |
[INFO] [stdout] 2 | use winit::{dpi, platform::windows::WindowExtWindows, };
[INFO] [stdout]   |                            ^^^^^^^ could not find `windows` in `platform`
[INFO] [stdout] 
[INFO] [stdout] 
[INFO] [stdout] error[E0432]: unresolved import `winit::platform::windows`
[INFO] [stdout]  --> src/lib/engine/renderer.rs:2:28
[INFO] [stdout]   |
[INFO] [stdout] 2 | use winit::{dpi, platform::windows::WindowExtWindows, };
[INFO] [stdout]   |                            ^^^^^^^ could not find `windows` in `platform`
[INFO] [stdout] 
[INFO] [stdout] 
[INFO] [stdout] warning: unused import: `dpi`
[INFO] [stdout]  --> src/lib/engine/renderer.rs:2:13
[INFO] [stdout]   |
[INFO] [stdout] 2 | use winit::{dpi, platform::windows::WindowExtWindows, };
[INFO] [stdout]   |             ^^^
[INFO] [stdout]   |
[INFO] [stdout]   = note: `#[warn(unused_imports)]` on by default
[INFO] [stdout] 
[INFO] [stdout] 
[INFO] [stdout] warning: unused import: `extensions`
[INFO] [stdout]  --> src/lib/engine/renderer/surface.rs:1:15
[INFO] [stdout]   |
[INFO] [stdout] 1 | use ash::{vk, extensions};
[INFO] [stdout]   |               ^^^^^^^^^^
[INFO] [stdout] 
[INFO] [stdout] 
[INFO] [stdout] warning: unused import: `std::ptr`
[INFO] [stdout]  --> src/lib/engine/renderer/surface.rs:2:5
[INFO] [stdout]   |
[INFO] [stdout] 2 | use std::ptr;
[INFO] [stdout]   |     ^^^^^^^^
[INFO] [stdout] 
[INFO] [stdout] 
[INFO] [stdout] error: aborting due to previous error
[INFO] [stdout] 
[INFO] [stdout] 
[INFO] [stdout] For more information about this error, try `rustc --explain E0432`.
[INFO] [stdout] 
[INFO] [stderr] error: could not document `hanokei`
[INFO] [stderr] 
[INFO] [stderr] Caused by:
[INFO] [stderr]   process didn't exit successfully: `/opt/rustwide/rustup-home/toolchains/1.75.0-x86_64-unknown-linux-gnu/bin/rustdoc --edition=2021 --crate-type lib --crate-name hanokei_lib src/lib/lib.rs -o /opt/rustwide/target/doc --error-format=json --json=diagnostic-rendered-ansi,artifacts,future-incompat --document-private-items -C metadata=f5b18c47f9f8c118 -L dependency=/opt/rustwide/target/debug/deps --extern ash=/opt/rustwide/target/debug/deps/libash-ccd0cd93ac0cbda8.rmeta --extern glam=/opt/rustwide/target/debug/deps/libglam-80df6a0389ef1091.rmeta --extern image=/opt/rustwide/target/debug/deps/libimage-6f2f1d12fa337f79.rmeta --extern obj=/opt/rustwide/target/debug/deps/libobj-b196833d00542b1d.rmeta --extern winit=/opt/rustwide/target/debug/deps/libwinit-eec8f1495c3c40fa.rmeta --cap-lints=warn --crate-version 0.1.0` (exit status: 1)
[INFO] [stderr] warning: build failed, waiting for other jobs to finish...
[INFO] [stdout] error[E0425]: cannot find function `create_win32_surface` in this scope
[INFO] [stdout]   --> src/lib/engine/renderer/surface.rs:21:29
[INFO] [stdout]    |
[INFO] [stdout] 21 |         let win32_surface = create_win32_surface(&entry, &instance, hinstance, hwnd);
[INFO] [stdout]    |                             ^^^^^^^^^^^^^^^^^^^^ not found in this scope
[INFO] [stdout] 
[INFO] [stdout] 
[INFO] [stdout] error[E0599]: no method named `hinstance` found for reference `&Window` in the current scope
[INFO] [stdout]   --> src/lib/engine/renderer.rs:85:71
[INFO] [stdout]    |
[INFO] [stdout] 85 | ...   let surface = surface::Surface::new(&entry, &instance, window.hinstance() as vk::HINSTANCE, window.hwnd() as vk::HWND, physical_dev...
[INFO] [stdout]    |                                                                     ^^^^^^^^^ method not found in `&Window`
[INFO] [stdout] 
[INFO] [stdout] 
[INFO] [stdout] error[E0599]: no method named `hwnd` found for reference `&Window` in the current scope
[INFO] [stdout]   --> src/lib/engine/renderer.rs:85:108
[INFO] [stdout]    |
[INFO] [stdout] 85 | ...ance, window.hinstance() as vk::HINSTANCE, window.hwnd() as vk::HWND, physical_device);
[INFO] [stdout]    |                                                      ^^^^ method not found in `&Window`
[INFO] [stdout] 
[INFO] [stdout] 
[INFO] [stdout] warning: use of deprecated field `winit::event::WindowEvent::MouseInput::modifiers`: Deprecated in favor of WindowEvent::ModifiersChanged
[INFO] [stdout]   --> src/lib/engine.rs:63:83
[INFO] [stdout]    |
[INFO] [stdout] 63 |                     event::WindowEvent::MouseInput { device_id: _, state, button, modifiers: _ } => {
[INFO] [stdout]    |                                                                                   ^^^^^^^^^^^^
[INFO] [stdout]    |
[INFO] [stdout]    = note: `#[warn(deprecated)]` on by default
[INFO] [stdout] 
[INFO] [stdout] 
[INFO] [stdout] warning: use of deprecated field `winit::event::WindowEvent::MouseWheel::modifiers`: Deprecated in favor of WindowEvent::ModifiersChanged
[INFO] [stdout]   --> src/lib/engine.rs:76:79
[INFO] [stdout]    |
[INFO] [stdout] 76 |                     event::WindowEvent::MouseWheel { device_id, delta, phase, modifiers } => {
[INFO] [stdout]    |                                                                               ^^^^^^^^^
[INFO] [stdout] 
[INFO] [stdout] 
[INFO] [stdout] error: aborting due to 4 previous errors; 5 warnings emitted
[INFO] [stdout] 
[INFO] [stdout] 
[INFO] [stdout] Some errors have detailed explanations: E0425, E0432, E0599.
[INFO] [stdout] 
[INFO] [stdout] For more information about an error, try `rustc --explain E0425`.
[INFO] [stdout] 
[INFO] [stderr] error: could not compile `hanokei` (lib) due to 5 previous errors; 5 warnings emitted
[INFO] running `Command { std: "docker" "inspect" "7b8c3a5e99cf41b836b44d9e8d2509769bce87868cfc923091f81f194266e4fb", kill_on_drop: false }`
[INFO] running `Command { std: "docker" "rm" "-f" "7b8c3a5e99cf41b836b44d9e8d2509769bce87868cfc923091f81f194266e4fb", kill_on_drop: false }`
[INFO] [stdout] 7b8c3a5e99cf41b836b44d9e8d2509769bce87868cfc923091f81f194266e4fb
[INFO] documenting Hanoke/vulkan-engine against beta-2023-12-22 for beta-1.76-rustdoc-1
[INFO] running `Command { std: "git" "clone" "/workspace/cache/git-repos/https%3A%2F%2Fgithub.com%2FHanoke%2Fvulkan-engine" "/workspace/builds/worker-4-tc2/source", kill_on_drop: false }`
[INFO] [stderr] Cloning into '/workspace/builds/worker-4-tc2/source'...
[INFO] [stderr] done.
[INFO] validating manifest of git repo https://github.com/Hanoke/vulkan-engine on toolchain beta-2023-12-22
[INFO] running `Command { std: CARGO_HOME="/workspace/cargo-home" RUSTUP_HOME="/workspace/rustup-home" "/workspace/cargo-home/bin/cargo" "+beta-2023-12-22" "metadata" "--manifest-path" "Cargo.toml" "--no-deps", kill_on_drop: false }`
[INFO] started tweaking git repo https://github.com/Hanoke/vulkan-engine
[INFO] finished tweaking git repo https://github.com/Hanoke/vulkan-engine
[INFO] tweaked toml for git repo https://github.com/Hanoke/vulkan-engine written to /workspace/builds/worker-4-tc2/source/Cargo.toml
[INFO] crate git repo https://github.com/Hanoke/vulkan-engine already has a lockfile, it will not be regenerated
[INFO] running `Command { std: CARGO_HOME="/workspace/cargo-home" RUSTUP_HOME="/workspace/rustup-home" "/workspace/cargo-home/bin/cargo" "+beta-2023-12-22" "fetch" "--manifest-path" "Cargo.toml", kill_on_drop: false }`
[INFO] running `Command { std: "docker" "create" "-v" "/var/lib/crater-agent-workspace/builds/worker-4-tc2/target:/opt/rustwide/target:rw,Z" "-v" "/var/lib/crater-agent-workspace/builds/worker-4-tc2/source:/opt/rustwide/workdir:ro,Z" "-v" "/var/lib/crater-agent-workspace/cargo-home:/opt/rustwide/cargo-home:ro,Z" "-v" "/var/lib/crater-agent-workspace/rustup-home:/opt/rustwide/rustup-home:ro,Z" "-e" "SOURCE_DIR=/opt/rustwide/workdir" "-e" "CARGO_TARGET_DIR=/opt/rustwide/target" "-e" "CARGO_HOME=/opt/rustwide/cargo-home" "-e" "RUSTUP_HOME=/opt/rustwide/rustup-home" "-w" "/opt/rustwide/workdir" "-m" "1610612736" "--user" "0:0" "--network" "none" "ghcr.io/rust-lang/crates-build-env/linux@sha256:2788e3201cd34a07e3172128adcd8b3090168a8e3bcc40d7c032b9dda1df7d1c" "/opt/rustwide/cargo-home/bin/cargo" "+beta-2023-12-22" "metadata" "--no-deps" "--format-version=1", kill_on_drop: false }`
[INFO] [stdout] 54c5e8ba3d2c98c709d3e93ef93b55cc438a4f66dc3b2f5fc0f03efff1c2bf69
[INFO] running `Command { std: "docker" "start" "-a" "54c5e8ba3d2c98c709d3e93ef93b55cc438a4f66dc3b2f5fc0f03efff1c2bf69", kill_on_drop: false }`
[INFO] running `Command { std: "docker" "inspect" "54c5e8ba3d2c98c709d3e93ef93b55cc438a4f66dc3b2f5fc0f03efff1c2bf69", kill_on_drop: false }`
[INFO] running `Command { std: "docker" "rm" "-f" "54c5e8ba3d2c98c709d3e93ef93b55cc438a4f66dc3b2f5fc0f03efff1c2bf69", kill_on_drop: false }`
[INFO] [stdout] 54c5e8ba3d2c98c709d3e93ef93b55cc438a4f66dc3b2f5fc0f03efff1c2bf69
[INFO] running `Command { std: "docker" "create" "-v" "/var/lib/crater-agent-workspace/builds/worker-4-tc2/target:/opt/rustwide/target:rw,Z" "-v" "/var/lib/crater-agent-workspace/builds/worker-4-tc2/source:/opt/rustwide/workdir:ro,Z" "-v" "/var/lib/crater-agent-workspace/cargo-home:/opt/rustwide/cargo-home:ro,Z" "-v" "/var/lib/crater-agent-workspace/rustup-home:/opt/rustwide/rustup-home:ro,Z" "-e" "SOURCE_DIR=/opt/rustwide/workdir" "-e" "CARGO_TARGET_DIR=/opt/rustwide/target" "-e" "CARGO_INCREMENTAL=0" "-e" "RUST_BACKTRACE=full" "-e" "RUSTFLAGS=--cap-lints=warn" "-e" "RUSTDOCFLAGS=--cap-lints=warn" "-e" "CARGO_HOME=/opt/rustwide/cargo-home" "-e" "RUSTUP_HOME=/opt/rustwide/rustup-home" "-w" "/opt/rustwide/workdir" "-m" "1610612736" "--user" "0:0" "--network" "none" "ghcr.io/rust-lang/crates-build-env/linux@sha256:2788e3201cd34a07e3172128adcd8b3090168a8e3bcc40d7c032b9dda1df7d1c" "/opt/rustwide/cargo-home/bin/cargo" "+beta-2023-12-22" "doc" "--frozen" "--no-deps" "--document-private-items" "--message-format=json", kill_on_drop: false }`
[INFO] [stdout] e7296579a555cd9788acd814dd8007838da207485281e9a38422972ffd9eea7d
[INFO] running `Command { std: "docker" "start" "-a" "e7296579a555cd9788acd814dd8007838da207485281e9a38422972ffd9eea7d", kill_on_drop: false }`
[INFO] [stderr]    Compiling proc-macro2 v1.0.56
[INFO] [stderr]    Compiling libc v0.2.141
[INFO] [stderr]    Compiling quote v1.0.26
[INFO] [stderr]    Compiling unicode-ident v1.0.8
[INFO] [stderr]    Compiling pkg-config v0.3.26
[INFO] [stderr]     Checking bitflags v1.3.2
[INFO] [stderr]    Compiling xml-rs v0.8.4
[INFO] [stderr]    Compiling memoffset v0.6.5
[INFO] [stderr]    Compiling crossbeam-utils v0.8.15
[INFO] [stderr]     Checking libloading v0.7.4
[INFO] [stderr]    Compiling memoffset v0.8.0
[INFO] [stderr]    Compiling crossbeam-epoch v0.9.14
[INFO] [stderr]    Compiling crc32fast v1.3.2
[INFO] [stderr]     Checking smallvec v1.10.0
[INFO] [stderr]     Checking adler v1.0.2
[INFO] [stderr]    Compiling wayland-sys v0.29.5
[INFO] [stderr]     Checking miniz_oxide v0.6.2
[INFO] [stderr]     Checking dlib v0.5.0
[INFO] [stderr]     Checking once_cell v1.17.1
[INFO] [stderr]    Compiling version_check v0.9.4
[INFO] [stderr]    Compiling wayland-scanner v0.29.5
[INFO] [stderr]    Compiling syn v1.0.109
[INFO] [stderr]    Compiling log v0.4.17
[INFO] [stderr]    Compiling rayon-core v1.11.0
[INFO] [stderr]     Checking crossbeam-deque v0.8.3
[INFO] [stderr]     Checking flate2 v1.0.25
[INFO] [stderr]    Compiling syn v2.0.13
[INFO] [stderr]     Checking crossbeam-channel v0.5.7
[INFO] [stderr]    Compiling lock_api v0.4.9
[INFO] [stderr]    Compiling slotmap v1.0.6
[INFO] [stderr]     Checking bytemuck v1.13.1
[INFO] [stderr]     Checking scoped-tls v1.0.1
[INFO] [stderr]    Compiling thiserror v1.0.40
[INFO] [stderr]    Compiling num-traits v0.2.15
[INFO] [stderr]    Compiling futures-core v0.3.28
[INFO] [stderr]     Checking nix v0.24.3
[INFO] [stderr]     Checking num_cpus v1.15.0
[INFO] [stderr]     Checking nix v0.25.1
[INFO] [stderr]    Compiling wayland-client v0.29.5
[INFO] [stderr]    Compiling wayland-protocols v0.29.5
[INFO] [stderr]     Checking getrandom v0.2.9
[INFO] [stderr]     Checking xcursor v0.3.4
[INFO] [stderr]     Checking png v0.17.7
[INFO] [stderr]    Compiling smithay-client-toolkit v0.16.0
[INFO] [stderr]     Checking wayland-commons v0.29.5
[INFO] [stderr]    Compiling num-integer v0.1.45
[INFO] [stderr]     Checking strict-num v0.1.0
[INFO] [stderr]     Checking arrayref v0.3.7
[INFO] [stderr]     Checking ttf-parser v0.18.1
[INFO] [stderr]     Checking either v1.8.1
[INFO] [stderr]     Checking rayon v1.7.0
[INFO] [stderr]     Checking tiny-skia-path v0.8.3
[INFO] [stderr]     Checking spin v0.9.8
[INFO] [stderr]     Checking nanorand v0.7.0
[INFO] [stderr]    Compiling thiserror-impl v1.0.40
[INFO] [stderr]     Checking memmap2 v0.5.10
[INFO] [stderr]    Compiling x11-dl v2.21.0
[INFO] [stderr]    Compiling num-rational v0.4.1
[INFO] [stderr]     Checking ab_glyph_rasterizer v0.1.8
[INFO] [stderr]     Checking futures-sink v0.3.28
[INFO] [stderr]    Compiling cfg_aliases v0.1.1
[INFO] [stderr]     Checking arrayvec v0.7.2
[INFO] [stderr]     Checking weezl v0.1.7
[INFO] [stderr]     Checking simd-adler32 v0.3.5
[INFO] [stderr]     Checking tiny-skia v0.8.3
[INFO] [stderr]     Checking zune-inflate v0.2.53
[INFO] [stderr]     Checking owned_ttf_parser v0.18.1
[INFO] [stderr]    Compiling winit v0.28.3
[INFO] [stderr]     Checking ab_glyph v0.2.20
[INFO] [stderr]     Checking jpeg-decoder v0.3.0
[INFO] [stderr]     Checking wayland-cursor v0.29.5
[INFO] [stderr]     Checking color_quant v1.1.0
[INFO] [stderr]     Checking bit_field v0.10.2
[INFO] [stderr]    Compiling ash v0.37.2+1.3.238
[INFO] [stderr]     Checking lebe v0.5.2
[INFO] [stderr]     Checking half v2.2.1
[INFO] [stderr]     Checking calloop v0.10.5
[INFO] [stderr]     Checking gif v0.12.0
[INFO] [stderr]     Checking tiff v0.8.1
[INFO] [stderr]     Checking mio v0.8.6
[INFO] [stderr]     Checking qoi v0.4.1
[INFO] [stderr]     Checking instant v0.1.12
[INFO] [stderr]     Checking byteorder v1.4.3
[INFO] [stderr]     Checking percent-encoding v2.2.0
[INFO] [stderr]     Checking raw-window-handle v0.5.2
[INFO] [stderr]     Checking glam v0.23.0
[INFO] [stderr]     Checking obj v0.10.2
[INFO] [stderr]    Compiling pin-project-internal v1.0.12
[INFO] [stderr]     Checking pin-project v1.0.12
[INFO] [stderr]     Checking flume v0.10.14
[INFO] [stderr]     Checking exr v1.6.3
[INFO] [stderr]     Checking image v0.24.6
[INFO] [stderr]     Checking sctk-adwaita v0.5.4
[INFO] [stderr]  Documenting hanokei v0.1.0 (/opt/rustwide/workdir)
[INFO] [stderr]     Checking hanokei v0.1.0 (/opt/rustwide/workdir)
[INFO] [stdout] error[E0432]: unresolved import `winit::platform::windows`
[INFO] [stdout]  --> src/lib/engine/renderer.rs:2:28
[INFO] [stdout]   |
[INFO] [stdout] 2 | use winit::{dpi, platform::windows::WindowExtWindows, };
[INFO] [stdout]   |                            ^^^^^^^ could not find `windows` in `platform`
[INFO] [stdout] 
[INFO] [stdout] 
[INFO] [stdout] error[E0432]: unresolved import `winit::platform::windows`
[INFO] [stdout]  --> src/lib/engine/renderer.rs:2:28
[INFO] [stdout]   |
[INFO] [stdout] 2 | use winit::{dpi, platform::windows::WindowExtWindows, };
[INFO] [stdout]   |                            ^^^^^^^ could not find `windows` in `platform`
[INFO] [stdout] 
[INFO] [stdout] 
[INFO] [stdout] warning: unused import: `dpi`
[INFO] [stdout]  --> src/lib/engine/renderer.rs:2:13
[INFO] [stdout]   |
[INFO] [stdout] 2 | use winit::{dpi, platform::windows::WindowExtWindows, };
[INFO] [stdout]   |             ^^^
[INFO] [stdout]   |
[INFO] [stdout]   = note: `#[warn(unused_imports)]` on by default
[INFO] [stdout] 
[INFO] [stdout] 
[INFO] [stdout] warning: unused import: `extensions`
[INFO] [stdout]  --> src/lib/engine/renderer/surface.rs:1:15
[INFO] [stdout]   |
[INFO] [stdout] 1 | use ash::{vk, extensions};
[INFO] [stdout]   |               ^^^^^^^^^^
[INFO] [stdout] 
[INFO] [stdout] 
[INFO] [stdout] warning: unused import: `std::ptr`
[INFO] [stdout]  --> src/lib/engine/renderer/surface.rs:2:5
[INFO] [stdout]   |
[INFO] [stdout] 2 | use std::ptr;
[INFO] [stdout]   |     ^^^^^^^^
[INFO] [stdout] 
[INFO] [stdout] 
[INFO] [stdout] error: aborting due to 1 previous error
[INFO] [stdout] 
[INFO] [stdout] 
[INFO] [stderr] error: could not document `hanokei`
[INFO] [stdout] For more information about this error, try `rustc --explain E0432`.
[INFO] [stdout] 
[INFO] [stderr] 
[INFO] [stderr] Caused by:
[INFO] [stderr]   process didn't exit successfully: `/opt/rustwide/rustup-home/toolchains/beta-2023-12-22-x86_64-unknown-linux-gnu/bin/rustdoc --edition=2021 --crate-type lib --crate-name hanokei_lib src/lib/lib.rs -o /opt/rustwide/target/doc --error-format=json --json=diagnostic-rendered-ansi,artifacts,future-incompat --document-private-items -C metadata=632c7dd3ec46dda8 -L dependency=/opt/rustwide/target/debug/deps --extern ash=/opt/rustwide/target/debug/deps/libash-feb41afbfc1c283c.rmeta --extern glam=/opt/rustwide/target/debug/deps/libglam-a01b5dedb2518883.rmeta --extern image=/opt/rustwide/target/debug/deps/libimage-0290ae414430095d.rmeta --extern obj=/opt/rustwide/target/debug/deps/libobj-dfa62aea8f08d810.rmeta --extern winit=/opt/rustwide/target/debug/deps/libwinit-c630520e54c6ca33.rmeta --cap-lints=warn --crate-version 0.1.0` (exit status: 1)
[INFO] [stderr] warning: build failed, waiting for other jobs to finish...
[INFO] [stdout] error[E0425]: cannot find function `create_win32_surface` in this scope
[INFO] [stdout]   --> src/lib/engine/renderer/surface.rs:21:29
[INFO] [stdout]    |
[INFO] [stdout] 21 |         let win32_surface = create_win32_surface(&entry, &instance, hinstance, hwnd);
[INFO] [stdout]    |                             ^^^^^^^^^^^^^^^^^^^^ not found in this scope
[INFO] [stdout] 
[INFO] [stdout] 
[INFO] [stdout] error[E0599]: no method named `hinstance` found for reference `&Window` in the current scope
[INFO] [stdout]   --> src/lib/engine/renderer.rs:85:71
[INFO] [stdout]    |
[INFO] [stdout] 85 | ...   let surface = surface::Surface::new(&entry, &instance, window.hinstance() as vk::HINSTANCE, window.hwnd() as vk::HWND, physical_dev...
[INFO] [stdout]    |                                                                     ^^^^^^^^^ method not found in `&Window`
[INFO] [stdout] 
[INFO] [stdout] 
[INFO] [stdout] error[E0599]: no method named `hwnd` found for reference `&Window` in the current scope
[INFO] [stdout]   --> src/lib/engine/renderer.rs:85:108
[INFO] [stdout]    |
[INFO] [stdout] 85 | ...ance, window.hinstance() as vk::HINSTANCE, window.hwnd() as vk::HWND, physical_device);
[INFO] [stdout]    |                                                      ^^^^ method not found in `&Window`
[INFO] [stdout] 
[INFO] [stdout] 
[INFO] [stdout] warning: use of deprecated field `winit::event::WindowEvent::MouseInput::modifiers`: Deprecated in favor of WindowEvent::ModifiersChanged
[INFO] [stdout]   --> src/lib/engine.rs:63:83
[INFO] [stdout]    |
[INFO] [stdout] 63 |                     event::WindowEvent::MouseInput { device_id: _, state, button, modifiers: _ } => {
[INFO] [stdout]    |                                                                                   ^^^^^^^^^^^^
[INFO] [stdout]    |
[INFO] [stdout]    = note: `#[warn(deprecated)]` on by default
[INFO] [stdout] 
[INFO] [stdout] 
[INFO] [stdout] warning: use of deprecated field `winit::event::WindowEvent::MouseWheel::modifiers`: Deprecated in favor of WindowEvent::ModifiersChanged
[INFO] [stdout]   --> src/lib/engine.rs:76:79
[INFO] [stdout]    |
[INFO] [stdout] 76 |                     event::WindowEvent::MouseWheel { device_id, delta, phase, modifiers } => {
[INFO] [stdout]    |                                                                               ^^^^^^^^^
[INFO] [stdout] 
[INFO] [stdout] 
[INFO] [stdout] error: aborting due to 4 previous errors; 5 warnings emitted
[INFO] [stdout] 
[INFO] [stdout] 
[INFO] [stdout] Some errors have detailed explanations: E0425, E0432, E0599.
[INFO] [stdout] 
[INFO] [stdout] For more information about an error, try `rustc --explain E0425`.
[INFO] [stdout] 
[INFO] [stderr] error: could not compile `hanokei` (lib) due to 5 previous errors; 5 warnings emitted
[INFO] running `Command { std: "docker" "inspect" "e7296579a555cd9788acd814dd8007838da207485281e9a38422972ffd9eea7d", kill_on_drop: false }`
[INFO] running `Command { std: "docker" "rm" "-f" "e7296579a555cd9788acd814dd8007838da207485281e9a38422972ffd9eea7d", kill_on_drop: false }`
[INFO] [stdout] e7296579a555cd9788acd814dd8007838da207485281e9a38422972ffd9eea7d
