[INFO] cloning repository https://github.com/Hakuyume/menoh-yolo
[INFO] running `Command { std: "git" "-c" "credential.helper=" "-c" "credential.helper=/workspace/cargo-home/bin/git-credential-null" "clone" "--bare" "https://github.com/Hakuyume/menoh-yolo" "/workspace/cache/git-repos/https%3A%2F%2Fgithub.com%2FHakuyume%2Fmenoh-yolo", kill_on_drop: false }`
[INFO] [stderr] Cloning into bare repository '/workspace/cache/git-repos/https%3A%2F%2Fgithub.com%2FHakuyume%2Fmenoh-yolo'...
[INFO] running `Command { std: "git" "rev-parse" "HEAD", kill_on_drop: false }`
[INFO] [stdout] 43634ef99d3167405ba9601f7d1d24d68477e885
[INFO] documenting Hakuyume/menoh-yolo against 1.75.0 for beta-1.76-rustdoc-1
[INFO] running `Command { std: "git" "clone" "/workspace/cache/git-repos/https%3A%2F%2Fgithub.com%2FHakuyume%2Fmenoh-yolo" "/workspace/builds/worker-7-tc1/source", kill_on_drop: false }`
[INFO] [stderr] Cloning into '/workspace/builds/worker-7-tc1/source'...
[INFO] [stderr] done.
[INFO] validating manifest of git repo https://github.com/Hakuyume/menoh-yolo on toolchain 1.75.0
[INFO] running `Command { std: CARGO_HOME="/workspace/cargo-home" RUSTUP_HOME="/workspace/rustup-home" "/workspace/cargo-home/bin/cargo" "+1.75.0" "metadata" "--manifest-path" "Cargo.toml" "--no-deps", kill_on_drop: false }`
[INFO] started tweaking git repo https://github.com/Hakuyume/menoh-yolo
[INFO] finished tweaking git repo https://github.com/Hakuyume/menoh-yolo
[INFO] tweaked toml for git repo https://github.com/Hakuyume/menoh-yolo written to /workspace/builds/worker-7-tc1/source/Cargo.toml
[INFO] crate git repo https://github.com/Hakuyume/menoh-yolo already has a lockfile, it will not be regenerated
[INFO] running `Command { std: CARGO_HOME="/workspace/cargo-home" RUSTUP_HOME="/workspace/rustup-home" "/workspace/cargo-home/bin/cargo" "+1.75.0" "fetch" "--manifest-path" "Cargo.toml", kill_on_drop: false }`
[INFO] [stderr]     Updating crates.io index
[INFO] [stderr]  Downloading crates ...
[INFO] [stderr]   Downloaded winapi-util v0.1.1
[INFO] [stderr]   Downloaded png v0.12.0
[INFO] [stderr]   Downloaded generic-array v0.8.3
[INFO] [stderr]   Downloaded num-derive v0.2.3
[INFO] [stderr]   Downloaded stb_truetype v0.2.4
[INFO] [stderr]   Downloaded docopt v1.0.2
[INFO] [stderr]   Downloaded proc-macro2 v0.4.24
[INFO] [stderr]   Downloaded syn v0.15.22
[INFO] [stderr]   Downloaded libc v0.2.45
[INFO] [stderr]   Downloaded serde v1.0.81
[INFO] [stderr]   Downloaded image v0.19.0
[INFO] [stderr]   Downloaded rusttype v0.5.2
[INFO] [stderr]   Downloaded nalgebra v0.13.1
[INFO] [stderr]   Downloaded serde_derive v1.0.81
[INFO] [stderr]   Downloaded menoh-sys v0.2.0
[INFO] [stderr]   Downloaded menoh v0.2.0
[INFO] [stderr]   Downloaded imageproc v0.15.0
[INFO] running `Command { std: "docker" "create" "-v" "/var/lib/crater-agent-workspace/builds/worker-7-tc1/target:/opt/rustwide/target:rw,Z" "-v" "/var/lib/crater-agent-workspace/builds/worker-7-tc1/source:/opt/rustwide/workdir:ro,Z" "-v" "/var/lib/crater-agent-workspace/cargo-home:/opt/rustwide/cargo-home:ro,Z" "-v" "/var/lib/crater-agent-workspace/rustup-home:/opt/rustwide/rustup-home:ro,Z" "-e" "SOURCE_DIR=/opt/rustwide/workdir" "-e" "CARGO_TARGET_DIR=/opt/rustwide/target" "-e" "CARGO_HOME=/opt/rustwide/cargo-home" "-e" "RUSTUP_HOME=/opt/rustwide/rustup-home" "-w" "/opt/rustwide/workdir" "-m" "1610612736" "--user" "0:0" "--network" "none" "ghcr.io/rust-lang/crates-build-env/linux@sha256:2788e3201cd34a07e3172128adcd8b3090168a8e3bcc40d7c032b9dda1df7d1c" "/opt/rustwide/cargo-home/bin/cargo" "+1.75.0" "metadata" "--no-deps" "--format-version=1", kill_on_drop: false }`
[INFO] [stdout] 8aa87dbf75b9a2f982651848251f192c037755af470c3c502bfbf0faab33d010
[INFO] running `Command { std: "docker" "start" "-a" "8aa87dbf75b9a2f982651848251f192c037755af470c3c502bfbf0faab33d010", kill_on_drop: false }`
[INFO] running `Command { std: "docker" "inspect" "8aa87dbf75b9a2f982651848251f192c037755af470c3c502bfbf0faab33d010", kill_on_drop: false }`
[INFO] running `Command { std: "docker" "rm" "-f" "8aa87dbf75b9a2f982651848251f192c037755af470c3c502bfbf0faab33d010", kill_on_drop: false }`
[INFO] [stdout] 8aa87dbf75b9a2f982651848251f192c037755af470c3c502bfbf0faab33d010
[INFO] running `Command { std: "docker" "create" "-v" "/var/lib/crater-agent-workspace/builds/worker-7-tc1/target:/opt/rustwide/target:rw,Z" "-v" "/var/lib/crater-agent-workspace/builds/worker-7-tc1/source:/opt/rustwide/workdir:ro,Z" "-v" "/var/lib/crater-agent-workspace/cargo-home:/opt/rustwide/cargo-home:ro,Z" "-v" "/var/lib/crater-agent-workspace/rustup-home:/opt/rustwide/rustup-home:ro,Z" "-e" "SOURCE_DIR=/opt/rustwide/workdir" "-e" "CARGO_TARGET_DIR=/opt/rustwide/target" "-e" "CARGO_INCREMENTAL=0" "-e" "RUST_BACKTRACE=full" "-e" "RUSTFLAGS=--cap-lints=warn" "-e" "RUSTDOCFLAGS=--cap-lints=warn" "-e" "CARGO_HOME=/opt/rustwide/cargo-home" "-e" "RUSTUP_HOME=/opt/rustwide/rustup-home" "-w" "/opt/rustwide/workdir" "-m" "1610612736" "--user" "0:0" "--network" "none" "ghcr.io/rust-lang/crates-build-env/linux@sha256:2788e3201cd34a07e3172128adcd8b3090168a8e3bcc40d7c032b9dda1df7d1c" "/opt/rustwide/cargo-home/bin/cargo" "+1.75.0" "doc" "--frozen" "--no-deps" "--document-private-items" "--message-format=json", kill_on_drop: false }`
[INFO] [stdout] 2a4e9e982f6d6554b5308a444856b39d95bd11a0771e9a6fbcbeee13a0c4738e
[INFO] running `Command { std: "docker" "start" "-a" "2a4e9e982f6d6554b5308a444856b39d95bd11a0771e9a6fbcbeee13a0c4738e", kill_on_drop: false }`
[INFO] [stderr]    Compiling libc v0.2.45
[INFO] [stderr]    Compiling num-integer v0.1.39
[INFO] [stderr]    Compiling proc-macro2 v0.4.24
[INFO] [stderr]    Compiling version_check v0.1.5
[INFO] [stderr]     Checking rustc-serialize v0.3.24
[INFO] [stderr]     Checking byteorder v1.2.7
[INFO] [stderr]     Checking either v1.5.0
[INFO] [stderr]     Checking arrayvec v0.4.8
[INFO] [stderr]    Compiling regex v1.1.0
[INFO] [stderr]     Checking ucd-util v0.1.3
[INFO] [stderr]     Checking thread_local v0.3.6
[INFO] [stderr]     Checking utf8-ranges v1.0.2
[INFO] [stderr]    Compiling matrixmultiply v0.1.15
[INFO] [stderr]    Compiling serde v1.0.81
[INFO] [stderr]     Checking void v1.0.2
[INFO] [stderr]    Compiling num-derive v0.2.3
[INFO] [stderr]     Checking quick-error v1.2.2
[INFO] [stderr]     Checking unreachable v1.0.0
[INFO] [stderr]     Checking regex-syntax v0.6.4
[INFO] [stderr]    Compiling menoh-sys v0.2.0
[INFO] [stderr]     Checking inflate v0.4.4
[INFO] [stderr]     Checking humantime v1.2.0
[INFO] [stderr]    Compiling num-traits v0.2.6
[INFO] [stderr]     Checking deflate v0.7.19
[INFO] [stderr]     Checking crossbeam-epoch v0.3.1
[INFO] [stderr]    Compiling memchr v2.1.1
[INFO] [stderr]     Checking termcolor v1.0.4
[INFO] [stderr]    Compiling num-complex v0.2.1
[INFO] [stderr]    Compiling ryu v0.2.7
[INFO] [stderr]     Checking stb_truetype v0.2.4
[INFO] [stderr]     Checking generic-array v0.8.3
[INFO] [stderr]     Checking ordered-float v0.5.2
[INFO] [stderr]     Checking itertools v0.7.11
[INFO] [stderr]     Checking crossbeam-deque v0.2.0
[INFO] [stderr]     Checking scoped_threadpool v0.1.9
[INFO] [stderr]    Compiling ndarray v0.12.1
[INFO] [stderr]     Checking custom_derive v0.1.7
[INFO] [stderr]     Checking num-iter v0.1.37
[INFO] [stderr]     Checking itoa v0.4.3
[INFO] [stderr]    Compiling menoh-yolo v0.1.0 (/opt/rustwide/workdir)
[INFO] [stderr]     Checking conv v0.3.3
[INFO] [stderr]     Checking strsim v0.7.0
[INFO] [stderr]     Checking png v0.12.0
[INFO] [stderr]     Checking rusttype v0.5.2
[INFO] [stderr]     Checking menoh v0.2.0
[INFO] [stderr]     Checking rand v0.4.3
[INFO] [stderr]     Checking num_cpus v1.8.0
[INFO] [stderr]    Compiling quote v0.6.10
[INFO] [stderr]     Checking atty v0.2.11
[INFO] [stderr]     Checking rayon-core v1.4.1
[INFO] [stderr]    Compiling syn v0.15.22
[INFO] [stderr]     Checking aho-corasick v0.6.9
[INFO] [stderr]     Checking rayon v1.0.3
[INFO] [stderr]     Checking rand v0.3.22
[INFO] [stderr]     Checking num-bigint v0.1.44
[INFO] [stderr]     Checking num-complex v0.1.43
[INFO] [stderr]     Checking alga v0.5.4
[INFO] [stderr]     Checking num-rational v0.1.42
[INFO] [stderr]     Checking nalgebra v0.13.1
[INFO] [stderr]     Checking jpeg-decoder v0.1.15
[INFO] [stderr]     Checking num v0.1.42
[INFO] [stderr]     Checking env_logger v0.5.13
[INFO] [stderr]     Checking quickcheck v0.6.2
[INFO] [stderr]    Compiling serde_derive v1.0.81
[INFO] [stdout] error[E0119]: conflicting implementations of trait `Mul<&_>` for type `translation::Translation<_, _>`
[INFO] [stdout]    --> /opt/rustwide/cargo-home/registry/src/index.crates.io-6f17d22bba15001f/nalgebra-0.13.1/src/geometry/isometry_ops.rs:67:9
[INFO] [stdout]     |
[INFO] [stdout] 67  | /         impl<$($lives ,)* N: Real, D: DimName, R> $Op<$Rhs> for $Lhs
[INFO] [stdout] 68  | |             where R: AlgaRotation<Point<N, D>>,
[INFO] [stdout] 69  | |                   DefaultAllocator: Allocator<N, D> {
[INFO] [stdout]     | |                                                   ^
[INFO] [stdout]     | |                                                   |
[INFO] [stdout]     | |___________________________________________________first implementation here
[INFO] [stdout]     |                                                     conflicting implementation for `translation::Translation<_, _>`
[INFO] [stdout] ...
[INFO] [stdout] 281 | / isometry_binop_impl_all!(
[INFO] [stdout] 282 | |     Mul, mul;
[INFO] [stdout] 283 | |     self: Translation<N, D>, right: R, Output = Isometry<N, D, R>;
[INFO] [stdout] 284 | |     [val val] => Isometry::from_parts(self, right);
[INFO] [stdout] ...   |
[INFO] [stdout] 287 | |     [ref ref] => Isometry::from_parts(self.clone(), right.clone());
[INFO] [stdout] 288 | | );
[INFO] [stdout]     | |_- in this macro invocation
[INFO] [stdout]     |
[INFO] [stdout]     = note: downstream crates may implement trait `alga::linear::Rotation<geometry::point::Point<_, _>>` for type `&_`
[INFO] [stdout]     = note: this error originates in the macro `isometry_binop_impl` which comes from the expansion of the macro `isometry_binop_impl_all` (in Nightly builds, run with -Z macro-backtrace for more info)
[INFO] [stdout] 
[INFO] [stdout] 
[INFO] [stdout] error[E0119]: conflicting implementations of trait `Mul<&_>` for type `&translation::Translation<_, _>`
[INFO] [stdout]    --> /opt/rustwide/cargo-home/registry/src/index.crates.io-6f17d22bba15001f/nalgebra-0.13.1/src/geometry/isometry_ops.rs:67:9
[INFO] [stdout]     |
[INFO] [stdout] 67  | /         impl<$($lives ,)* N: Real, D: DimName, R> $Op<$Rhs> for $Lhs
[INFO] [stdout] 68  | |             where R: AlgaRotation<Point<N, D>>,
[INFO] [stdout] 69  | |                   DefaultAllocator: Allocator<N, D> {
[INFO] [stdout]     | |                                                   ^
[INFO] [stdout]     | |                                                   |
[INFO] [stdout]     | |___________________________________________________first implementation here
[INFO] [stdout]     |                                                     conflicting implementation for `&translation::Translation<_, _>`
[INFO] [stdout] ...
[INFO] [stdout] 281 | / isometry_binop_impl_all!(
[INFO] [stdout] 282 | |     Mul, mul;
[INFO] [stdout] 283 | |     self: Translation<N, D>, right: R, Output = Isometry<N, D, R>;
[INFO] [stdout] 284 | |     [val val] => Isometry::from_parts(self, right);
[INFO] [stdout] ...   |
[INFO] [stdout] 287 | |     [ref ref] => Isometry::from_parts(self.clone(), right.clone());
[INFO] [stdout] 288 | | );
[INFO] [stdout]     | |_- in this macro invocation
[INFO] [stdout]     |
[INFO] [stdout]     = note: downstream crates may implement trait `alga::linear::Rotation<geometry::point::Point<_, _>>` for type `&_`
[INFO] [stdout]     = note: this error originates in the macro `isometry_binop_impl` which comes from the expansion of the macro `isometry_binop_impl_all` (in Nightly builds, run with -Z macro-backtrace for more info)
[INFO] [stdout] 
[INFO] [stdout] 
[INFO] [stdout] error: aborting due to 2 previous errors
[INFO] [stdout] 
[INFO] [stdout] 
[INFO] [stdout] For more information about this error, try `rustc --explain E0119`.
[INFO] [stdout] 
[INFO] [stderr] error: could not compile `nalgebra` (lib) due to 3 previous errors
[INFO] [stderr] warning: build failed, waiting for other jobs to finish...
[INFO] running `Command { std: "docker" "inspect" "2a4e9e982f6d6554b5308a444856b39d95bd11a0771e9a6fbcbeee13a0c4738e", kill_on_drop: false }`
[INFO] running `Command { std: "docker" "rm" "-f" "2a4e9e982f6d6554b5308a444856b39d95bd11a0771e9a6fbcbeee13a0c4738e", kill_on_drop: false }`
[INFO] [stdout] 2a4e9e982f6d6554b5308a444856b39d95bd11a0771e9a6fbcbeee13a0c4738e
[INFO] documenting Hakuyume/menoh-yolo against beta-2023-12-22 for beta-1.76-rustdoc-1
[INFO] running `Command { std: "git" "clone" "/workspace/cache/git-repos/https%3A%2F%2Fgithub.com%2FHakuyume%2Fmenoh-yolo" "/workspace/builds/worker-7-tc2/source", kill_on_drop: false }`
[INFO] [stderr] Cloning into '/workspace/builds/worker-7-tc2/source'...
[INFO] [stderr] done.
[INFO] validating manifest of git repo https://github.com/Hakuyume/menoh-yolo on toolchain beta-2023-12-22
[INFO] running `Command { std: CARGO_HOME="/workspace/cargo-home" RUSTUP_HOME="/workspace/rustup-home" "/workspace/cargo-home/bin/cargo" "+beta-2023-12-22" "metadata" "--manifest-path" "Cargo.toml" "--no-deps", kill_on_drop: false }`
[INFO] started tweaking git repo https://github.com/Hakuyume/menoh-yolo
[INFO] finished tweaking git repo https://github.com/Hakuyume/menoh-yolo
[INFO] tweaked toml for git repo https://github.com/Hakuyume/menoh-yolo written to /workspace/builds/worker-7-tc2/source/Cargo.toml
[INFO] crate git repo https://github.com/Hakuyume/menoh-yolo already has a lockfile, it will not be regenerated
[INFO] running `Command { std: CARGO_HOME="/workspace/cargo-home" RUSTUP_HOME="/workspace/rustup-home" "/workspace/cargo-home/bin/cargo" "+beta-2023-12-22" "fetch" "--manifest-path" "Cargo.toml", kill_on_drop: false }`
[INFO] running `Command { std: "docker" "create" "-v" "/var/lib/crater-agent-workspace/builds/worker-7-tc2/target:/opt/rustwide/target:rw,Z" "-v" "/var/lib/crater-agent-workspace/builds/worker-7-tc2/source:/opt/rustwide/workdir:ro,Z" "-v" "/var/lib/crater-agent-workspace/cargo-home:/opt/rustwide/cargo-home:ro,Z" "-v" "/var/lib/crater-agent-workspace/rustup-home:/opt/rustwide/rustup-home:ro,Z" "-e" "SOURCE_DIR=/opt/rustwide/workdir" "-e" "CARGO_TARGET_DIR=/opt/rustwide/target" "-e" "CARGO_HOME=/opt/rustwide/cargo-home" "-e" "RUSTUP_HOME=/opt/rustwide/rustup-home" "-w" "/opt/rustwide/workdir" "-m" "1610612736" "--user" "0:0" "--network" "none" "ghcr.io/rust-lang/crates-build-env/linux@sha256:2788e3201cd34a07e3172128adcd8b3090168a8e3bcc40d7c032b9dda1df7d1c" "/opt/rustwide/cargo-home/bin/cargo" "+beta-2023-12-22" "metadata" "--no-deps" "--format-version=1", kill_on_drop: false }`
[INFO] [stdout] 0fc5cd8b11b954f04705b73c0495fbce17e0f27599721532dffbbf9bc01fd607
[INFO] running `Command { std: "docker" "start" "-a" "0fc5cd8b11b954f04705b73c0495fbce17e0f27599721532dffbbf9bc01fd607", kill_on_drop: false }`
[INFO] running `Command { std: "docker" "inspect" "0fc5cd8b11b954f04705b73c0495fbce17e0f27599721532dffbbf9bc01fd607", kill_on_drop: false }`
[INFO] running `Command { std: "docker" "rm" "-f" "0fc5cd8b11b954f04705b73c0495fbce17e0f27599721532dffbbf9bc01fd607", kill_on_drop: false }`
[INFO] [stdout] 0fc5cd8b11b954f04705b73c0495fbce17e0f27599721532dffbbf9bc01fd607
[INFO] running `Command { std: "docker" "create" "-v" "/var/lib/crater-agent-workspace/builds/worker-7-tc2/target:/opt/rustwide/target:rw,Z" "-v" "/var/lib/crater-agent-workspace/builds/worker-7-tc2/source:/opt/rustwide/workdir:ro,Z" "-v" "/var/lib/crater-agent-workspace/cargo-home:/opt/rustwide/cargo-home:ro,Z" "-v" "/var/lib/crater-agent-workspace/rustup-home:/opt/rustwide/rustup-home:ro,Z" "-e" "SOURCE_DIR=/opt/rustwide/workdir" "-e" "CARGO_TARGET_DIR=/opt/rustwide/target" "-e" "CARGO_INCREMENTAL=0" "-e" "RUST_BACKTRACE=full" "-e" "RUSTFLAGS=--cap-lints=warn" "-e" "RUSTDOCFLAGS=--cap-lints=warn" "-e" "CARGO_HOME=/opt/rustwide/cargo-home" "-e" "RUSTUP_HOME=/opt/rustwide/rustup-home" "-w" "/opt/rustwide/workdir" "-m" "1610612736" "--user" "0:0" "--network" "none" "ghcr.io/rust-lang/crates-build-env/linux@sha256:2788e3201cd34a07e3172128adcd8b3090168a8e3bcc40d7c032b9dda1df7d1c" "/opt/rustwide/cargo-home/bin/cargo" "+beta-2023-12-22" "doc" "--frozen" "--no-deps" "--document-private-items" "--message-format=json", kill_on_drop: false }`
[INFO] [stdout] 916369d9829a45df0ecb65a40f6012d7656afe554ef07775ae61543d2f8a6520
[INFO] running `Command { std: "docker" "start" "-a" "916369d9829a45df0ecb65a40f6012d7656afe554ef07775ae61543d2f8a6520", kill_on_drop: false }`
[INFO] [stderr]    Compiling libc v0.2.45
[INFO] [stderr]    Compiling num-integer v0.1.39
[INFO] [stderr]    Compiling version_check v0.1.5
[INFO] [stderr]    Compiling proc-macro2 v0.4.24
[INFO] [stderr]     Checking rustc-serialize v0.3.24
[INFO] [stderr]     Checking byteorder v1.2.7
[INFO] [stderr]    Compiling regex v1.1.0
[INFO] [stderr]     Checking either v1.5.0
[INFO] [stderr]     Checking arrayvec v0.4.8
[INFO] [stderr]     Checking ucd-util v0.1.3
[INFO] [stderr]     Checking thread_local v0.3.6
[INFO] [stderr]     Checking utf8-ranges v1.0.2
[INFO] [stderr]    Compiling matrixmultiply v0.1.15
[INFO] [stderr]    Compiling num-derive v0.2.3
[INFO] [stderr]    Compiling serde v1.0.81
[INFO] [stderr]     Checking quick-error v1.2.2
[INFO] [stderr]     Checking void v1.0.2
[INFO] [stderr]     Checking regex-syntax v0.6.4
[INFO] [stderr]     Checking humantime v1.2.0
[INFO] [stderr]    Compiling menoh-sys v0.2.0
[INFO] [stderr]     Checking inflate v0.4.4
[INFO] [stderr]     Checking unreachable v1.0.0
[INFO] [stderr]    Compiling num-traits v0.2.6
[INFO] [stderr]     Checking deflate v0.7.19
[INFO] [stderr]    Compiling num-complex v0.2.1
[INFO] [stderr]     Checking crossbeam-epoch v0.3.1
[INFO] [stderr]    Compiling memchr v2.1.1
[INFO] [stdout] error[E0310]: the parameter type `T` may not live long enough
[INFO] [stdout]     --> /opt/rustwide/cargo-home/registry/src/index.crates.io-6f17d22bba15001f/rustc-serialize-0.3.24/src/serialize.rs:1155:5
[INFO] [stdout]      |
[INFO] [stdout] 1155 |     fn decode<D: Decoder>(d: &mut D) -> Result<Cow<'static, T>, D::Error> {
[INFO] [stdout]      |     ^^^^^^^^^^^^^^^^^^^^^^^^^^^^^^^^^^^^^^^^^^^^^^^^^^^^^^^^^^^^^^^^^^^^^
[INFO] [stdout]      |     |
[INFO] [stdout]      |     the parameter type `T` must be valid for the static lifetime...
[INFO] [stdout]      |     ...so that the type `T` will meet its required lifetime bounds...
[INFO] [stdout]      |
[INFO] [stdout] note: ...that is required by this bound
[INFO] [stdout]     --> /rustc/0e09125c6c3c2fd70d7de961bcf0e51575235fad/library/alloc/src/borrow.rs:180:30
[INFO] [stdout] help: consider adding an explicit lifetime bound
[INFO] [stdout]      |
[INFO] [stdout] 1151 | impl<'a, T: ?Sized + 'static> Decodable for Cow<'a, T>
[INFO] [stdout]      |                    +++++++++
[INFO] [stdout] 
[INFO] [stdout] 
[INFO] [stderr]     Checking termcolor v1.0.4
[INFO] [stderr]    Compiling ryu v0.2.7
[INFO] [stderr]     Checking stb_truetype v0.2.4
[INFO] [stderr]     Checking ordered-float v0.5.2
[INFO] [stderr]     Checking generic-array v0.8.3
[INFO] [stderr]     Checking itertools v0.7.11
[INFO] [stderr]     Checking crossbeam-deque v0.2.0
[INFO] [stderr]     Checking custom_derive v0.1.7
[INFO] [stderr]    Compiling ndarray v0.12.1
[INFO] [stderr]     Checking scoped_threadpool v0.1.9
[INFO] [stderr]     Checking num-iter v0.1.37
[INFO] [stderr]     Checking conv v0.3.3
[INFO] [stderr]     Checking itoa v0.4.3
[INFO] [stderr]     Checking rusttype v0.5.2
[INFO] [stderr]     Checking strsim v0.7.0
[INFO] [stderr]    Compiling menoh-yolo v0.1.0 (/opt/rustwide/workdir)
[INFO] [stderr]     Checking png v0.12.0
[INFO] [stderr]     Checking menoh v0.2.0
[INFO] [stderr]     Checking rand v0.4.3
[INFO] [stderr]     Checking num_cpus v1.8.0
[INFO] [stderr]    Compiling quote v0.6.10
[INFO] [stderr]     Checking rayon-core v1.4.1
[INFO] [stderr]     Checking atty v0.2.11
[INFO] [stderr]    Compiling syn v0.15.22
[INFO] [stdout] error: aborting due to 1 previous error
[INFO] [stdout] 
[INFO] [stdout] 
[INFO] [stdout] For more information about this error, try `rustc --explain E0310`.
[INFO] [stdout] 
[INFO] [stderr]     Checking aho-corasick v0.6.9
[INFO] [stderr] error: could not compile `rustc-serialize` (lib) due to 2 previous errors
[INFO] [stderr] warning: build failed, waiting for other jobs to finish...
[INFO] running `Command { std: "docker" "inspect" "916369d9829a45df0ecb65a40f6012d7656afe554ef07775ae61543d2f8a6520", kill_on_drop: false }`
[INFO] running `Command { std: "docker" "rm" "-f" "916369d9829a45df0ecb65a40f6012d7656afe554ef07775ae61543d2f8a6520", kill_on_drop: false }`
[INFO] [stdout] 916369d9829a45df0ecb65a40f6012d7656afe554ef07775ae61543d2f8a6520
