[INFO] cloning repository https://github.com/HadiKhan-dev/pbwt_hkhan
[INFO] running `Command { std: "git" "-c" "credential.helper=" "-c" "credential.helper=/workspace/cargo-home/bin/git-credential-null" "clone" "--bare" "https://github.com/HadiKhan-dev/pbwt_hkhan" "/workspace/cache/git-repos/https%3A%2F%2Fgithub.com%2FHadiKhan-dev%2Fpbwt_hkhan", kill_on_drop: false }`
[INFO] [stderr] Cloning into bare repository '/workspace/cache/git-repos/https%3A%2F%2Fgithub.com%2FHadiKhan-dev%2Fpbwt_hkhan'...
[INFO] running `Command { std: "git" "rev-parse" "HEAD", kill_on_drop: false }`
[INFO] [stdout] c4a44099c4252b8de00f2c4b39728929874c2908
[INFO] documenting HadiKhan-dev/pbwt_hkhan against 1.75.0 for beta-1.76-rustdoc-1
[INFO] running `Command { std: "git" "clone" "/workspace/cache/git-repos/https%3A%2F%2Fgithub.com%2FHadiKhan-dev%2Fpbwt_hkhan" "/workspace/builds/worker-3-tc1/source", kill_on_drop: false }`
[INFO] [stderr] Cloning into '/workspace/builds/worker-3-tc1/source'...
[INFO] [stderr] done.
[INFO] validating manifest of git repo https://github.com/HadiKhan-dev/pbwt_hkhan on toolchain 1.75.0
[INFO] running `Command { std: CARGO_HOME="/workspace/cargo-home" RUSTUP_HOME="/workspace/rustup-home" "/workspace/cargo-home/bin/cargo" "+1.75.0" "metadata" "--manifest-path" "Cargo.toml" "--no-deps", kill_on_drop: false }`
[INFO] started tweaking git repo https://github.com/HadiKhan-dev/pbwt_hkhan
[INFO] finished tweaking git repo https://github.com/HadiKhan-dev/pbwt_hkhan
[INFO] tweaked toml for git repo https://github.com/HadiKhan-dev/pbwt_hkhan written to /workspace/builds/worker-3-tc1/source/Cargo.toml
[INFO] crate git repo https://github.com/HadiKhan-dev/pbwt_hkhan already has a lockfile, it will not be regenerated
[INFO] running `Command { std: CARGO_HOME="/workspace/cargo-home" RUSTUP_HOME="/workspace/rustup-home" "/workspace/cargo-home/bin/cargo" "+1.75.0" "fetch" "--manifest-path" "Cargo.toml", kill_on_drop: false }`
[INFO] [stderr]     Updating crates.io index
[INFO] [stderr]  Downloading crates ...
[INFO] [stderr]   Downloaded bio-types v0.13.0
[INFO] [stderr]   Downloaded closure v0.3.0
[INFO] [stderr]   Downloaded bio v1.0.0
[INFO] [stderr]   Downloaded xgboost-rs v0.3.0
[INFO] [stderr]   Downloaded libc v0.2.143
[INFO] [stderr]   Downloaded xgboost-rs-sys v0.1.31
[INFO] [stderr]   Downloaded vcf v0.6.1
[INFO] running `Command { std: "docker" "create" "-v" "/var/lib/crater-agent-workspace/builds/worker-3-tc1/target:/opt/rustwide/target:rw,Z" "-v" "/var/lib/crater-agent-workspace/builds/worker-3-tc1/source:/opt/rustwide/workdir:ro,Z" "-v" "/var/lib/crater-agent-workspace/cargo-home:/opt/rustwide/cargo-home:ro,Z" "-v" "/var/lib/crater-agent-workspace/rustup-home:/opt/rustwide/rustup-home:ro,Z" "-e" "SOURCE_DIR=/opt/rustwide/workdir" "-e" "CARGO_TARGET_DIR=/opt/rustwide/target" "-e" "CARGO_HOME=/opt/rustwide/cargo-home" "-e" "RUSTUP_HOME=/opt/rustwide/rustup-home" "-w" "/opt/rustwide/workdir" "-m" "1610612736" "--user" "0:0" "--network" "none" "ghcr.io/rust-lang/crates-build-env/linux@sha256:2788e3201cd34a07e3172128adcd8b3090168a8e3bcc40d7c032b9dda1df7d1c" "/opt/rustwide/cargo-home/bin/cargo" "+1.75.0" "metadata" "--no-deps" "--format-version=1", kill_on_drop: false }`
[INFO] [stdout] b293598220491016ec9111918d7d71fc79e3ae51d5e744eeda753f2ae6884d99
[INFO] running `Command { std: "docker" "start" "-a" "b293598220491016ec9111918d7d71fc79e3ae51d5e744eeda753f2ae6884d99", kill_on_drop: false }`
[INFO] running `Command { std: "docker" "inspect" "b293598220491016ec9111918d7d71fc79e3ae51d5e744eeda753f2ae6884d99", kill_on_drop: false }`
[INFO] running `Command { std: "docker" "rm" "-f" "b293598220491016ec9111918d7d71fc79e3ae51d5e744eeda753f2ae6884d99", kill_on_drop: false }`
[INFO] [stdout] b293598220491016ec9111918d7d71fc79e3ae51d5e744eeda753f2ae6884d99
[INFO] running `Command { std: "docker" "create" "-v" "/var/lib/crater-agent-workspace/builds/worker-3-tc1/target:/opt/rustwide/target:rw,Z" "-v" "/var/lib/crater-agent-workspace/builds/worker-3-tc1/source:/opt/rustwide/workdir:ro,Z" "-v" "/var/lib/crater-agent-workspace/cargo-home:/opt/rustwide/cargo-home:ro,Z" "-v" "/var/lib/crater-agent-workspace/rustup-home:/opt/rustwide/rustup-home:ro,Z" "-e" "SOURCE_DIR=/opt/rustwide/workdir" "-e" "CARGO_TARGET_DIR=/opt/rustwide/target" "-e" "CARGO_INCREMENTAL=0" "-e" "RUST_BACKTRACE=full" "-e" "RUSTFLAGS=--cap-lints=warn" "-e" "RUSTDOCFLAGS=--cap-lints=warn" "-e" "CARGO_HOME=/opt/rustwide/cargo-home" "-e" "RUSTUP_HOME=/opt/rustwide/rustup-home" "-w" "/opt/rustwide/workdir" "-m" "1610612736" "--user" "0:0" "--network" "none" "ghcr.io/rust-lang/crates-build-env/linux@sha256:2788e3201cd34a07e3172128adcd8b3090168a8e3bcc40d7c032b9dda1df7d1c" "/opt/rustwide/cargo-home/bin/cargo" "+1.75.0" "doc" "--frozen" "--no-deps" "--document-private-items" "--message-format=json", kill_on_drop: false }`
[INFO] [stdout] ae690342aa7a63a75d6faabdebf7871167c9c9df3d9dd135ccf936f9cfbf3604
[INFO] running `Command { std: "docker" "start" "-a" "ae690342aa7a63a75d6faabdebf7871167c9c9df3d9dd135ccf936f9cfbf3604", kill_on_drop: false }`
[INFO] [stderr]    Compiling proc-macro2 v1.0.47
[INFO] [stderr]    Compiling unicode-ident v1.0.5
[INFO] [stderr]    Compiling quote v1.0.21
[INFO] [stderr]    Compiling syn v1.0.105
[INFO] [stderr]    Compiling libc v0.2.143
[INFO] [stderr]    Compiling libm v0.2.6
[INFO] [stderr]    Compiling num-traits v0.2.15
[INFO] [stderr]    Compiling serde_derive v1.0.149
[INFO] [stderr]    Compiling strsim v0.10.0
[INFO] [stderr]    Compiling serde v1.0.149
[INFO] [stderr]    Compiling memchr v2.5.0
[INFO] [stderr]    Compiling cc v1.0.77
[INFO] [stderr]    Compiling glob v0.3.1
[INFO] [stderr]    Compiling indexmap v1.9.2
[INFO] [stderr]    Compiling clang-sys v1.6.1
[INFO] [stderr]    Compiling num-integer v0.1.45
[INFO] [stderr]    Compiling log v0.4.17
[INFO] [stderr]    Compiling atty v0.2.14
[INFO] [stderr]    Compiling aho-corasick v0.7.20
[INFO] [stderr]    Compiling fnv v1.0.7
[INFO] [stderr]    Compiling minimal-lexical v0.2.1
[INFO] [stderr]    Compiling regex-syntax v0.6.28
[INFO] [stderr]    Compiling termcolor v1.2.0
[INFO] [stderr]    Compiling hashbrown v0.12.3
[INFO] [stderr]    Compiling os_str_bytes v6.5.0
[INFO] [stderr]     Checking getrandom v0.2.8
[INFO] [stderr]    Compiling ident_case v1.0.1
[INFO] [stderr]     Checking rand_core v0.6.4
[INFO] [stderr]    Compiling clap_lex v0.2.4
[INFO] [stderr]    Compiling nom v7.1.1
[INFO] [stderr]     Checking num-complex v0.4.2
[INFO] [stderr]    Compiling libloading v0.7.4
[INFO] [stderr]    Compiling humantime v2.1.0
[INFO] [stderr]     Checking bytemuck v1.12.3
[INFO] [stderr]    Compiling textwrap v0.16.0
[INFO] [stderr]    Compiling bitflags v1.3.2
[INFO] [stderr]    Compiling either v1.8.0
[INFO] [stderr]     Checking ppv-lite86 v0.2.17
[INFO] [stderr]     Checking rawpointer v0.2.1
[INFO] [stderr]    Compiling bindgen v0.60.1
[INFO] [stderr]     Checking matrixmultiply v0.3.2
[INFO] [stderr]    Compiling clap v3.2.25
[INFO] [stderr]     Checking rand_chacha v0.3.1
[INFO] [stderr]    Compiling which v4.4.0
[INFO] [stderr]     Checking safe_arch v0.6.0
[INFO] [stderr]    Compiling proc-macro-error-attr v1.0.4
[INFO] [stderr]    Compiling num-rational v0.4.1
[INFO] [stderr]    Compiling semver v0.1.20
[INFO] [stderr]    Compiling thiserror v1.0.37
[INFO] [stderr]    Compiling regex v1.7.0
[INFO] [stderr]    Compiling rustversion v1.0.9
[INFO] [stderr]    Compiling cexpr v0.6.0
[INFO] [stderr]    Compiling io-lifetimes v1.0.10
[INFO] [stderr]    Compiling lazycell v1.3.0
[INFO] [stderr]    Compiling rustc-hash v1.1.0
[INFO] [stderr]    Compiling darling_core v0.14.4
[INFO] [stderr]    Compiling lazy_static v1.4.0
[INFO] [stderr]    Compiling peeking_take_while v0.1.2
[INFO] [stderr]    Compiling shlex v1.1.0
[INFO] [stderr]    Compiling env_logger v0.9.3
[INFO] [stderr]    Compiling rustc_version v0.1.7
[INFO] [stderr]     Checking wide v0.7.5
[INFO] [stderr]     Checking rand v0.8.5
[INFO] [stderr]     Checking approx v0.5.1
[INFO] [stderr]    Compiling proc-macro-error v1.0.4
[INFO] [stderr]    Compiling cmake v0.1.50
[INFO] [stderr]    Compiling pkg-config v0.3.26
[INFO] [stderr]    Compiling rustix v0.37.19
[INFO] [stderr]    Compiling paste v1.0.9
[INFO] [stderr]    Compiling feature-probe v0.1.1
[INFO] [stderr]    Compiling bv v0.11.1
[INFO] [stderr]    Compiling darling_macro v0.14.4
[INFO] [stderr]    Compiling thiserror-impl v1.0.37
[INFO] [stderr]     Checking simba v0.6.0
[INFO] [stderr]    Compiling lzma-sys v0.1.20
[INFO] [stderr]    Compiling nalgebra-macros v0.1.0
[INFO] [stderr]    Compiling darling v0.14.4
[INFO] [stderr]     Checking rand_distr v0.4.3
[INFO] [stderr]    Compiling derive_builder_core v0.11.2
[INFO] [stderr]    Compiling newtype_derive v0.1.6
[INFO] [stderr]     Checking ryu v1.0.11
[INFO] [stderr]     Checking linux-raw-sys v0.3.7
[INFO] [stderr]    Compiling crc32fast v1.3.2
[INFO] [stderr]    Compiling heck v0.4.0
[INFO] [stderr]    Compiling anyhow v1.0.66
[INFO] [stderr]     Checking regex-automata v0.1.10
[INFO] [stderr]    Compiling strum_macros v0.24.3
[INFO] [stderr]    Compiling derive_builder_macro v0.11.2
[INFO] [stderr]    Compiling enum-map-derive v0.6.0
[INFO] [stderr]    Compiling derive-new v0.5.9
[INFO] [stderr]     Checking ndarray v0.15.6
[INFO] [stderr]     Checking csv-core v0.1.10
[INFO] [stderr]     Checking byteorder v1.4.3
[INFO] [stderr]     Checking itoa v0.4.8
[INFO] [stderr]    Compiling xgboost-rs-sys v0.1.31
[INFO] [stderr]    Compiling serde_json v1.0.89
[INFO] [stderr]     Checking bit-vec v0.6.3
[INFO] [stderr]     Checking fixedbitset v0.4.2
[INFO] [stderr]     Checking adler v1.0.2
[INFO] [stderr]     Checking itertools v0.10.5
[INFO] [stderr]     Checking miniz_oxide v0.6.2
[INFO] [stderr]     Checking bio-types v0.13.0
[INFO] [stderr]     Checking bit-set v0.5.3
[INFO] [stderr]     Checking petgraph v0.6.2
[INFO] [stderr]     Checking nalgebra v0.29.0
[INFO] [stderr]     Checking fxhash v0.2.1
[INFO] [stderr]     Checking tempfile v3.5.0
[INFO] [stderr]     Checking enum-map v1.1.1
[INFO] [stderr]     Checking derive_builder v0.11.2
[INFO] [stderr]    Compiling getset v0.1.2
[INFO] [stderr]     Checking num_cpus v1.14.0
[INFO] [stderr]     Checking itertools-num v0.1.3
[INFO] [stderr]     Checking ordered-float v3.4.0
[INFO] [stderr]     Checking triple_accel v0.4.0
[INFO] [stderr]     Checking itoa v1.0.4
[INFO] [stderr]     Checking strum v0.24.1
[INFO] [stderr]     Checking custom_derive v0.1.7
[INFO] [stderr]     Checking once_cell v1.16.0
[INFO] [stderr]     Checking bytecount v0.6.3
[INFO] [stderr]     Checking threadpool v1.8.1
[INFO] [stderr]     Checking flate2 v1.0.25
[INFO] [stderr]     Checking vcf v0.6.1
[INFO] [stderr]     Checking xz2 v0.1.7
[INFO] [stderr]     Checking closure v0.3.0
[INFO] [stderr]     Checking bstr v0.2.17
[INFO] [stderr]     Checking multimap v0.8.3
[INFO] [stderr]     Checking vec_map v0.8.2
[INFO] [stderr]     Checking bincode v1.3.3
[INFO] [stderr]     Checking serde_bytes v0.11.7
[INFO] [stderr]     Checking csv v1.1.6
[INFO] [stderr]     Checking statrs v0.16.0
[INFO] [stderr]     Checking bio v1.0.0
[INFO] [stderr] error: failed to run custom build command for `xgboost-rs-sys v0.1.31`
[INFO] [stderr] note: To improve backtraces for build dependencies, set the CARGO_PROFILE_DEV_BUILD_OVERRIDE_DEBUG=true environment variable to enable debug information generation.
[INFO] [stderr] 
[INFO] [stderr] Caused by:
[INFO] [stderr]   process didn't exit successfully: `/opt/rustwide/target/debug/build/xgboost-rs-sys-63de15eb7f8bf286/build-script-build` (exit status: 101)
[INFO] [stderr]   --- stdout
[INFO] [stderr]   CMAKE_TOOLCHAIN_FILE_x86_64-unknown-linux-gnu = None
[INFO] [stderr]   CMAKE_TOOLCHAIN_FILE_x86_64_unknown_linux_gnu = None
[INFO] [stderr]   HOST_CMAKE_TOOLCHAIN_FILE = None
[INFO] [stderr]   CMAKE_TOOLCHAIN_FILE = None
[INFO] [stderr]   CMAKE_GENERATOR_x86_64-unknown-linux-gnu = None
[INFO] [stderr]   CMAKE_GENERATOR_x86_64_unknown_linux_gnu = None
[INFO] [stderr]   HOST_CMAKE_GENERATOR = None
[INFO] [stderr]   CMAKE_GENERATOR = None
[INFO] [stderr]   CMAKE_PREFIX_PATH_x86_64-unknown-linux-gnu = None
[INFO] [stderr]   CMAKE_PREFIX_PATH_x86_64_unknown_linux_gnu = None
[INFO] [stderr]   HOST_CMAKE_PREFIX_PATH = None
[INFO] [stderr]   CMAKE_PREFIX_PATH = None
[INFO] [stderr]   CMAKE_x86_64-unknown-linux-gnu = None
[INFO] [stderr]   CMAKE_x86_64_unknown_linux_gnu = None
[INFO] [stderr]   HOST_CMAKE = None
[INFO] [stderr]   CMAKE = None
[INFO] [stderr]   running: cd "/opt/rustwide/target/debug/build/xgboost-rs-sys-6bc1c106f95940c3/out/build" && CMAKE_PREFIX_PATH="" "cmake" "/opt/rustwide/target/debug/build/xgboost-rs-sys-6bc1c106f95940c3/out/xgboost" "-DBUILD_STATIC_LIB=ON" "-DCMAKE_INSTALL_PREFIX=/opt/rustwide/target/debug/build/xgboost-rs-sys-6bc1c106f95940c3/out" "-DCMAKE_C_FLAGS= -ffunction-sections -fdata-sections -fPIC -m64" "-DCMAKE_C_COMPILER=/usr/bin/cc" "-DCMAKE_CXX_FLAGS= -ffunction-sections -fdata-sections -fPIC -m64" "-DCMAKE_CXX_COMPILER=/usr/bin/c++" "-DCMAKE_ASM_FLAGS= -ffunction-sections -fdata-sections -fPIC -m64" "-DCMAKE_ASM_COMPILER=/usr/bin/cc" "-DCMAKE_BUILD_TYPE=Debug"
[INFO] [stderr]   -- The CXX compiler identification is GNU 11.4.0
[INFO] [stderr]   -- The C compiler identification is GNU 11.4.0
[INFO] [stderr]   -- Detecting CXX compiler ABI info
[INFO] [stderr]   -- Detecting CXX compiler ABI info - done
[INFO] [stderr]   -- Check for working CXX compiler: /usr/bin/c++ - skipped
[INFO] [stderr]   -- Detecting CXX compile features
[INFO] [stderr]   -- Detecting CXX compile features - done
[INFO] [stderr]   -- Detecting C compiler ABI info
[INFO] [stderr]   -- Detecting C compiler ABI info - done
[INFO] [stderr]   -- Check for working C compiler: /usr/bin/cc - skipped
[INFO] [stderr]   -- Detecting C compile features
[INFO] [stderr]   -- Detecting C compile features - done
[INFO] [stderr]   -- CMake version 3.22.1
[INFO] [stderr]   -- Performing Test XGBOOST_MM_PREFETCH_PRESENT
[INFO] [stderr]   -- Performing Test XGBOOST_MM_PREFETCH_PRESENT - Success
[INFO] [stderr]   -- Performing Test XGBOOST_BUILTIN_PREFETCH_PRESENT
[INFO] [stderr]   -- Performing Test XGBOOST_BUILTIN_PREFETCH_PRESENT - Success
[INFO] [stderr]   -- xgboost VERSION: 1.6.2
[INFO] [stderr]   -- Looking for pthread.h
[INFO] [stderr]   -- Looking for pthread.h - found
[INFO] [stderr]   -- Performing Test CMAKE_HAVE_LIBC_PTHREAD
[INFO] [stderr]   -- Performing Test CMAKE_HAVE_LIBC_PTHREAD - Success
[INFO] [stderr]   -- Found Threads: TRUE  
[INFO] [stderr]   -- Found OpenMP_C: -fopenmp (found version "4.5") 
[INFO] [stderr]   -- Found OpenMP_CXX: -fopenmp (found version "4.5") 
[INFO] [stderr]   -- Found OpenMP: TRUE (found version "4.5")  
[INFO] [stderr]   -- Found OpenMP_C: -fopenmp (found version "4.5") 
[INFO] [stderr]   -- Found OpenMP_CXX: -fopenmp (found version "4.5") 
[INFO] [stderr]   -- Looking for clock_gettime in rt
[INFO] [stderr]   -- Looking for clock_gettime in rt - found
[INFO] [stderr]   -- Looking for fopen64
[INFO] [stderr]   -- Looking for fopen64 - not found
[INFO] [stderr]   -- Looking for C++ include cxxabi.h
[INFO] [stderr]   -- Looking for C++ include cxxabi.h - found
[INFO] [stderr]   -- Looking for nanosleep
[INFO] [stderr]   -- Looking for nanosleep - found
[INFO] [stderr]   -- Looking for backtrace
[INFO] [stderr]   -- Looking for backtrace - found
[INFO] [stderr]   -- backtrace facility detected in default set of libraries
[INFO] [stderr]   -- Found Backtrace: /usr/include  
[INFO] [stderr]   -- /opt/rustwide/target/debug/build/xgboost-rs-sys-6bc1c106f95940c3/out/xgboost/dmlc-core/cmake/build_config.h.in -> include/dmlc/build_config.h
[INFO] [stderr]   -- Performing Test SUPPORT_MSSE2
[INFO] [stderr]   -- Performing Test SUPPORT_MSSE2 - Success
[INFO] [stderr]   -- Configuring done
[INFO] [stderr]   -- Generating done
[INFO] [stderr]   -- Build files have been written to: /opt/rustwide/target/debug/build/xgboost-rs-sys-6bc1c106f95940c3/out/build
[INFO] [stderr]   running: cd "/opt/rustwide/target/debug/build/xgboost-rs-sys-6bc1c106f95940c3/out/build" && MAKEFLAGS="-j --jobserver-fds=7,8 --jobserver-auth=7,8" "cmake" "--build" "." "--target" "install" "--config" "Debug"
[INFO] [stderr]   [  1%] Building CXX object dmlc-core/CMakeFiles/dmlc.dir/src/config.cc.o
[INFO] [stderr]   [  2%] Building CXX object dmlc-core/CMakeFiles/dmlc.dir/src/io.cc.o
[INFO] [stderr]   [  3%] Building CXX object dmlc-core/CMakeFiles/dmlc.dir/src/io/line_split.cc.o
[INFO] [stderr]   [  5%] Building CXX object dmlc-core/CMakeFiles/dmlc.dir/src/data.cc.o
[INFO] [stderr]   [  6%] Building CXX object dmlc-core/CMakeFiles/dmlc.dir/src/io/indexed_recordio_split.cc.o
[INFO] [stderr]   [  7%] Building CXX object dmlc-core/CMakeFiles/dmlc.dir/src/recordio.cc.o
[INFO] [stderr]   [  8%] Building CXX object dmlc-core/CMakeFiles/dmlc.dir/src/io/recordio_split.cc.o
[INFO] [stderr]   [ 10%] Building CXX object dmlc-core/CMakeFiles/dmlc.dir/src/io/input_split_base.cc.o
[INFO] [stderr]   [ 11%] Building CXX object dmlc-core/CMakeFiles/dmlc.dir/src/io/local_filesys.cc.o
[INFO] [stderr]   [ 12%] Building CXX object dmlc-core/CMakeFiles/dmlc.dir/src/io/filesys.cc.o
[INFO] [stderr]   [ 14%] Linking CXX static library libdmlc.a
[INFO] [stderr]   [ 14%] Built target dmlc
[INFO] [stderr]   [ 15%] Building CXX object src/CMakeFiles/objxgboost.dir/c_api/c_api.cc.o
[INFO] [stderr]   [ 16%] Building CXX object src/CMakeFiles/objxgboost.dir/c_api/c_api_error.cc.o
[INFO] [stderr]   [ 17%] Building CXX object src/CMakeFiles/objxgboost.dir/common/charconv.cc.o
[INFO] [stderr]   [ 19%] Building CXX object src/CMakeFiles/objxgboost.dir/common/hist_util.cc.o
[INFO] [stderr]   [ 20%] Building CXX object src/CMakeFiles/objxgboost.dir/common/common.cc.o
[INFO] [stderr]   [ 21%] Building CXX object src/CMakeFiles/objxgboost.dir/common/json.cc.o
[INFO] [stderr]   [ 23%] Building CXX object src/CMakeFiles/objxgboost.dir/common/host_device_vector.cc.o
[INFO] [stderr]   [ 24%] Building CXX object src/CMakeFiles/objxgboost.dir/common/io.cc.o
[INFO] [stderr]   [ 26%] Building CXX object src/CMakeFiles/objxgboost.dir/common/random.cc.o
[INFO] [stderr]   [ 26%] Building CXX object src/CMakeFiles/objxgboost.dir/common/quantile.cc.o
[INFO] [stderr]   [ 28%] Building CXX object src/CMakeFiles/objxgboost.dir/common/pseudo_huber.cc.o
[INFO] [stderr]   [ 29%] Building CXX object src/CMakeFiles/objxgboost.dir/common/survival_util.cc.o
[INFO] [stderr] 
[INFO] [stderr]   --- stderr
[INFO] [stderr]   CMake Warning:
[INFO] [stderr]     Manually-specified variables were not used by the project:
[INFO] [stderr] 
[INFO] [stderr]       CMAKE_ASM_COMPILER
[INFO] [stderr]       CMAKE_ASM_FLAGS
[INFO] [stderr] 
[INFO] [stderr] 
[INFO] [stderr]   c++: fatal error: Killed signal terminated program cc1plus
[INFO] [stderr]   compilation terminated.
[INFO] [stderr]   gmake[2]: *** [src/CMakeFiles/objxgboost.dir/build.make:146: src/CMakeFiles/objxgboost.dir/common/host_device_vector.cc.o] Error 1
[INFO] [stderr]   gmake[2]: *** Waiting for unfinished jobs....
[INFO] [stderr]   gmake[1]: *** [CMakeFiles/Makefile2:264: src/CMakeFiles/objxgboost.dir/all] Error 2
[INFO] [stderr]   gmake: *** [Makefile:156: all] Error 2
[INFO] [stderr]   thread 'main' panicked at /opt/rustwide/cargo-home/registry/src/index.crates.io-6f17d22bba15001f/cmake-0.1.50/src/lib.rs:1098:5:
[INFO] [stderr] 
[INFO] [stderr]   command did not execute successfully, got: exit status: 2
[INFO] [stderr] 
[INFO] [stderr]   build script failed, must exit now
[INFO] [stderr]   stack backtrace:
[INFO] [stderr]      0:     0x55872beb47bc - std::backtrace_rs::backtrace::libunwind::trace::ha637c64ce894333a
[INFO] [stderr]                                  at /rustc/82e1608dfa6e0b5569232559e3d385fea5a93112/library/std/src/../../backtrace/src/backtrace/libunwind.rs:104:5
[INFO] [stderr]      1:     0x55872beb47bc - std::backtrace_rs::backtrace::trace_unsynchronized::h47f62dea28e0c88d
[INFO] [stderr]                                  at /rustc/82e1608dfa6e0b5569232559e3d385fea5a93112/library/std/src/../../backtrace/src/backtrace/mod.rs:66:5
[INFO] [stderr]      2:     0x55872beb47bc - std::sys_common::backtrace::_print_fmt::h9eef0abe20ede486
[INFO] [stderr]                                  at /rustc/82e1608dfa6e0b5569232559e3d385fea5a93112/library/std/src/sys_common/backtrace.rs:67:5
[INFO] [stderr]      3:     0x55872beb47bc - <std::sys_common::backtrace::_print::DisplayBacktrace as core::fmt::Display>::fmt::hed7f999df88cc644
[INFO] [stderr]                                  at /rustc/82e1608dfa6e0b5569232559e3d385fea5a93112/library/std/src/sys_common/backtrace.rs:44:22
[INFO] [stderr]      4:     0x55872bee04e0 - core::fmt::rt::Argument::fmt::h1539a9308b8d058d
[INFO] [stderr]                                  at /rustc/82e1608dfa6e0b5569232559e3d385fea5a93112/library/core/src/fmt/rt.rs:142:9
[INFO] [stderr]      5:     0x55872bee04e0 - core::fmt::write::h3a39390d8560d9c9
[INFO] [stderr]                                  at /rustc/82e1608dfa6e0b5569232559e3d385fea5a93112/library/core/src/fmt/mod.rs:1120:17
[INFO] [stderr]      6:     0x55872beb1b0f - std::io::Write::write_fmt::h5fc9997dfe05f882
[INFO] [stderr]                                  at /rustc/82e1608dfa6e0b5569232559e3d385fea5a93112/library/std/src/io/mod.rs:1762:15
[INFO] [stderr]      7:     0x55872beb45a4 - std::sys_common::backtrace::_print::h894006fb5c6f3d45
[INFO] [stderr]                                  at /rustc/82e1608dfa6e0b5569232559e3d385fea5a93112/library/std/src/sys_common/backtrace.rs:47:5
[INFO] [stderr]      8:     0x55872beb45a4 - std::sys_common::backtrace::print::h23a2d212c6fff936
[INFO] [stderr]                                  at /rustc/82e1608dfa6e0b5569232559e3d385fea5a93112/library/std/src/sys_common/backtrace.rs:34:9
[INFO] [stderr]      9:     0x55872beb5db7 - std::panicking::default_hook::{{closure}}::h8a1d2ee00185001a
[INFO] [stderr]     10:     0x55872beb5b1f - std::panicking::default_hook::h6038f2eba384e475
[INFO] [stderr]                                  at /rustc/82e1608dfa6e0b5569232559e3d385fea5a93112/library/std/src/panicking.rs:292:9
[INFO] [stderr]     11:     0x55872beb6238 - std::panicking::rust_panic_with_hook::h2b5517d590cab22e
[INFO] [stderr]                                  at /rustc/82e1608dfa6e0b5569232559e3d385fea5a93112/library/std/src/panicking.rs:779:13
[INFO] [stderr]     12:     0x55872beb611e - std::panicking::begin_panic_handler::{{closure}}::h233112c06e0ef43e
[INFO] [stderr]                                  at /rustc/82e1608dfa6e0b5569232559e3d385fea5a93112/library/std/src/panicking.rs:657:13
[INFO] [stderr]     13:     0x55872beb4c86 - std::sys_common::backtrace::__rust_end_short_backtrace::h6e893f24d7ebbff8
[INFO] [stderr]                                  at /rustc/82e1608dfa6e0b5569232559e3d385fea5a93112/library/std/src/sys_common/backtrace.rs:170:18
[INFO] [stderr]     14:     0x55872beb5e82 - rust_begin_unwind
[INFO] [stderr]                                  at /rustc/82e1608dfa6e0b5569232559e3d385fea5a93112/library/std/src/panicking.rs:645:5
[INFO] [stderr]     15:     0x55872ba437b5 - core::panicking::panic_fmt::hbf0e066aabfa482c
[INFO] [stderr]                                  at /rustc/82e1608dfa6e0b5569232559e3d385fea5a93112/library/core/src/panicking.rs:72:14
[INFO] [stderr]     16:     0x55872ba595d1 - cmake::fail::h64fa7b313ee89594
[INFO] [stderr]     17:     0x55872ba58d57 - cmake::run::h63ac22820c64021a
[INFO] [stderr]     18:     0x55872ba55631 - cmake::Config::build::hfbe3c3cb08154960
[INFO] [stderr]     19:     0x55872ba476b9 - build_script_build::main::h17f52e2619537b78
[INFO] [stderr]     20:     0x55872ba44d03 - core::ops::function::FnOnce::call_once::hc80d9dc9b7d5162a
[INFO] [stderr]     21:     0x55872ba44156 - std::sys_common::backtrace::__rust_begin_short_backtrace::ha7e637dedc6d04fd
[INFO] [stderr]     22:     0x55872ba44819 - std::rt::lang_start::{{closure}}::h3713fe1ab810b0be
[INFO] [stderr]     23:     0x55872bead417 - core::ops::function::impls::<impl core::ops::function::FnOnce<A> for &F>::call_once::hd95060ecd5e1ca24
[INFO] [stderr]                                  at /rustc/82e1608dfa6e0b5569232559e3d385fea5a93112/library/core/src/ops/function.rs:284:13
[INFO] [stderr]     24:     0x55872bead417 - std::panicking::try::do_call::h6e8cf51db32a6e4b
[INFO] [stderr]                                  at /rustc/82e1608dfa6e0b5569232559e3d385fea5a93112/library/std/src/panicking.rs:552:40
[INFO] [stderr]     25:     0x55872bead417 - std::panicking::try::h3a52eefe24fe3c29
[INFO] [stderr]                                  at /rustc/82e1608dfa6e0b5569232559e3d385fea5a93112/library/std/src/panicking.rs:516:19
[INFO] [stderr]     26:     0x55872bead417 - std::panic::catch_unwind::h24c28c23c02c3841
[INFO] [stderr]                                  at /rustc/82e1608dfa6e0b5569232559e3d385fea5a93112/library/std/src/panic.rs:142:14
[INFO] [stderr]     27:     0x55872bead417 - std::rt::lang_start_internal::{{closure}}::h705d3c9cbc06ef47
[INFO] [stderr]                                  at /rustc/82e1608dfa6e0b5569232559e3d385fea5a93112/library/std/src/rt.rs:148:48
[INFO] [stderr]     28:     0x55872bead417 - std::panicking::try::do_call::ha21f52ba13158470
[INFO] [stderr]                                  at /rustc/82e1608dfa6e0b5569232559e3d385fea5a93112/library/std/src/panicking.rs:552:40
[INFO] [stderr]     29:     0x55872bead417 - std::panicking::try::h5581346bf6aeb1f8
[INFO] [stderr]                                  at /rustc/82e1608dfa6e0b5569232559e3d385fea5a93112/library/std/src/panicking.rs:516:19
[INFO] [stderr]     30:     0x55872bead417 - std::panic::catch_unwind::h7919645a6b72e25b
[INFO] [stderr]                                  at /rustc/82e1608dfa6e0b5569232559e3d385fea5a93112/library/std/src/panic.rs:142:14
[INFO] [stderr]     31:     0x55872bead417 - std::rt::lang_start_internal::h12de51168669836e
[INFO] [stderr]                                  at /rustc/82e1608dfa6e0b5569232559e3d385fea5a93112/library/std/src/rt.rs:148:20
[INFO] [stderr]     32:     0x55872ba447f7 - std::rt::lang_start::h4818bc492e563938
[INFO] [stderr]     33:     0x55872ba48425 - main
[INFO] [stderr]     34:     0x7f401874ad90 - <unknown>
[INFO] [stderr]     35:     0x7f401874ae40 - __libc_start_main
[INFO] [stderr]     36:     0x55872ba44085 - _start
[INFO] [stderr]     37:                0x0 - <unknown>
[INFO] running `Command { std: "docker" "inspect" "ae690342aa7a63a75d6faabdebf7871167c9c9df3d9dd135ccf936f9cfbf3604", kill_on_drop: false }`
[INFO] running `Command { std: "docker" "rm" "-f" "ae690342aa7a63a75d6faabdebf7871167c9c9df3d9dd135ccf936f9cfbf3604", kill_on_drop: false }`
[INFO] [stdout] ae690342aa7a63a75d6faabdebf7871167c9c9df3d9dd135ccf936f9cfbf3604
