[INFO] cloning repository https://github.com/HactarCE/NDCell
[INFO] running `Command { std: "git" "-c" "credential.helper=" "-c" "credential.helper=/workspace/cargo-home/bin/git-credential-null" "clone" "--bare" "https://github.com/HactarCE/NDCell" "/workspace/cache/git-repos/https%3A%2F%2Fgithub.com%2FHactarCE%2FNDCell", kill_on_drop: false }`
[INFO] [stderr] Cloning into bare repository '/workspace/cache/git-repos/https%3A%2F%2Fgithub.com%2FHactarCE%2FNDCell'...
[INFO] running `Command { std: "git" "rev-parse" "HEAD", kill_on_drop: false }`
[INFO] [stdout] ca2e5f8aae39013a50276c5e9662719fde9c2c3e
[INFO] documenting HactarCE/NDCell against 1.75.0 for beta-1.76-rustdoc-1
[INFO] running `Command { std: "git" "clone" "/workspace/cache/git-repos/https%3A%2F%2Fgithub.com%2FHactarCE%2FNDCell" "/workspace/builds/worker-4-tc1/source", kill_on_drop: false }`
[INFO] [stderr] Cloning into '/workspace/builds/worker-4-tc1/source'...
[INFO] [stderr] done.
[INFO] validating manifest of git repo https://github.com/HactarCE/NDCell on toolchain 1.75.0
[INFO] running `Command { std: CARGO_HOME="/workspace/cargo-home" RUSTUP_HOME="/workspace/rustup-home" "/workspace/cargo-home/bin/cargo" "+1.75.0" "metadata" "--manifest-path" "Cargo.toml" "--no-deps", kill_on_drop: false }`
[INFO] started tweaking git repo https://github.com/HactarCE/NDCell
[INFO] finished tweaking git repo https://github.com/HactarCE/NDCell
[INFO] tweaked toml for git repo https://github.com/HactarCE/NDCell written to /workspace/builds/worker-4-tc1/source/Cargo.toml
[INFO] crate git repo https://github.com/HactarCE/NDCell already has a lockfile, it will not be regenerated
[INFO] running `Command { std: CARGO_HOME="/workspace/cargo-home" RUSTUP_HOME="/workspace/rustup-home" "/workspace/cargo-home/bin/cargo" "+1.75.0" "fetch" "--manifest-path" "Cargo.toml", kill_on_drop: false }`
[INFO] [stderr]     Updating git repository `https://github.com/HactarCE/inkwell`
[INFO] [stderr]     Updating crates.io index
[INFO] [stderr]  Downloading crates ...
[INFO] [stderr]   Downloaded sloth v0.2.0
[INFO] [stderr]   Downloaded noisy_float v0.1.13
[INFO] [stderr]   Downloaded rand v0.8.1
[INFO] [stderr]   Downloaded mimalloc v0.1.22
[INFO] [stderr]   Downloaded css-color-parser v0.1.2
[INFO] [stderr]   Downloaded enum_dispatch v0.3.5
[INFO] [stderr]   Downloaded anyhow v1.0.37
[INFO] [stderr]   Downloaded tinytemplate v1.2.0
[INFO] [stderr]   Downloaded colorous v1.0.3
[INFO] [stderr]   Downloaded seahash v4.0.1
[INFO] [stderr]   Downloaded llvm-sys v100.2.0
[INFO] [stderr]   Downloaded derivative v2.1.3
[INFO] [stderr]   Downloaded nfd2 v0.2.3
[INFO] [stderr]   Downloaded libmimalloc-sys v0.1.18
[INFO] running `Command { std: "docker" "create" "-v" "/var/lib/crater-agent-workspace/builds/worker-4-tc1/target:/opt/rustwide/target:rw,Z" "-v" "/var/lib/crater-agent-workspace/builds/worker-4-tc1/source:/opt/rustwide/workdir:ro,Z" "-v" "/var/lib/crater-agent-workspace/cargo-home:/opt/rustwide/cargo-home:ro,Z" "-v" "/var/lib/crater-agent-workspace/rustup-home:/opt/rustwide/rustup-home:ro,Z" "-e" "SOURCE_DIR=/opt/rustwide/workdir" "-e" "CARGO_TARGET_DIR=/opt/rustwide/target" "-e" "CARGO_HOME=/opt/rustwide/cargo-home" "-e" "RUSTUP_HOME=/opt/rustwide/rustup-home" "-w" "/opt/rustwide/workdir" "-m" "1610612736" "--user" "0:0" "--network" "none" "ghcr.io/rust-lang/crates-build-env/linux@sha256:2788e3201cd34a07e3172128adcd8b3090168a8e3bcc40d7c032b9dda1df7d1c" "/opt/rustwide/cargo-home/bin/cargo" "+1.75.0" "metadata" "--no-deps" "--format-version=1", kill_on_drop: false }`
[INFO] [stdout] 8b5d1bea44e1f1e6b8359f13c19f29e3406badaab84a4a16c96de589258f0150
[INFO] running `Command { std: "docker" "start" "-a" "8b5d1bea44e1f1e6b8359f13c19f29e3406badaab84a4a16c96de589258f0150", kill_on_drop: false }`
[INFO] running `Command { std: "docker" "inspect" "8b5d1bea44e1f1e6b8359f13c19f29e3406badaab84a4a16c96de589258f0150", kill_on_drop: false }`
[INFO] running `Command { std: "docker" "rm" "-f" "8b5d1bea44e1f1e6b8359f13c19f29e3406badaab84a4a16c96de589258f0150", kill_on_drop: false }`
[INFO] [stdout] 8b5d1bea44e1f1e6b8359f13c19f29e3406badaab84a4a16c96de589258f0150
[INFO] running `Command { std: "docker" "create" "-v" "/var/lib/crater-agent-workspace/builds/worker-4-tc1/target:/opt/rustwide/target:rw,Z" "-v" "/var/lib/crater-agent-workspace/builds/worker-4-tc1/source:/opt/rustwide/workdir:ro,Z" "-v" "/var/lib/crater-agent-workspace/cargo-home:/opt/rustwide/cargo-home:ro,Z" "-v" "/var/lib/crater-agent-workspace/rustup-home:/opt/rustwide/rustup-home:ro,Z" "-e" "SOURCE_DIR=/opt/rustwide/workdir" "-e" "CARGO_TARGET_DIR=/opt/rustwide/target" "-e" "CARGO_INCREMENTAL=0" "-e" "RUST_BACKTRACE=full" "-e" "RUSTFLAGS=--cap-lints=warn" "-e" "RUSTDOCFLAGS=--cap-lints=warn" "-e" "CARGO_HOME=/opt/rustwide/cargo-home" "-e" "RUSTUP_HOME=/opt/rustwide/rustup-home" "-w" "/opt/rustwide/workdir" "-m" "1610612736" "--user" "0:0" "--network" "none" "ghcr.io/rust-lang/crates-build-env/linux@sha256:2788e3201cd34a07e3172128adcd8b3090168a8e3bcc40d7c032b9dda1df7d1c" "/opt/rustwide/cargo-home/bin/cargo" "+1.75.0" "doc" "--frozen" "--no-deps" "--document-private-items" "--message-format=json", kill_on_drop: false }`
[INFO] [stdout] b31bb9b7166c60ac078c9c52ce8d5d931df3eb48d5e5f61cbdefeda9a469569e
[INFO] running `Command { std: "docker" "start" "-a" "b31bb9b7166c60ac078c9c52ce8d5d931df3eb48d5e5f61cbdefeda9a469569e", kill_on_drop: false }`
[INFO] [stderr]    Compiling libc v0.2.82
[INFO] [stderr]    Compiling memchr v2.3.4
[INFO] [stderr]    Compiling log v0.4.11
[INFO] [stderr]    Compiling xml-rs v0.8.3
[INFO] [stderr]     Checking smallvec v1.6.1
[INFO] [stderr]    Compiling cc v1.0.66
[INFO] [stderr]    Compiling num-traits v0.2.14
[INFO] [stderr]    Compiling pkg-config v0.3.19
[INFO] [stderr]    Compiling nix v0.18.0
[INFO] [stderr]     Checking once_cell v1.5.2
[INFO] [stderr]    Compiling khronos_api v3.1.0
[INFO] [stderr]    Compiling wayland-scanner v0.28.3
[INFO] [stderr]    Compiling wayland-sys v0.28.3
[INFO] [stderr]     Checking libloading v0.6.6
[INFO] [stderr]    Compiling cfg-if v0.1.10
[INFO] [stderr]     Checking dlib v0.4.2
[INFO] [stderr]    Compiling num-integer v0.1.44
[INFO] [stderr]     Checking instant v0.1.9
[INFO] [stderr]    Compiling gl_generator v0.14.0
[INFO] [stderr]     Checking lock_api v0.4.2
[INFO] [stderr]    Compiling version_check v0.9.2
[INFO] [stderr]    Compiling getrandom v0.1.16
[INFO] [stderr]     Checking downcast-rs v1.2.0
[INFO] [stderr]    Compiling cfg-if v1.0.0
[INFO] [stderr]     Checking scoped-tls v1.0.0
[INFO] [stderr]     Checking parking_lot_core v0.8.2
[INFO] [stderr]    Compiling nom v6.0.1
[INFO] [stderr]     Checking parking_lot v0.11.1
[INFO] [stderr]    Compiling syn v1.0.58
[INFO] [stderr]    Compiling lazy_static v1.4.0
[INFO] [stderr]    Compiling maybe-uninit v2.0.0
[INFO] [stderr]     Checking ttf-parser v0.6.2
[INFO] [stderr]    Compiling thread_local v1.1.0
[INFO] [stderr]    Compiling aho-corasick v0.7.15
[INFO] [stderr]    Compiling rand_core v0.5.1
[INFO] [stderr]    Compiling wayland-client v0.28.3
[INFO] [stderr]    Compiling wayland-protocols v0.28.3
[INFO] [stderr]    Compiling x11-dl v2.18.5
[INFO] [stderr]    Compiling num-bigint v0.3.1
[INFO] [stderr]    Compiling regex-syntax v0.6.22
[INFO] [stderr]     Checking same-file v1.0.6
[INFO] [stderr]     Checking ab_glyph_rasterizer v0.1.4
[INFO] [stderr]     Checking owned_ttf_parser v0.6.0
[INFO] [stderr]    Compiling semver-parser v0.7.0
[INFO] [stderr]     Checking rusttype v0.9.2
[INFO] [stderr]    Compiling semver v0.9.0
[INFO] [stderr]     Checking walkdir v2.3.1
[INFO] [stderr]     Checking xcursor v0.3.3
[INFO] [stderr]     Checking net2 v0.2.37
[INFO] [stderr]     Checking iovec v0.1.4
[INFO] [stderr]    Compiling num-rational v0.3.2
[INFO] [stderr]    Compiling num-iter v0.1.42
[INFO] [stderr]     Checking wayland-commons v0.28.3
[INFO] [stderr]     Checking slab v0.4.2
[INFO] [stderr]     Checking xdg v2.2.0
[INFO] [stderr]    Compiling ppv-lite86 v0.2.10
[INFO] [stderr]     Checking mio v0.6.23
[INFO] [stderr]     Checking andrew v0.3.1
[INFO] [stderr]    Compiling regex v1.4.3
[INFO] [stderr]    Compiling rand_chacha v0.2.2
[INFO] [stderr]     Checking calloop v0.6.5
[INFO] [stderr]    Compiling rand_pcg v0.2.1
[INFO] [stderr]     Checking memmap2 v0.1.0
[INFO] [stderr]     Checking wayland-cursor v0.28.3
[INFO] [stdout] error[E0308]: mismatched types
[INFO] [stdout]    --> /opt/rustwide/cargo-home/registry/src/index.crates.io-6f17d22bba15001f/num-bigint-0.3.1/src/biguint.rs:208:19
[INFO] [stdout]     |
[INFO] [stdout] 208 |         .div_ceil(&big_digit::BITS.into())
[INFO] [stdout]     |          -------- ^^^^^^^^^^^^^^^^^^^^^^^ expected `u64`, found `&_`
[INFO] [stdout]     |          |
[INFO] [stdout]     |          arguments to this method are incorrect
[INFO] [stdout]     |
[INFO] [stdout]     = note:   expected type `u64`
[INFO] [stdout]             found reference `&_`
[INFO] [stdout] note: method defined here
[INFO] [stdout]    --> /rustc/82e1608dfa6e0b5569232559e3d385fea5a93112/library/core/src/num/mod.rs:1169:5
[INFO] [stdout]     = note: this error originates in the macro `uint_impl` (in Nightly builds, run with -Z macro-backtrace for more info)
[INFO] [stdout] help: consider removing the borrow
[INFO] [stdout]     |
[INFO] [stdout] 208 -         .div_ceil(&big_digit::BITS.into())
[INFO] [stdout] 208 +         .div_ceil(big_digit::BITS.into())
[INFO] [stdout]     |
[INFO] [stdout] 
[INFO] [stdout] 
[INFO] [stdout] error[E0308]: mismatched types
[INFO] [stdout]     --> /opt/rustwide/cargo-home/registry/src/index.crates.io-6f17d22bba15001f/num-bigint-0.3.1/src/biguint.rs:1712:54
[INFO] [stdout]      |
[INFO] [stdout] 1712 |                 let root_scale = extra_bits.div_ceil(&n64);
[INFO] [stdout]      |                                             -------- ^^^^ expected `u64`, found `&u64`
[INFO] [stdout]      |                                             |
[INFO] [stdout]      |                                             arguments to this method are incorrect
[INFO] [stdout]      |
[INFO] [stdout] note: method defined here
[INFO] [stdout]     --> /rustc/82e1608dfa6e0b5569232559e3d385fea5a93112/library/core/src/num/mod.rs:1169:5
[INFO] [stdout]      = note: this error originates in the macro `uint_impl` (in Nightly builds, run with -Z macro-backtrace for more info)
[INFO] [stdout] help: consider removing the borrow
[INFO] [stdout]      |
[INFO] [stdout] 1712 -                 let root_scale = extra_bits.div_ceil(&n64);
[INFO] [stdout] 1712 +                 let root_scale = extra_bits.div_ceil(n64);
[INFO] [stdout]      |
[INFO] [stdout] 
[INFO] [stdout] 
[INFO] [stdout] error[E0308]: mismatched types
[INFO] [stdout]     --> /opt/rustwide/cargo-home/registry/src/index.crates.io-6f17d22bba15001f/num-bigint-0.3.1/src/biguint.rs:2128:19
[INFO] [stdout]      |
[INFO] [stdout] 2128 |         .div_ceil(&u64::from(bits))
[INFO] [stdout]      |          -------- ^^^^^^^^^^^^^^^^ expected `u64`, found `&u64`
[INFO] [stdout]      |          |
[INFO] [stdout]      |          arguments to this method are incorrect
[INFO] [stdout]      |
[INFO] [stdout] note: method defined here
[INFO] [stdout]     --> /rustc/82e1608dfa6e0b5569232559e3d385fea5a93112/library/core/src/num/mod.rs:1169:5
[INFO] [stdout]      = note: this error originates in the macro `uint_impl` (in Nightly builds, run with -Z macro-backtrace for more info)
[INFO] [stdout] help: consider removing the borrow
[INFO] [stdout]      |
[INFO] [stdout] 2128 -         .div_ceil(&u64::from(bits))
[INFO] [stdout] 2128 +         .div_ceil(u64::from(bits))
[INFO] [stdout]      |
[INFO] [stdout] 
[INFO] [stdout] 
[INFO] [stdout] error[E0308]: mismatched types
[INFO] [stdout]     --> /opt/rustwide/cargo-home/registry/src/index.crates.io-6f17d22bba15001f/num-bigint-0.3.1/src/biguint.rs:2156:19
[INFO] [stdout]      |
[INFO] [stdout] 2156 |         .div_ceil(&u64::from(bits))
[INFO] [stdout]      |          -------- ^^^^^^^^^^^^^^^^ expected `u64`, found `&u64`
[INFO] [stdout]      |          |
[INFO] [stdout]      |          arguments to this method are incorrect
[INFO] [stdout]      |
[INFO] [stdout] note: method defined here
[INFO] [stdout]     --> /rustc/82e1608dfa6e0b5569232559e3d385fea5a93112/library/core/src/num/mod.rs:1169:5
[INFO] [stdout]      = note: this error originates in the macro `uint_impl` (in Nightly builds, run with -Z macro-backtrace for more info)
[INFO] [stdout] help: consider removing the borrow
[INFO] [stdout]      |
[INFO] [stdout] 2156 -         .div_ceil(&u64::from(bits))
[INFO] [stdout] 2156 +         .div_ceil(u64::from(bits))
[INFO] [stdout]      |
[INFO] [stdout] 
[INFO] [stdout] 
[INFO] [stdout] error: aborting due to 4 previous errors
[INFO] [stdout] 
[INFO] [stdout] 
[INFO] [stdout] For more information about this error, try `rustc --explain E0308`.
[INFO] [stdout] 
[INFO] [stderr] error: could not compile `num-bigint` (lib) due to 5 previous errors
[INFO] [stderr] warning: build failed, waiting for other jobs to finish...
[INFO] running `Command { std: "docker" "inspect" "b31bb9b7166c60ac078c9c52ce8d5d931df3eb48d5e5f61cbdefeda9a469569e", kill_on_drop: false }`
[INFO] running `Command { std: "docker" "rm" "-f" "b31bb9b7166c60ac078c9c52ce8d5d931df3eb48d5e5f61cbdefeda9a469569e", kill_on_drop: false }`
[INFO] [stdout] b31bb9b7166c60ac078c9c52ce8d5d931df3eb48d5e5f61cbdefeda9a469569e
