[INFO] cloning repository https://github.com/HackerSpaceMaringa/hsdoor
[INFO] running `Command { std: "git" "-c" "credential.helper=" "-c" "credential.helper=/workspace/cargo-home/bin/git-credential-null" "clone" "--bare" "https://github.com/HackerSpaceMaringa/hsdoor" "/workspace/cache/git-repos/https%3A%2F%2Fgithub.com%2FHackerSpaceMaringa%2Fhsdoor", kill_on_drop: false }`
[INFO] [stderr] Cloning into bare repository '/workspace/cache/git-repos/https%3A%2F%2Fgithub.com%2FHackerSpaceMaringa%2Fhsdoor'...
[INFO] running `Command { std: "git" "rev-parse" "HEAD", kill_on_drop: false }`
[INFO] [stdout] 9ac044b4b5ac59bad3d9a7b79d610f893f783b3a
[INFO] documenting HackerSpaceMaringa/hsdoor against 1.75.0 for beta-1.76-rustdoc-1
[INFO] running `Command { std: "git" "clone" "/workspace/cache/git-repos/https%3A%2F%2Fgithub.com%2FHackerSpaceMaringa%2Fhsdoor" "/workspace/builds/worker-6-tc1/source", kill_on_drop: false }`
[INFO] [stderr] Cloning into '/workspace/builds/worker-6-tc1/source'...
[INFO] [stderr] done.
[INFO] validating manifest of git repo https://github.com/HackerSpaceMaringa/hsdoor on toolchain 1.75.0
[INFO] running `Command { std: CARGO_HOME="/workspace/cargo-home" RUSTUP_HOME="/workspace/rustup-home" "/workspace/cargo-home/bin/cargo" "+1.75.0" "metadata" "--manifest-path" "Cargo.toml" "--no-deps", kill_on_drop: false }`
[INFO] started tweaking git repo https://github.com/HackerSpaceMaringa/hsdoor
[INFO] finished tweaking git repo https://github.com/HackerSpaceMaringa/hsdoor
[INFO] tweaked toml for git repo https://github.com/HackerSpaceMaringa/hsdoor written to /workspace/builds/worker-6-tc1/source/Cargo.toml
[INFO] crate git repo https://github.com/HackerSpaceMaringa/hsdoor already has a lockfile, it will not be regenerated
[INFO] running `Command { std: CARGO_HOME="/workspace/cargo-home" RUSTUP_HOME="/workspace/rustup-home" "/workspace/cargo-home/bin/cargo" "+1.75.0" "fetch" "--manifest-path" "Cargo.toml", kill_on_drop: false }`
[INFO] [stderr]     Updating crates.io index
[INFO] [stderr]  Downloading crates ...
[INFO] [stderr]   Downloaded uint v0.9.0
[INFO] [stderr]   Downloaded devise v0.3.0
[INFO] [stderr]   Downloaded primitive-types v0.9.0
[INFO] [stderr]   Downloaded combination v0.1.5
[INFO] [stderr]   Downloaded hashbag v0.1.3
[INFO] [stderr]   Downloaded rocket_sync_db_pools_codegen v0.1.0-rc.1
[INFO] [stderr]   Downloaded evmap v10.0.2
[INFO] [stderr]   Downloaded keccak-hash v0.7.0
[INFO] [stderr]   Downloaded combine v4.6.0
[INFO] [stderr]   Downloaded rocket_sync_db_pools v0.1.0-rc.1
[INFO] [stderr]   Downloaded iref v1.4.3
[INFO] [stderr]   Downloaded cookie v0.15.0
[INFO] [stderr]   Downloaded devise_codegen v0.3.0
[INFO] [stderr]   Downloaded pkcs8 v0.3.3
[INFO] [stderr]   Downloaded devise_core v0.3.0
[INFO] [stderr]   Downloaded serde_jcs v0.1.0
[INFO] [stderr]   Downloaded const-oid v0.4.5
[INFO] [stderr]   Downloaded der v0.1.0
[INFO] [stderr]   Downloaded p256 v0.7.3
[INFO] [stderr]   Downloaded openssl-src v111.15.0+1.1.1k
[INFO] [stderr]   Downloaded did-ethr v0.0.1
[INFO] [stderr]   Downloaded did-tz v0.1.0
[INFO] [stderr]   Downloaded did-sol v0.0.1
[INFO] [stderr]   Downloaded ssi-contexts v0.1.0
[INFO] [stderr]   Downloaded mown v0.2.1
[INFO] [stderr]   Downloaded did-web v0.1.0
[INFO] [stderr]   Downloaded did-onion v0.1.0
[INFO] [stderr]   Downloaded did-pkh v0.0.1
[INFO] [stderr]   Downloaded ssi v0.2.2
[INFO] [stderr]   Downloaded didkit v0.2.1
[INFO] [stderr]   Downloaded pct-str v1.1.0
[INFO] [stderr]   Downloaded loom v0.5.0
[INFO] [stderr]   Downloaded r2d2_sqlite v0.18.0
[INFO] [stderr]   Downloaded langtag v0.2.0
[INFO] [stderr]   Downloaded did-method-key v0.1.1
[INFO] [stderr]   Downloaded redis v0.20.2
[INFO] [stderr]   Downloaded rusqlite v0.25.3
[INFO] [stderr]   Downloaded ryu-js v0.2.1
[INFO] [stderr]   Downloaded spin v0.9.1
[INFO] running `Command { std: "docker" "create" "-v" "/var/lib/crater-agent-workspace/builds/worker-6-tc1/target:/opt/rustwide/target:rw,Z" "-v" "/var/lib/crater-agent-workspace/builds/worker-6-tc1/source:/opt/rustwide/workdir:ro,Z" "-v" "/var/lib/crater-agent-workspace/cargo-home:/opt/rustwide/cargo-home:ro,Z" "-v" "/var/lib/crater-agent-workspace/rustup-home:/opt/rustwide/rustup-home:ro,Z" "-e" "SOURCE_DIR=/opt/rustwide/workdir" "-e" "CARGO_TARGET_DIR=/opt/rustwide/target" "-e" "CARGO_HOME=/opt/rustwide/cargo-home" "-e" "RUSTUP_HOME=/opt/rustwide/rustup-home" "-w" "/opt/rustwide/workdir" "-m" "1610612736" "--user" "0:0" "--network" "none" "ghcr.io/rust-lang/crates-build-env/linux@sha256:2788e3201cd34a07e3172128adcd8b3090168a8e3bcc40d7c032b9dda1df7d1c" "/opt/rustwide/cargo-home/bin/cargo" "+1.75.0" "metadata" "--no-deps" "--format-version=1", kill_on_drop: false }`
[INFO] [stdout] 1b605cab1e90d76d824dd21a54f38baa917a7c26a1d83c8055f4b1af5171026a
[INFO] running `Command { std: "docker" "start" "-a" "1b605cab1e90d76d824dd21a54f38baa917a7c26a1d83c8055f4b1af5171026a", kill_on_drop: false }`
[INFO] running `Command { std: "docker" "inspect" "1b605cab1e90d76d824dd21a54f38baa917a7c26a1d83c8055f4b1af5171026a", kill_on_drop: false }`
[INFO] running `Command { std: "docker" "rm" "-f" "1b605cab1e90d76d824dd21a54f38baa917a7c26a1d83c8055f4b1af5171026a", kill_on_drop: false }`
[INFO] [stdout] 1b605cab1e90d76d824dd21a54f38baa917a7c26a1d83c8055f4b1af5171026a
[INFO] running `Command { std: "docker" "create" "-v" "/var/lib/crater-agent-workspace/builds/worker-6-tc1/target:/opt/rustwide/target:rw,Z" "-v" "/var/lib/crater-agent-workspace/builds/worker-6-tc1/source:/opt/rustwide/workdir:ro,Z" "-v" "/var/lib/crater-agent-workspace/cargo-home:/opt/rustwide/cargo-home:ro,Z" "-v" "/var/lib/crater-agent-workspace/rustup-home:/opt/rustwide/rustup-home:ro,Z" "-e" "SOURCE_DIR=/opt/rustwide/workdir" "-e" "CARGO_TARGET_DIR=/opt/rustwide/target" "-e" "CARGO_INCREMENTAL=0" "-e" "RUST_BACKTRACE=full" "-e" "RUSTFLAGS=--cap-lints=warn" "-e" "RUSTDOCFLAGS=--cap-lints=warn" "-e" "CARGO_HOME=/opt/rustwide/cargo-home" "-e" "RUSTUP_HOME=/opt/rustwide/rustup-home" "-w" "/opt/rustwide/workdir" "-m" "1610612736" "--user" "0:0" "--network" "none" "ghcr.io/rust-lang/crates-build-env/linux@sha256:2788e3201cd34a07e3172128adcd8b3090168a8e3bcc40d7c032b9dda1df7d1c" "/opt/rustwide/cargo-home/bin/cargo" "+1.75.0" "doc" "--frozen" "--no-deps" "--document-private-items" "--message-format=json", kill_on_drop: false }`
[INFO] [stdout] 6c5cf06004b2cb36423df304fe59f5f411da8bfd27998215edd439ecdc434a2e
[INFO] running `Command { std: "docker" "start" "-a" "6c5cf06004b2cb36423df304fe59f5f411da8bfd27998215edd439ecdc434a2e", kill_on_drop: false }`
[INFO] [stderr]    Compiling proc-macro2 v1.0.27
[INFO] [stderr]    Compiling unicode-xid v0.2.2
[INFO] [stderr]    Compiling syn v1.0.73
[INFO] [stderr]    Compiling version_check v0.9.3
[INFO] [stderr]    Compiling libc v0.2.97
[INFO] [stderr]    Compiling memchr v2.4.0
[INFO] [stderr]    Compiling log v0.4.14
[INFO] [stderr]    Compiling futures-core v0.3.15
[INFO] [stderr]    Compiling serde_derive v1.0.126
[INFO] [stderr]    Compiling serde v1.0.126
[INFO] [stderr]     Checking once_cell v1.8.0
[INFO] [stderr]     Checking pin-project-lite v0.2.7
[INFO] [stderr]    Compiling value-bag v1.0.0-alpha.7
[INFO] [stderr]    Compiling typenum v1.13.0
[INFO] [stderr]    Compiling futures-task v0.3.15
[INFO] [stderr]    Compiling futures-channel v0.3.15
[INFO] [stderr]    Compiling futures-macro v0.3.15
[INFO] [stderr]    Compiling cc v1.0.68
[INFO] [stderr]    Compiling futures-util v0.3.15
[INFO] [stderr]     Checking futures-io v0.3.15
[INFO] [stderr]     Checking slab v0.4.3
[INFO] [stderr]    Compiling quote v1.0.9
[INFO] [stderr]    Compiling generic-array v0.14.4
[INFO] [stderr]    Compiling tokio v1.7.1
[INFO] [stderr]     Checking num_cpus v1.13.0
[INFO] [stderr]     Checking futures-sink v0.3.15
[INFO] [stderr]     Checking getrandom v0.1.16
[INFO] [stderr]     Checking socket2 v0.4.0
[INFO] [stderr]    Compiling indexmap v1.6.2
[INFO] [stderr]     Checking rand_core v0.5.1
[INFO] [stderr]     Checking subtle v2.4.0
[INFO] [stderr]     Checking signal-hook-registry v1.4.0
[INFO] [stderr]    Compiling serde_json v1.0.64
[INFO] [stderr]    Compiling httparse v1.4.1
[INFO] [stderr]     Checking funty v1.1.0
[INFO] [stderr]     Checking radium v0.3.0
[INFO] [stderr]    Compiling crunchy v0.2.2
[INFO] [stderr]     Checking wyz v0.2.0
[INFO] [stderr]    Compiling yansi v0.5.0
[INFO] [stderr]     Checking cache-padded v1.1.1
[INFO] [stderr]     Checking block-padding v0.2.1
[INFO] [stderr]    Compiling proc-macro2-diagnostics v0.9.1
[INFO] [stderr]    Compiling standback v0.2.17
[INFO] [stderr]    Compiling num-traits v0.2.14
[INFO] [stderr]     Checking concurrent-queue v1.2.2
[INFO] [stderr]     Checking bitvec v0.18.5
[INFO] [stderr]     Checking digest v0.9.0
[INFO] [stderr]     Checking block-buffer v0.9.0
[INFO] [stderr]     Checking const-oid v0.4.5
[INFO] [stderr]     Checking byteorder v1.4.3
[INFO] [stderr]     Checking parking v2.0.0
[INFO] [stderr]     Checking event-listener v2.5.1
[INFO] [stderr]     Checking fastrand v1.4.1
[INFO] [stderr]     Checking der v0.1.0
[INFO] [stderr]    Compiling openssl-src v111.15.0+1.1.1k
[INFO] [stderr]    Compiling num-integer v0.1.44
[INFO] [stderr]     Checking futures-lite v1.12.0
[INFO] [stderr]    Compiling async-trait v0.1.50
[INFO] [stderr]    Compiling strsim v0.9.3
[INFO] [stderr]    Compiling ident_case v1.0.1
[INFO] [stderr]     Checking pkcs8 v0.3.3
[INFO] [stderr]    Compiling openssl-sys v0.9.65
[INFO] [stderr]     Checking http v0.2.4
[INFO] [stderr]     Checking crypto-mac v0.10.0
[INFO] [stderr]     Checking form_urlencoded v1.0.1
[INFO] [stderr]     Checking static_assertions v1.1.0
[INFO] [stderr]    Compiling ucd-trie v0.1.3
[INFO] [stderr]     Checking async-task v4.0.3
[INFO] [stderr]     Checking zeroize v1.3.0
[INFO] [stderr]     Checking cpufeatures v0.1.5
[INFO] [stderr]    Compiling pest v2.1.3
[INFO] [stderr]     Checking sha2 v0.9.5
[INFO] [stderr]     Checking hmac v0.10.1
[INFO] [stderr]     Checking async-channel v1.6.1
[INFO] [stderr]     Checking ff v0.8.0
[INFO] [stderr]     Checking signature v1.2.2
[INFO] [stderr]     Checking tracing-core v0.1.18
[INFO] [stderr]     Checking getrandom v0.2.3
[INFO] [stderr]     Checking group v0.8.0
[INFO] [stderr]    Compiling num-bigint v0.4.0
[INFO] [stderr]     Checking hex v0.4.3
[INFO] [stderr]     Checking elliptic-curve v0.8.5
[INFO] [stderr]     Checking atomic-waker v1.0.0
[INFO] [stderr]    Compiling crossbeam-utils v0.8.5
[INFO] [stderr]    Compiling maplit v1.0.2
[INFO] [stderr]    Compiling tiny-keccak v2.0.2
[INFO] [stderr]    Compiling data-encoding v2.3.2
[INFO] [stderr]    Compiling ryu-js v0.2.1
[INFO] [stderr]     Checking ecdsa v0.10.2
[INFO] [stderr]     Checking uint v0.9.0
[INFO] [stderr]    Compiling pest_meta v2.1.3
[INFO] [stderr]     Checking blocking v1.0.2
[INFO] [stderr]     Checking tracing v0.1.26
[INFO] [stderr]     Checking async-executor v1.4.1
[INFO] [stderr]     Checking fixed-hash v0.7.0
[INFO] [stderr]     Checking async-mutex v1.4.0
[INFO] [stderr]    Compiling ring v0.16.20
[INFO] [stderr]     Checking rand_chacha v0.2.2
[INFO] [stderr]     Checking time v0.1.43
[INFO] [stderr]     Checking keccak v0.1.0
[INFO] [stderr]     Checking arrayref v0.3.6
[INFO] [stderr]    Compiling derive_builder v0.9.0
[INFO] [stderr]    Compiling const_fn v0.4.8
[INFO] [stderr]     Checking sha3 v0.9.1
[INFO] [stderr]     Checking rand v0.7.3
[INFO] [stderr]     Checking primitive-types v0.9.0
[INFO] [stderr]     Checking http-body v0.4.2
[INFO] [stdout] error[E0308]: mismatched types
[INFO] [stdout]   --> /opt/rustwide/cargo-home/registry/src/index.crates.io-6f17d22bba15001f/num-bigint-0.4.0/src/biguint/convert.rs:70:19
[INFO] [stdout]    |
[INFO] [stdout] 70 |         .div_ceil(&big_digit::BITS.into())
[INFO] [stdout]    |          -------- ^^^^^^^^^^^^^^^^^^^^^^^ expected `u64`, found `&_`
[INFO] [stdout]    |          |
[INFO] [stdout]    |          arguments to this method are incorrect
[INFO] [stdout]    |
[INFO] [stdout]    = note:   expected type `u64`
[INFO] [stdout]            found reference `&_`
[INFO] [stdout] note: method defined here
[INFO] [stdout]   --> /rustc/82e1608dfa6e0b5569232559e3d385fea5a93112/library/core/src/num/mod.rs:1169:5
[INFO] [stdout]    = note: this error originates in the macro `uint_impl` (in Nightly builds, run with -Z macro-backtrace for more info)
[INFO] [stdout] help: consider removing the borrow
[INFO] [stdout]    |
[INFO] [stdout] 70 -         .div_ceil(&big_digit::BITS.into())
[INFO] [stdout] 70 +         .div_ceil(big_digit::BITS.into())
[INFO] [stdout]    |
[INFO] [stdout] 
[INFO] [stdout] 
[INFO] [stdout] error[E0308]: mismatched types
[INFO] [stdout]    --> /opt/rustwide/cargo-home/registry/src/index.crates.io-6f17d22bba15001f/num-bigint-0.4.0/src/biguint/convert.rs:585:19
[INFO] [stdout]     |
[INFO] [stdout] 585 |         .div_ceil(&u64::from(bits))
[INFO] [stdout]     |          -------- ^^^^^^^^^^^^^^^^ expected `u64`, found `&u64`
[INFO] [stdout]     |          |
[INFO] [stdout]     |          arguments to this method are incorrect
[INFO] [stdout]     |
[INFO] [stdout] note: method defined here
[INFO] [stdout]    --> /rustc/82e1608dfa6e0b5569232559e3d385fea5a93112/library/core/src/num/mod.rs:1169:5
[INFO] [stdout]     = note: this error originates in the macro `uint_impl` (in Nightly builds, run with -Z macro-backtrace for more info)
[INFO] [stdout] help: consider removing the borrow
[INFO] [stdout]     |
[INFO] [stdout] 585 -         .div_ceil(&u64::from(bits))
[INFO] [stdout] 585 +         .div_ceil(u64::from(bits))
[INFO] [stdout]     |
[INFO] [stdout] 
[INFO] [stdout] 
[INFO] [stdout] error[E0308]: mismatched types
[INFO] [stdout]    --> /opt/rustwide/cargo-home/registry/src/index.crates.io-6f17d22bba15001f/num-bigint-0.4.0/src/biguint/convert.rs:613:19
[INFO] [stdout]     |
[INFO] [stdout] 613 |         .div_ceil(&u64::from(bits))
[INFO] [stdout]     |          -------- ^^^^^^^^^^^^^^^^ expected `u64`, found `&u64`
[INFO] [stdout]     |          |
[INFO] [stdout]     |          arguments to this method are incorrect
[INFO] [stdout]     |
[INFO] [stdout] note: method defined here
[INFO] [stdout]    --> /rustc/82e1608dfa6e0b5569232559e3d385fea5a93112/library/core/src/num/mod.rs:1169:5
[INFO] [stdout]     = note: this error originates in the macro `uint_impl` (in Nightly builds, run with -Z macro-backtrace for more info)
[INFO] [stdout] help: consider removing the borrow
[INFO] [stdout]     |
[INFO] [stdout] 613 -         .div_ceil(&u64::from(bits))
[INFO] [stdout] 613 +         .div_ceil(u64::from(bits))
[INFO] [stdout]     |
[INFO] [stdout] 
[INFO] [stdout] 
[INFO] [stdout] error[E0308]: mismatched types
[INFO] [stdout]    --> /opt/rustwide/cargo-home/registry/src/index.crates.io-6f17d22bba15001f/num-bigint-0.4.0/src/biguint.rs:398:54
[INFO] [stdout]     |
[INFO] [stdout] 398 |                 let root_scale = extra_bits.div_ceil(&n64);
[INFO] [stdout]     |                                             -------- ^^^^ expected `u64`, found `&u64`
[INFO] [stdout]     |                                             |
[INFO] [stdout]     |                                             arguments to this method are incorrect
[INFO] [stdout]     |
[INFO] [stdout] note: method defined here
[INFO] [stdout]    --> /rustc/82e1608dfa6e0b5569232559e3d385fea5a93112/library/core/src/num/mod.rs:1169:5
[INFO] [stdout]     = note: this error originates in the macro `uint_impl` (in Nightly builds, run with -Z macro-backtrace for more info)
[INFO] [stdout] help: consider removing the borrow
[INFO] [stdout]     |
[INFO] [stdout] 398 -                 let root_scale = extra_bits.div_ceil(&n64);
[INFO] [stdout] 398 +                 let root_scale = extra_bits.div_ceil(n64);
[INFO] [stdout]     |
[INFO] [stdout] 
[INFO] [stdout] 
[INFO] [stdout] error: aborting due to 4 previous errors
[INFO] [stdout] 
[INFO] [stdout] 
[INFO] [stdout] For more information about this error, try `rustc --explain E0308`.
[INFO] [stdout] 
[INFO] [stderr] error: could not compile `num-bigint` (lib) due to 5 previous errors
[INFO] [stderr] warning: build failed, waiting for other jobs to finish...
[INFO] running `Command { std: "docker" "inspect" "6c5cf06004b2cb36423df304fe59f5f411da8bfd27998215edd439ecdc434a2e", kill_on_drop: false }`
[INFO] running `Command { std: "docker" "rm" "-f" "6c5cf06004b2cb36423df304fe59f5f411da8bfd27998215edd439ecdc434a2e", kill_on_drop: false }`
[INFO] [stdout] 6c5cf06004b2cb36423df304fe59f5f411da8bfd27998215edd439ecdc434a2e
