[INFO] cloning repository https://github.com/HDauven/Mario
[INFO] running `Command { std: "git" "-c" "credential.helper=" "-c" "credential.helper=/workspace/cargo-home/bin/git-credential-null" "clone" "--bare" "https://github.com/HDauven/Mario" "/workspace/cache/git-repos/https%3A%2F%2Fgithub.com%2FHDauven%2FMario", kill_on_drop: false }`
[INFO] [stderr] Cloning into bare repository '/workspace/cache/git-repos/https%3A%2F%2Fgithub.com%2FHDauven%2FMario'...
[INFO] running `Command { std: "git" "rev-parse" "HEAD", kill_on_drop: false }`
[INFO] [stdout] 465692872a372abb54784287ec2073f29a22408b
[INFO] documenting HDauven/Mario against 1.75.0 for beta-1.76-rustdoc-1
[INFO] running `Command { std: "git" "clone" "/workspace/cache/git-repos/https%3A%2F%2Fgithub.com%2FHDauven%2FMario" "/workspace/builds/worker-5-tc1/source", kill_on_drop: false }`
[INFO] [stderr] Cloning into '/workspace/builds/worker-5-tc1/source'...
[INFO] [stderr] done.
[INFO] validating manifest of git repo https://github.com/HDauven/Mario on toolchain 1.75.0
[INFO] running `Command { std: CARGO_HOME="/workspace/cargo-home" RUSTUP_HOME="/workspace/rustup-home" "/workspace/cargo-home/bin/cargo" "+1.75.0" "metadata" "--manifest-path" "Cargo.toml" "--no-deps", kill_on_drop: false }`
[INFO] removed /workspace/builds/worker-5-tc1/source/rust-toolchain.toml
[INFO] started tweaking git repo https://github.com/HDauven/Mario
[INFO] finished tweaking git repo https://github.com/HDauven/Mario
[INFO] tweaked toml for git repo https://github.com/HDauven/Mario written to /workspace/builds/worker-5-tc1/source/Cargo.toml
[INFO] crate git repo https://github.com/HDauven/Mario already has a lockfile, it will not be regenerated
[INFO] running `Command { std: CARGO_HOME="/workspace/cargo-home" RUSTUP_HOME="/workspace/rustup-home" "/workspace/cargo-home/bin/cargo" "+1.75.0" "fetch" "--manifest-path" "Cargo.toml", kill_on_drop: false }`
[INFO] [stderr]     Updating git repository `https://github.com/HDauven/piecrust-macros`
[INFO] [stderr]     Updating crates.io index
[INFO] [stderr]  Downloading crates ...
[INFO] [stderr]   Downloaded const-decoder v0.3.0
[INFO] [stderr]   Downloaded proc-macro2 v1.0.74
[INFO] [stderr]   Downloaded cranelift-native v0.102.1
[INFO] [stderr]   Downloaded wasmtime-jit v15.0.1
[INFO] [stderr]   Downloaded wasmtime-versioned-export-macros v15.0.1
[INFO] [stderr]   Downloaded cranelift-isle v0.102.1
[INFO] [stderr]   Downloaded wasmtime-asm-macros v15.0.1
[INFO] [stderr]   Downloaded cranelift-control v0.102.1
[INFO] [stderr]   Downloaded wasmtime-jit-icache-coherence v15.0.1
[INFO] [stderr]   Downloaded wasmtime-cranelift-shared v15.0.1
[INFO] [stderr]   Downloaded dusk-merkle v0.5.2
[INFO] [stderr]   Downloaded wasmtime-jit-debug v15.0.1
[INFO] [stderr]   Downloaded wasmtime-wmemcheck v15.0.1
[INFO] [stderr]   Downloaded crumbles v0.3.0
[INFO] [stderr]   Downloaded wasmtime-types v15.0.1
[INFO] [stderr]   Downloaded cranelift-codegen-shared v0.102.1
[INFO] [stderr]   Downloaded cranelift-frontend v0.102.1
[INFO] [stderr]   Downloaded rangemap v1.4.0
[INFO] [stderr]   Downloaded cranelift-entity v0.102.1
[INFO] [stderr]   Downloaded serde_derive v1.0.194
[INFO] [stderr]   Downloaded wasmparser v0.116.1
[INFO] [stderr]   Downloaded syn v2.0.46
[INFO] [stderr]   Downloaded cranelift-wasm v0.102.1
[INFO] [stderr]   Downloaded cranelift-codegen v0.102.1
[INFO] [stderr]   Downloaded serde_json v1.0.110
[INFO] [stderr]   Downloaded wasmtime-environ v15.0.1
[INFO] [stderr]   Downloaded wasmtime-runtime v15.0.1
[INFO] [stderr]   Downloaded cranelift-bforest v0.102.1
[INFO] [stderr]   Downloaded serde v1.0.194
[INFO] [stderr]   Downloaded cranelift-codegen-meta v0.102.1
[INFO] [stderr]   Downloaded wasmtime-cranelift v15.0.1
[INFO] [stderr]   Downloaded piecrust-uplink v0.9.0
[INFO] [stderr]   Downloaded piecrust v0.14.0
[INFO] [stderr]   Downloaded dusk-wasmtime v15.0.1
[INFO] running `Command { std: "docker" "create" "-v" "/var/lib/crater-agent-workspace/builds/worker-5-tc1/target:/opt/rustwide/target:rw,Z" "-v" "/var/lib/crater-agent-workspace/builds/worker-5-tc1/source:/opt/rustwide/workdir:ro,Z" "-v" "/var/lib/crater-agent-workspace/cargo-home:/opt/rustwide/cargo-home:ro,Z" "-v" "/var/lib/crater-agent-workspace/rustup-home:/opt/rustwide/rustup-home:ro,Z" "-e" "SOURCE_DIR=/opt/rustwide/workdir" "-e" "CARGO_TARGET_DIR=/opt/rustwide/target" "-e" "CARGO_HOME=/opt/rustwide/cargo-home" "-e" "RUSTUP_HOME=/opt/rustwide/rustup-home" "-w" "/opt/rustwide/workdir" "-m" "1610612736" "--user" "0:0" "--network" "none" "ghcr.io/rust-lang/crates-build-env/linux@sha256:2788e3201cd34a07e3172128adcd8b3090168a8e3bcc40d7c032b9dda1df7d1c" "/opt/rustwide/cargo-home/bin/cargo" "+1.75.0" "metadata" "--no-deps" "--format-version=1", kill_on_drop: false }`
[INFO] [stdout] 8bbe6ae617510d339b2f4b6e79d357b3b7ebc5c17ba7f4ae0125d1b06aa6acba
[INFO] running `Command { std: "docker" "start" "-a" "8bbe6ae617510d339b2f4b6e79d357b3b7ebc5c17ba7f4ae0125d1b06aa6acba", kill_on_drop: false }`
[INFO] running `Command { std: "docker" "inspect" "8bbe6ae617510d339b2f4b6e79d357b3b7ebc5c17ba7f4ae0125d1b06aa6acba", kill_on_drop: false }`
[INFO] running `Command { std: "docker" "rm" "-f" "8bbe6ae617510d339b2f4b6e79d357b3b7ebc5c17ba7f4ae0125d1b06aa6acba", kill_on_drop: false }`
[INFO] [stdout] 8bbe6ae617510d339b2f4b6e79d357b3b7ebc5c17ba7f4ae0125d1b06aa6acba
[INFO] running `Command { std: "docker" "create" "-v" "/var/lib/crater-agent-workspace/builds/worker-5-tc1/target:/opt/rustwide/target:rw,Z" "-v" "/var/lib/crater-agent-workspace/builds/worker-5-tc1/source:/opt/rustwide/workdir:ro,Z" "-v" "/var/lib/crater-agent-workspace/cargo-home:/opt/rustwide/cargo-home:ro,Z" "-v" "/var/lib/crater-agent-workspace/rustup-home:/opt/rustwide/rustup-home:ro,Z" "-e" "SOURCE_DIR=/opt/rustwide/workdir" "-e" "CARGO_TARGET_DIR=/opt/rustwide/target" "-e" "CARGO_INCREMENTAL=0" "-e" "RUST_BACKTRACE=full" "-e" "RUSTFLAGS=--cap-lints=warn" "-e" "RUSTDOCFLAGS=--cap-lints=warn" "-e" "CARGO_HOME=/opt/rustwide/cargo-home" "-e" "RUSTUP_HOME=/opt/rustwide/rustup-home" "-w" "/opt/rustwide/workdir" "-m" "1610612736" "--user" "0:0" "--network" "none" "ghcr.io/rust-lang/crates-build-env/linux@sha256:2788e3201cd34a07e3172128adcd8b3090168a8e3bcc40d7c032b9dda1df7d1c" "/opt/rustwide/cargo-home/bin/cargo" "+1.75.0" "doc" "--frozen" "--no-deps" "--document-private-items" "--message-format=json", kill_on_drop: false }`
[INFO] [stdout] 9ea498c54f7de88167210d7b7ada44a1ee849914828b5a38e4034a3569b6850a
[INFO] running `Command { std: "docker" "start" "-a" "9ea498c54f7de88167210d7b7ada44a1ee849914828b5a38e4034a3569b6850a", kill_on_drop: false }`
[INFO] [stderr]    Compiling proc-macro2 v1.0.74
[INFO] [stderr]    Compiling unicode-ident v1.0.12
[INFO] [stderr]     Checking cfg-if v1.0.0
[INFO] [stderr]     Checking once_cell v1.19.0
[INFO] [stderr]    Compiling serde v1.0.194
[INFO] [stderr]     Checking zerocopy v0.7.32
[INFO] [stderr]    Compiling libc v0.2.151
[INFO] [stderr]    Compiling ahash v0.8.7
[INFO] [stderr]    Compiling syn v1.0.109
[INFO] [stderr]     Checking equivalent v1.0.1
[INFO] [stderr]    Compiling ahash v0.7.7
[INFO] [stderr]    Compiling target-lexicon v0.12.12
[INFO] [stderr]    Compiling cranelift-isle v0.102.1
[INFO] [stderr]     Checking log v0.4.20
[INFO] [stderr]     Checking hashbrown v0.14.3
[INFO] [stderr]    Compiling semver v1.0.21
[INFO] [stderr]    Compiling thiserror v1.0.56
[INFO] [stderr]    Compiling quote v1.0.35
[INFO] [stderr]    Compiling syn v2.0.46
[INFO] [stderr]     Checking getrandom v0.2.11
[INFO] [stderr]    Compiling cranelift-codegen-shared v0.102.1
[INFO] [stderr]    Compiling cranelift-codegen-meta v0.102.1
[INFO] [stderr]    Compiling crc32fast v1.3.2
[INFO] [stderr]    Compiling cc v1.0.83
[INFO] [stderr]     Checking hashbrown v0.13.2
[INFO] [stderr]     Checking slice-group-by v0.3.1
[INFO] [stderr]     Checking arbitrary v1.3.2
[INFO] [stderr]     Checking rustc-hash v1.1.0
[INFO] [stderr]    Compiling anyhow v1.0.79
[INFO] [stderr]     Checking smallvec v1.11.2
[INFO] [stderr]     Checking regalloc2 v0.9.3
[INFO] [stderr]     Checking cranelift-control v0.102.1
[INFO] [stderr]    Compiling rustix v0.38.28
[INFO] [stderr]    Compiling crossbeam-utils v0.8.18
[INFO] [stderr]     Checking memchr v2.7.1
[INFO] [stderr]    Compiling bytecheck v0.6.11
[INFO] [stderr]     Checking indexmap v2.1.0
[INFO] [stderr]     Checking bumpalo v3.14.0
[INFO] [stderr]     Checking bitflags v2.4.1
[INFO] [stderr]     Checking simdutf8 v0.1.4
[INFO] [stderr]     Checking linux-raw-sys v0.4.12
[INFO] [stderr]    Compiling rend v0.4.1
[INFO] [stderr]     Checking gimli v0.28.1
[INFO] [stderr]     Checking wasmparser v0.116.1
[INFO] [stderr]     Checking object v0.32.2
[INFO] [stderr]    Compiling memoffset v0.9.0
[INFO] [stderr]    Compiling cranelift-codegen v0.102.1
[INFO] [stderr]     Checking rand_core v0.6.4
[INFO] [stderr]    Compiling rkyv v0.7.43
[INFO] [stderr]     Checking either v1.9.0
[INFO] [stderr]    Compiling paste v1.0.14
[INFO] [stderr]     Checking ppv-lite86 v0.2.17
[INFO] [stderr]    Compiling serde_derive v1.0.194
[INFO] [stderr]    Compiling thiserror-impl v1.0.56
[INFO] [stderr]    Compiling ptr_meta_derive v0.1.4
[INFO] [stderr]    Compiling bytecheck_derive v0.6.11
[INFO] [stderr]    Compiling rkyv_derive v0.7.43
[INFO] [stderr]    Compiling wasmtime-versioned-export-macros v15.0.1
[INFO] [stderr]     Checking ptr_meta v0.1.4
[INFO] [stderr]     Checking rand_chacha v0.3.1
[INFO] [stderr]    Compiling wasmtime-runtime v15.0.1
[INFO] [stderr]     Checking hashbrown v0.12.3
[INFO] [stderr]     Checking crossbeam-epoch v0.9.17
[INFO] [stderr]     Checking seahash v4.1.0
[INFO] [stderr]     Checking leb128 v0.2.5
[INFO] [stderr]    Compiling dlmalloc v0.2.4
[INFO] [stderr]    Compiling rayon-core v1.12.0
[INFO] [stderr]     Checking wasm-encoder v0.36.2
[INFO] [stderr]     Checking crossbeam-deque v0.8.4
[INFO] [stderr]     Checking wasmtime-jit-debug v15.0.1
[INFO] [stderr]     Checking rand v0.8.5
[INFO] [stderr]     Checking memfd v0.6.4
[INFO] [stderr]     Checking itertools v0.10.5
[INFO] [stderr]     Checking wasmtime-asm-macros v15.0.1
[INFO] [stderr]     Checking wasmtime-wmemcheck v15.0.1
[INFO] [stderr]    Compiling serde_json v1.0.110
[INFO] [stderr]     Checking sptr v0.3.2
[INFO] [stderr]    Compiling derive-hex v0.1.2
[INFO] [stderr]     Checking bincode v1.3.3
[INFO] [stderr]    Compiling blake3 v1.5.0
[INFO] [stderr]     Checking wasmtime-jit-icache-coherence v15.0.1
[INFO] [stderr]     Checking ryu v1.0.16
[INFO] [stderr]     Checking itoa v1.0.10
[INFO] [stderr]     Checking rayon v1.8.0
[INFO] [stderr]     Checking dusk-bytes v0.1.7
[INFO] [stderr]     Checking cranelift-entity v0.102.1
[INFO] [stderr]     Checking constant_time_eq v0.3.0
[INFO] [stderr]     Checking fastrand v2.0.1
[INFO] [stderr]     Checking rangemap v1.4.0
[INFO] [stderr]     Checking arrayref v0.3.7
[INFO] [stderr]     Checking arrayvec v0.7.4
[INFO] [stderr]     Checking tempfile v3.9.0
[INFO] [stderr]     Checking crumbles v0.3.0
[INFO] [stderr]     Checking cranelift-bforest v0.102.1
[INFO] [stderr]     Checking wasmtime-types v15.0.1
[INFO] [stderr]     Checking memmap2 v0.7.1
[INFO] [stderr]     Checking const-decoder v0.3.0
[INFO] [stderr]     Checking hex v0.4.3
[INFO] [stderr]     Checking dario_fsm v0.1.0 (/opt/rustwide/workdir/dario_fsm)
[INFO] [stderr]  Documenting dario_fsm v0.1.0 (/opt/rustwide/workdir/dario_fsm)
[INFO] [stderr]     Checking wasmtime-environ v15.0.1
[INFO] [stderr]    Compiling piecrust-uplink v0.9.0
[INFO] [stdout] error[E0554]: `#![feature]` may not be used on the stable release channel
[INFO] [stdout]   --> /opt/rustwide/cargo-home/registry/src/index.crates.io-6f17d22bba15001f/piecrust-uplink-0.9.0/src/lib.rs:63:1
[INFO] [stdout]    |
[INFO] [stdout] 63 | #![feature(lang_items, panic_info_message)]
[INFO] [stdout]    | ^^^^^^^^^^^^^^^^^^^^^^^^^^^^^^^^^^^^^^^^^^^
[INFO] [stdout] 
[INFO] [stdout] 
[INFO] [stdout] error[E0554]: `#![feature]` may not be used on the stable release channel
[INFO] [stdout]   --> /opt/rustwide/cargo-home/registry/src/index.crates.io-6f17d22bba15001f/piecrust-uplink-0.9.0/src/lib.rs:63:24
[INFO] [stdout]    |
[INFO] [stdout] 63 | #![feature(lang_items, panic_info_message)]
[INFO] [stdout]    |                        ^^^^^^^^^^^^^^^^^^
[INFO] [stdout] 
[INFO] [stdout] 
[INFO] [stdout] error: aborting due to 2 previous errors
[INFO] [stdout] 
[INFO] [stdout] 
[INFO] [stdout] For more information about this error, try `rustc --explain E0554`.
[INFO] [stdout] 
[INFO] [stderr] error: could not compile `piecrust-uplink` (lib) due to 3 previous errors
[INFO] [stderr] warning: build failed, waiting for other jobs to finish...
[INFO] running `Command { std: "docker" "inspect" "9ea498c54f7de88167210d7b7ada44a1ee849914828b5a38e4034a3569b6850a", kill_on_drop: false }`
[INFO] running `Command { std: "docker" "rm" "-f" "9ea498c54f7de88167210d7b7ada44a1ee849914828b5a38e4034a3569b6850a", kill_on_drop: false }`
[INFO] [stdout] 9ea498c54f7de88167210d7b7ada44a1ee849914828b5a38e4034a3569b6850a
[INFO] documenting HDauven/Mario against beta-2023-12-22 for beta-1.76-rustdoc-1
[INFO] running `Command { std: "git" "clone" "/workspace/cache/git-repos/https%3A%2F%2Fgithub.com%2FHDauven%2FMario" "/workspace/builds/worker-5-tc2/source", kill_on_drop: false }`
[INFO] [stderr] Cloning into '/workspace/builds/worker-5-tc2/source'...
[INFO] [stderr] done.
[INFO] validating manifest of git repo https://github.com/HDauven/Mario on toolchain beta-2023-12-22
[INFO] running `Command { std: CARGO_HOME="/workspace/cargo-home" RUSTUP_HOME="/workspace/rustup-home" "/workspace/cargo-home/bin/cargo" "+beta-2023-12-22" "metadata" "--manifest-path" "Cargo.toml" "--no-deps", kill_on_drop: false }`
[INFO] removed /workspace/builds/worker-5-tc2/source/rust-toolchain.toml
[INFO] started tweaking git repo https://github.com/HDauven/Mario
[INFO] finished tweaking git repo https://github.com/HDauven/Mario
[INFO] tweaked toml for git repo https://github.com/HDauven/Mario written to /workspace/builds/worker-5-tc2/source/Cargo.toml
[INFO] crate git repo https://github.com/HDauven/Mario already has a lockfile, it will not be regenerated
[INFO] running `Command { std: CARGO_HOME="/workspace/cargo-home" RUSTUP_HOME="/workspace/rustup-home" "/workspace/cargo-home/bin/cargo" "+beta-2023-12-22" "fetch" "--manifest-path" "Cargo.toml", kill_on_drop: false }`
[INFO] running `Command { std: "docker" "create" "-v" "/var/lib/crater-agent-workspace/builds/worker-5-tc2/target:/opt/rustwide/target:rw,Z" "-v" "/var/lib/crater-agent-workspace/builds/worker-5-tc2/source:/opt/rustwide/workdir:ro,Z" "-v" "/var/lib/crater-agent-workspace/cargo-home:/opt/rustwide/cargo-home:ro,Z" "-v" "/var/lib/crater-agent-workspace/rustup-home:/opt/rustwide/rustup-home:ro,Z" "-e" "SOURCE_DIR=/opt/rustwide/workdir" "-e" "CARGO_TARGET_DIR=/opt/rustwide/target" "-e" "CARGO_HOME=/opt/rustwide/cargo-home" "-e" "RUSTUP_HOME=/opt/rustwide/rustup-home" "-w" "/opt/rustwide/workdir" "-m" "1610612736" "--user" "0:0" "--network" "none" "ghcr.io/rust-lang/crates-build-env/linux@sha256:2788e3201cd34a07e3172128adcd8b3090168a8e3bcc40d7c032b9dda1df7d1c" "/opt/rustwide/cargo-home/bin/cargo" "+beta-2023-12-22" "metadata" "--no-deps" "--format-version=1", kill_on_drop: false }`
[INFO] [stdout] 2c2a837988afdded12b3456e00c27bfbcd04e2f9d1d9367c274f14214c730c09
[INFO] running `Command { std: "docker" "start" "-a" "2c2a837988afdded12b3456e00c27bfbcd04e2f9d1d9367c274f14214c730c09", kill_on_drop: false }`
[INFO] running `Command { std: "docker" "inspect" "2c2a837988afdded12b3456e00c27bfbcd04e2f9d1d9367c274f14214c730c09", kill_on_drop: false }`
[INFO] running `Command { std: "docker" "rm" "-f" "2c2a837988afdded12b3456e00c27bfbcd04e2f9d1d9367c274f14214c730c09", kill_on_drop: false }`
[INFO] [stdout] 2c2a837988afdded12b3456e00c27bfbcd04e2f9d1d9367c274f14214c730c09
[INFO] running `Command { std: "docker" "create" "-v" "/var/lib/crater-agent-workspace/builds/worker-5-tc2/target:/opt/rustwide/target:rw,Z" "-v" "/var/lib/crater-agent-workspace/builds/worker-5-tc2/source:/opt/rustwide/workdir:ro,Z" "-v" "/var/lib/crater-agent-workspace/cargo-home:/opt/rustwide/cargo-home:ro,Z" "-v" "/var/lib/crater-agent-workspace/rustup-home:/opt/rustwide/rustup-home:ro,Z" "-e" "SOURCE_DIR=/opt/rustwide/workdir" "-e" "CARGO_TARGET_DIR=/opt/rustwide/target" "-e" "CARGO_INCREMENTAL=0" "-e" "RUST_BACKTRACE=full" "-e" "RUSTFLAGS=--cap-lints=warn" "-e" "RUSTDOCFLAGS=--cap-lints=warn" "-e" "CARGO_HOME=/opt/rustwide/cargo-home" "-e" "RUSTUP_HOME=/opt/rustwide/rustup-home" "-w" "/opt/rustwide/workdir" "-m" "1610612736" "--user" "0:0" "--network" "none" "ghcr.io/rust-lang/crates-build-env/linux@sha256:2788e3201cd34a07e3172128adcd8b3090168a8e3bcc40d7c032b9dda1df7d1c" "/opt/rustwide/cargo-home/bin/cargo" "+beta-2023-12-22" "doc" "--frozen" "--no-deps" "--document-private-items" "--message-format=json", kill_on_drop: false }`
[INFO] [stdout] 965d422d783d9e9ef98b7df54726e268ded219d017a22a8f33442ae64141c78c
[INFO] running `Command { std: "docker" "start" "-a" "965d422d783d9e9ef98b7df54726e268ded219d017a22a8f33442ae64141c78c", kill_on_drop: false }`
[INFO] [stderr]    Compiling proc-macro2 v1.0.74
[INFO] [stderr]    Compiling unicode-ident v1.0.12
[INFO] [stderr]     Checking cfg-if v1.0.0
[INFO] [stderr]     Checking once_cell v1.19.0
[INFO] [stderr]    Compiling serde v1.0.194
[INFO] [stderr]     Checking zerocopy v0.7.32
[INFO] [stderr]    Compiling syn v1.0.109
[INFO] [stderr]    Compiling ahash v0.8.7
[INFO] [stderr]    Compiling libc v0.2.151
[INFO] [stderr]     Checking equivalent v1.0.1
[INFO] [stderr]    Compiling ahash v0.7.7
[INFO] [stderr]    Compiling target-lexicon v0.12.12
[INFO] [stderr]    Compiling semver v1.0.21
[INFO] [stderr]    Compiling cranelift-isle v0.102.1
[INFO] [stderr]     Checking hashbrown v0.14.3
[INFO] [stderr]     Checking log v0.4.20
[INFO] [stderr]    Compiling cranelift-codegen-shared v0.102.1
[INFO] [stderr]    Compiling thiserror v1.0.56
[INFO] [stderr]    Compiling cranelift-codegen-meta v0.102.1
[INFO] [stderr]    Compiling quote v1.0.35
[INFO] [stderr]    Compiling syn v2.0.46
[INFO] [stderr]     Checking getrandom v0.2.11
[INFO] [stderr]    Compiling crc32fast v1.3.2
[INFO] [stderr]    Compiling cc v1.0.83
[INFO] [stderr]     Checking hashbrown v0.13.2
[INFO] [stderr]     Checking smallvec v1.11.2
[INFO] [stderr]     Checking arbitrary v1.3.2
[INFO] [stderr]    Compiling anyhow v1.0.79
[INFO] [stderr]     Checking rustc-hash v1.1.0
[INFO] [stderr]     Checking slice-group-by v0.3.1
[INFO] [stderr]     Checking cranelift-control v0.102.1
[INFO] [stderr]     Checking regalloc2 v0.9.3
[INFO] [stderr]     Checking bumpalo v3.14.0
[INFO] [stderr]    Compiling rustix v0.38.28
[INFO] [stderr]    Compiling crossbeam-utils v0.8.18
[INFO] [stderr]     Checking indexmap v2.1.0
[INFO] [stderr]    Compiling bytecheck v0.6.11
[INFO] [stderr]     Checking memchr v2.7.1
[INFO] [stderr]     Checking gimli v0.28.1
[INFO] [stderr]     Checking wasmparser v0.116.1
[INFO] [stderr]     Checking object v0.32.2
[INFO] [stderr]     Checking linux-raw-sys v0.4.12
[INFO] [stderr]     Checking bitflags v2.4.1
[INFO] [stderr]    Compiling rend v0.4.1
[INFO] [stderr]     Checking simdutf8 v0.1.4
[INFO] [stderr]    Compiling memoffset v0.9.0
[INFO] [stderr]    Compiling cranelift-codegen v0.102.1
[INFO] [stderr]     Checking rand_core v0.6.4
[INFO] [stderr]    Compiling paste v1.0.14
[INFO] [stderr]     Checking either v1.9.0
[INFO] [stderr]     Checking ppv-lite86 v0.2.17
[INFO] [stderr]    Compiling serde_derive v1.0.194
[INFO] [stderr]    Compiling thiserror-impl v1.0.56
[INFO] [stderr]    Compiling ptr_meta_derive v0.1.4
[INFO] [stderr]    Compiling bytecheck_derive v0.6.11
[INFO] [stderr]    Compiling rkyv_derive v0.7.43
[INFO] [stderr]    Compiling wasmtime-versioned-export-macros v15.0.1
[INFO] [stderr]     Checking ptr_meta v0.1.4
[INFO] [stderr]    Compiling rkyv v0.7.43
[INFO] [stderr]     Checking rand_chacha v0.3.1
[INFO] [stderr]    Compiling wasmtime-runtime v15.0.1
[INFO] [stderr]     Checking hashbrown v0.12.3
[INFO] [stderr]     Checking crossbeam-epoch v0.9.17
[INFO] [stderr]     Checking seahash v4.1.0
[INFO] [stderr]    Compiling rayon-core v1.12.0
[INFO] [stderr]    Compiling dlmalloc v0.2.4
[INFO] [stderr]     Checking leb128 v0.2.5
[INFO] [stderr]     Checking wasm-encoder v0.36.2
[INFO] [stderr]     Checking crossbeam-deque v0.8.4
[INFO] [stderr]     Checking rand v0.8.5
[INFO] [stderr]     Checking wasmtime-jit-debug v15.0.1
[INFO] [stderr]     Checking memfd v0.6.4
[INFO] [stderr]     Checking itertools v0.10.5
[INFO] [stderr]     Checking wasmtime-asm-macros v15.0.1
[INFO] [stderr]     Checking sptr v0.3.2
[INFO] [stderr]    Compiling serde_json v1.0.110
[INFO] [stderr]     Checking wasmtime-wmemcheck v15.0.1
[INFO] [stderr]    Compiling derive-hex v0.1.2
[INFO] [stderr]     Checking bincode v1.3.3
[INFO] [stderr]    Compiling blake3 v1.5.0
[INFO] [stderr]     Checking wasmtime-jit-icache-coherence v15.0.1
[INFO] [stderr]     Checking ryu v1.0.16
[INFO] [stderr]     Checking itoa v1.0.10
[INFO] [stderr]     Checking rayon v1.8.0
[INFO] [stderr]     Checking dusk-bytes v0.1.7
[INFO] [stderr]     Checking rangemap v1.4.0
[INFO] [stderr]     Checking arrayref v0.3.7
[INFO] [stderr]     Checking arrayvec v0.7.4
[INFO] [stderr]     Checking constant_time_eq v0.3.0
[INFO] [stderr]     Checking cranelift-entity v0.102.1
[INFO] [stderr]     Checking fastrand v2.0.1
[INFO] [stderr]     Checking crumbles v0.3.0
[INFO] [stderr]     Checking memmap2 v0.7.1
[INFO] [stderr]     Checking tempfile v3.9.0
[INFO] [stderr]     Checking const-decoder v0.3.0
[INFO] [stderr]     Checking hex v0.4.3
[INFO] [stderr]     Checking dario_fsm v0.1.0 (/opt/rustwide/workdir/dario_fsm)
[INFO] [stderr]  Documenting dario_fsm v0.1.0 (/opt/rustwide/workdir/dario_fsm)
[INFO] [stderr]     Checking wasmtime-types v15.0.1
[INFO] [stderr]     Checking cranelift-bforest v0.102.1
[INFO] [stderr]    Compiling piecrust-uplink v0.9.0
[INFO] [stdout] error[E0554]: `#![feature]` may not be used on the beta release channel
[INFO] [stdout]   --> /opt/rustwide/cargo-home/registry/src/index.crates.io-6f17d22bba15001f/piecrust-uplink-0.9.0/src/lib.rs:63:1
[INFO] [stdout]    |
[INFO] [stdout] 63 | #![feature(lang_items, panic_info_message)]
[INFO] [stdout]    | ^^^^^^^^^^^^^^^^^^^^^^^^^^^^^^^^^^^^^^^^^^^
[INFO] [stdout] 
[INFO] [stdout] 
[INFO] [stdout] error[E0554]: `#![feature]` may not be used on the beta release channel
[INFO] [stdout]   --> /opt/rustwide/cargo-home/registry/src/index.crates.io-6f17d22bba15001f/piecrust-uplink-0.9.0/src/lib.rs:63:24
[INFO] [stdout]    |
[INFO] [stdout] 63 | #![feature(lang_items, panic_info_message)]
[INFO] [stdout]    |                        ^^^^^^^^^^^^^^^^^^
[INFO] [stdout] 
[INFO] [stdout] 
[INFO] [stderr]     Checking wasmtime-environ v15.0.1
[INFO] [stdout] error: aborting due to 2 previous errors
[INFO] [stdout] 
[INFO] [stdout] 
[INFO] [stdout] For more information about this error, try `rustc --explain E0554`.
[INFO] [stdout] 
[INFO] [stderr] error: could not compile `piecrust-uplink` (lib) due to 3 previous errors
[INFO] [stderr] warning: build failed, waiting for other jobs to finish...
[INFO] running `Command { std: "docker" "inspect" "965d422d783d9e9ef98b7df54726e268ded219d017a22a8f33442ae64141c78c", kill_on_drop: false }`
[INFO] running `Command { std: "docker" "rm" "-f" "965d422d783d9e9ef98b7df54726e268ded219d017a22a8f33442ae64141c78c", kill_on_drop: false }`
[INFO] [stdout] 965d422d783d9e9ef98b7df54726e268ded219d017a22a8f33442ae64141c78c
