[INFO] cloning repository https://github.com/Guilherme1977/PrivadexSwap
[INFO] running `Command { std: "git" "-c" "credential.helper=" "-c" "credential.helper=/workspace/cargo-home/bin/git-credential-null" "clone" "--bare" "https://github.com/Guilherme1977/PrivadexSwap" "/workspace/cache/git-repos/https%3A%2F%2Fgithub.com%2FGuilherme1977%2FPrivadexSwap", kill_on_drop: false }`
[INFO] [stderr] Cloning into bare repository '/workspace/cache/git-repos/https%3A%2F%2Fgithub.com%2FGuilherme1977%2FPrivadexSwap'...
[INFO] running `Command { std: "git" "rev-parse" "HEAD", kill_on_drop: false }`
[INFO] [stdout] fe9cd0519038c61cd92e0ccd183f2711246cff75
[INFO] documenting Guilherme1977/PrivadexSwap against 1.75.0 for beta-1.76-rustdoc-1
[INFO] running `Command { std: "git" "clone" "/workspace/cache/git-repos/https%3A%2F%2Fgithub.com%2FGuilherme1977%2FPrivadexSwap" "/workspace/builds/worker-5-tc1/source", kill_on_drop: false }`
[INFO] [stderr] Cloning into '/workspace/builds/worker-5-tc1/source'...
[INFO] [stderr] done.
[INFO] validating manifest of git repo https://github.com/Guilherme1977/PrivadexSwap on toolchain 1.75.0
[INFO] running `Command { std: CARGO_HOME="/workspace/cargo-home" RUSTUP_HOME="/workspace/rustup-home" "/workspace/cargo-home/bin/cargo" "+1.75.0" "metadata" "--manifest-path" "Cargo.toml" "--no-deps", kill_on_drop: false }`
[INFO] removed /workspace/builds/worker-5-tc1/source/rust-toolchain.toml
[INFO] started tweaking git repo https://github.com/Guilherme1977/PrivadexSwap
[INFO] finished tweaking git repo https://github.com/Guilherme1977/PrivadexSwap
[INFO] tweaked toml for git repo https://github.com/Guilherme1977/PrivadexSwap written to /workspace/builds/worker-5-tc1/source/Cargo.toml
[INFO] crate git repo https://github.com/Guilherme1977/PrivadexSwap already has a lockfile, it will not be regenerated
[INFO] running `Command { std: CARGO_HOME="/workspace/cargo-home" RUSTUP_HOME="/workspace/rustup-home" "/workspace/cargo-home/bin/cargo" "+1.75.0" "fetch" "--manifest-path" "Cargo.toml", kill_on_drop: false }`
[INFO] [stderr] warning: profiles for the non root package will be ignored, specify profiles at the workspace root:
[INFO] [stderr] package:   /workspace/builds/worker-5-tc1/source/dex_aggregator/common/Cargo.toml
[INFO] [stderr] workspace: /workspace/builds/worker-5-tc1/source/Cargo.toml
[INFO] [stderr] warning: profiles for the non root package will be ignored, specify profiles at the workspace root:
[INFO] [stderr] package:   /workspace/builds/worker-5-tc1/source/dex_aggregator/chain_metadata/Cargo.toml
[INFO] [stderr] workspace: /workspace/builds/worker-5-tc1/source/Cargo.toml
[INFO] [stderr] warning: profiles for the non root package will be ignored, specify profiles at the workspace root:
[INFO] [stderr] package:   /workspace/builds/worker-5-tc1/source/dex_aggregator/routing/Cargo.toml
[INFO] [stderr] workspace: /workspace/builds/worker-5-tc1/source/Cargo.toml
[INFO] [stderr] warning: profiles for the non root package will be ignored, specify profiles at the workspace root:
[INFO] [stderr] package:   /workspace/builds/worker-5-tc1/source/dex_aggregator/execution_plan/Cargo.toml
[INFO] [stderr] workspace: /workspace/builds/worker-5-tc1/source/Cargo.toml
[INFO] [stderr] warning: profiles for the non root package will be ignored, specify profiles at the workspace root:
[INFO] [stderr] package:   /workspace/builds/worker-5-tc1/source/dex_aggregator/executor/Cargo.toml
[INFO] [stderr] workspace: /workspace/builds/worker-5-tc1/source/Cargo.toml
[INFO] [stderr]     Updating crates.io index
[INFO] [stderr]     Updating git repository `https://github.com/paritytech/substrate`
[INFO] [stderr]     Updating git repository `https://github.com/paritytech/polkadot.git`
[INFO] [stderr]     Updating git repository `https://github.com/kapilsinha/graphlib`
[INFO] [stderr]     Updating git repository `https://github.com/kapilsinha/openbrush-contracts.git`
[INFO] [stderr]  Downloading crates ...
[INFO] [stderr]   Downloaded ref-cast v1.0.9
[INFO] [stderr]   Downloaded signature v1.6.0
[INFO] [stderr]   Downloaded aes-gcm-siv v0.11.1
[INFO] [stderr]   Downloaded ink_prelude v3.4.0
[INFO] [stderr]   Downloaded ink_lang_codegen v3.4.0
[INFO] [stderr]   Downloaded ink_primitives v3.4.0
[INFO] [stderr]   Downloaded dot v0.1.4
[INFO] [stderr]   Downloaded ink_lang v3.4.0
[INFO] [stderr]   Downloaded unzip3 v1.0.0
[INFO] [stderr]   Downloaded ink_allocator v3.4.0
[INFO] [stderr]   Downloaded ink_metadata v3.4.0
[INFO] [stderr]   Downloaded base16 v0.2.1
[INFO] [stderr]   Downloaded ink_engine v3.4.0
[INFO] [stderr]   Downloaded pink-json v0.4.0
[INFO] [stderr]   Downloaded secp256k1 v0.24.0
[INFO] [stderr]   Downloaded ink_env v3.4.0
[INFO] [stderr]   Downloaded ink_lang_ir v3.4.0
[INFO] [stderr]   Downloaded ink_storage v3.4.0
[INFO] [stderr]   Downloaded duplicate v0.4.1
[INFO] [stderr]   Downloaded tokio v1.21.0
[INFO] [stderr]   Downloaded secp256k1-sys v0.6.0
[INFO] [stderr]   Downloaded sha3 v0.10.4
[INFO] [stderr]   Downloaded reqwest-env-proxy v0.1.0
[INFO] [stderr]   Downloaded pink-extension-macro v0.1.6
[INFO] [stderr]   Downloaded pink-extension v0.1.19
[INFO] [stderr]   Downloaded ref-cast-impl v1.0.9
[INFO] [stderr]   Downloaded anyhow v1.0.64
[INFO] [stderr]   Downloaded ink_storage_derive v3.4.0
[INFO] [stderr]   Downloaded pink-extension-runtime v0.1.5
[INFO] [stderr]   Downloaded serde-json-core v0.5.0
[INFO] [stderr]   Downloaded pink-erased-serde v0.3.23
[INFO] [stderr]   Downloaded pink-ethabi v17.2.0
[INFO] [stderr]   Downloaded ink_lang_macro v3.4.0
[INFO] [stderr]   Downloaded pink-web3 v0.19.4
[INFO] running `Command { std: "docker" "create" "-v" "/var/lib/crater-agent-workspace/builds/worker-5-tc1/target:/opt/rustwide/target:rw,Z" "-v" "/var/lib/crater-agent-workspace/builds/worker-5-tc1/source:/opt/rustwide/workdir:ro,Z" "-v" "/var/lib/crater-agent-workspace/cargo-home:/opt/rustwide/cargo-home:ro,Z" "-v" "/var/lib/crater-agent-workspace/rustup-home:/opt/rustwide/rustup-home:ro,Z" "-e" "SOURCE_DIR=/opt/rustwide/workdir" "-e" "CARGO_TARGET_DIR=/opt/rustwide/target" "-e" "CARGO_HOME=/opt/rustwide/cargo-home" "-e" "RUSTUP_HOME=/opt/rustwide/rustup-home" "-w" "/opt/rustwide/workdir" "-m" "1610612736" "--user" "0:0" "--network" "none" "ghcr.io/rust-lang/crates-build-env/linux@sha256:2788e3201cd34a07e3172128adcd8b3090168a8e3bcc40d7c032b9dda1df7d1c" "/opt/rustwide/cargo-home/bin/cargo" "+1.75.0" "metadata" "--no-deps" "--format-version=1", kill_on_drop: false }`
[INFO] [stdout] d89176b5c716eadc69aee1efc0860731e6dc954904f6be8d640fe41b6cfbfe15
[INFO] running `Command { std: "docker" "start" "-a" "d89176b5c716eadc69aee1efc0860731e6dc954904f6be8d640fe41b6cfbfe15", kill_on_drop: false }`
[INFO] running `Command { std: "docker" "inspect" "d89176b5c716eadc69aee1efc0860731e6dc954904f6be8d640fe41b6cfbfe15", kill_on_drop: false }`
[INFO] running `Command { std: "docker" "rm" "-f" "d89176b5c716eadc69aee1efc0860731e6dc954904f6be8d640fe41b6cfbfe15", kill_on_drop: false }`
[INFO] [stdout] d89176b5c716eadc69aee1efc0860731e6dc954904f6be8d640fe41b6cfbfe15
[INFO] running `Command { std: "docker" "create" "-v" "/var/lib/crater-agent-workspace/builds/worker-5-tc1/target:/opt/rustwide/target:rw,Z" "-v" "/var/lib/crater-agent-workspace/builds/worker-5-tc1/source:/opt/rustwide/workdir:ro,Z" "-v" "/var/lib/crater-agent-workspace/cargo-home:/opt/rustwide/cargo-home:ro,Z" "-v" "/var/lib/crater-agent-workspace/rustup-home:/opt/rustwide/rustup-home:ro,Z" "-e" "SOURCE_DIR=/opt/rustwide/workdir" "-e" "CARGO_TARGET_DIR=/opt/rustwide/target" "-e" "CARGO_INCREMENTAL=0" "-e" "RUST_BACKTRACE=full" "-e" "RUSTFLAGS=--cap-lints=warn" "-e" "RUSTDOCFLAGS=--cap-lints=warn" "-e" "CARGO_HOME=/opt/rustwide/cargo-home" "-e" "RUSTUP_HOME=/opt/rustwide/rustup-home" "-w" "/opt/rustwide/workdir" "-m" "1610612736" "--user" "0:0" "--network" "none" "ghcr.io/rust-lang/crates-build-env/linux@sha256:2788e3201cd34a07e3172128adcd8b3090168a8e3bcc40d7c032b9dda1df7d1c" "/opt/rustwide/cargo-home/bin/cargo" "+1.75.0" "doc" "--frozen" "--no-deps" "--document-private-items" "--message-format=json", kill_on_drop: false }`
[INFO] [stdout] 2ec2961292f5687c2fd84ce9014800e8393c5a078a508d0a256c28668ce1d3d0
[INFO] running `Command { std: "docker" "start" "-a" "2ec2961292f5687c2fd84ce9014800e8393c5a078a508d0a256c28668ce1d3d0", kill_on_drop: false }`
[INFO] [stderr] warning: profiles for the non root package will be ignored, specify profiles at the workspace root:
[INFO] [stderr] package:   /opt/rustwide/workdir/dex_aggregator/common/Cargo.toml
[INFO] [stderr] workspace: /opt/rustwide/workdir/Cargo.toml
[INFO] [stderr] warning: profiles for the non root package will be ignored, specify profiles at the workspace root:
[INFO] [stderr] package:   /opt/rustwide/workdir/dex_aggregator/chain_metadata/Cargo.toml
[INFO] [stderr] workspace: /opt/rustwide/workdir/Cargo.toml
[INFO] [stderr] warning: profiles for the non root package will be ignored, specify profiles at the workspace root:
[INFO] [stderr] package:   /opt/rustwide/workdir/dex_aggregator/routing/Cargo.toml
[INFO] [stderr] workspace: /opt/rustwide/workdir/Cargo.toml
[INFO] [stderr] warning: profiles for the non root package will be ignored, specify profiles at the workspace root:
[INFO] [stderr] package:   /opt/rustwide/workdir/dex_aggregator/execution_plan/Cargo.toml
[INFO] [stderr] workspace: /opt/rustwide/workdir/Cargo.toml
[INFO] [stderr] warning: profiles for the non root package will be ignored, specify profiles at the workspace root:
[INFO] [stderr] package:   /opt/rustwide/workdir/dex_aggregator/executor/Cargo.toml
[INFO] [stderr] workspace: /opt/rustwide/workdir/Cargo.toml
[INFO] [stderr]    Compiling proc-macro2 v1.0.49
[INFO] [stderr]    Compiling unicode-ident v1.0.3
[INFO] [stderr]    Compiling quote v1.0.21
[INFO] [stderr]    Compiling syn v1.0.107
[INFO] [stderr]    Compiling serde_derive v1.0.152
[INFO] [stderr]    Compiling serde v1.0.152
[INFO] [stderr]    Compiling generic-array v0.14.6
[INFO] [stderr]    Compiling libc v0.2.139
[INFO] [stderr]    Compiling once_cell v1.14.0
[INFO] [stderr]     Checking subtle v2.4.1
[INFO] [stderr]    Compiling typenum v1.15.0
[INFO] [stderr]    Compiling unicode-xid v0.2.3
[INFO] [stderr]    Compiling convert_case v0.4.0
[INFO] [stderr]     Checking bytes v1.2.1
[INFO] [stderr]    Compiling num-traits v0.2.15
[INFO] [stderr]     Checking ppv-lite86 v0.2.16
[INFO] [stderr]     Checking byte-slice-cast v1.2.1
[INFO] [stderr]    Compiling cc v1.0.73
[INFO] [stderr]     Checking crypto-common v0.1.6
[INFO] [stderr]    Compiling memchr v2.5.0
[INFO] [stderr]    Compiling cfg-if v1.0.0
[INFO] [stderr]     Checking byteorder v1.4.3
[INFO] [stderr]     Checking getrandom v0.2.7
[INFO] [stderr]     Checking rand_core v0.6.3
[INFO] [stderr]     Checking cpufeatures v0.2.5
[INFO] [stderr]     Checking block-buffer v0.10.3
[INFO] [stderr]    Compiling crunchy v0.2.2
[INFO] [stderr]     Checking digest v0.10.6
[INFO] [stderr]     Checking rand_chacha v0.3.1
[INFO] [stderr]     Checking keccak v0.1.2
[INFO] [stderr]    Compiling serde_json v1.0.91
[INFO] [stderr]     Checking rand v0.8.5
[INFO] [stderr]     Checking rustc-hex v2.1.0
[INFO] [stderr]    Compiling ryu v1.0.11
[INFO] [stderr]    Compiling digest v0.9.0
[INFO] [stderr]    Compiling itoa v1.0.5
[INFO] [stderr]     Checking getrandom v0.1.16
[INFO] [stderr]     Checking sha3 v0.10.4
[INFO] [stderr]     Checking hex v0.4.3
[INFO] [stderr]     Checking arrayref v0.3.6
[INFO] [stderr]    Compiling arrayvec v0.7.2
[INFO] [stderr]     Checking rand_core v0.5.1
[INFO] [stderr]    Compiling blake2 v0.10.4
[INFO] [stderr]    Compiling secp256k1-sys v0.6.0
[INFO] [stderr]     Checking sha2 v0.10.6
[INFO] [stderr]    Compiling num-integer v0.1.45
[INFO] [stderr]    Compiling log v0.4.17
[INFO] [stderr]     Checking rlp v0.5.2
[INFO] [stderr]     Checking impl-rlp v0.3.0
[INFO] [stderr]     Checking fixed-hash v0.7.0
[INFO] [stderr]     Checking uint v0.9.3
[INFO] [stderr]    Compiling ahash v0.7.6
[INFO] [stderr]     Checking smallvec v1.9.0
[INFO] [stderr]     Checking pin-project-lite v0.2.9
[INFO] [stderr]    Compiling regex-syntax v0.6.27
[INFO] [stderr]    Compiling either v1.8.0
[INFO] [stderr]    Compiling ink_prelude v3.4.0
[INFO] [stderr]     Checking sp-std v4.0.0 (https://github.com/paritytech/substrate?branch=polkadot-v0.9.29#cc370aa6)
[INFO] [stderr]    Compiling aho-corasick v0.7.19
[INFO] [stderr]    Compiling itertools v0.10.3
[INFO] [stderr]    Compiling futures-core v0.3.24
[INFO] [stderr]    Compiling lazy_static v1.4.0
[INFO] [stderr]    Compiling paste v1.0.9
[INFO] [stderr]     Checking tracing-core v0.1.29
[INFO] [stderr]     Checking generic-array v0.12.4
[INFO] [stderr]    Compiling slab v0.4.7
[INFO] [stderr]    Compiling num-bigint v0.2.6
[INFO] [stderr]    Compiling futures-channel v0.3.24
[INFO] [stderr]    Compiling futures-task v0.3.24
[INFO] [stderr]     Checking hashbrown v0.12.3
[INFO] [stderr]    Compiling libsecp256k1-core v0.3.0
[INFO] [stderr]     Checking crypto-mac v0.8.0
[INFO] [stderr]     Checking block-buffer v0.9.0
[INFO] [stderr]    Compiling regex v1.6.0
[INFO] [stderr]    Compiling num-rational v0.2.4
[INFO] [stderr]    Compiling lock_api v0.4.8
[INFO] [stderr]     Checking futures-sink v0.3.24
[INFO] [stderr]    Compiling parking_lot_core v0.9.3
[INFO] [stderr]     Checking byte-tools v0.3.1
[INFO] [stderr]    Compiling futures-util v0.3.24
[INFO] [stderr]    Compiling ref-cast v1.0.9
[INFO] [stderr]    Compiling heck v0.4.0
[INFO] [stderr]     Checking block-padding v0.1.5
[INFO] [stderr]    Compiling synstructure v0.12.6
[INFO] [stderr]    Compiling ink_lang_ir v3.4.0
[INFO] [stderr]     Checking regex-automata v0.1.10
[INFO] [stderr]    Compiling Inflector v0.11.4
[INFO] [stderr]     Checking secp256k1 v0.24.0
[INFO] [stderr]     Checking sha2 v0.9.9
[INFO] [stderr]     Checking digest v0.8.1
[INFO] [stderr]     Checking rand_pcg v0.2.1
[INFO] [stderr]     Checking rand_chacha v0.2.2
[INFO] [stderr]     Checking iana-time-zone v0.1.53
[INFO] [stderr]     Checking futures-io v0.3.24
[INFO] [stderr]     Checking parity-wasm v0.42.2
[INFO] [stderr]     Checking chrono v0.4.23
[INFO] [stderr]     Checking rand v0.7.3
[INFO] [stderr]     Checking matchers v0.0.1
[INFO] [stderr]     Checking block-buffer v0.7.3
[INFO] [stderr]    Compiling libsecp256k1-gen-genmult v0.3.0
[INFO] [stderr]    Compiling libsecp256k1-gen-ecmult v0.3.0
[INFO] [stderr]     Checking hmac v0.8.1
[INFO] [stderr]     Checking sharded-slab v0.1.4
[INFO] [stderr]     Checking tracing-log v0.1.3
[INFO] [stderr]     Checking thread_local v1.1.4
[INFO] [stderr]     Checking num_cpus v1.13.1
[INFO] [stderr]     Checking crypto-mac v0.11.1
[INFO] [stderr]     Checking wasmi-validation v0.4.1
[INFO] [stderr]     Checking opaque-debug v0.2.3
[INFO] [stderr]     Checking fake-simd v0.1.2
[INFO] [stderr]    Compiling anyhow v1.0.64
[INFO] [stderr]     Checking ansi_term v0.12.1
[INFO] [stderr]     Checking memory_units v0.3.0
[INFO] [stderr]     Checking downcast-rs v1.2.0
[INFO] [stderr]    Compiling arrayvec v0.4.12
[INFO] [stderr]    Compiling parity-util-mem v0.11.0
[INFO] [stderr]     Checking hash-db v0.15.2
[INFO] [stderr]     Checking wasmi v0.9.1
[INFO] [stderr]     Checking sha2 v0.8.2
[INFO] [stderr]     Checking tinyvec v1.6.0
[INFO] [stderr]    Compiling libsecp256k1 v0.7.1
[INFO] [stderr]     Checking parking_lot v0.12.1
[INFO] [stderr]     Checking nodrop v0.1.14
[INFO] [stderr]     Checking environmental v1.1.3
[INFO] [stderr]     Checking arrayvec v0.5.2
[INFO] [stderr]     Checking pbkdf2 v0.8.0
[INFO] [stderr]     Checking hmac v0.11.0
[INFO] [stderr]     Checking hmac-drbg v0.3.0
[INFO] [stderr]     Checking pbkdf2 v0.4.0
[INFO] [stderr]     Checking twox-hash v1.6.3
[INFO] [stderr]     Checking dyn-clone v1.0.9
[INFO] [stderr]     Checking rustc-hash v1.1.0
[INFO] [stderr]     Checking constant_time_eq v0.1.5
[INFO] [stderr]     Checking base64 v0.13.0
[INFO] [stderr]     Checking blake2-rfc v0.2.18
[INFO] [stderr]     Checking sp-core-hashing v4.0.0 (https://github.com/paritytech/substrate?branch=polkadot-v0.9.29#cc370aa6)
[INFO] [stderr]    Compiling backtrace v0.3.66
[INFO] [stderr]     Checking hash256-std-hasher v0.15.2
[INFO] [stderr]     Checking ink_allocator v3.4.0
[INFO] [stderr]     Checking base58 v0.2.0
[INFO] [stderr]     Checking unicode-normalization v0.1.21
[INFO] [stderr]     Checking gimli v0.26.2
[INFO] [stderr]     Checking miniz_oxide v0.5.4
[INFO] [stderr]    Compiling thiserror-impl v1.0.34
[INFO] [stderr]    Compiling impl-trait-for-tuples v0.2.2
[INFO] [stderr]    Compiling derive_more v0.99.17
[INFO] [stderr]    Compiling zeroize_derive v1.3.2
[INFO] [stderr]    Compiling tracing-attributes v0.1.23
[INFO] [stderr]     Checking zeroize v1.5.7
[INFO] [stderr]    Compiling ref-cast-impl v1.0.9
[INFO] [stderr]    Compiling futures-macro v0.3.24
[INFO] [stderr]    Compiling thiserror v1.0.34
[INFO] [stderr]    Compiling sp-debug-derive v4.0.0 (https://github.com/paritytech/substrate?branch=polkadot-v0.9.29#cc370aa6)
[INFO] [stderr]    Compiling ink_storage_derive v3.4.0
[INFO] [stderr]     Checking curve25519-dalek v2.1.3
[INFO] [stderr]     Checking tracing v0.1.36
[INFO] [stderr]     Checking merlin v2.0.1
[INFO] [stderr]    Compiling parity-util-mem-derive v0.1.0
[INFO] [stderr]     Checking curve25519-dalek v3.2.0
[INFO] [stderr]     Checking schnorrkel v0.9.1
[INFO] [stderr]    Compiling dyn-clonable-impl v0.9.0
[INFO] [stderr]     Checking substrate-bip39 v0.4.4
[INFO] [stderr]     Checking tiny-bip39 v0.8.2
[INFO] [stderr]     Checking ed25519-zebra v3.1.0
[INFO] [stderr]     Checking secrecy v0.8.0
[INFO] [stderr]     Checking addr2line v0.17.0
[INFO] [stderr]     Checking object v0.29.0
[INFO] [stderr]    Compiling wasm-bindgen-shared v0.2.82
[INFO] [stderr]    Compiling async-trait v0.1.58
[INFO] [stderr]     Checking dyn-clonable v0.9.0
[INFO] [stderr]     Checking array-init v2.0.1
[INFO] [stderr]     Checking rustc-demangle v0.1.21
[INFO] [stderr]     Checking trie-db v0.24.0
[INFO] [stderr]     Checking trie-root v0.17.0
[INFO] [stderr]     Checking lru v0.7.8
[INFO] [stderr]     Checking nohash-hasher v0.2.0
[INFO] [stderr]    Compiling bumpalo v3.11.0
[INFO] [stderr]    Compiling wasm-bindgen-backend v0.2.82
[INFO] [stderr]     Checking inout v0.1.3
[INFO] [stderr]    Compiling tiny-keccak v2.0.2
[INFO] [stderr]     Checking cipher v0.4.3
[INFO] [stderr]    Compiling wasm-bindgen-macro-support v0.2.82
[INFO] [stderr]     Checking integer-sqrt v0.1.5
[INFO] [stderr]    Compiling unzip3 v1.0.0
[INFO] [stderr]    Compiling wasm-bindgen v0.2.82
[INFO] [stderr]     Checking futures-executor v0.3.24
[INFO] [stderr]    Compiling ucd-trie v0.1.5
[INFO] [stderr]     Checking futures v0.3.24
[INFO] [stderr]    Compiling pest v2.3.0
[INFO] [stderr]     Checking universal-hash v0.5.0
[INFO] [stderr]    Compiling camino v1.1.1
[INFO] [stderr]     Checking polyval v0.6.0
[INFO] [stderr]     Checking sp-panic-handler v4.0.0 (https://github.com/paritytech/substrate?branch=polkadot-v0.9.29#cc370aa6)
[INFO] [stderr]     Checking aes v0.8.2
[INFO] [stderr]    Compiling wasm-bindgen-macro v0.2.82
[INFO] [stderr]     Checking ctr v0.9.2
[INFO] [stderr]     Checking aead v0.5.1
[INFO] [stderr]     Checking fixed-hash v0.8.0
[INFO] [stderr]    Compiling semver-parser v0.10.2
[INFO] [stderr]    Compiling pink-erased-serde v0.3.23
[INFO] [stderr]     Checking aes-gcm-siv v0.11.1
[INFO] [stderr]     Checking primitive-types v0.12.1
[INFO] [stderr]     Checking impl-serde v0.3.2
[INFO] [stderr]    Compiling toml v0.5.9
[INFO] [stderr]     Checking tracing-serde v0.1.3
[INFO] [stderr]     Checking num-format v0.4.4
[INFO] [stderr]     Checking ethbloom v0.12.1
[INFO] [stderr]     Checking uuid v1.2.2
[INFO] [stderr]    Compiling cargo-platform v0.1.2
[INFO] [stderr]    Compiling semver v0.11.0
[INFO] [stderr]    Compiling pin-project-internal v1.0.12
[INFO] [stderr]     Checking tracing-subscriber v0.2.25
[INFO] [stderr]    Compiling proc-macro-crate v1.2.1
[INFO] [stderr]     Checking hmac v0.12.1
[INFO] [stderr]    Compiling autocfg v0.1.8
[INFO] [stderr]    Compiling hex-literal v0.3.4
[INFO] [stderr]     Checking base16 v0.2.1
[INFO] [stderr]    Compiling unicode-segmentation v1.9.0
[INFO] [stderr]    Compiling opaque-debug v0.3.0
[INFO] [stderr]    Compiling ss58-registry v1.37.0
[INFO] [stderr]    Compiling blake2 v0.9.2
[INFO] [stderr]    Compiling parity-scale-codec-derive v3.1.3
[INFO] [stderr]    Compiling scale-info-derive v2.3.1
[INFO] [stderr]    Compiling sp-runtime-interface-proc-macro v5.0.0 (https://github.com/paritytech/substrate?branch=polkadot-v0.9.29#cc370aa6)
[INFO] [stderr]    Compiling heck v0.3.3
[INFO] [stderr]    Compiling hashbrown v0.6.3
[INFO] [stderr]    Compiling cargo_metadata v0.13.1
[INFO] [stderr]     Checking pin-project v1.0.12
[INFO] [stderr]     Checking pink-json v0.4.0
[INFO] [stderr]    Compiling fs2 v0.4.3
[INFO] [stderr]    Compiling derivative v2.2.0
[INFO] [stderr]    Compiling xcm-procedural v0.9.29 (https://github.com/paritytech/polkadot.git?tag=v0.9.29#94078b44)
[INFO] [stderr]    Compiling unwrap v1.2.1
[INFO] [stderr]    Compiling static_assertions v1.1.0
[INFO] [stderr]    Compiling openbrush_lang_codegen v2.1.0 (https://github.com/kapilsinha/openbrush-contracts.git?branch=cross-contract#5e077860)
[INFO] [stderr]    Compiling proc-macro-error-attr v1.0.4
[INFO] [stdout] error[E0554]: `#![feature]` may not be used on the stable release channel
[INFO] [stdout]   --> /opt/rustwide/cargo-home/git/checkouts/openbrush-contracts-70c17b2acb18e517/5e07786/lang/codegen/src/lib.rs:22:12
[INFO] [stdout]    |
[INFO] [stdout] 22 | #![feature(drain_filter)]
[INFO] [stdout]    |            ^^^^^^^^^^^^
[INFO] [stdout] 
[INFO] [stdout] 
[INFO] [stdout] error[E0635]: unknown feature `drain_filter`
[INFO] [stdout]   --> /opt/rustwide/cargo-home/git/checkouts/openbrush-contracts-70c17b2acb18e517/5e07786/lang/codegen/src/lib.rs:22:12
[INFO] [stdout]    |
[INFO] [stdout] 22 | #![feature(drain_filter)]
[INFO] [stdout]    |            ^^^^^^^^^^^^
[INFO] [stdout] 
[INFO] [stdout] 
[INFO] [stdout] error[E0599]: no method named `drain_filter` found for mutable reference `&mut Vec<Attribute>` in the current scope
[INFO] [stdout]    --> /opt/rustwide/cargo-home/git/checkouts/openbrush-contracts-70c17b2acb18e517/5e07786/lang/codegen/src/internal.rs:303:11
[INFO] [stdout]     |
[INFO] [stdout] 303 |     attrs.drain_filter(|attr| is_attr(&vec![attr.clone()], ident)).collect()
[INFO] [stdout]     |           ^^^^^^^^^^^^ method not found in `&mut Vec<Attribute>`
[INFO] [stdout] 
[INFO] [stdout] 
[INFO] [stderr]     Checking parity-scale-codec v3.2.1
[INFO] [stdout] error: aborting due to 3 previous errors
[INFO] [stdout] 
[INFO] [stdout] 
[INFO] [stdout] Some errors have detailed explanations: E0554, E0599, E0635.
[INFO] [stdout] 
[INFO] [stdout] For more information about an error, try `rustc --explain E0554`.
[INFO] [stdout] 
[INFO] [stderr] error: could not compile `openbrush_lang_codegen` (lib) due to 4 previous errors
[INFO] [stderr] warning: build failed, waiting for other jobs to finish...
[INFO] running `Command { std: "docker" "inspect" "2ec2961292f5687c2fd84ce9014800e8393c5a078a508d0a256c28668ce1d3d0", kill_on_drop: false }`
[INFO] running `Command { std: "docker" "rm" "-f" "2ec2961292f5687c2fd84ce9014800e8393c5a078a508d0a256c28668ce1d3d0", kill_on_drop: false }`
[INFO] [stdout] 2ec2961292f5687c2fd84ce9014800e8393c5a078a508d0a256c28668ce1d3d0
[INFO] documenting Guilherme1977/PrivadexSwap against beta-2023-12-22 for beta-1.76-rustdoc-1
[INFO] running `Command { std: "git" "clone" "/workspace/cache/git-repos/https%3A%2F%2Fgithub.com%2FGuilherme1977%2FPrivadexSwap" "/workspace/builds/worker-5-tc2/source", kill_on_drop: false }`
[INFO] [stderr] Cloning into '/workspace/builds/worker-5-tc2/source'...
[INFO] [stderr] done.
[INFO] validating manifest of git repo https://github.com/Guilherme1977/PrivadexSwap on toolchain beta-2023-12-22
[INFO] running `Command { std: CARGO_HOME="/workspace/cargo-home" RUSTUP_HOME="/workspace/rustup-home" "/workspace/cargo-home/bin/cargo" "+beta-2023-12-22" "metadata" "--manifest-path" "Cargo.toml" "--no-deps", kill_on_drop: false }`
[INFO] removed /workspace/builds/worker-5-tc2/source/rust-toolchain.toml
[INFO] started tweaking git repo https://github.com/Guilherme1977/PrivadexSwap
[INFO] finished tweaking git repo https://github.com/Guilherme1977/PrivadexSwap
[INFO] tweaked toml for git repo https://github.com/Guilherme1977/PrivadexSwap written to /workspace/builds/worker-5-tc2/source/Cargo.toml
[INFO] crate git repo https://github.com/Guilherme1977/PrivadexSwap already has a lockfile, it will not be regenerated
[INFO] running `Command { std: CARGO_HOME="/workspace/cargo-home" RUSTUP_HOME="/workspace/rustup-home" "/workspace/cargo-home/bin/cargo" "+beta-2023-12-22" "fetch" "--manifest-path" "Cargo.toml", kill_on_drop: false }`
[INFO] [stderr] warning: profiles for the non root package will be ignored, specify profiles at the workspace root:
[INFO] [stderr] package:   /workspace/builds/worker-5-tc2/source/dex_aggregator/common/Cargo.toml
[INFO] [stderr] workspace: /workspace/builds/worker-5-tc2/source/Cargo.toml
[INFO] [stderr] warning: profiles for the non root package will be ignored, specify profiles at the workspace root:
[INFO] [stderr] package:   /workspace/builds/worker-5-tc2/source/dex_aggregator/chain_metadata/Cargo.toml
[INFO] [stderr] workspace: /workspace/builds/worker-5-tc2/source/Cargo.toml
[INFO] [stderr] warning: profiles for the non root package will be ignored, specify profiles at the workspace root:
[INFO] [stderr] package:   /workspace/builds/worker-5-tc2/source/dex_aggregator/routing/Cargo.toml
[INFO] [stderr] workspace: /workspace/builds/worker-5-tc2/source/Cargo.toml
[INFO] [stderr] warning: profiles for the non root package will be ignored, specify profiles at the workspace root:
[INFO] [stderr] package:   /workspace/builds/worker-5-tc2/source/dex_aggregator/execution_plan/Cargo.toml
[INFO] [stderr] workspace: /workspace/builds/worker-5-tc2/source/Cargo.toml
[INFO] [stderr] warning: profiles for the non root package will be ignored, specify profiles at the workspace root:
[INFO] [stderr] package:   /workspace/builds/worker-5-tc2/source/dex_aggregator/executor/Cargo.toml
[INFO] [stderr] workspace: /workspace/builds/worker-5-tc2/source/Cargo.toml
[INFO] running `Command { std: "docker" "create" "-v" "/var/lib/crater-agent-workspace/builds/worker-5-tc2/target:/opt/rustwide/target:rw,Z" "-v" "/var/lib/crater-agent-workspace/builds/worker-5-tc2/source:/opt/rustwide/workdir:ro,Z" "-v" "/var/lib/crater-agent-workspace/cargo-home:/opt/rustwide/cargo-home:ro,Z" "-v" "/var/lib/crater-agent-workspace/rustup-home:/opt/rustwide/rustup-home:ro,Z" "-e" "SOURCE_DIR=/opt/rustwide/workdir" "-e" "CARGO_TARGET_DIR=/opt/rustwide/target" "-e" "CARGO_HOME=/opt/rustwide/cargo-home" "-e" "RUSTUP_HOME=/opt/rustwide/rustup-home" "-w" "/opt/rustwide/workdir" "-m" "1610612736" "--user" "0:0" "--network" "none" "ghcr.io/rust-lang/crates-build-env/linux@sha256:2788e3201cd34a07e3172128adcd8b3090168a8e3bcc40d7c032b9dda1df7d1c" "/opt/rustwide/cargo-home/bin/cargo" "+beta-2023-12-22" "metadata" "--no-deps" "--format-version=1", kill_on_drop: false }`
[INFO] [stdout] 965654c81c790d32a85ce3871ba25d95e0044e5557c87a415d29255038266ad9
[INFO] running `Command { std: "docker" "start" "-a" "965654c81c790d32a85ce3871ba25d95e0044e5557c87a415d29255038266ad9", kill_on_drop: false }`
[INFO] running `Command { std: "docker" "inspect" "965654c81c790d32a85ce3871ba25d95e0044e5557c87a415d29255038266ad9", kill_on_drop: false }`
[INFO] running `Command { std: "docker" "rm" "-f" "965654c81c790d32a85ce3871ba25d95e0044e5557c87a415d29255038266ad9", kill_on_drop: false }`
[INFO] [stdout] 965654c81c790d32a85ce3871ba25d95e0044e5557c87a415d29255038266ad9
[INFO] running `Command { std: "docker" "create" "-v" "/var/lib/crater-agent-workspace/builds/worker-5-tc2/target:/opt/rustwide/target:rw,Z" "-v" "/var/lib/crater-agent-workspace/builds/worker-5-tc2/source:/opt/rustwide/workdir:ro,Z" "-v" "/var/lib/crater-agent-workspace/cargo-home:/opt/rustwide/cargo-home:ro,Z" "-v" "/var/lib/crater-agent-workspace/rustup-home:/opt/rustwide/rustup-home:ro,Z" "-e" "SOURCE_DIR=/opt/rustwide/workdir" "-e" "CARGO_TARGET_DIR=/opt/rustwide/target" "-e" "CARGO_INCREMENTAL=0" "-e" "RUST_BACKTRACE=full" "-e" "RUSTFLAGS=--cap-lints=warn" "-e" "RUSTDOCFLAGS=--cap-lints=warn" "-e" "CARGO_HOME=/opt/rustwide/cargo-home" "-e" "RUSTUP_HOME=/opt/rustwide/rustup-home" "-w" "/opt/rustwide/workdir" "-m" "1610612736" "--user" "0:0" "--network" "none" "ghcr.io/rust-lang/crates-build-env/linux@sha256:2788e3201cd34a07e3172128adcd8b3090168a8e3bcc40d7c032b9dda1df7d1c" "/opt/rustwide/cargo-home/bin/cargo" "+beta-2023-12-22" "doc" "--frozen" "--no-deps" "--document-private-items" "--message-format=json", kill_on_drop: false }`
[INFO] [stdout] d7ee43f2bb956f4c99285c56deb65b0acff3387e557702c401fc8e2b1ea0e162
[INFO] running `Command { std: "docker" "start" "-a" "d7ee43f2bb956f4c99285c56deb65b0acff3387e557702c401fc8e2b1ea0e162", kill_on_drop: false }`
[INFO] [stderr] warning: profiles for the non root package will be ignored, specify profiles at the workspace root:
[INFO] [stderr] package:   /opt/rustwide/workdir/dex_aggregator/common/Cargo.toml
[INFO] [stderr] workspace: /opt/rustwide/workdir/Cargo.toml
[INFO] [stderr] warning: profiles for the non root package will be ignored, specify profiles at the workspace root:
[INFO] [stderr] package:   /opt/rustwide/workdir/dex_aggregator/chain_metadata/Cargo.toml
[INFO] [stderr] workspace: /opt/rustwide/workdir/Cargo.toml
[INFO] [stderr] warning: profiles for the non root package will be ignored, specify profiles at the workspace root:
[INFO] [stderr] package:   /opt/rustwide/workdir/dex_aggregator/routing/Cargo.toml
[INFO] [stderr] workspace: /opt/rustwide/workdir/Cargo.toml
[INFO] [stderr] warning: profiles for the non root package will be ignored, specify profiles at the workspace root:
[INFO] [stderr] package:   /opt/rustwide/workdir/dex_aggregator/execution_plan/Cargo.toml
[INFO] [stderr] workspace: /opt/rustwide/workdir/Cargo.toml
[INFO] [stderr] warning: profiles for the non root package will be ignored, specify profiles at the workspace root:
[INFO] [stderr] package:   /opt/rustwide/workdir/dex_aggregator/executor/Cargo.toml
[INFO] [stderr] workspace: /opt/rustwide/workdir/Cargo.toml
[INFO] [stderr]    Compiling proc-macro2 v1.0.49
[INFO] [stderr]    Compiling unicode-ident v1.0.3
[INFO] [stderr]    Compiling quote v1.0.21
[INFO] [stderr]    Compiling syn v1.0.107
[INFO] [stderr]    Compiling serde_derive v1.0.152
[INFO] [stderr]    Compiling serde v1.0.152
[INFO] [stderr]    Compiling generic-array v0.14.6
[INFO] [stderr]    Compiling libc v0.2.139
[INFO] [stderr]    Compiling once_cell v1.14.0
[INFO] [stderr]     Checking subtle v2.4.1
[INFO] [stderr]    Compiling typenum v1.15.0
[INFO] [stderr]    Compiling unicode-xid v0.2.3
[INFO] [stderr]    Compiling convert_case v0.4.0
[INFO] [stderr]     Checking bytes v1.2.1
[INFO] [stderr]    Compiling num-traits v0.2.15
[INFO] [stderr]     Checking ppv-lite86 v0.2.16
[INFO] [stderr]    Compiling cc v1.0.73
[INFO] [stderr]     Checking byte-slice-cast v1.2.1
[INFO] [stderr]     Checking crypto-common v0.1.6
[INFO] [stderr]    Compiling memchr v2.5.0
[INFO] [stderr]    Compiling cfg-if v1.0.0
[INFO] [stderr]     Checking getrandom v0.2.7
[INFO] [stderr]     Checking byteorder v1.4.3
[INFO] [stderr]     Checking cpufeatures v0.2.5
[INFO] [stderr]     Checking rand_core v0.6.3
[INFO] [stderr]     Checking block-buffer v0.10.3
[INFO] [stderr]    Compiling crunchy v0.2.2
[INFO] [stderr]     Checking digest v0.10.6
[INFO] [stderr]     Checking rand_chacha v0.3.1
[INFO] [stderr]     Checking keccak v0.1.2
[INFO] [stderr]     Checking rand v0.8.5
[INFO] [stderr]    Compiling serde_json v1.0.91
[INFO] [stderr]    Compiling itoa v1.0.5
[INFO] [stderr]    Compiling digest v0.9.0
[INFO] [stderr]    Compiling ryu v1.0.11
[INFO] [stderr]     Checking rustc-hex v2.1.0
[INFO] [stderr]    Compiling secp256k1-sys v0.6.0
[INFO] [stderr]     Checking getrandom v0.1.16
[INFO] [stderr]     Checking sha3 v0.10.4
[INFO] [stderr]    Compiling arrayvec v0.7.2
[INFO] [stderr]     Checking hex v0.4.3
[INFO] [stderr]     Checking arrayref v0.3.6
[INFO] [stderr]    Compiling blake2 v0.10.4
[INFO] [stderr]     Checking rand_core v0.5.1
[INFO] [stderr]     Checking sha2 v0.10.6
[INFO] [stderr]    Compiling num-integer v0.1.45
[INFO] [stderr]    Compiling log v0.4.17
[INFO] [stderr]     Checking rlp v0.5.2
[INFO] [stderr]     Checking uint v0.9.3
[INFO] [stderr]     Checking impl-rlp v0.3.0
[INFO] [stderr]     Checking fixed-hash v0.7.0
[INFO] [stderr]    Compiling ahash v0.7.6
[INFO] [stderr]     Checking smallvec v1.9.0
[INFO] [stderr]    Compiling either v1.8.0
[INFO] [stderr]    Compiling regex-syntax v0.6.27
[INFO] [stderr]    Compiling aho-corasick v0.7.19
[INFO] [stderr]     Checking pin-project-lite v0.2.9
[INFO] [stderr]    Compiling itertools v0.10.3
[INFO] [stderr]    Compiling ink_prelude v3.4.0
[INFO] [stderr]    Compiling lazy_static v1.4.0
[INFO] [stderr]     Checking sp-std v4.0.0 (https://github.com/paritytech/substrate?branch=polkadot-v0.9.29#cc370aa6)
[INFO] [stderr]    Compiling paste v1.0.9
[INFO] [stderr]    Compiling futures-core v0.3.24
[INFO] [stderr]     Checking tracing-core v0.1.29
[INFO] [stderr]     Checking generic-array v0.12.4
[INFO] [stderr]    Compiling slab v0.4.7
[INFO] [stderr]    Compiling num-bigint v0.2.6
[INFO] [stderr]    Compiling futures-channel v0.3.24
[INFO] [stderr]    Compiling futures-task v0.3.24
[INFO] [stderr]    Compiling regex v1.6.0
[INFO] [stderr]     Checking hashbrown v0.12.3
[INFO] [stderr]    Compiling libsecp256k1-core v0.3.0
[INFO] [stderr]     Checking block-buffer v0.9.0
[INFO] [stderr]     Checking crypto-mac v0.8.0
[INFO] [stderr]    Compiling num-rational v0.2.4
[INFO] [stderr]    Compiling lock_api v0.4.8
[INFO] [stderr]     Checking futures-sink v0.3.24
[INFO] [stderr]    Compiling synstructure v0.12.6
[INFO] [stderr]    Compiling ink_lang_ir v3.4.0
[INFO] [stderr]    Compiling futures-util v0.3.24
[INFO] [stderr]    Compiling Inflector v0.11.4
[INFO] [stderr]     Checking secp256k1 v0.24.0
[INFO] [stderr]    Compiling parking_lot_core v0.9.3
[INFO] [stderr]     Checking byte-tools v0.3.1
[INFO] [stderr]    Compiling heck v0.4.0
[INFO] [stderr]    Compiling ref-cast v1.0.9
[INFO] [stderr]     Checking block-padding v0.1.5
[INFO] [stderr]     Checking sha2 v0.9.9
[INFO] [stderr]     Checking regex-automata v0.1.10
[INFO] [stderr]     Checking digest v0.8.1
[INFO] [stderr]     Checking rand_pcg v0.2.1
[INFO] [stderr]     Checking rand_chacha v0.2.2
[INFO] [stderr]     Checking iana-time-zone v0.1.53
[INFO] [stderr]     Checking parity-wasm v0.42.2
[INFO] [stderr]     Checking futures-io v0.3.24
[INFO] [stderr]     Checking chrono v0.4.23
[INFO] [stderr]     Checking matchers v0.0.1
[INFO] [stderr]     Checking rand v0.7.3
[INFO] [stderr]     Checking block-buffer v0.7.3
[INFO] [stderr]    Compiling libsecp256k1-gen-genmult v0.3.0
[INFO] [stderr]    Compiling libsecp256k1-gen-ecmult v0.3.0
[INFO] [stderr]     Checking hmac v0.8.1
[INFO] [stderr]     Checking tracing-log v0.1.3
[INFO] [stderr]     Checking sharded-slab v0.1.4
[INFO] [stderr]     Checking thread_local v1.1.4
[INFO] [stderr]     Checking num_cpus v1.13.1
[INFO] [stderr]     Checking crypto-mac v0.11.1
[INFO] [stderr]     Checking wasmi-validation v0.4.1
[INFO] [stderr]    Compiling anyhow v1.0.64
[INFO] [stderr]    Compiling arrayvec v0.4.12
[INFO] [stderr]     Checking ansi_term v0.12.1
[INFO] [stderr]     Checking fake-simd v0.1.2
[INFO] [stderr]     Checking hash-db v0.15.2
[INFO] [stderr]     Checking memory_units v0.3.0
[INFO] [stderr]     Checking opaque-debug v0.2.3
[INFO] [stderr]    Compiling parity-util-mem v0.11.0
[INFO] [stderr]     Checking downcast-rs v1.2.0
[INFO] [stderr]     Checking tinyvec v1.6.0
[INFO] [stderr]     Checking sha2 v0.8.2
[INFO] [stderr]    Compiling libsecp256k1 v0.7.1
[INFO] [stderr]     Checking wasmi v0.9.1
[INFO] [stderr]     Checking parking_lot v0.12.1
[INFO] [stderr]     Checking nodrop v0.1.14
[INFO] [stderr]     Checking arrayvec v0.5.2
[INFO] [stderr]    Compiling thiserror-impl v1.0.34
[INFO] [stderr]    Compiling impl-trait-for-tuples v0.2.2
[INFO] [stderr]    Compiling derive_more v0.99.17
[INFO] [stderr]    Compiling zeroize_derive v1.3.2
[INFO] [stderr]    Compiling futures-macro v0.3.24
[INFO] [stderr]    Compiling ref-cast-impl v1.0.9
[INFO] [stderr]    Compiling sp-debug-derive v4.0.0 (https://github.com/paritytech/substrate?branch=polkadot-v0.9.29#cc370aa6)
[INFO] [stderr]     Checking zeroize v1.5.7
[INFO] [stderr]    Compiling tracing-attributes v0.1.23
[INFO] [stderr]    Compiling ink_storage_derive v3.4.0
[INFO] [stderr]     Checking curve25519-dalek v2.1.3
[INFO] [stderr]    Compiling thiserror v1.0.34
[INFO] [stderr]     Checking merlin v2.0.1
[INFO] [stderr]    Compiling parity-util-mem-derive v0.1.0
[INFO] [stderr]     Checking environmental v1.1.3
[INFO] [stderr]     Checking schnorrkel v0.9.1
[INFO] [stderr]     Checking curve25519-dalek v3.2.0
[INFO] [stderr]     Checking unicode-normalization v0.1.21
[INFO] [stderr]    Compiling dyn-clonable-impl v0.9.0
[INFO] [stderr]     Checking tracing v0.1.36
[INFO] [stderr]     Checking pbkdf2 v0.8.0
[INFO] [stderr]     Checking hmac v0.11.0
[INFO] [stderr]     Checking hmac-drbg v0.3.0
[INFO] [stderr]     Checking pbkdf2 v0.4.0
[INFO] [stderr]     Checking twox-hash v1.6.3
[INFO] [stderr]     Checking dyn-clone v1.0.9
[INFO] [stderr]     Checking rustc-hash v1.1.0
[INFO] [stderr]     Checking constant_time_eq v0.1.5
[INFO] [stderr]     Checking base64 v0.13.0
[INFO] [stderr]     Checking tiny-bip39 v0.8.2
[INFO] [stderr]     Checking blake2-rfc v0.2.18
[INFO] [stderr]     Checking dyn-clonable v0.9.0
[INFO] [stderr]     Checking sp-core-hashing v4.0.0 (https://github.com/paritytech/substrate?branch=polkadot-v0.9.29#cc370aa6)
[INFO] [stderr]     Checking substrate-bip39 v0.4.4
[INFO] [stderr]     Checking futures-executor v0.3.24
[INFO] [stderr]     Checking ed25519-zebra v3.1.0
[INFO] [stderr]     Checking secrecy v0.8.0
[INFO] [stderr]    Compiling backtrace v0.3.66
[INFO] [stderr]     Checking hash256-std-hasher v0.15.2
[INFO] [stderr]     Checking ink_allocator v3.4.0
[INFO] [stderr]     Checking base58 v0.2.0
[INFO] [stderr]     Checking futures v0.3.24
[INFO] [stderr]     Checking gimli v0.26.2
[INFO] [stderr]     Checking miniz_oxide v0.5.4
[INFO] [stderr]     Checking object v0.29.0
[INFO] [stderr]     Checking array-init v2.0.1
[INFO] [stderr]     Checking rustc-demangle v0.1.21
[INFO] [stderr]    Compiling async-trait v0.1.58
[INFO] [stderr]    Compiling wasm-bindgen-shared v0.2.82
[INFO] [stderr]     Checking trie-root v0.17.0
[INFO] [stderr]     Checking trie-db v0.24.0
[INFO] [stderr]     Checking lru v0.7.8
[INFO] [stderr]     Checking nohash-hasher v0.2.0
[INFO] [stderr]    Compiling bumpalo v3.11.0
[INFO] [stderr]     Checking inout v0.1.3
[INFO] [stderr]    Compiling tiny-keccak v2.0.2
[INFO] [stderr]    Compiling wasm-bindgen-backend v0.2.82
[INFO] [stderr]     Checking cipher v0.4.3
[INFO] [stderr]     Checking addr2line v0.17.0
[INFO] [stderr]     Checking integer-sqrt v0.1.5
[INFO] [stderr]    Compiling unzip3 v1.0.0
[INFO] [stderr]    Compiling ucd-trie v0.1.5
[INFO] [stderr]    Compiling wasm-bindgen v0.2.82
[INFO] [stderr]    Compiling pest v2.3.0
[INFO] [stderr]     Checking universal-hash v0.5.0
[INFO] [stderr]     Checking impl-serde v0.3.2
[INFO] [stderr]     Checking tracing-serde v0.1.3
[INFO] [stderr]     Checking num-format v0.4.4
[INFO] [stderr]    Compiling wasm-bindgen-macro-support v0.2.82
[INFO] [stderr]    Compiling toml v0.5.9
[INFO] [stderr]     Checking sp-panic-handler v4.0.0 (https://github.com/paritytech/substrate?branch=polkadot-v0.9.29#cc370aa6)
[INFO] [stderr]     Checking tracing-subscriber v0.2.25
[INFO] [stderr]    Compiling camino v1.1.1
[INFO] [stderr]    Compiling semver-parser v0.10.2
[INFO] [stderr]     Checking ethbloom v0.12.1
[INFO] [stderr]     Checking polyval v0.6.0
[INFO] [stderr]    Compiling wasm-bindgen-macro v0.2.82
[INFO] [stderr]     Checking ctr v0.9.2
[INFO] [stderr]    Compiling proc-macro-crate v1.2.1
[INFO] [stderr]    Compiling ss58-registry v1.37.0
[INFO] [stderr]     Checking aes v0.8.2
[INFO] [stderr]     Checking fixed-hash v0.8.0
[INFO] [stderr]     Checking aead v0.5.1
[INFO] [stderr]    Compiling pink-erased-serde v0.3.23
[INFO] [stderr]     Checking aes-gcm-siv v0.11.1
[INFO] [stderr]    Compiling parity-scale-codec-derive v3.1.3
[INFO] [stderr]    Compiling scale-info-derive v2.3.1
[INFO] [stderr]    Compiling sp-runtime-interface-proc-macro v5.0.0 (https://github.com/paritytech/substrate?branch=polkadot-v0.9.29#cc370aa6)
[INFO] [stderr]     Checking primitive-types v0.12.1
[INFO] [stderr]     Checking uuid v1.2.2
[INFO] [stderr]    Compiling semver v0.11.0
[INFO] [stderr]    Compiling cargo-platform v0.1.2
[INFO] [stderr]    Compiling pin-project-internal v1.0.12
[INFO] [stderr]     Checking hmac v0.12.1
[INFO] [stderr]    Compiling autocfg v0.1.8
[INFO] [stderr]    Compiling hex-literal v0.3.4
[INFO] [stderr]     Checking base16 v0.2.1
[INFO] [stderr]    Compiling opaque-debug v0.3.0
[INFO] [stderr]    Compiling unicode-segmentation v1.9.0
[INFO] [stderr]    Compiling blake2 v0.9.2
[INFO] [stderr]    Compiling hashbrown v0.6.3
[INFO] [stderr]    Compiling heck v0.3.3
[INFO] [stderr]    Compiling cargo_metadata v0.13.1
[INFO] [stderr]     Checking pink-json v0.4.0
[INFO] [stderr]    Compiling fs2 v0.4.3
[INFO] [stderr]    Compiling derivative v2.2.0
[INFO] [stderr]     Checking parity-scale-codec v3.2.1
[INFO] [stderr]    Compiling xcm-procedural v0.9.29 (https://github.com/paritytech/polkadot.git?tag=v0.9.29#94078b44)
[INFO] [stderr]     Checking pin-project v1.0.12
[INFO] [stderr]     Checking scale-info v2.3.1
[INFO] [stderr]     Checking impl-codec v0.6.0
[INFO] [stderr]    Compiling ink_lang_codegen v3.4.0
[INFO] [stderr]     Checking sp-storage v6.0.0 (https://github.com/paritytech/substrate?branch=polkadot-v0.9.29#cc370aa6)
[INFO] [stderr]     Checking sp-externalities v0.12.0 (https://github.com/paritytech/substrate?branch=polkadot-v0.9.29#cc370aa6)
[INFO] [stderr]     Checking sp-wasm-interface v6.0.0 (https://github.com/paritytech/substrate?branch=polkadot-v0.9.29#cc370aa6)
[INFO] [stderr]     Checking primitive-types v0.11.1
[INFO] [stderr]     Checking ink_primitives v3.4.0
[INFO] [stderr]     Checking sp-tracing v5.0.0 (https://github.com/paritytech/substrate?branch=polkadot-v0.9.29#cc370aa6)
[INFO] [stderr]     Checking ink_metadata v3.4.0
[INFO] [stderr]     Checking ink_engine v3.4.0
[INFO] [stderr]     Checking sp-arithmetic v5.0.0 (https://github.com/paritytech/substrate?branch=polkadot-v0.9.29#cc370aa6)
[INFO] [stderr]    Compiling static_assertions v1.1.0
[INFO] [stderr]     Checking sp-runtime-interface v6.0.0 (https://github.com/paritytech/substrate?branch=polkadot-v0.9.29#cc370aa6)
[INFO] [stderr]     Checking ink_env v3.4.0
[INFO] [stderr]     Checking memory-db v0.29.0
[INFO] [stderr]     Checking ethereum-types v0.13.1
[INFO] [stderr]    Compiling unwrap v1.2.1
[INFO] [stderr]     Checking ink_storage v3.4.0
[INFO] [stderr]    Compiling openbrush_lang_codegen v2.1.0 (https://github.com/kapilsinha/openbrush-contracts.git?branch=cross-contract#5e077860)
[INFO] [stderr]    Compiling proc-macro-error-attr v1.0.4
[INFO] [stderr]     Checking sp-core v6.0.0 (https://github.com/paritytech/substrate?branch=polkadot-v0.9.29#cc370aa6)
[INFO] [stdout] error[E0554]: `#![feature]` may not be used on the beta release channel
[INFO] [stdout]   --> /opt/rustwide/cargo-home/git/checkouts/openbrush-contracts-70c17b2acb18e517/5e07786/lang/codegen/src/lib.rs:22:12
[INFO] [stdout]    |
[INFO] [stdout] 22 | #![feature(drain_filter)]
[INFO] [stdout]    |            ^^^^^^^^^^^^
[INFO] [stdout] 
[INFO] [stdout] 
[INFO] [stdout] error[E0635]: unknown feature `drain_filter`
[INFO] [stdout]   --> /opt/rustwide/cargo-home/git/checkouts/openbrush-contracts-70c17b2acb18e517/5e07786/lang/codegen/src/lib.rs:22:12
[INFO] [stdout]    |
[INFO] [stdout] 22 | #![feature(drain_filter)]
[INFO] [stdout]    |            ^^^^^^^^^^^^
[INFO] [stdout] 
[INFO] [stdout] 
[INFO] [stderr]     Checking pink-ethabi v17.2.0
[INFO] [stdout] error[E0599]: no method named `drain_filter` found for mutable reference `&mut Vec<Attribute>` in the current scope
[INFO] [stdout]    --> /opt/rustwide/cargo-home/git/checkouts/openbrush-contracts-70c17b2acb18e517/5e07786/lang/codegen/src/internal.rs:303:11
[INFO] [stdout]     |
[INFO] [stdout] 303 |     attrs.drain_filter(|attr| is_attr(&vec![attr.clone()], ident)).collect()
[INFO] [stdout]     |           ^^^^^^^^^^^^ method not found in `&mut Vec<Attribute>`
[INFO] [stdout] 
[INFO] [stdout] 
[INFO] [stderr]     Checking ahash v0.2.19
[INFO] [stdout] error: aborting due to 3 previous errors
[INFO] [stdout] 
[INFO] [stdout] 
[INFO] [stdout] Some errors have detailed explanations: E0554, E0599, E0635.
[INFO] [stdout] 
[INFO] [stdout] For more information about an error, try `rustc --explain E0554`.
[INFO] [stdout] 
[INFO] [stderr] error: could not compile `openbrush_lang_codegen` (lib) due to 4 previous errors
[INFO] [stderr] warning: build failed, waiting for other jobs to finish...
[INFO] running `Command { std: "docker" "inspect" "d7ee43f2bb956f4c99285c56deb65b0acff3387e557702c401fc8e2b1ea0e162", kill_on_drop: false }`
[INFO] running `Command { std: "docker" "rm" "-f" "d7ee43f2bb956f4c99285c56deb65b0acff3387e557702c401fc8e2b1ea0e162", kill_on_drop: false }`
[INFO] [stdout] d7ee43f2bb956f4c99285c56deb65b0acff3387e557702c401fc8e2b1ea0e162
