[INFO] cloning repository https://github.com/GreckF/my-dg
[INFO] running `Command { std: "git" "-c" "credential.helper=" "-c" "credential.helper=/workspace/cargo-home/bin/git-credential-null" "clone" "--bare" "https://github.com/GreckF/my-dg" "/workspace/cache/git-repos/https%3A%2F%2Fgithub.com%2FGreckF%2Fmy-dg", kill_on_drop: false }`
[INFO] [stderr] Cloning into bare repository '/workspace/cache/git-repos/https%3A%2F%2Fgithub.com%2FGreckF%2Fmy-dg'...
[INFO] running `Command { std: "git" "rev-parse" "HEAD", kill_on_drop: false }`
[INFO] [stdout] 0b35014c028886a115ea4d1cdf4a271fa812483b
[INFO] documenting GreckF/my-dg against 1.75.0 for beta-1.76-rustdoc-1
[INFO] running `Command { std: "git" "clone" "/workspace/cache/git-repos/https%3A%2F%2Fgithub.com%2FGreckF%2Fmy-dg" "/workspace/builds/worker-4-tc1/source", kill_on_drop: false }`
[INFO] [stderr] Cloning into '/workspace/builds/worker-4-tc1/source'...
[INFO] [stderr] done.
[INFO] validating manifest of git repo https://github.com/GreckF/my-dg on toolchain 1.75.0
[INFO] running `Command { std: CARGO_HOME="/workspace/cargo-home" RUSTUP_HOME="/workspace/rustup-home" "/workspace/cargo-home/bin/cargo" "+1.75.0" "metadata" "--manifest-path" "Cargo.toml" "--no-deps", kill_on_drop: false }`
[INFO] started tweaking git repo https://github.com/GreckF/my-dg
[INFO] finished tweaking git repo https://github.com/GreckF/my-dg
[INFO] tweaked toml for git repo https://github.com/GreckF/my-dg written to /workspace/builds/worker-4-tc1/source/Cargo.toml
[INFO] crate git repo https://github.com/GreckF/my-dg already has a lockfile, it will not be regenerated
[INFO] running `Command { std: CARGO_HOME="/workspace/cargo-home" RUSTUP_HOME="/workspace/rustup-home" "/workspace/cargo-home/bin/cargo" "+1.75.0" "fetch" "--manifest-path" "Cargo.toml", kill_on_drop: false }`
[INFO] [stderr]     Updating crates.io index
[INFO] [stderr]  Downloading crates ...
[INFO] [stderr]   Downloaded gtk3-macros v0.15.4
[INFO] [stderr]   Downloaded jcers_proc v0.1.0
[INFO] [stderr]   Downloaded g2poly v1.0.1
[INFO] [stderr]   Downloaded mini-redis v0.4.1
[INFO] [stderr]   Downloaded cxxbridge-flags v1.0.90
[INFO] [stderr]   Downloaded atoi v0.3.3
[INFO] [stderr]   Downloaded g2p v1.0.1
[INFO] [stderr]   Downloaded simd-adler32 v0.3.4
[INFO] [stderr]   Downloaded bluez-generated v0.2.1
[INFO] [stderr]   Downloaded ricq v0.1.19
[INFO] [stderr]   Downloaded tokio-util v0.7.6
[INFO] [stderr]   Downloaded bstr v1.2.0
[INFO] [stderr]   Downloaded libdbus-sys v0.2.4
[INFO] [stderr]   Downloaded rqrr v0.6.0
[INFO] [stderr]   Downloaded proc_qq_codegen v0.1.9
[INFO] [stderr]   Downloaded btleplug v0.10.4
[INFO] [stderr]   Downloaded cxx v1.0.90
[INFO] [stderr]   Downloaded proc_qq v0.1.23
[INFO] [stderr]   Downloaded ricq-core v0.1.19
[INFO] [stderr]   Downloaded jni-utils v0.1.0
[INFO] [stderr]   Downloaded exr v1.5.3
[INFO] [stderr]   Downloaded qr2term v0.3.1
[INFO] [stderr]   Downloaded cxx-build v1.0.90
[INFO] [stderr]   Downloaded bluez-async v0.6.0
[INFO] [stderr]   Downloaded cached v0.35.0
[INFO] [stderr]   Downloaded zune-inflate v0.2.42
[INFO] [stderr]   Downloaded p256 v0.10.1
[INFO] [stderr]   Downloaded cxxbridge-macro v1.0.90
[INFO] [stderr]   Downloaded glib-macros v0.15.11
[INFO] [stderr]   Downloaded dbus-tokio v0.7.5
[INFO] [stderr]   Downloaded jcers v0.1.2
[INFO] [stderr]   Downloaded g2gen v1.0.1
[INFO] running `Command { std: "docker" "create" "-v" "/var/lib/crater-agent-workspace/builds/worker-4-tc1/target:/opt/rustwide/target:rw,Z" "-v" "/var/lib/crater-agent-workspace/builds/worker-4-tc1/source:/opt/rustwide/workdir:ro,Z" "-v" "/var/lib/crater-agent-workspace/cargo-home:/opt/rustwide/cargo-home:ro,Z" "-v" "/var/lib/crater-agent-workspace/rustup-home:/opt/rustwide/rustup-home:ro,Z" "-e" "SOURCE_DIR=/opt/rustwide/workdir" "-e" "CARGO_TARGET_DIR=/opt/rustwide/target" "-e" "CARGO_HOME=/opt/rustwide/cargo-home" "-e" "RUSTUP_HOME=/opt/rustwide/rustup-home" "-w" "/opt/rustwide/workdir" "-m" "1610612736" "--user" "0:0" "--network" "none" "ghcr.io/rust-lang/crates-build-env/linux@sha256:2788e3201cd34a07e3172128adcd8b3090168a8e3bcc40d7c032b9dda1df7d1c" "/opt/rustwide/cargo-home/bin/cargo" "+1.75.0" "metadata" "--no-deps" "--format-version=1", kill_on_drop: false }`
[INFO] [stdout] 801e5dcfbc46d56b9e67c60fb1b25d97331f1bedc014c359b2816eba9606d3d5
[INFO] running `Command { std: "docker" "start" "-a" "801e5dcfbc46d56b9e67c60fb1b25d97331f1bedc014c359b2816eba9606d3d5", kill_on_drop: false }`
[INFO] running `Command { std: "docker" "inspect" "801e5dcfbc46d56b9e67c60fb1b25d97331f1bedc014c359b2816eba9606d3d5", kill_on_drop: false }`
[INFO] running `Command { std: "docker" "rm" "-f" "801e5dcfbc46d56b9e67c60fb1b25d97331f1bedc014c359b2816eba9606d3d5", kill_on_drop: false }`
[INFO] [stdout] 801e5dcfbc46d56b9e67c60fb1b25d97331f1bedc014c359b2816eba9606d3d5
[INFO] running `Command { std: "docker" "create" "-v" "/var/lib/crater-agent-workspace/builds/worker-4-tc1/target:/opt/rustwide/target:rw,Z" "-v" "/var/lib/crater-agent-workspace/builds/worker-4-tc1/source:/opt/rustwide/workdir:ro,Z" "-v" "/var/lib/crater-agent-workspace/cargo-home:/opt/rustwide/cargo-home:ro,Z" "-v" "/var/lib/crater-agent-workspace/rustup-home:/opt/rustwide/rustup-home:ro,Z" "-e" "SOURCE_DIR=/opt/rustwide/workdir" "-e" "CARGO_TARGET_DIR=/opt/rustwide/target" "-e" "CARGO_INCREMENTAL=0" "-e" "RUST_BACKTRACE=full" "-e" "RUSTFLAGS=--cap-lints=warn" "-e" "RUSTDOCFLAGS=--cap-lints=warn" "-e" "CARGO_HOME=/opt/rustwide/cargo-home" "-e" "RUSTUP_HOME=/opt/rustwide/rustup-home" "-w" "/opt/rustwide/workdir" "-m" "1610612736" "--user" "0:0" "--network" "none" "ghcr.io/rust-lang/crates-build-env/linux@sha256:2788e3201cd34a07e3172128adcd8b3090168a8e3bcc40d7c032b9dda1df7d1c" "/opt/rustwide/cargo-home/bin/cargo" "+1.75.0" "doc" "--frozen" "--no-deps" "--document-private-items" "--message-format=json", kill_on_drop: false }`
[INFO] [stdout] 6d01958f5eab12dfdc02e03fd291ea6cc9ab8f55ab9ef4ba6702adbc4ab36921
[INFO] running `Command { std: "docker" "start" "-a" "6d01958f5eab12dfdc02e03fd291ea6cc9ab8f55ab9ef4ba6702adbc4ab36921", kill_on_drop: false }`
[INFO] [stderr]    Compiling proc-macro2 v1.0.51
[INFO] [stderr]    Compiling unicode-ident v1.0.6
[INFO] [stderr]    Compiling quote v1.0.23
[INFO] [stderr]    Compiling syn v1.0.107
[INFO] [stderr]    Compiling libc v0.2.139
[INFO] [stderr]    Compiling memchr v2.5.0
[INFO] [stderr]     Checking scopeguard v1.1.0
[INFO] [stderr]     Checking once_cell v1.17.0
[INFO] [stderr]    Compiling log v0.4.17
[INFO] [stderr]    Compiling lock_api v0.4.9
[INFO] [stderr]    Compiling futures-core v0.3.26
[INFO] [stderr]     Checking smallvec v1.10.0
[INFO] [stderr]     Checking pin-project-lite v0.2.9
[INFO] [stderr]     Checking futures-sink v0.3.26
[INFO] [stderr]     Checking bytes v1.4.0
[INFO] [stderr]    Compiling parking_lot_core v0.9.7
[INFO] [stderr]    Compiling pkg-config v0.3.26
[INFO] [stderr]     Checking tracing-core v0.1.30
[INFO] [stderr]    Compiling slab v0.4.7
[INFO] [stderr]    Compiling futures-channel v0.3.26
[INFO] [stderr]    Compiling futures-task v0.3.26
[INFO] [stderr]    Compiling tokio v1.25.0
[INFO] [stderr]    Compiling futures-util v0.3.26
[INFO] [stderr]    Compiling serde_derive v1.0.152
[INFO] [stderr]     Checking num_cpus v1.15.0
[INFO] [stderr]     Checking signal-hook-registry v1.4.1
[INFO] [stderr]     Checking mio v0.8.5
[INFO] [stderr]     Checking getrandom v0.2.8
[INFO] [stderr]    Compiling either v1.8.1
[INFO] [stderr]     Checking socket2 v0.4.7
[INFO] [stderr]    Compiling indexmap v1.9.2
[INFO] [stderr]     Checking parking_lot v0.12.1
[INFO] [stderr]     Checking futures-io v0.3.26
[INFO] [stderr]    Compiling anyhow v1.0.69
[INFO] [stderr]    Compiling serde v1.0.152
[INFO] [stderr]     Checking pin-utils v0.1.0
[INFO] [stderr]    Compiling crossbeam-utils v0.8.14
[INFO] [stderr]    Compiling itertools v0.10.5
[INFO] [stderr]    Compiling num-traits v0.2.15
[INFO] [stderr]    Compiling memoffset v0.7.1
[INFO] [stderr]     Checking itoa v1.0.5
[INFO] [stderr]    Compiling cc v1.0.79
[INFO] [stderr]     Checking rand_core v0.6.4
[INFO] [stderr]    Compiling crossbeam-epoch v0.9.13
[INFO] [stderr]    Compiling typenum v1.16.0
[INFO] [stderr]     Checking hashbrown v0.12.3
[INFO] [stderr]     Checking adler v1.0.2
[INFO] [stderr]    Compiling crc32fast v1.3.2
[INFO] [stderr]    Compiling unicode-segmentation v1.10.1
[INFO] [stderr]     Checking miniz_oxide v0.6.2
[INFO] [stderr]    Compiling heck v0.3.3
[INFO] [stderr]    Compiling generic-array v0.14.6
[INFO] [stderr]    Compiling num-integer v0.1.45
[INFO] [stderr]     Checking subtle v2.4.1
[INFO] [stderr]    Compiling thiserror v1.0.38
[INFO] [stderr]    Compiling openssl-sys v0.9.80
[INFO] [stderr]    Compiling which v4.4.0
[INFO] [stderr]    Compiling proc-macro-error-attr v1.0.4
[INFO] [stderr]    Compiling aho-corasick v0.7.20
[INFO] [stderr]     Checking regex-syntax v0.6.28
[INFO] [stderr]    Compiling cfg-if v1.0.0
[INFO] [stderr]    Compiling rayon-core v1.10.2
[INFO] [stderr]    Compiling prost-build v0.9.0
[INFO] [stderr]     Checking crossbeam-deque v0.8.2
[INFO] [stderr]     Checking flate2 v1.0.25
[INFO] [stderr]     Checking crossbeam-channel v0.5.6
[INFO] [stderr]    Compiling libdbus-sys v0.2.4
[INFO] [stderr]    Compiling proc-macro2-diagnostics v0.9.1
[INFO] [stderr]    Compiling proc-macro-error v1.0.4
[INFO] [stderr]     Checking foreign-types-shared v0.1.1
[INFO] [stderr]     Checking const-oid v0.7.1
[INFO] [stderr]    Compiling remove_dir_all v0.5.3
[INFO] [stderr]     Checking fnv v1.0.7
[INFO] [stderr]    Compiling fastrand v1.8.0
[INFO] [stderr]     Checking zeroize v1.5.7
[INFO] [stderr]    Compiling fixedbitset v0.4.2
[INFO] [stderr]    Compiling openssl v0.10.45
[INFO] [stderr]     Checking http v0.2.8
[INFO] [stderr]    Compiling petgraph v0.6.3
[INFO] [stderr]     Checking der v0.5.1
[INFO] [stderr]    Compiling tempfile v3.3.0
[INFO] [stderr]     Checking foreign-types v0.3.2
[INFO] [stderr]     Checking regex-automata v0.1.10
[INFO] [stderr]     Checking ff v0.11.1
[INFO] [stderr]    Compiling regex v1.7.1
[INFO] [stderr]    Compiling ahash v0.8.3
[INFO] [stderr]    Compiling async-trait v0.1.64
[INFO] [stderr]    Compiling yansi v0.5.1
[INFO] [stderr]    Compiling multimap v0.8.3
[INFO] [stderr]     Checking lazy_static v1.4.0
[INFO] [stderr]    Compiling httparse v1.8.0
[INFO] [stderr]    Compiling signal-hook v0.3.15
[INFO] [stderr]    Compiling native-tls v0.2.11
[INFO] [stderr]     Checking tinyvec_macros v0.1.1
[INFO] [stderr]     Checking ryu v1.0.12
[INFO] [stderr]     Checking tinyvec v1.6.0
[INFO] [stderr]     Checking group v0.11.0
[INFO] [stderr]     Checking rayon v1.6.1
[INFO] [stderr]     Checking sec1 v0.2.1
[INFO] [stderr]     Checking crypto-bigint v0.3.2
[INFO] [stderr]     Checking nanorand v0.7.0
[INFO] [stderr]     Checking spin v0.9.5
[INFO] [stderr]    Compiling num-rational v0.4.1
[INFO] [stderr]     Checking base16ct v0.1.1
[INFO] [stderr]     Checking weezl v0.1.7
[INFO] [stderr]     Checking byteorder v1.4.3
[INFO] [stderr]     Checking percent-encoding v2.2.0
[INFO] [stderr]     Checking openssl-probe v0.1.5
[INFO] [stderr]     Checking simd-adler32 v0.3.4
[INFO] [stderr]    Compiling serde_json v1.0.93
[INFO] [stderr]     Checking try-lock v0.2.4
[INFO] [stderr]    Compiling bitflags v1.3.2
[INFO] [stderr]     Checking ppv-lite86 v0.2.17
[INFO] [stderr]     Checking want v0.3.0
[INFO] [stderr]    Compiling devise_core v0.3.1
[INFO] [stderr]     Checking zune-inflate v0.2.42
[INFO] [stderr]     Checking elliptic-curve v0.11.12
[INFO] [stderr]     Checking rand_chacha v0.3.1
[INFO] [stderr]     Checking form_urlencoded v1.1.0
[INFO] [stderr]     Checking unicode-normalization v0.1.22
[INFO] [stderr]     Checking http-body v0.4.5
[INFO] [stderr]     Checking threadpool v1.8.1
[INFO] [stderr]     Checking ansi_term v0.12.1
[INFO] [stderr]    Compiling g2poly v1.0.1
[INFO] [stderr]     Checking color_quant v1.1.0
[INFO] [stderr]     Checking tower-service v0.3.2
[INFO] [stderr]     Checking lebe v0.5.2
[INFO] [stderr]     Checking httpdate v1.0.2
[INFO] [stderr]     Checking half v2.2.1
[INFO] [stderr]     Checking unicode-bidi v0.3.10
[INFO] [stderr]     Checking unicode-width v0.1.10
[INFO] [stderr]     Checking textwrap v0.11.0
[INFO] [stderr]    Compiling tokio-macros v1.8.2
[INFO] [stderr]    Compiling futures-macro v0.3.26
[INFO] [stderr]    Compiling tracing-attributes v0.1.23
[INFO] [stderr]    Compiling prost-derive v0.9.0
[INFO] [stderr]    Compiling pin-project-internal v1.0.12
[INFO] [stderr]    Compiling thiserror-impl v1.0.38
[INFO] [stderr]    Compiling openssl-macros v0.1.0
[INFO] [stderr]     Checking jpeg-decoder v0.3.0
[INFO] [stderr]     Checking pin-project v1.0.12
[INFO] [stderr]     Checking flume v0.10.14
[INFO] [stderr]     Checking tracing v0.1.37
[INFO] [stderr]    Compiling jcers_proc v0.1.0
[INFO] [stderr]    Compiling prost v0.9.0
[INFO] [stderr]    Compiling prost-types v0.9.0
[INFO] [stderr]     Checking jcers v0.1.2
[INFO] [stderr]     Checking tiff v0.8.1
[INFO] [stderr]     Checking exr v1.5.3
[INFO] [stderr]    Compiling devise_codegen v0.3.1
[INFO] [stderr]     Checking idna v0.3.0
[INFO] [stderr]     Checking futures-executor v0.3.26
[INFO] [stderr]     Checking dbus v0.9.7
[INFO] [stderr]     Checking tokio-util v0.7.6
[INFO] [stderr]     Checking tokio-native-tls v0.3.1
[INFO] [stderr]     Checking futures v0.3.26
[INFO] [stderr]    Compiling derivative v2.2.0
[INFO] [stderr]    Compiling g2gen v1.0.1
[INFO] [stderr]     Checking h2 v0.3.15
[INFO] [stderr]     Checking gif v0.11.4
[INFO] [stderr]    Compiling ricq-core v0.1.19
[INFO] [stderr]     Checking signal-hook-mio v0.2.3
[INFO] [stderr]     Checking hashbrown v0.13.2
[INFO] [stderr]     Checking rand v0.8.5
[INFO] [stderr]     Checking p256 v0.10.1
[INFO] [stderr]     Checking sharded-slab v0.1.4
[INFO] [stderr]     Checking tracing-log v0.1.3
[INFO] [stderr]     Checking png v0.17.7
[INFO] [stderr]     Checking atty v0.2.14
[INFO] [stderr]     Checking thread_local v1.1.4
[INFO] [stderr]     Checking xml-rs v0.8.4
[INFO] [stderr]     Checking checked_int_cast v1.0.0
[INFO] [stderr]     Checking md5 v0.7.0
[INFO] [stderr]     Checking iana-time-zone v0.1.53
[INFO] [stderr]     Checking bytemuck v1.13.0
[INFO] [stderr]     Checking vec_map v0.8.2
[INFO] [stderr]     Checking scoped_threadpool v0.1.9
[INFO] [stderr]     Checking strsim v0.8.0
[INFO] [stderr]     Checking chrono v0.4.23
[INFO] [stderr]     Checking g2p v1.0.1
[INFO] [stderr]     Checking clap v2.34.0
[INFO] [stderr]     Checking qrcode v0.12.0
[INFO] [stderr]     Checking dbus-tokio v0.7.5
[INFO] [stderr]     Checking image v0.24.5
[INFO] [stderr]     Checking bluez-generated v0.2.1
[INFO] [stderr]     Checking lru v0.9.0
[INFO] [stderr]     Checking hyper v0.14.24
[INFO] [stderr]     Checking crossterm v0.25.0
[INFO] [stderr]    Compiling devise v0.3.1
[INFO] [stderr]     Checking tokio-stream v0.1.11
[INFO] [stderr]     Checking url v2.3.1
[INFO] [stderr]     Checking serde_urlencoded v0.7.1
[INFO] [stderr]     Checking serde-xml-rs v0.5.1
[INFO] [stderr]     Checking tracing-serde v0.1.3
[INFO] [stderr]     Checking cached v0.35.0
[INFO] [stderr]    Compiling async-stream-impl v0.3.3
[INFO] [stderr]    Compiling structopt-derive v0.4.18
[INFO] [stderr]     Checking matchers v0.0.1
[INFO] [stderr]     Checking bstr v1.2.0
[INFO] [stderr]     Checking encoding_rs v0.8.32
[INFO] [stderr]     Checking uuid v1.3.0
[INFO] [stderr]     Checking hyper-tls v0.5.0
[INFO] [stderr]     Checking base64 v0.21.0
[INFO] [stderr]     Checking ipnet v2.7.1
[INFO] [stderr]     Checking mime v0.3.16
[INFO] [stderr]     Checking overload v0.1.1
[INFO] [stderr]     Checking async-stream v0.3.3
[INFO] [stderr]     Checking opener v0.5.2
[INFO] [stderr]     Checking rqrr v0.6.0
[INFO] [stderr]     Checking nu-ansi-term v0.46.0
[INFO] [stderr]     Checking tracing-subscriber v0.2.25
[INFO] [stderr]     Checking qr2term v0.3.1
[INFO] [stderr]     Checking bluez-async v0.6.0
[INFO] [stderr]    Compiling proc_qq_codegen v0.1.9
[INFO] [stderr]     Checking tracing-futures v0.2.5
[INFO] [stderr]     Checking reqwest v0.11.14
[INFO] [stderr]     Checking atoi v0.3.3
[INFO] [stderr]     Checking dashmap v5.4.0
[INFO] [stdout] error[E0554]: `#![feature]` may not be used on the stable release channel
[INFO] [stdout]  --> /opt/rustwide/cargo-home/registry/src/index.crates.io-6f17d22bba15001f/ricq-core-0.1.19/src/lib.rs:1:1
[INFO] [stdout]   |
[INFO] [stdout] 1 | #![feature(type_alias_impl_trait)]
[INFO] [stdout]   | ^^^^^^^^^^^^^^^^^^^^^^^^^^^^^^^^^^
[INFO] [stdout] 
[INFO] [stdout] 
[INFO] [stdout] error[E0658]: `impl Trait` in associated types is unstable
[INFO] [stdout]    --> /opt/rustwide/cargo-home/registry/src/index.crates.io-6f17d22bba15001f/ricq-core-0.1.19/src/msg/mod.rs:100:21
[INFO] [stdout]     |
[INFO] [stdout] 100 |     type IntoIter = impl Iterator<Item = RQElem> + 'static;
[INFO] [stdout]     |                     ^^^^^^^^^^^^^^^^^^^^^^^^^^^^^^^^^^^^^^
[INFO] [stdout]     |
[INFO] [stdout]     = note: see issue #63063 <https://github.com/rust-lang/rust/issues/63063> for more information
[INFO] [stdout] 
[INFO] [stdout] 
[INFO] [stderr]     Checking structopt v0.3.26
[INFO] [stderr]     Checking tracing-subscriber v0.3.16
[INFO] [stderr]     Checking btleplug v0.10.4
[INFO] [stderr]     Checking mini-redis v0.4.1
[INFO] [stdout] error: aborting due to 2 previous errors
[INFO] [stdout] 
[INFO] [stdout] 
[INFO] [stdout] Some errors have detailed explanations: E0554, E0658.
[INFO] [stdout] 
[INFO] [stdout] For more information about an error, try `rustc --explain E0554`.
[INFO] [stdout] 
[INFO] [stderr] error: could not compile `ricq-core` (lib) due to 3 previous errors
[INFO] running `Command { std: "docker" "inspect" "6d01958f5eab12dfdc02e03fd291ea6cc9ab8f55ab9ef4ba6702adbc4ab36921", kill_on_drop: false }`
[INFO] running `Command { std: "docker" "rm" "-f" "6d01958f5eab12dfdc02e03fd291ea6cc9ab8f55ab9ef4ba6702adbc4ab36921", kill_on_drop: false }`
[INFO] [stdout] 6d01958f5eab12dfdc02e03fd291ea6cc9ab8f55ab9ef4ba6702adbc4ab36921
[INFO] documenting GreckF/my-dg against beta-2023-12-22 for beta-1.76-rustdoc-1
[INFO] running `Command { std: "git" "clone" "/workspace/cache/git-repos/https%3A%2F%2Fgithub.com%2FGreckF%2Fmy-dg" "/workspace/builds/worker-4-tc2/source", kill_on_drop: false }`
[INFO] [stderr] Cloning into '/workspace/builds/worker-4-tc2/source'...
[INFO] [stderr] done.
[INFO] validating manifest of git repo https://github.com/GreckF/my-dg on toolchain beta-2023-12-22
[INFO] running `Command { std: CARGO_HOME="/workspace/cargo-home" RUSTUP_HOME="/workspace/rustup-home" "/workspace/cargo-home/bin/cargo" "+beta-2023-12-22" "metadata" "--manifest-path" "Cargo.toml" "--no-deps", kill_on_drop: false }`
[INFO] started tweaking git repo https://github.com/GreckF/my-dg
[INFO] finished tweaking git repo https://github.com/GreckF/my-dg
[INFO] tweaked toml for git repo https://github.com/GreckF/my-dg written to /workspace/builds/worker-4-tc2/source/Cargo.toml
[INFO] crate git repo https://github.com/GreckF/my-dg already has a lockfile, it will not be regenerated
[INFO] running `Command { std: CARGO_HOME="/workspace/cargo-home" RUSTUP_HOME="/workspace/rustup-home" "/workspace/cargo-home/bin/cargo" "+beta-2023-12-22" "fetch" "--manifest-path" "Cargo.toml", kill_on_drop: false }`
[INFO] [stderr]     Blocking waiting for file lock on package cache
[INFO] running `Command { std: "docker" "create" "-v" "/var/lib/crater-agent-workspace/builds/worker-4-tc2/target:/opt/rustwide/target:rw,Z" "-v" "/var/lib/crater-agent-workspace/builds/worker-4-tc2/source:/opt/rustwide/workdir:ro,Z" "-v" "/var/lib/crater-agent-workspace/cargo-home:/opt/rustwide/cargo-home:ro,Z" "-v" "/var/lib/crater-agent-workspace/rustup-home:/opt/rustwide/rustup-home:ro,Z" "-e" "SOURCE_DIR=/opt/rustwide/workdir" "-e" "CARGO_TARGET_DIR=/opt/rustwide/target" "-e" "CARGO_HOME=/opt/rustwide/cargo-home" "-e" "RUSTUP_HOME=/opt/rustwide/rustup-home" "-w" "/opt/rustwide/workdir" "-m" "1610612736" "--user" "0:0" "--network" "none" "ghcr.io/rust-lang/crates-build-env/linux@sha256:2788e3201cd34a07e3172128adcd8b3090168a8e3bcc40d7c032b9dda1df7d1c" "/opt/rustwide/cargo-home/bin/cargo" "+beta-2023-12-22" "metadata" "--no-deps" "--format-version=1", kill_on_drop: false }`
[INFO] [stdout] 81387cdd694780074636a374a38cf51e13c8741f2aba0f433f93893d1458a81d
[INFO] running `Command { std: "docker" "start" "-a" "81387cdd694780074636a374a38cf51e13c8741f2aba0f433f93893d1458a81d", kill_on_drop: false }`
[INFO] running `Command { std: "docker" "inspect" "81387cdd694780074636a374a38cf51e13c8741f2aba0f433f93893d1458a81d", kill_on_drop: false }`
[INFO] running `Command { std: "docker" "rm" "-f" "81387cdd694780074636a374a38cf51e13c8741f2aba0f433f93893d1458a81d", kill_on_drop: false }`
[INFO] [stdout] 81387cdd694780074636a374a38cf51e13c8741f2aba0f433f93893d1458a81d
[INFO] running `Command { std: "docker" "create" "-v" "/var/lib/crater-agent-workspace/builds/worker-4-tc2/target:/opt/rustwide/target:rw,Z" "-v" "/var/lib/crater-agent-workspace/builds/worker-4-tc2/source:/opt/rustwide/workdir:ro,Z" "-v" "/var/lib/crater-agent-workspace/cargo-home:/opt/rustwide/cargo-home:ro,Z" "-v" "/var/lib/crater-agent-workspace/rustup-home:/opt/rustwide/rustup-home:ro,Z" "-e" "SOURCE_DIR=/opt/rustwide/workdir" "-e" "CARGO_TARGET_DIR=/opt/rustwide/target" "-e" "CARGO_INCREMENTAL=0" "-e" "RUST_BACKTRACE=full" "-e" "RUSTFLAGS=--cap-lints=warn" "-e" "RUSTDOCFLAGS=--cap-lints=warn" "-e" "CARGO_HOME=/opt/rustwide/cargo-home" "-e" "RUSTUP_HOME=/opt/rustwide/rustup-home" "-w" "/opt/rustwide/workdir" "-m" "1610612736" "--user" "0:0" "--network" "none" "ghcr.io/rust-lang/crates-build-env/linux@sha256:2788e3201cd34a07e3172128adcd8b3090168a8e3bcc40d7c032b9dda1df7d1c" "/opt/rustwide/cargo-home/bin/cargo" "+beta-2023-12-22" "doc" "--frozen" "--no-deps" "--document-private-items" "--message-format=json", kill_on_drop: false }`
[INFO] [stdout] 0622e3a2de70d54a0daab916e6f69e582effd6fd4adb18783517e2ceff527723
[INFO] running `Command { std: "docker" "start" "-a" "0622e3a2de70d54a0daab916e6f69e582effd6fd4adb18783517e2ceff527723", kill_on_drop: false }`
[INFO] [stderr]    Compiling proc-macro2 v1.0.51
[INFO] [stderr]    Compiling quote v1.0.23
[INFO] [stderr]    Compiling unicode-ident v1.0.6
[INFO] [stderr]    Compiling syn v1.0.107
[INFO] [stderr]    Compiling libc v0.2.139
[INFO] [stderr]    Compiling memchr v2.5.0
[INFO] [stderr]     Checking scopeguard v1.1.0
[INFO] [stderr]     Checking once_cell v1.17.0
[INFO] [stderr]    Compiling log v0.4.17
[INFO] [stderr]    Compiling lock_api v0.4.9
[INFO] [stderr]    Compiling futures-core v0.3.26
[INFO] [stderr]     Checking smallvec v1.10.0
[INFO] [stderr]     Checking pin-project-lite v0.2.9
[INFO] [stderr]     Checking futures-sink v0.3.26
[INFO] [stderr]    Compiling parking_lot_core v0.9.7
[INFO] [stderr]     Checking bytes v1.4.0
[INFO] [stderr]    Compiling pkg-config v0.3.26
[INFO] [stderr]     Checking tracing-core v0.1.30
[INFO] [stderr]    Compiling slab v0.4.7
[INFO] [stderr]    Compiling futures-channel v0.3.26
[INFO] [stderr]    Compiling futures-task v0.3.26
[INFO] [stderr]    Compiling tokio v1.25.0
[INFO] [stderr]     Checking num_cpus v1.15.0
[INFO] [stderr]     Checking signal-hook-registry v1.4.1
[INFO] [stderr]     Checking mio v0.8.5
[INFO] [stderr]     Checking getrandom v0.2.8
[INFO] [stderr]    Compiling futures-util v0.3.26
[INFO] [stderr]    Compiling serde_derive v1.0.152
[INFO] [stderr]     Checking parking_lot v0.12.1
[INFO] [stderr]    Compiling either v1.8.1
[INFO] [stderr]     Checking socket2 v0.4.7
[INFO] [stderr]    Compiling indexmap v1.9.2
[INFO] [stderr]    Compiling anyhow v1.0.69
[INFO] [stderr]    Compiling serde v1.0.152
[INFO] [stderr]     Checking pin-utils v0.1.0
[INFO] [stderr]     Checking futures-io v0.3.26
[INFO] [stderr]    Compiling crossbeam-utils v0.8.14
[INFO] [stderr]    Compiling itertools v0.10.5
[INFO] [stderr]    Compiling memoffset v0.7.1
[INFO] [stderr]    Compiling num-traits v0.2.15
[INFO] [stderr]     Checking itoa v1.0.5
[INFO] [stderr]    Compiling cc v1.0.79
[INFO] [stderr]     Checking rand_core v0.6.4
[INFO] [stderr]    Compiling crossbeam-epoch v0.9.13
[INFO] [stderr]     Checking hashbrown v0.12.3
[INFO] [stderr]    Compiling crc32fast v1.3.2
[INFO] [stderr]     Checking adler v1.0.2
[INFO] [stderr]    Compiling unicode-segmentation v1.10.1
[INFO] [stderr]    Compiling typenum v1.16.0
[INFO] [stderr]     Checking miniz_oxide v0.6.2
[INFO] [stderr]    Compiling heck v0.3.3
[INFO] [stderr]    Compiling generic-array v0.14.6
[INFO] [stderr]    Compiling num-integer v0.1.45
[INFO] [stderr]     Checking subtle v2.4.1
[INFO] [stderr]    Compiling thiserror v1.0.38
[INFO] [stderr]    Compiling openssl-sys v0.9.80
[INFO] [stderr]    Compiling which v4.4.0
[INFO] [stderr]    Compiling aho-corasick v0.7.20
[INFO] [stderr]    Compiling proc-macro-error-attr v1.0.4
[INFO] [stderr]    Compiling rayon-core v1.10.2
[INFO] [stderr]     Checking regex-syntax v0.6.28
[INFO] [stderr]    Compiling cfg-if v1.0.0
[INFO] [stderr]     Checking flate2 v1.0.25
[INFO] [stderr]    Compiling prost-build v0.9.0
[INFO] [stderr]     Checking crossbeam-deque v0.8.2
[INFO] [stderr]     Checking crossbeam-channel v0.5.6
[INFO] [stderr]    Compiling libdbus-sys v0.2.4
[INFO] [stderr]    Compiling proc-macro-error v1.0.4
[INFO] [stderr]    Compiling proc-macro2-diagnostics v0.9.1
[INFO] [stderr]    Compiling fastrand v1.8.0
[INFO] [stderr]     Checking const-oid v0.7.1
[INFO] [stderr]    Compiling fixedbitset v0.4.2
[INFO] [stderr]     Checking fnv v1.0.7
[INFO] [stderr]     Checking zeroize v1.5.7
[INFO] [stderr]     Checking foreign-types-shared v0.1.1
[INFO] [stderr]    Compiling remove_dir_all v0.5.3
[INFO] [stderr]    Compiling openssl v0.10.45
[INFO] [stderr]     Checking foreign-types v0.3.2
[INFO] [stderr]    Compiling tempfile v3.3.0
[INFO] [stderr]     Checking http v0.2.8
[INFO] [stderr]     Checking der v0.5.1
[INFO] [stderr]    Compiling petgraph v0.6.3
[INFO] [stderr]    Compiling regex v1.7.1
[INFO] [stderr]     Checking regex-automata v0.1.10
[INFO] [stderr]     Checking ff v0.11.1
[INFO] [stderr]    Compiling ahash v0.8.3
[INFO] [stderr]    Compiling lazy_static v1.4.0
[INFO] [stderr]    Compiling multimap v0.8.3
[INFO] [stderr]    Compiling native-tls v0.2.11
[INFO] [stderr]     Checking tinyvec_macros v0.1.1
[INFO] [stderr]    Compiling yansi v0.5.1
[INFO] [stderr]     Checking ryu v1.0.12
[INFO] [stderr]    Compiling httparse v1.8.0
[INFO] [stderr]    Compiling async-trait v0.1.64
[INFO] [stderr]    Compiling signal-hook v0.3.15
[INFO] [stderr]     Checking tinyvec v1.6.0
[INFO] [stderr]     Checking group v0.11.0
[INFO] [stderr]     Checking sec1 v0.2.1
[INFO] [stderr]     Checking rayon v1.6.1
[INFO] [stderr]     Checking crypto-bigint v0.3.2
[INFO] [stderr]     Checking nanorand v0.7.0
[INFO] [stderr]     Checking spin v0.9.5
[INFO] [stderr]    Compiling num-rational v0.4.1
[INFO] [stderr]     Checking base16ct v0.1.1
[INFO] [stderr]     Checking try-lock v0.2.4
[INFO] [stderr]     Checking percent-encoding v2.2.0
[INFO] [stderr]     Checking byteorder v1.4.3
[INFO] [stderr]    Compiling serde_json v1.0.93
[INFO] [stderr]     Checking ppv-lite86 v0.2.17
[INFO] [stderr]    Compiling bitflags v1.3.2
[INFO] [stderr]     Checking weezl v0.1.7
[INFO] [stderr]     Checking simd-adler32 v0.3.4
[INFO] [stderr]     Checking openssl-probe v0.1.5
[INFO] [stderr]     Checking zune-inflate v0.2.42
[INFO] [stderr]     Checking rand_chacha v0.3.1
[INFO] [stderr]    Compiling devise_core v0.3.1
[INFO] [stderr]     Checking want v0.3.0
[INFO] [stderr]     Checking form_urlencoded v1.1.0
[INFO] [stderr]     Checking elliptic-curve v0.11.12
[INFO] [stderr]     Checking unicode-normalization v0.1.22
[INFO] [stderr]     Checking http-body v0.4.5
[INFO] [stderr]     Checking threadpool v1.8.1
[INFO] [stderr]     Checking ansi_term v0.12.1
[INFO] [stderr]     Checking color_quant v1.1.0
[INFO] [stderr]     Checking tower-service v0.3.2
[INFO] [stderr]     Checking unicode-width v0.1.10
[INFO] [stderr]     Checking httpdate v1.0.2
[INFO] [stderr]     Checking half v2.2.1
[INFO] [stderr]    Compiling g2poly v1.0.1
[INFO] [stderr]    Compiling tokio-macros v1.8.2
[INFO] [stderr]    Compiling futures-macro v0.3.26
[INFO] [stderr]    Compiling tracing-attributes v0.1.23
[INFO] [stderr]    Compiling prost-derive v0.9.0
[INFO] [stderr]    Compiling pin-project-internal v1.0.12
[INFO] [stderr]    Compiling thiserror-impl v1.0.38
[INFO] [stderr]    Compiling openssl-macros v0.1.0
[INFO] [stderr]     Checking tracing v0.1.37
[INFO] [stderr]     Checking jpeg-decoder v0.3.0
[INFO] [stderr]     Checking pin-project v1.0.12
[INFO] [stderr]     Checking flume v0.10.14
[INFO] [stderr]    Compiling jcers_proc v0.1.0
[INFO] [stderr]    Compiling prost v0.9.0
[INFO] [stderr]    Compiling prost-types v0.9.0
[INFO] [stderr]     Checking unicode-bidi v0.3.10
[INFO] [stderr]     Checking lebe v0.5.2
[INFO] [stderr]     Checking idna v0.3.0
[INFO] [stderr]     Checking exr v1.5.3
[INFO] [stderr]     Checking futures-executor v0.3.26
[INFO] [stderr]     Checking dbus v0.9.7
[INFO] [stderr]     Checking futures v0.3.26
[INFO] [stderr]     Checking jcers v0.1.2
[INFO] [stderr]     Checking tiff v0.8.1
[INFO] [stderr]    Compiling devise_codegen v0.3.1
[INFO] [stderr]     Checking tokio-util v0.7.6
[INFO] [stderr]    Compiling ricq-core v0.1.19
[INFO] [stderr]     Checking tokio-native-tls v0.3.1
[INFO] [stderr]    Compiling g2gen v1.0.1
[INFO] [stderr]     Checking h2 v0.3.15
[INFO] [stderr]    Compiling derivative v2.2.0
[INFO] [stderr]     Checking textwrap v0.11.0
[INFO] [stderr]     Checking gif v0.11.4
[INFO] [stderr]     Checking signal-hook-mio v0.2.3
[INFO] [stderr]     Checking p256 v0.10.1
[INFO] [stderr]     Checking hashbrown v0.13.2
[INFO] [stderr]     Checking rand v0.8.5
[INFO] [stderr]     Checking sharded-slab v0.1.4
[INFO] [stderr]     Checking tracing-log v0.1.3
[INFO] [stderr]     Checking png v0.17.7
[INFO] [stderr]     Checking atty v0.2.14
[INFO] [stderr]     Checking thread_local v1.1.4
[INFO] [stderr]     Checking md5 v0.7.0
[INFO] [stderr]     Checking bytemuck v1.13.0
[INFO] [stderr]     Checking vec_map v0.8.2
[INFO] [stderr]     Checking xml-rs v0.8.4
[INFO] [stderr]     Checking checked_int_cast v1.0.0
[INFO] [stderr]     Checking scoped_threadpool v0.1.9
[INFO] [stderr]     Checking iana-time-zone v0.1.53
[INFO] [stderr]     Checking strsim v0.8.0
[INFO] [stderr]     Checking g2p v1.0.1
[INFO] [stderr]     Checking chrono v0.4.23
[INFO] [stderr]     Checking clap v2.34.0
[INFO] [stderr]     Checking qrcode v0.12.0
[INFO] [stderr]     Checking image v0.24.5
[INFO] [stderr]     Checking lru v0.9.0
[INFO] [stderr]     Checking crossterm v0.25.0
[INFO] [stderr]     Checking dbus-tokio v0.7.5
[INFO] [stderr]     Checking bluez-generated v0.2.1
[INFO] [stderr]     Checking hyper v0.14.24
[INFO] [stderr]     Checking tokio-stream v0.1.11
[INFO] [stderr]    Compiling devise v0.3.1
[INFO] [stderr]     Checking url v2.3.1
[INFO] [stderr]     Checking serde-xml-rs v0.5.1
[INFO] [stderr]     Checking tracing-serde v0.1.3
[INFO] [stderr]     Checking serde_urlencoded v0.7.1
[INFO] [stderr]     Checking cached v0.35.0
[INFO] [stderr]    Compiling structopt-derive v0.4.18
[INFO] [stderr]    Compiling async-stream-impl v0.3.3
[INFO] [stderr]     Checking bstr v1.2.0
[INFO] [stderr]     Checking matchers v0.0.1
[INFO] [stderr]     Checking encoding_rs v0.8.32
[INFO] [stderr]     Checking uuid v1.3.0
[INFO] [stderr]     Checking base64 v0.21.0
[INFO] [stderr]     Checking mime v0.3.16
[INFO] [stderr]     Checking overload v0.1.1
[INFO] [stderr]     Checking ipnet v2.7.1
[INFO] [stderr]     Checking nu-ansi-term v0.46.0
[INFO] [stderr]     Checking hyper-tls v0.5.0
[INFO] [stderr]     Checking async-stream v0.3.3
[INFO] [stderr]     Checking tracing-subscriber v0.2.25
[INFO] [stderr]     Checking opener v0.5.2
[INFO] [stderr]     Checking rqrr v0.6.0
[INFO] [stderr]    Compiling proc_qq_codegen v0.1.9
[INFO] [stderr]     Checking qr2term v0.3.1
[INFO] [stderr]     Checking tracing-futures v0.2.5
[INFO] [stderr]     Checking atoi v0.3.3
[INFO] [stderr]     Checking dashmap v5.4.0
[INFO] [stderr]     Checking reqwest v0.11.14
[INFO] [stderr]     Checking bluez-async v0.6.0
[INFO] [stderr]     Checking structopt v0.3.26
[INFO] [stderr]     Checking tracing-subscriber v0.3.16
[INFO] [stdout] error[E0554]: `#![feature]` may not be used on the beta release channel
[INFO] [stdout]  --> /opt/rustwide/cargo-home/registry/src/index.crates.io-6f17d22bba15001f/ricq-core-0.1.19/src/lib.rs:1:1
[INFO] [stdout]   |
[INFO] [stdout] 1 | #![feature(type_alias_impl_trait)]
[INFO] [stdout]   | ^^^^^^^^^^^^^^^^^^^^^^^^^^^^^^^^^^
[INFO] [stdout] 
[INFO] [stdout] 
[INFO] [stdout] error[E0658]: `impl Trait` in associated types is unstable
[INFO] [stdout]    --> /opt/rustwide/cargo-home/registry/src/index.crates.io-6f17d22bba15001f/ricq-core-0.1.19/src/msg/mod.rs:100:21
[INFO] [stdout]     |
[INFO] [stdout] 100 |     type IntoIter = impl Iterator<Item = RQElem> + 'static;
[INFO] [stdout]     |                     ^^^^^^^^^^^^^^^^^^^^^^^^^^^^^^^^^^^^^^
[INFO] [stdout]     |
[INFO] [stdout]     = note: see issue #63063 <https://github.com/rust-lang/rust/issues/63063> for more information
[INFO] [stdout] 
[INFO] [stdout] 
[INFO] [stderr]     Checking btleplug v0.10.4
[INFO] [stderr]     Checking mini-redis v0.4.1
[INFO] [stdout] error: aborting due to 2 previous errors
[INFO] [stdout] 
[INFO] [stdout] 
[INFO] [stdout] Some errors have detailed explanations: E0554, E0658.
[INFO] [stdout] 
[INFO] [stdout] For more information about an error, try `rustc --explain E0554`.
[INFO] [stdout] 
[INFO] [stderr] error: could not compile `ricq-core` (lib) due to 3 previous errors
[INFO] running `Command { std: "docker" "inspect" "0622e3a2de70d54a0daab916e6f69e582effd6fd4adb18783517e2ceff527723", kill_on_drop: false }`
[INFO] running `Command { std: "docker" "rm" "-f" "0622e3a2de70d54a0daab916e6f69e582effd6fd4adb18783517e2ceff527723", kill_on_drop: false }`
[INFO] [stdout] 0622e3a2de70d54a0daab916e6f69e582effd6fd4adb18783517e2ceff527723
