[INFO] cloning repository https://github.com/Goodjooy/ricedq
[INFO] running `Command { std: "git" "-c" "credential.helper=" "-c" "credential.helper=/workspace/cargo-home/bin/git-credential-null" "clone" "--bare" "https://github.com/Goodjooy/ricedq" "/workspace/cache/git-repos/https%3A%2F%2Fgithub.com%2FGoodjooy%2Fricedq", kill_on_drop: false }`
[INFO] [stderr] Cloning into bare repository '/workspace/cache/git-repos/https%3A%2F%2Fgithub.com%2FGoodjooy%2Fricedq'...
[INFO] running `Command { std: "git" "rev-parse" "HEAD", kill_on_drop: false }`
[INFO] [stdout] d289c636963f9b0b846ff1ebc03b89746766aee7
[INFO] documenting Goodjooy/ricedq against 1.75.0 for beta-1.76-rustdoc-1
[INFO] running `Command { std: "git" "clone" "/workspace/cache/git-repos/https%3A%2F%2Fgithub.com%2FGoodjooy%2Fricedq" "/workspace/builds/worker-5-tc1/source", kill_on_drop: false }`
[INFO] [stderr] Cloning into '/workspace/builds/worker-5-tc1/source'...
[INFO] [stderr] done.
[INFO] validating manifest of git repo https://github.com/Goodjooy/ricedq on toolchain 1.75.0
[INFO] running `Command { std: CARGO_HOME="/workspace/cargo-home" RUSTUP_HOME="/workspace/rustup-home" "/workspace/cargo-home/bin/cargo" "+1.75.0" "metadata" "--manifest-path" "Cargo.toml" "--no-deps", kill_on_drop: false }`
[INFO] started tweaking git repo https://github.com/Goodjooy/ricedq
[INFO] finished tweaking git repo https://github.com/Goodjooy/ricedq
[INFO] tweaked toml for git repo https://github.com/Goodjooy/ricedq written to /workspace/builds/worker-5-tc1/source/Cargo.toml
[INFO] crate git repo https://github.com/Goodjooy/ricedq already has a lockfile, it will not be regenerated
[INFO] running `Command { std: CARGO_HOME="/workspace/cargo-home" RUSTUP_HOME="/workspace/rustup-home" "/workspace/cargo-home/bin/cargo" "+1.75.0" "fetch" "--manifest-path" "Cargo.toml", kill_on_drop: false }`
[INFO] [stderr] warning: unused manifest key: dependencies.iced.featrues
[INFO] [stderr] warning: unused manifest key: dependencies.tokio.featrues
[INFO] [stderr]     Updating crates.io index
[INFO] [stderr]  Downloading crates ...
[INFO] [stderr]   Downloaded iced_native v0.5.0
[INFO] [stderr]   Downloaded iced_core v0.5.0
[INFO] [stderr]   Downloaded async-rwlock v1.3.0
[INFO] [stderr]   Downloaded rfd v0.8.2
[INFO] [stderr]   Downloaded cached_proc_macro v0.9.0
[INFO] [stderr]   Downloaded iced_style v0.4.0
[INFO] [stderr]   Downloaded jcers_proc v0.1.0
[INFO] [stderr]   Downloaded iced_graphics v0.3.0
[INFO] [stderr]   Downloaded ricq v0.1.5
[INFO] [stderr]   Downloaded kamadak-exif v0.5.4
[INFO] [stderr]   Downloaded wgpu_glyph v0.16.0
[INFO] [stderr]   Downloaded iced v0.4.2
[INFO] [stderr]   Downloaded profiling v1.0.5
[INFO] [stderr]   Downloaded p256 v0.10.1
[INFO] [stderr]   Downloaded petgraph v0.6.1
[INFO] [stderr]   Downloaded iced_winit v0.4.0
[INFO] [stderr]   Downloaded system-deps v6.0.2
[INFO] [stderr]   Downloaded iced_wgpu v0.5.0
[INFO] [stderr]   Downloaded windows v0.35.0
[INFO] [stderr]   Downloaded iced_futures v0.4.0
[INFO] [stderr]   Downloaded ricq-core v0.1.5
[INFO] [stderr]   Downloaded jcers v0.1.1
[INFO] running `Command { std: "docker" "create" "-v" "/var/lib/crater-agent-workspace/builds/worker-5-tc1/target:/opt/rustwide/target:rw,Z" "-v" "/var/lib/crater-agent-workspace/builds/worker-5-tc1/source:/opt/rustwide/workdir:ro,Z" "-v" "/var/lib/crater-agent-workspace/cargo-home:/opt/rustwide/cargo-home:ro,Z" "-v" "/var/lib/crater-agent-workspace/rustup-home:/opt/rustwide/rustup-home:ro,Z" "-e" "SOURCE_DIR=/opt/rustwide/workdir" "-e" "CARGO_TARGET_DIR=/opt/rustwide/target" "-e" "CARGO_HOME=/opt/rustwide/cargo-home" "-e" "RUSTUP_HOME=/opt/rustwide/rustup-home" "-w" "/opt/rustwide/workdir" "-m" "1610612736" "--user" "0:0" "--network" "none" "ghcr.io/rust-lang/crates-build-env/linux@sha256:2788e3201cd34a07e3172128adcd8b3090168a8e3bcc40d7c032b9dda1df7d1c" "/opt/rustwide/cargo-home/bin/cargo" "+1.75.0" "metadata" "--no-deps" "--format-version=1", kill_on_drop: false }`
[INFO] [stdout] f0c381dcb818e6904b12526503ea49487fe879e17d6bb13a1d78cae58fae486f
[INFO] running `Command { std: "docker" "start" "-a" "f0c381dcb818e6904b12526503ea49487fe879e17d6bb13a1d78cae58fae486f", kill_on_drop: false }`
[INFO] running `Command { std: "docker" "inspect" "f0c381dcb818e6904b12526503ea49487fe879e17d6bb13a1d78cae58fae486f", kill_on_drop: false }`
[INFO] running `Command { std: "docker" "rm" "-f" "f0c381dcb818e6904b12526503ea49487fe879e17d6bb13a1d78cae58fae486f", kill_on_drop: false }`
[INFO] [stdout] f0c381dcb818e6904b12526503ea49487fe879e17d6bb13a1d78cae58fae486f
[INFO] running `Command { std: "docker" "create" "-v" "/var/lib/crater-agent-workspace/builds/worker-5-tc1/target:/opt/rustwide/target:rw,Z" "-v" "/var/lib/crater-agent-workspace/builds/worker-5-tc1/source:/opt/rustwide/workdir:ro,Z" "-v" "/var/lib/crater-agent-workspace/cargo-home:/opt/rustwide/cargo-home:ro,Z" "-v" "/var/lib/crater-agent-workspace/rustup-home:/opt/rustwide/rustup-home:ro,Z" "-e" "SOURCE_DIR=/opt/rustwide/workdir" "-e" "CARGO_TARGET_DIR=/opt/rustwide/target" "-e" "CARGO_INCREMENTAL=0" "-e" "RUST_BACKTRACE=full" "-e" "RUSTFLAGS=--cap-lints=warn" "-e" "RUSTDOCFLAGS=--cap-lints=warn" "-e" "CARGO_HOME=/opt/rustwide/cargo-home" "-e" "RUSTUP_HOME=/opt/rustwide/rustup-home" "-w" "/opt/rustwide/workdir" "-m" "1610612736" "--user" "0:0" "--network" "none" "ghcr.io/rust-lang/crates-build-env/linux@sha256:2788e3201cd34a07e3172128adcd8b3090168a8e3bcc40d7c032b9dda1df7d1c" "/opt/rustwide/cargo-home/bin/cargo" "+1.75.0" "doc" "--frozen" "--no-deps" "--document-private-items" "--message-format=json", kill_on_drop: false }`
[INFO] [stdout] c02b4f00c0ddaa960ade0e5805a98adac159473623f756de30088b5023d948c2
[INFO] running `Command { std: "docker" "start" "-a" "c02b4f00c0ddaa960ade0e5805a98adac159473623f756de30088b5023d948c2", kill_on_drop: false }`
[INFO] [stderr] warning: unused manifest key: dependencies.iced.featrues
[INFO] [stderr] warning: unused manifest key: dependencies.tokio.featrues
[INFO] [stderr]    Compiling libc v0.2.126
[INFO] [stderr]    Compiling syn v1.0.95
[INFO] [stderr]    Compiling serde v1.0.137
[INFO] [stderr]    Compiling smallvec v1.8.0
[INFO] [stderr]    Compiling heck v0.4.0
[INFO] [stderr]    Compiling version-compare v0.1.0
[INFO] [stderr]    Compiling num-traits v0.2.15
[INFO] [stderr]     Checking libloading v0.7.3
[INFO] [stderr]    Compiling indexmap v1.7.0
[INFO] [stderr]    Compiling xml-rs v0.8.4
[INFO] [stderr]    Compiling ahash v0.7.6
[INFO] [stderr]    Compiling crossbeam-epoch v0.9.8
[INFO] [stderr]    Compiling either v1.6.1
[INFO] [stderr]    Compiling wayland-sys v0.29.4
[INFO] [stderr]    Compiling futures-channel v0.3.21
[INFO] [stderr]     Checking cty v0.2.2
[INFO] [stderr]     Checking raw-window-handle v0.4.3
[INFO] [stderr]     Checking subtle v2.4.1
[INFO] [stderr]    Compiling futures-util v0.3.21
[INFO] [stderr]     Checking dlib v0.5.0
[INFO] [stderr]    Compiling cfg-expr v0.10.3
[INFO] [stderr]    Compiling anyhow v1.0.57
[INFO] [stderr]     Checking crossbeam-channel v0.5.4
[INFO] [stderr]    Compiling parking_lot_core v0.8.5
[INFO] [stderr]    Compiling itertools v0.10.3
[INFO] [stderr]     Checking instant v0.1.12
[INFO] [stderr]     Checking downcast-rs v1.2.0
[INFO] [stderr]     Checking scoped-tls v1.0.0
[INFO] [stderr]     Checking nom v7.1.1
[INFO] [stderr]     Checking const-oid v0.7.1
[INFO] [stderr]     Checking zeroize v1.5.5
[INFO] [stderr]     Checking rustc-hash v1.1.0
[INFO] [stderr]    Compiling wayland-scanner v0.29.4
[INFO] [stderr]     Checking der v0.5.1
[INFO] [stderr]     Checking digest v0.9.0
[INFO] [stderr]    Compiling num-integer v0.1.45
[INFO] [stderr]     Checking crossbeam-deque v0.8.1
[INFO] [stderr]    Compiling smithay-client-toolkit v0.15.4
[INFO] [stderr]     Checking ttf-parser v0.15.0
[INFO] [stderr]     Checking bit-vec v0.6.3
[INFO] [stderr]    Compiling ash v0.34.0+1.2.203
[INFO] [stderr]     Checking termcolor v1.1.3
[INFO] [stderr]    Compiling khronos-egl v4.1.0
[INFO] [stderr]     Checking base64ct v1.5.0
[INFO] [stderr]    Compiling which v4.2.5
[INFO] [stderr]     Checking bit-set v0.5.2
[INFO] [stderr]     Checking codespan-reporting v0.11.1
[INFO] [stderr]    Compiling memchr v2.5.0
[INFO] [stderr]     Checking gpu-alloc-types v0.2.0
[INFO] [stderr]     Checking gpu-descriptor-types v0.1.1
[INFO] [stderr]     Checking spki v0.5.4
[INFO] [stderr]    Compiling bytes v1.1.0
[INFO] [stderr]    Compiling hashbrown v0.11.2
[INFO] [stderr]    Compiling cfg_aliases v0.1.1
[INFO] [stderr]     Checking hexf-parse v0.2.1
[INFO] [stderr]     Checking ab_glyph_rasterizer v0.1.5
[INFO] [stderr]     Checking pkcs8 v0.8.0
[INFO] [stderr]    Compiling wgpu-core v0.12.2
[INFO] [stderr]    Compiling prost-build v0.9.0
[INFO] [stderr]     Checking miniz_oxide v0.5.1
[INFO] [stderr]     Checking gpu-alloc v0.5.3
[INFO] [stderr]     Checking getrandom v0.2.6
[INFO] [stderr]     Checking num_cpus v1.13.1
[INFO] [stderr]     Checking nix v0.22.3
[INFO] [stderr]     Checking rand_core v0.6.3
[INFO] [stderr]     Checking rayon-core v1.9.3
[INFO] [stderr]     Checking spirv v0.2.0+1.5.4
[INFO] [stderr]     Checking memmap2 v0.3.1
[INFO] [stderr]     Checking rand_chacha v0.3.1
[INFO] [stderr]    Compiling wayland-client v0.29.4
[INFO] [stderr]    Compiling wayland-protocols v0.29.4
[INFO] [stderr]     Checking parking_lot v0.11.2
[INFO] [stderr]     Checking rayon v1.5.3
[INFO] [stderr]     Checking ff v0.11.1
[INFO] [stderr]     Checking crypto-bigint v0.3.2
[INFO] [stderr]     Checking rand v0.8.5
[INFO] [stderr]    Compiling aho-corasick v0.7.18
[INFO] [stderr]     Checking gpu-descriptor v0.2.2
[INFO] [stderr]     Checking xcursor v0.3.4
[INFO] [stderr]     Checking mio v0.8.3
[INFO] [stderr]     Checking owned_ttf_parser v0.15.0
[INFO] [stderr]     Checking ab_glyph v0.2.15
[INFO] [stderr]     Checking crypto-mac v0.11.1
[INFO] [stderr]     Checking iced_core v0.5.0
[INFO] [stderr]     Checking wgpu-types v0.12.0
[INFO] [stderr]    Compiling glam v0.10.2
[INFO] [stderr]    Compiling unicode-segmentation v1.9.0
[INFO] [stderr]     Checking inplace_it v0.3.3
[INFO] [stderr]    Compiling remove_dir_all v0.5.3
[INFO] [stderr]     Checking twox-hash v1.6.3
[INFO] [stderr]    Compiling fastrand v1.7.0
[INFO] [stderr]     Checking adler32 v1.2.0
[INFO] [stderr]    Compiling regex-syntax v0.6.26
[INFO] [stderr]     Checking glow v0.11.2
[INFO] [stderr]     Checking profiling v1.0.5
[INFO] [stderr]    Compiling fnv v1.0.7
[INFO] [stderr]     Checking arrayvec v0.7.2
[INFO] [stderr]     Checking renderdoc-sys v0.7.1
[INFO] [stderr]    Compiling strsim v0.10.0
[INFO] [stderr]    Compiling ident_case v1.0.1
[INFO] [stderr]    Compiling fixedbitset v0.4.1
[INFO] [stderr]    Compiling tempfile v3.3.0
[INFO] [stderr]    Compiling heck v0.3.3
[INFO] [stderr]    Compiling petgraph v0.6.1
[INFO] [stderr]     Checking iced_style v0.4.0
[INFO] [stderr]     Checking hmac v0.11.0
[INFO] [stderr]    Compiling toml v0.5.9
[INFO] [stderr]     Checking group v0.11.0
[INFO] [stderr]     Checking approx v0.5.1
[INFO] [stderr]     Checking gethostname v0.2.3
[INFO] [stderr]     Checking sec1 v0.2.1
[INFO] [stderr]    Compiling log v0.4.17
[INFO] [stderr]    Compiling x11-dl v2.19.1
[INFO] [stderr]     Checking xi-unicode v0.3.0
[INFO] [stderr]     Checking copyless v0.1.5
[INFO] [stderr]     Checking linked-hash-map v0.5.4
[INFO] [stderr]    Compiling multimap v0.8.3
[INFO] [stderr]     Checking base16ct v0.1.1
[INFO] [stderr]     Checking glyph_brush_draw_cache v0.1.5
[INFO] [stderr]     Checking rfc6979 v0.1.0
[INFO] [stderr]     Checking glyph_brush_layout v0.2.3
[INFO] [stderr]     Checking parking_lot_core v0.9.3
[INFO] [stderr]     Checking elliptic-curve v0.11.12
[INFO] [stderr]     Checking deflate v1.0.0
[INFO] [stderr]     Checking flate2 v1.0.23
[INFO] [stderr]     Checking signature v1.4.0
[INFO] [stderr]     Checking nanorand v0.7.0
[INFO] [stderr]     Checking ordered-float v3.0.0
[INFO] [stderr]     Checking spin v0.9.3
[INFO] [stderr]    Compiling num-iter v0.1.43
[INFO] [stderr]    Compiling num-rational v0.4.0
[INFO] [stderr]     Checking cpufeatures v0.2.2
[INFO] [stderr]    Compiling winit v0.26.1
[INFO] [stderr]    Compiling async-trait v0.1.53
[INFO] [stderr]     Checking weezl v0.1.6
[INFO] [stderr]     Checking glyph_brush v0.7.4
[INFO] [stderr]     Checking sha2 v0.9.9
[INFO] [stderr]    Compiling system-deps v6.0.2
[INFO] [stderr]     Checking async-mutex v1.4.0
[INFO] [stderr]     Checking ecdsa v0.13.4
[INFO] [stderr]     Checking wayland-commons v0.29.4
[INFO] [stderr]     Checking calloop v0.9.3
[INFO] [stderr]     Checking x11rb v0.9.0
[INFO] [stderr]     Checking parking_lot v0.12.0
[INFO] [stderr]     Checking jpeg-decoder v0.2.6
[INFO] [stderr]     Checking inflate v0.4.5
[INFO] [stderr]     Checking threadpool v1.8.1
[INFO] [stderr]    Compiling darling_core v0.13.4
[INFO] [stderr]     Checking euclid v0.22.7
[INFO] [stderr]     Checking raw-window-handle v0.3.4
[INFO] [stderr]     Checking time v0.1.43
[INFO] [stderr]    Compiling regex v1.5.6
[INFO] [stderr]     Checking socket2 v0.4.4
[INFO] [stderr]     Checking signal-hook-registry v1.4.0
[INFO] [stderr]     Checking tracing-core v0.1.26
[INFO] [stderr]     Checking bit_field v0.10.1
[INFO] [stderr]     Checking svg_fmt v0.4.1
[INFO] [stderr]     Checking color_quant v1.1.0
[INFO] [stderr]     Checking mutate_once v0.1.1
[INFO] [stderr]     Checking lebe v0.5.1
[INFO] [stderr]    Compiling cached_proc_macro_types v0.1.0
[INFO] [stderr]     Checking kamadak-exif v0.5.4
[INFO] [stderr]     Checking tiff v0.7.2
[INFO] [stderr]     Checking gif v0.11.3
[INFO] [stderr]     Checking chrono v0.4.19
[INFO] [stderr]    Compiling glib-sys v0.15.10
[INFO] [stderr]    Compiling gobject-sys v0.15.10
[INFO] [stderr]    Compiling gdk-sys v0.15.1
[INFO] [stderr]    Compiling atk-sys v0.15.1
[INFO] [stderr]    Compiling gio-sys v0.15.10
[INFO] [stderr]    Compiling gdk-pixbuf-sys v0.15.10
[INFO] [stderr]    Compiling pango-sys v0.15.10
[INFO] [stderr]     Checking wayland-cursor v0.29.4
[INFO] [stderr]    Compiling cairo-sys-rs v0.15.1
[INFO] [stderr]    Compiling gtk-sys v0.15.3
[INFO] [stderr]     Checking guillotiere v0.6.2
[INFO] [stderr]     Checking p256 v0.10.1
[INFO] [stderr]     Checking async-rwlock v1.3.0
[INFO] [stderr]     Checking png v0.17.5
[INFO] [stderr]    Compiling rfd v0.8.2
[INFO] [stderr]     Checking scoped_threadpool v0.1.9
[INFO] [stderr]     Checking md5 v0.7.0
[INFO] [stderr]    Compiling thiserror-impl v1.0.31
[INFO] [stderr]    Compiling futures-macro v0.3.21
[INFO] [stderr]    Compiling prost-derive v0.9.0
[INFO] [stderr]    Compiling bytemuck_derive v1.1.0
[INFO] [stderr]    Compiling pin-project-internal v1.0.10
[INFO] [stderr]    Compiling jcers_proc v0.1.0
[INFO] [stderr]    Compiling tracing-attributes v0.1.21
[INFO] [stderr]    Compiling serde_derive v1.0.137
[INFO] [stderr]    Compiling tokio-macros v1.7.0
[INFO] [stderr]    Compiling derivative v2.2.0
[INFO] [stderr]    Compiling darling_macro v0.13.4
[INFO] [stderr]     Checking jcers v0.1.1
[INFO] [stderr]     Checking tokio v1.18.2
[INFO] [stderr]     Checking bytemuck v1.9.1
[INFO] [stderr]    Compiling darling v0.13.4
[INFO] [stderr]    Compiling cached_proc_macro v0.9.0
[INFO] [stderr]     Checking pin-project v1.0.10
[INFO] [stderr]     Checking flume v0.10.12
[INFO] [stderr]     Checking thiserror v1.0.31
[INFO] [stderr]     Checking exr v1.4.2
[INFO] [stderr]     Checking naga v0.8.5
[INFO] [stderr]     Checking clipboard_x11 v0.4.0
[INFO] [stderr]     Checking tracing v0.1.34
[INFO] [stderr]    Compiling prost v0.9.0
[INFO] [stderr]    Compiling prost-types v0.9.0
[INFO] [stderr]     Checking image v0.24.2
[INFO] [stderr]     Checking futures-executor v0.3.21
[INFO] [stderr]     Checking futures v0.3.21
[INFO] [stderr]    Compiling ricq-core v0.1.5
[INFO] [stderr]     Checking iced_futures v0.4.0
[INFO] [stderr]     Checking cached v0.30.0
[INFO] [stderr]     Checking iced_native v0.5.0
[INFO] [stderr]     Checking tokio-util v0.7.2
[INFO] [stderr]     Checking wgpu-hal v0.12.5
[INFO] [stderr]     Checking iced_graphics v0.3.0
[INFO] [stdout] error[E0554]: `#![feature]` may not be used on the stable release channel
[INFO] [stdout]  --> /opt/rustwide/cargo-home/registry/src/index.crates.io-6f17d22bba15001f/ricq-core-0.1.5/src/lib.rs:1:1
[INFO] [stdout]   |
[INFO] [stdout] 1 | #![feature(type_alias_impl_trait)]
[INFO] [stdout]   | ^^^^^^^^^^^^^^^^^^^^^^^^^^^^^^^^^^
[INFO] [stdout] 
[INFO] [stdout] 
[INFO] [stdout] error[E0658]: `impl Trait` in associated types is unstable
[INFO] [stdout]   --> /opt/rustwide/cargo-home/registry/src/index.crates.io-6f17d22bba15001f/ricq-core-0.1.5/src/msg/mod.rs:57:21
[INFO] [stdout]    |
[INFO] [stdout] 57 |     type IntoIter = impl Iterator<Item = RQElem> + 'static;
[INFO] [stdout]    |                     ^^^^^^^^^^^^^^^^^^^^^^^^^^^^^^^^^^^^^^
[INFO] [stdout]    |
[INFO] [stdout]    = note: see issue #63063 <https://github.com/rust-lang/rust/issues/63063> for more information
[INFO] [stdout] 
[INFO] [stdout] 
[INFO] [stderr]     Checking wgpu v0.12.0
[INFO] [stderr]     Checking wgpu_glyph v0.16.0
[INFO] [stderr]     Checking iced_wgpu v0.5.0
[INFO] [stdout] error: aborting due to 2 previous errors
[INFO] [stdout] 
[INFO] [stdout] 
[INFO] [stdout] Some errors have detailed explanations: E0554, E0658.
[INFO] [stdout] 
[INFO] [stdout] For more information about an error, try `rustc --explain E0554`.
[INFO] [stdout] 
[INFO] [stderr] error: could not compile `ricq-core` (lib) due to 3 previous errors
[INFO] [stderr] warning: build failed, waiting for other jobs to finish...
[INFO] running `Command { std: "docker" "inspect" "c02b4f00c0ddaa960ade0e5805a98adac159473623f756de30088b5023d948c2", kill_on_drop: false }`
[INFO] running `Command { std: "docker" "rm" "-f" "c02b4f00c0ddaa960ade0e5805a98adac159473623f756de30088b5023d948c2", kill_on_drop: false }`
[INFO] [stdout] c02b4f00c0ddaa960ade0e5805a98adac159473623f756de30088b5023d948c2
[INFO] documenting Goodjooy/ricedq against beta-2023-12-22 for beta-1.76-rustdoc-1
[INFO] running `Command { std: "git" "clone" "/workspace/cache/git-repos/https%3A%2F%2Fgithub.com%2FGoodjooy%2Fricedq" "/workspace/builds/worker-5-tc2/source", kill_on_drop: false }`
[INFO] [stderr] Cloning into '/workspace/builds/worker-5-tc2/source'...
[INFO] [stderr] done.
[INFO] validating manifest of git repo https://github.com/Goodjooy/ricedq on toolchain beta-2023-12-22
[INFO] running `Command { std: CARGO_HOME="/workspace/cargo-home" RUSTUP_HOME="/workspace/rustup-home" "/workspace/cargo-home/bin/cargo" "+beta-2023-12-22" "metadata" "--manifest-path" "Cargo.toml" "--no-deps", kill_on_drop: false }`
[INFO] started tweaking git repo https://github.com/Goodjooy/ricedq
[INFO] finished tweaking git repo https://github.com/Goodjooy/ricedq
[INFO] tweaked toml for git repo https://github.com/Goodjooy/ricedq written to /workspace/builds/worker-5-tc2/source/Cargo.toml
[INFO] crate git repo https://github.com/Goodjooy/ricedq already has a lockfile, it will not be regenerated
[INFO] running `Command { std: CARGO_HOME="/workspace/cargo-home" RUSTUP_HOME="/workspace/rustup-home" "/workspace/cargo-home/bin/cargo" "+beta-2023-12-22" "fetch" "--manifest-path" "Cargo.toml", kill_on_drop: false }`
[INFO] [stderr] warning: unused manifest key: dependencies.iced.featrues
[INFO] [stderr] warning: unused manifest key: dependencies.tokio.featrues
[INFO] running `Command { std: "docker" "create" "-v" "/var/lib/crater-agent-workspace/builds/worker-5-tc2/target:/opt/rustwide/target:rw,Z" "-v" "/var/lib/crater-agent-workspace/builds/worker-5-tc2/source:/opt/rustwide/workdir:ro,Z" "-v" "/var/lib/crater-agent-workspace/cargo-home:/opt/rustwide/cargo-home:ro,Z" "-v" "/var/lib/crater-agent-workspace/rustup-home:/opt/rustwide/rustup-home:ro,Z" "-e" "SOURCE_DIR=/opt/rustwide/workdir" "-e" "CARGO_TARGET_DIR=/opt/rustwide/target" "-e" "CARGO_HOME=/opt/rustwide/cargo-home" "-e" "RUSTUP_HOME=/opt/rustwide/rustup-home" "-w" "/opt/rustwide/workdir" "-m" "1610612736" "--user" "0:0" "--network" "none" "ghcr.io/rust-lang/crates-build-env/linux@sha256:2788e3201cd34a07e3172128adcd8b3090168a8e3bcc40d7c032b9dda1df7d1c" "/opt/rustwide/cargo-home/bin/cargo" "+beta-2023-12-22" "metadata" "--no-deps" "--format-version=1", kill_on_drop: false }`
[INFO] [stdout] 78c8309acd1651cd2b62c5223b6d530419f473c9791667bb44d0c1e8c3f25357
[INFO] running `Command { std: "docker" "start" "-a" "78c8309acd1651cd2b62c5223b6d530419f473c9791667bb44d0c1e8c3f25357", kill_on_drop: false }`
[INFO] running `Command { std: "docker" "inspect" "78c8309acd1651cd2b62c5223b6d530419f473c9791667bb44d0c1e8c3f25357", kill_on_drop: false }`
[INFO] running `Command { std: "docker" "rm" "-f" "78c8309acd1651cd2b62c5223b6d530419f473c9791667bb44d0c1e8c3f25357", kill_on_drop: false }`
[INFO] [stdout] 78c8309acd1651cd2b62c5223b6d530419f473c9791667bb44d0c1e8c3f25357
[INFO] running `Command { std: "docker" "create" "-v" "/var/lib/crater-agent-workspace/builds/worker-5-tc2/target:/opt/rustwide/target:rw,Z" "-v" "/var/lib/crater-agent-workspace/builds/worker-5-tc2/source:/opt/rustwide/workdir:ro,Z" "-v" "/var/lib/crater-agent-workspace/cargo-home:/opt/rustwide/cargo-home:ro,Z" "-v" "/var/lib/crater-agent-workspace/rustup-home:/opt/rustwide/rustup-home:ro,Z" "-e" "SOURCE_DIR=/opt/rustwide/workdir" "-e" "CARGO_TARGET_DIR=/opt/rustwide/target" "-e" "CARGO_INCREMENTAL=0" "-e" "RUST_BACKTRACE=full" "-e" "RUSTFLAGS=--cap-lints=warn" "-e" "RUSTDOCFLAGS=--cap-lints=warn" "-e" "CARGO_HOME=/opt/rustwide/cargo-home" "-e" "RUSTUP_HOME=/opt/rustwide/rustup-home" "-w" "/opt/rustwide/workdir" "-m" "1610612736" "--user" "0:0" "--network" "none" "ghcr.io/rust-lang/crates-build-env/linux@sha256:2788e3201cd34a07e3172128adcd8b3090168a8e3bcc40d7c032b9dda1df7d1c" "/opt/rustwide/cargo-home/bin/cargo" "+beta-2023-12-22" "doc" "--frozen" "--no-deps" "--document-private-items" "--message-format=json", kill_on_drop: false }`
[INFO] [stdout] e05bcd219570a51f47ed5d54b28034f7d347d4606c7406787f1f7d1244e2fcf9
[INFO] running `Command { std: "docker" "start" "-a" "e05bcd219570a51f47ed5d54b28034f7d347d4606c7406787f1f7d1244e2fcf9", kill_on_drop: false }`
[INFO] [stderr] warning: unused manifest key: dependencies.iced.featrues
[INFO] [stderr] warning: unused manifest key: dependencies.tokio.featrues
[INFO] [stderr]    Compiling libc v0.2.126
[INFO] [stderr]    Compiling syn v1.0.95
[INFO] [stderr]    Compiling serde v1.0.137
[INFO] [stderr]    Compiling smallvec v1.8.0
[INFO] [stderr]    Compiling heck v0.4.0
[INFO] [stderr]    Compiling version-compare v0.1.0
[INFO] [stderr]    Compiling num-traits v0.2.15
[INFO] [stderr]     Checking libloading v0.7.3
[INFO] [stderr]    Compiling indexmap v1.7.0
[INFO] [stderr]    Compiling xml-rs v0.8.4
[INFO] [stderr]    Compiling ahash v0.7.6
[INFO] [stderr]    Compiling crossbeam-epoch v0.9.8
[INFO] [stderr]    Compiling either v1.6.1
[INFO] [stderr]    Compiling wayland-sys v0.29.4
[INFO] [stderr]     Checking cty v0.2.2
[INFO] [stderr]    Compiling futures-channel v0.3.21
[INFO] [stderr]     Checking raw-window-handle v0.4.3
[INFO] [stderr]    Compiling futures-util v0.3.21
[INFO] [stderr]    Compiling cfg-expr v0.10.3
[INFO] [stderr]     Checking dlib v0.5.0
[INFO] [stderr]     Checking subtle v2.4.1
[INFO] [stderr]    Compiling anyhow v1.0.57
[INFO] [stderr]     Checking crossbeam-channel v0.5.4
[INFO] [stderr]    Compiling parking_lot_core v0.8.5
[INFO] [stderr]    Compiling itertools v0.10.3
[INFO] [stderr]     Checking instant v0.1.12
[INFO] [stderr]     Checking scoped-tls v1.0.0
[INFO] [stderr]     Checking downcast-rs v1.2.0
[INFO] [stderr]     Checking nom v7.1.1
[INFO] [stderr]     Checking rustc-hash v1.1.0
[INFO] [stderr]     Checking const-oid v0.7.1
[INFO] [stderr]     Checking zeroize v1.5.5
[INFO] [stderr]     Checking digest v0.9.0
[INFO] [stderr]    Compiling num-integer v0.1.45
[INFO] [stderr]    Compiling smithay-client-toolkit v0.15.4
[INFO] [stderr]     Checking base64ct v1.5.0
[INFO] [stderr]    Compiling khronos-egl v4.1.0
[INFO] [stderr]     Checking der v0.5.1
[INFO] [stderr]    Compiling wayland-scanner v0.29.4
[INFO] [stderr]     Checking crossbeam-deque v0.8.1
[INFO] [stderr]     Checking ttf-parser v0.15.0
[INFO] [stderr]     Checking termcolor v1.1.3
[INFO] [stderr]     Checking bit-vec v0.6.3
[INFO] [stderr]    Compiling ash v0.34.0+1.2.203
[INFO] [stderr]    Compiling memchr v2.5.0
[INFO] [stderr]     Checking gpu-descriptor-types v0.1.1
[INFO] [stderr]     Checking bit-set v0.5.2
[INFO] [stderr]     Checking codespan-reporting v0.11.1
[INFO] [stderr]     Checking gpu-alloc-types v0.2.0
[INFO] [stderr]     Checking ab_glyph_rasterizer v0.1.5
[INFO] [stderr]    Compiling which v4.2.5
[INFO] [stderr]     Checking hexf-parse v0.2.1
[INFO] [stderr]    Compiling bytes v1.1.0
[INFO] [stderr]    Compiling cfg_aliases v0.1.1
[INFO] [stderr]     Checking spki v0.5.4
[INFO] [stderr]     Checking spirv v0.2.0+1.5.4
[INFO] [stderr]    Compiling hashbrown v0.11.2
[INFO] [stderr]    Compiling wgpu-core v0.12.2
[INFO] [stderr]    Compiling aho-corasick v0.7.18
[INFO] [stderr]    Compiling prost-build v0.9.0
[INFO] [stderr]     Checking pkcs8 v0.8.0
[INFO] [stderr]     Checking miniz_oxide v0.5.1
[INFO] [stderr]     Checking gpu-alloc v0.5.3
[INFO] [stderr]     Checking getrandom v0.2.6
[INFO] [stderr]     Checking num_cpus v1.13.1
[INFO] [stderr]     Checking nix v0.22.3
[INFO] [stderr]     Checking memmap2 v0.3.1
[INFO] [stderr]     Checking rand_core v0.6.3
[INFO] [stderr]     Checking mio v0.8.3
[INFO] [stderr]     Checking rayon-core v1.9.3
[INFO] [stderr]     Checking parking_lot v0.11.2
[INFO] [stderr]     Checking xcursor v0.3.4
[INFO] [stderr]     Checking rand_chacha v0.3.1
[INFO] [stderr]    Compiling wayland-client v0.29.4
[INFO] [stderr]    Compiling wayland-protocols v0.29.4
[INFO] [stderr]     Checking crypto-bigint v0.3.2
[INFO] [stderr]     Checking ff v0.11.1
[INFO] [stderr]     Checking crypto-mac v0.11.1
[INFO] [stderr]     Checking rand v0.8.5
[INFO] [stderr]    Compiling glam v0.10.2
[INFO] [stderr]     Checking rayon v1.5.3
[INFO] [stderr]     Checking wgpu-types v0.12.0
[INFO] [stderr]     Checking iced_core v0.5.0
[INFO] [stderr]     Checking renderdoc-sys v0.7.1
[INFO] [stderr]     Checking owned_ttf_parser v0.15.0
[INFO] [stderr]     Checking ab_glyph v0.2.15
[INFO] [stderr]    Compiling fixedbitset v0.4.1
[INFO] [stderr]    Compiling remove_dir_all v0.5.3
[INFO] [stderr]     Checking gpu-descriptor v0.2.2
[INFO] [stderr]     Checking inplace_it v0.3.3
[INFO] [stderr]     Checking profiling v1.0.5
[INFO] [stderr]    Compiling regex-syntax v0.6.26
[INFO] [stderr]     Checking arrayvec v0.7.2
[INFO] [stderr]     Checking glow v0.11.2
[INFO] [stderr]    Compiling strsim v0.10.0
[INFO] [stderr]     Checking twox-hash v1.6.3
[INFO] [stderr]    Compiling unicode-segmentation v1.9.0
[INFO] [stderr]    Compiling fnv v1.0.7
[INFO] [stderr]    Compiling fastrand v1.7.0
[INFO] [stderr]    Compiling ident_case v1.0.1
[INFO] [stderr]     Checking adler32 v1.2.0
[INFO] [stderr]    Compiling petgraph v0.6.1
[INFO] [stderr]    Compiling tempfile v3.3.0
[INFO] [stderr]     Checking iced_style v0.4.0
[INFO] [stderr]     Checking hmac v0.11.0
[INFO] [stderr]     Checking group v0.11.0
[INFO] [stderr]     Checking gethostname v0.2.3
[INFO] [stderr]    Compiling heck v0.3.3
[INFO] [stderr]     Checking sec1 v0.2.1
[INFO] [stderr]     Checking approx v0.5.1
[INFO] [stderr]    Compiling log v0.4.17
[INFO] [stderr]    Compiling x11-dl v2.19.1
[INFO] [stderr]    Compiling toml v0.5.9
[INFO] [stderr]     Checking xi-unicode v0.3.0
[INFO] [stderr]     Checking copyless v0.1.5
[INFO] [stderr]     Checking base16ct v0.1.1
[INFO] [stderr]     Checking linked-hash-map v0.5.4
[INFO] [stderr]    Compiling multimap v0.8.3
[INFO] [stderr]     Checking glyph_brush_layout v0.2.3
[INFO] [stderr]     Checking elliptic-curve v0.11.12
[INFO] [stderr]     Checking rfc6979 v0.1.0
[INFO] [stderr]     Checking deflate v1.0.0
[INFO] [stderr]     Checking parking_lot_core v0.9.3
[INFO] [stderr]     Checking flate2 v1.0.23
[INFO] [stderr]     Checking signature v1.4.0
[INFO] [stderr]     Checking nanorand v0.7.0
[INFO] [stderr]     Checking ordered-float v3.0.0
[INFO] [stderr]     Checking spin v0.9.3
[INFO] [stderr]    Compiling num-iter v0.1.43
[INFO] [stderr]    Compiling num-rational v0.4.0
[INFO] [stderr]    Compiling winit v0.26.1
[INFO] [stderr]     Checking cpufeatures v0.2.2
[INFO] [stderr]     Checking weezl v0.1.6
[INFO] [stderr]    Compiling async-trait v0.1.53
[INFO] [stderr]     Checking sha2 v0.9.9
[INFO] [stderr]    Compiling system-deps v6.0.2
[INFO] [stderr]     Checking glyph_brush_draw_cache v0.1.5
[INFO] [stderr]     Checking jpeg-decoder v0.2.6
[INFO] [stderr]     Checking async-mutex v1.4.0
[INFO] [stderr]    Compiling darling_core v0.13.4
[INFO] [stderr]     Checking parking_lot v0.12.0
[INFO] [stderr]     Checking glyph_brush v0.7.4
[INFO] [stderr]     Checking ecdsa v0.13.4
[INFO] [stderr]     Checking inflate v0.4.5
[INFO] [stderr]     Checking wayland-commons v0.29.4
[INFO] [stderr]     Checking calloop v0.9.3
[INFO] [stderr]    Compiling regex v1.5.6
[INFO] [stderr]     Checking x11rb v0.9.0
[INFO] [stderr]     Checking threadpool v1.8.1
[INFO] [stderr]     Checking socket2 v0.4.4
[INFO] [stderr]     Checking raw-window-handle v0.3.4
[INFO] [stderr]     Checking signal-hook-registry v1.4.0
[INFO] [stderr]     Checking time v0.1.43
[INFO] [stderr]     Checking euclid v0.22.7
[INFO] [stderr]     Checking tracing-core v0.1.26
[INFO] [stderr]     Checking lebe v0.5.1
[INFO] [stderr]     Checking color_quant v1.1.0
[INFO] [stderr]     Checking svg_fmt v0.4.1
[INFO] [stderr]     Checking mutate_once v0.1.1
[INFO] [stderr]     Checking bit_field v0.10.1
[INFO] [stderr]    Compiling cached_proc_macro_types v0.1.0
[INFO] [stderr]     Checking kamadak-exif v0.5.4
[INFO] [stderr]     Checking gif v0.11.3
[INFO] [stderr]    Compiling glib-sys v0.15.10
[INFO] [stderr]    Compiling gobject-sys v0.15.10
[INFO] [stderr]    Compiling atk-sys v0.15.1
[INFO] [stderr]    Compiling gio-sys v0.15.10
[INFO] [stderr]    Compiling gdk-sys v0.15.1
[INFO] [stderr]    Compiling cairo-sys-rs v0.15.1
[INFO] [stderr]    Compiling pango-sys v0.15.10
[INFO] [stderr]    Compiling gdk-pixbuf-sys v0.15.10
[INFO] [stderr]    Compiling gtk-sys v0.15.3
[INFO] [stderr]     Checking guillotiere v0.6.2
[INFO] [stderr]     Checking chrono v0.4.19
[INFO] [stderr]     Checking wayland-cursor v0.29.4
[INFO] [stderr]     Checking tiff v0.7.2
[INFO] [stderr]     Checking p256 v0.10.1
[INFO] [stderr]     Checking async-rwlock v1.3.0
[INFO] [stderr]     Checking png v0.17.5
[INFO] [stderr]     Checking scoped_threadpool v0.1.9
[INFO] [stderr]     Checking md5 v0.7.0
[INFO] [stderr]    Compiling rfd v0.8.2
[INFO] [stderr]    Compiling thiserror-impl v1.0.31
[INFO] [stderr]    Compiling futures-macro v0.3.21
[INFO] [stderr]    Compiling prost-derive v0.9.0
[INFO] [stderr]    Compiling bytemuck_derive v1.1.0
[INFO] [stderr]    Compiling pin-project-internal v1.0.10
[INFO] [stderr]    Compiling darling_macro v0.13.4
[INFO] [stderr]    Compiling tracing-attributes v0.1.21
[INFO] [stderr]    Compiling jcers_proc v0.1.0
[INFO] [stderr]    Compiling serde_derive v1.0.137
[INFO] [stderr]    Compiling tokio-macros v1.7.0
[INFO] [stderr]    Compiling derivative v2.2.0
[INFO] [stderr]     Checking jcers v0.1.1
[INFO] [stderr]     Checking tokio v1.18.2
[INFO] [stderr]    Compiling darling v0.13.4
[INFO] [stderr]    Compiling cached_proc_macro v0.9.0
[INFO] [stderr]     Checking bytemuck v1.9.1
[INFO] [stderr]     Checking thiserror v1.0.31
[INFO] [stderr]     Checking pin-project v1.0.10
[INFO] [stderr]     Checking naga v0.8.5
[INFO] [stderr]     Checking flume v0.10.12
[INFO] [stderr]     Checking clipboard_x11 v0.4.0
[INFO] [stderr]     Checking tracing v0.1.34
[INFO] [stderr]     Checking exr v1.4.2
[INFO] [stderr]    Compiling prost v0.9.0
[INFO] [stderr]     Checking prost-types v0.9.0
[INFO] [stderr]     Checking futures-executor v0.3.21
[INFO] [stderr]     Checking futures v0.3.21
[INFO] [stderr]     Checking iced_futures v0.4.0
[INFO] [stderr]     Checking cached v0.30.0
[INFO] [stderr]     Checking iced_native v0.5.0
[INFO] [stderr]     Checking tokio-util v0.7.2
[INFO] [stderr]     Checking image v0.24.2
[INFO] [stderr]    Compiling ricq-core v0.1.5
[INFO] [stderr]     Checking iced_graphics v0.3.0
[INFO] [stderr]     Checking wgpu-hal v0.12.5
[INFO] [stdout] error[E0554]: `#![feature]` may not be used on the beta release channel
[INFO] [stdout]  --> /opt/rustwide/cargo-home/registry/src/index.crates.io-6f17d22bba15001f/ricq-core-0.1.5/src/lib.rs:1:1
[INFO] [stdout]   |
[INFO] [stdout] 1 | #![feature(type_alias_impl_trait)]
[INFO] [stdout]   | ^^^^^^^^^^^^^^^^^^^^^^^^^^^^^^^^^^
[INFO] [stdout] 
[INFO] [stdout] 
[INFO] [stdout] error[E0658]: `impl Trait` in associated types is unstable
[INFO] [stdout]   --> /opt/rustwide/cargo-home/registry/src/index.crates.io-6f17d22bba15001f/ricq-core-0.1.5/src/msg/mod.rs:57:21
[INFO] [stdout]    |
[INFO] [stdout] 57 |     type IntoIter = impl Iterator<Item = RQElem> + 'static;
[INFO] [stdout]    |                     ^^^^^^^^^^^^^^^^^^^^^^^^^^^^^^^^^^^^^^
[INFO] [stdout]    |
[INFO] [stdout]    = note: see issue #63063 <https://github.com/rust-lang/rust/issues/63063> for more information
[INFO] [stdout] 
[INFO] [stdout] 
[INFO] [stderr]     Checking wgpu v0.12.0
[INFO] [stderr]     Checking wgpu_glyph v0.16.0
[INFO] [stderr]     Checking iced_wgpu v0.5.0
[INFO] [stdout] error: aborting due to 2 previous errors
[INFO] [stdout] 
[INFO] [stdout] 
[INFO] [stdout] Some errors have detailed explanations: E0554, E0658.
[INFO] [stdout] 
[INFO] [stdout] For more information about an error, try `rustc --explain E0554`.
[INFO] [stdout] 
[INFO] [stderr] error: could not compile `ricq-core` (lib) due to 3 previous errors
[INFO] [stderr] warning: build failed, waiting for other jobs to finish...
[INFO] running `Command { std: "docker" "inspect" "e05bcd219570a51f47ed5d54b28034f7d347d4606c7406787f1f7d1244e2fcf9", kill_on_drop: false }`
[INFO] running `Command { std: "docker" "rm" "-f" "e05bcd219570a51f47ed5d54b28034f7d347d4606c7406787f1f7d1244e2fcf9", kill_on_drop: false }`
[INFO] [stdout] e05bcd219570a51f47ed5d54b28034f7d347d4606c7406787f1f7d1244e2fcf9
