[INFO] cloning repository https://github.com/GoobersInc/gooberproxy-plus
[INFO] running `Command { std: "git" "-c" "credential.helper=" "-c" "credential.helper=/workspace/cargo-home/bin/git-credential-null" "clone" "--bare" "https://github.com/GoobersInc/gooberproxy-plus" "/workspace/cache/git-repos/https%3A%2F%2Fgithub.com%2FGoobersInc%2Fgooberproxy-plus", kill_on_drop: false }`
[INFO] [stderr] Cloning into bare repository '/workspace/cache/git-repos/https%3A%2F%2Fgithub.com%2FGoobersInc%2Fgooberproxy-plus'...
[INFO] running `Command { std: "git" "rev-parse" "HEAD", kill_on_drop: false }`
[INFO] [stdout] 69a2f9d6241c45a1874d9200032a67469ba2bda4
[INFO] documenting GoobersInc/gooberproxy-plus against 1.75.0 for beta-1.76-rustdoc-1
[INFO] running `Command { std: "git" "clone" "/workspace/cache/git-repos/https%3A%2F%2Fgithub.com%2FGoobersInc%2Fgooberproxy-plus" "/workspace/builds/worker-1-tc1/source", kill_on_drop: false }`
[INFO] [stderr] Cloning into '/workspace/builds/worker-1-tc1/source'...
[INFO] [stderr] done.
[INFO] validating manifest of git repo https://github.com/GoobersInc/gooberproxy-plus on toolchain 1.75.0
[INFO] running `Command { std: CARGO_HOME="/workspace/cargo-home" RUSTUP_HOME="/workspace/rustup-home" "/workspace/cargo-home/bin/cargo" "+1.75.0" "metadata" "--manifest-path" "Cargo.toml" "--no-deps", kill_on_drop: false }`
[INFO] started tweaking git repo https://github.com/GoobersInc/gooberproxy-plus
[INFO] finished tweaking git repo https://github.com/GoobersInc/gooberproxy-plus
[INFO] tweaked toml for git repo https://github.com/GoobersInc/gooberproxy-plus written to /workspace/builds/worker-1-tc1/source/Cargo.toml
[INFO] crate git repo https://github.com/GoobersInc/gooberproxy-plus already has a lockfile, it will not be regenerated
[INFO] running `Command { std: CARGO_HOME="/workspace/cargo-home" RUSTUP_HOME="/workspace/rustup-home" "/workspace/cargo-home/bin/cargo" "+1.75.0" "fetch" "--manifest-path" "Cargo.toml", kill_on_drop: false }`
[INFO] [stderr]     Updating git repository `https://github.com/GoobersInc/azalea.git`
[INFO] [stderr]     Updating crates.io index
[INFO] [stderr]  Downloading crates ...
[INFO] [stderr]   Downloaded toml_edit v0.19.3
[INFO] [stderr]   Downloaded clap v4.1.7
[INFO] [stderr]   Downloaded cfb8 v0.8.1
[INFO] [stderr]   Downloaded erased-serde v0.3.24
[INFO] [stderr]   Downloaded rsa_public_encrypt_pkcs1 v0.4.0
[INFO] [stderr]   Downloaded clap_derive v4.1.7
[INFO] [stderr]   Downloaded typemap_rev v0.3.0
[INFO] running `Command { std: "docker" "create" "-v" "/var/lib/crater-agent-workspace/builds/worker-1-tc1/target:/opt/rustwide/target:rw,Z" "-v" "/var/lib/crater-agent-workspace/builds/worker-1-tc1/source:/opt/rustwide/workdir:ro,Z" "-v" "/var/lib/crater-agent-workspace/cargo-home:/opt/rustwide/cargo-home:ro,Z" "-v" "/var/lib/crater-agent-workspace/rustup-home:/opt/rustwide/rustup-home:ro,Z" "-e" "SOURCE_DIR=/opt/rustwide/workdir" "-e" "CARGO_TARGET_DIR=/opt/rustwide/target" "-e" "CARGO_HOME=/opt/rustwide/cargo-home" "-e" "RUSTUP_HOME=/opt/rustwide/rustup-home" "-w" "/opt/rustwide/workdir" "-m" "1610612736" "--user" "0:0" "--network" "none" "ghcr.io/rust-lang/crates-build-env/linux@sha256:2788e3201cd34a07e3172128adcd8b3090168a8e3bcc40d7c032b9dda1df7d1c" "/opt/rustwide/cargo-home/bin/cargo" "+1.75.0" "metadata" "--no-deps" "--format-version=1", kill_on_drop: false }`
[INFO] [stdout] e7313adde052c5f4ad2289bde88b2e75040d9748d4c5f788b5f3521cf727de05
[INFO] running `Command { std: "docker" "start" "-a" "e7313adde052c5f4ad2289bde88b2e75040d9748d4c5f788b5f3521cf727de05", kill_on_drop: false }`
[INFO] running `Command { std: "docker" "inspect" "e7313adde052c5f4ad2289bde88b2e75040d9748d4c5f788b5f3521cf727de05", kill_on_drop: false }`
[INFO] running `Command { std: "docker" "rm" "-f" "e7313adde052c5f4ad2289bde88b2e75040d9748d4c5f788b5f3521cf727de05", kill_on_drop: false }`
[INFO] [stdout] e7313adde052c5f4ad2289bde88b2e75040d9748d4c5f788b5f3521cf727de05
[INFO] running `Command { std: "docker" "create" "-v" "/var/lib/crater-agent-workspace/builds/worker-1-tc1/target:/opt/rustwide/target:rw,Z" "-v" "/var/lib/crater-agent-workspace/builds/worker-1-tc1/source:/opt/rustwide/workdir:ro,Z" "-v" "/var/lib/crater-agent-workspace/cargo-home:/opt/rustwide/cargo-home:ro,Z" "-v" "/var/lib/crater-agent-workspace/rustup-home:/opt/rustwide/rustup-home:ro,Z" "-e" "SOURCE_DIR=/opt/rustwide/workdir" "-e" "CARGO_TARGET_DIR=/opt/rustwide/target" "-e" "CARGO_INCREMENTAL=0" "-e" "RUST_BACKTRACE=full" "-e" "RUSTFLAGS=--cap-lints=warn" "-e" "RUSTDOCFLAGS=--cap-lints=warn" "-e" "CARGO_HOME=/opt/rustwide/cargo-home" "-e" "RUSTUP_HOME=/opt/rustwide/rustup-home" "-w" "/opt/rustwide/workdir" "-m" "1610612736" "--user" "0:0" "--network" "none" "ghcr.io/rust-lang/crates-build-env/linux@sha256:2788e3201cd34a07e3172128adcd8b3090168a8e3bcc40d7c032b9dda1df7d1c" "/opt/rustwide/cargo-home/bin/cargo" "+1.75.0" "doc" "--frozen" "--no-deps" "--document-private-items" "--message-format=json", kill_on_drop: false }`
[INFO] [stdout] 51e8136b9e3542c843f93b1b2b83b7d1084f63a358f45e136baf3569c6fb69ab
[INFO] running `Command { std: "docker" "start" "-a" "51e8136b9e3542c843f93b1b2b83b7d1084f63a358f45e136baf3569c6fb69ab", kill_on_drop: false }`
[INFO] [stderr]    Compiling proc-macro2 v1.0.51
[INFO] [stderr]    Compiling quote v1.0.23
[INFO] [stderr]    Compiling unicode-ident v1.0.6
[INFO] [stderr]    Compiling syn v1.0.109
[INFO] [stderr]    Compiling libc v0.2.139
[INFO] [stderr]    Compiling serde_derive v1.0.152
[INFO] [stderr]    Compiling memchr v2.5.0
[INFO] [stderr]    Compiling serde v1.0.152
[INFO] [stderr]     Checking once_cell v1.17.1
[INFO] [stderr]    Compiling log v0.4.17
[INFO] [stderr]     Checking pin-project-lite v0.2.9
[INFO] [stderr]    Compiling slab v0.4.7
[INFO] [stderr]    Compiling futures-core v0.3.26
[INFO] [stderr]    Compiling cc v1.0.79
[INFO] [stderr]    Compiling ahash v0.7.6
[INFO] [stderr]     Checking bytes v1.4.0
[INFO] [stderr]    Compiling tokio v1.25.0
[INFO] [stderr]    Compiling thiserror v1.0.38
[INFO] [stderr]     Checking tracing-core v0.1.30
[INFO] [stderr]    Compiling indexmap v1.9.2
[INFO] [stderr]     Checking futures-io v0.3.26
[INFO] [stderr]     Checking itoa v1.0.5
[INFO] [stderr]    Compiling num-traits v0.2.15
[INFO] [stderr]     Checking miniz_oxide v0.6.2
[INFO] [stderr]    Compiling serde_json v1.0.93
[INFO] [stderr]     Checking ryu v1.0.12
[INFO] [stderr]    Compiling crossbeam-utils v0.7.2
[INFO] [stderr]     Checking fnv v1.0.7
[INFO] [stderr]    Compiling crossbeam-utils v0.8.14
[INFO] [stderr]    Compiling typenum v1.16.0
[INFO] [stderr]    Compiling backtrace v0.3.67
[INFO] [stderr]     Checking getrandom v0.2.8
[INFO] [stderr]     Checking num_cpus v1.15.0
[INFO] [stderr]     Checking mio v0.8.6
[INFO] [stderr]     Checking socket2 v0.4.7
[INFO] [stderr]     Checking gimli v0.27.2
[INFO] [stderr]     Checking object v0.30.3
[INFO] [stderr]    Compiling generic-array v0.14.6
[INFO] [stderr]    Compiling lock_api v0.4.9
[INFO] [stderr]     Checking futures v0.1.31
[INFO] [stderr]     Checking futures-sink v0.3.26
[INFO] [stderr]    Compiling futures-task v0.3.26
[INFO] [stderr]     Checking fixedbitset v0.4.2
[INFO] [stderr]    Compiling futures-channel v0.3.26
[INFO] [stderr]    Compiling semver-parser v0.7.0
[INFO] [stderr]    Compiling parking_lot_core v0.9.7
[INFO] [stderr]     Checking rustc-demangle v0.1.21
[INFO] [stderr]    Compiling semver v0.9.0
[INFO] [stderr]     Checking thread-id v4.0.0
[INFO] [stderr]    Compiling ring v0.16.20
[INFO] [stderr]    Compiling num-integer v0.1.45
[INFO] [stderr]     Checking fastrand v1.9.0
[INFO] [stderr]     Checking parking v2.0.0
[INFO] [stderr]    Compiling futures-util v0.3.26
[INFO] [stderr]     Checking waker-fn v1.1.0
[INFO] [stderr]     Checking event-listener v2.5.3
[INFO] [stderr]     Checking futures-lite v1.12.0
[INFO] [stderr]    Compiling rustc_version v0.2.3
[INFO] [stderr]     Checking addr2line v0.19.0
[INFO] [stderr]     Checking concurrent-queue v2.1.0
[INFO] [stderr]     Checking iovec v0.1.4
[INFO] [stderr]    Compiling erased-serde v0.3.24
[INFO] [stderr]     Checking pin-utils v0.1.0
[INFO] [stderr]    Compiling bit-vec v0.6.3
[INFO] [stderr]     Checking bytemuck v1.13.0
[INFO] [stderr]     Checking async-lock v2.6.0
[INFO] [stderr]    Compiling toml v0.5.11
[INFO] [stderr]    Compiling bit-set v0.5.3
[INFO] [stderr]    Compiling uuid v1.3.0
[INFO] [stderr]     Checking instant v0.1.12
[INFO] [stderr]     Checking cache-padded v1.2.0
[INFO] [stderr]     Checking async-task v4.3.0
[INFO] [stderr]    Compiling heck v0.4.1
[INFO] [stderr]     Checking tinyvec_macros v0.1.1
[INFO] [stderr]     Checking untrusted v0.7.1
[INFO] [stderr]     Checking spin v0.5.2
[INFO] [stderr]     Checking tinyvec v1.6.0
[INFO] [stderr]     Checking async-executor v1.5.0
[INFO] [stderr]     Checking concurrent-queue v1.2.4
[INFO] [stderr]     Checking async-channel v1.8.0
[INFO] [stderr]     Checking tokio-executor v0.1.10
[INFO] [stderr]     Checking thread_local v1.1.7
[INFO] [stderr]    Compiling num-bigint v0.4.3
[INFO] [stderr]     Checking bevy_ptr v0.9.1
[INFO] [stderr]     Checking bevy_tasks v0.9.1
[INFO] [stderr]    Compiling bevy_macro_utils v0.9.1
[INFO] [stderr]     Checking bytes v0.4.12
[INFO] [stderr]     Checking crypto-common v0.1.6
[INFO] [stderr]    Compiling parking_lot_core v0.6.3
[INFO] [stderr]     Checking unicode-normalization v0.1.22
[INFO] [stderr]     Checking rand_core v0.6.4
[INFO] [stderr]     Checking fxhash v0.2.1
[INFO] [stderr]     Checking unicode-bidi v0.3.10
[INFO] [stderr]     Checking ppv-lite86 v0.2.17
[INFO] [stderr]    Compiling hashbrown v0.12.3
[INFO] [stderr]     Checking percent-encoding v2.2.0
[INFO] [stderr]     Checking form_urlencoded v1.1.0
[INFO] [stderr]     Checking tokio-io v0.1.13
[INFO] [stderr]    Compiling nom8 v0.2.0
[INFO] [stderr]     Checking rand_chacha v0.3.1
[INFO] [stderr]    Compiling serde_spanned v0.6.1
[INFO] [stderr]     Checking webpki v0.22.0
[INFO] [stderr]    Compiling toml_datetime v0.6.1
[INFO] [stderr]    Compiling parking_lot v0.9.0
[INFO] [stderr]     Checking smallvec v0.6.14
[INFO] [stderr]     Checking net2 v0.2.38
[INFO] [stderr]     Checking http v0.2.8
[INFO] [stderr]    Compiling ahash v0.8.3
[INFO] [stderr]    Compiling num-iter v0.1.43
[INFO] [stderr]    Compiling num-rational v0.4.1
[INFO] [stderr]    Compiling memoffset v0.5.6
[INFO] [stderr]    Compiling httparse v1.8.0
[INFO] [stderr]    Compiling rustls v0.20.8
[INFO] [stderr]     Checking mio v0.6.23
[INFO] [stderr]     Checking rand v0.8.5
[INFO] [stderr]     Checking sct v0.7.0
[INFO] [stderr]     Checking flate2 v1.0.25
[INFO] [stderr]     Checking idna v0.3.0
[INFO] [stderr]     Checking inout v0.1.3
[INFO] [stderr]     Checking lock_api v0.3.4
[INFO] [stderr]    Compiling crossbeam-epoch v0.8.2
[INFO] [stderr]     Checking try-lock v0.2.4
[INFO] [stderr]     Checking want v0.3.0
[INFO] [stderr]     Checking cipher v0.4.3
[INFO] [stderr]     Checking url v2.3.1
[INFO] [stderr]     Checking http-body v0.4.5
[INFO] [stderr]     Checking chrono v0.4.23
[INFO] [stderr]     Checking block-buffer v0.10.3
[INFO] [stderr]    Compiling tokio-macros v1.8.2
[INFO] [stderr]    Compiling thiserror-impl v1.0.38
[INFO] [stderr]    Compiling tracing-attributes v0.1.23
[INFO] [stderr]    Compiling azalea-buf-macros v0.6.0 (https://github.com/GoobersInc/azalea.git?branch=new#0ddbb78e)
[INFO] [stderr]    Compiling futures-macro v0.3.26
[INFO] [stderr]    Compiling bevy_reflect_derive v0.9.1
[INFO] [stderr]    Compiling bevy_ecs_macros v0.9.1
[INFO] [stderr]    Compiling enum-as-inner v0.5.1
[INFO] [stderr]    Compiling toml_edit v0.19.3
[INFO] [stderr]     Checking tracing v0.1.37
[INFO] [stderr]    Compiling bevy_derive v0.9.1
[INFO] [stderr]    Compiling num-derive v0.3.3
[INFO] [stderr]    Compiling azalea-registry-macros v0.6.0 (https://github.com/GoobersInc/azalea.git?branch=new#0ddbb78e)
[INFO] [stderr]     Checking tokio-sync v0.1.8
[INFO] [stderr]     Checking num-complex v0.4.3
[INFO] [stderr]     Checking cpufeatures v0.2.5
[INFO] [stderr]     Checking tower-service v0.3.2
[INFO] [stderr]    Compiling toml v0.7.2
[INFO] [stderr]     Checking ipnet v2.7.1
[INFO] [stderr]     Checking httpdate v1.0.2
[INFO] [stderr]    Compiling async-trait v0.1.64
[INFO] [stderr]     Checking num v0.4.0
[INFO] [stderr]     Checking tokio-reactor v0.1.12
[INFO] [stderr]     Checking simple_asn1 v0.5.4
[INFO] [stderr]     Checking digest v0.10.6
[INFO] [stderr]    Compiling azalea-block-macros v0.6.0 (https://github.com/GoobersInc/azalea.git?branch=new#0ddbb78e)
[INFO] [stderr]     Checking regex-syntax v0.6.28
[INFO] [stderr]    Compiling convert_case v0.4.0
[INFO] [stderr]    Compiling io-lifetimes v1.0.5
[INFO] [stderr]     Checking tokio-util v0.7.7
[INFO] [stderr]     Checking tokio-rustls v0.23.4
[INFO] [stderr]     Checking matches v0.1.10
[INFO] [stderr]     Checking base64 v0.21.0
[INFO] [stderr]     Checking idna v0.2.3
[INFO] [stderr]    Compiling derive_more v0.99.17
[INFO] [stderr]     Checking rustls-pemfile v1.0.2
[INFO] [stderr]     Checking crossbeam-deque v0.7.4
[INFO] [stderr]     Checking sha-1 v0.10.1
[INFO] [stderr]     Checking rsa_public_encrypt_pkcs1 v0.4.0
[INFO] [stderr]     Checking aes v0.8.2
[INFO] [stderr]     Checking cfb8 v0.8.1
[INFO] [stderr]     Checking webpki-roots v0.22.6
[INFO] [stderr]     Checking tokio-codec v0.1.2
[INFO] [stderr]     Checking crossbeam-queue v0.2.3
[INFO] [stderr]     Checking encoding_rs v0.8.32
[INFO] [stderr]     Checking linked-hash-map v0.5.6
[INFO] [stderr]     Checking data-encoding v2.3.3
[INFO] [stderr]    Compiling rustix v0.36.8
[INFO] [stderr]    Compiling azalea-ecs-macros v0.6.0 (https://github.com/GoobersInc/azalea.git?branch=new#0ddbb78e)
[INFO] [stderr]     Checking mime v0.3.16
[INFO] [stderr]     Checking nohash-hasher v0.2.0
[INFO] [stderr]     Checking lru-cache v0.1.2
[INFO] [stderr]     Checking tokio-threadpool v0.1.18
[INFO] [stderr]    Compiling proc-macro-error-attr v1.0.4
[INFO] [stderr]     Checking futures-executor v0.3.26
[INFO] [stderr]     Checking mio-uds v0.6.8
[INFO] [stderr]     Checking aho-corasick v0.7.20
[INFO] [stderr]    Compiling anyhow v1.0.69
[INFO] [stderr]     Checking linux-raw-sys v0.1.4
[INFO] [stderr]    Compiling proc-macro-error v1.0.4
[INFO] [stderr]     Checking tokio-fs v0.1.7
[INFO] [stderr]     Checking tokio-uds v0.2.7
[INFO] [stderr]     Checking futures v0.3.26
[INFO] [stderr]     Checking regex-automata v0.1.10
[INFO] [stderr]     Checking tokio-udp v0.1.6
[INFO] [stderr]     Checking regex v1.7.1
[INFO] [stderr]     Checking async-compression v0.3.15
[INFO] [stderr]     Checking tokio-tcp v0.1.4
[INFO] [stderr]    Compiling azalea-protocol-macros v0.6.0 (https://github.com/GoobersInc/azalea.git?branch=new#0ddbb78e)
[INFO] [stderr]    Compiling pin-project-internal v1.0.12
[INFO] [stderr]     Checking smallvec v1.10.0
[INFO] [stderr]     Checking glam v0.22.0
[INFO] [stderr]     Checking bevy_utils v0.9.1
[INFO] [stderr]     Checking serde_urlencoded v0.7.1
[INFO] [stderr]     Checking trust-dns-proto v0.22.0
[INFO] [stderr]     Checking petgraph v0.6.3
[INFO] [stderr]     Checking azalea-buf v0.6.0 (https://github.com/GoobersInc/azalea.git?branch=new#0ddbb78e)
[INFO] [stderr]     Checking azalea-language v0.6.0 (https://github.com/GoobersInc/azalea.git?branch=new#0ddbb78e)
[INFO] [stdout] error[E0432]: unresolved import `thiserror`
[INFO] [stdout]    --> /opt/rustwide/cargo-home/git/checkouts/azalea-88e70326bddc7ab8/0ddbb78/azalea-buf/src/read.rs:12:10
[INFO] [stdout]     |
[INFO] [stdout] 12  | #[derive(Error, Debug)]
[INFO] [stdout]     |          ^^^^^ no `ThiserrorProvide` in `__private`
[INFO] [stdout]     |
[INFO] [stdout] note: found an item that was configured out
[INFO] [stdout]    --> /opt/rustwide/cargo-home/registry/src/index.crates.io-6f17d22bba15001f/thiserror-1.0.38/src/lib.rs:253:29
[INFO] [stdout]     |
[INFO] [stdout] 253 |     pub use crate::provide::ThiserrorProvide;
[INFO] [stdout]     |                             ^^^^^^^^^^^^^^^^
[INFO] [stdout]     = note: this error originates in the derive macro `Error` (in Nightly builds, run with -Z macro-backtrace for more info)
[INFO] [stdout] 
[INFO] [stdout] 
[INFO] [stdout] error[E0412]: cannot find type `Demand` in module `std::any`
[INFO] [stdout]   --> /opt/rustwide/cargo-home/git/checkouts/azalea-88e70326bddc7ab8/0ddbb78/azalea-buf/src/read.rs:12:10
[INFO] [stdout]    |
[INFO] [stdout] 12 | #[derive(Error, Debug)]
[INFO] [stdout]    |          ^^^^^ not found in `std::any`
[INFO] [stdout]    |
[INFO] [stdout]    = note: this error originates in the derive macro `Error` (in Nightly builds, run with -Z macro-backtrace for more info)
[INFO] [stdout] 
[INFO] [stdout] 
[INFO] [stdout] error[E0554]: `#![feature]` may not be used on the stable release channel
[INFO] [stdout]  --> /opt/rustwide/cargo-home/git/checkouts/azalea-88e70326bddc7ab8/0ddbb78/azalea-buf/src/lib.rs:2:1
[INFO] [stdout]   |
[INFO] [stdout] 2 | #![feature(min_specialization)]
[INFO] [stdout]   | ^^^^^^^^^^^^^^^^^^^^^^^^^^^^^^^
[INFO] [stdout] 
[INFO] [stdout] 
[INFO] [stdout] error[E0554]: `#![feature]` may not be used on the stable release channel
[INFO] [stdout]  --> /opt/rustwide/cargo-home/git/checkouts/azalea-88e70326bddc7ab8/0ddbb78/azalea-buf/src/lib.rs:4:1
[INFO] [stdout]   |
[INFO] [stdout] 4 | #![feature(error_generic_member_access)]
[INFO] [stdout]   | ^^^^^^^^^^^^^^^^^^^^^^^^^^^^^^^^^^^^^^^^
[INFO] [stdout] 
[INFO] [stdout] 
[INFO] [stdout] error[E0554]: `#![feature]` may not be used on the stable release channel
[INFO] [stdout]  --> /opt/rustwide/cargo-home/git/checkouts/azalea-88e70326bddc7ab8/0ddbb78/azalea-buf/src/lib.rs:5:1
[INFO] [stdout]   |
[INFO] [stdout] 5 | #![feature(provide_any)]
[INFO] [stdout]   | ^^^^^^^^^^^^^^^^^^^^^^^^
[INFO] [stdout] 
[INFO] [stdout] 
[INFO] [stdout] error[E0554]: `#![feature]` may not be used on the stable release channel
[INFO] [stdout]  --> /opt/rustwide/cargo-home/git/checkouts/azalea-88e70326bddc7ab8/0ddbb78/azalea-buf/src/lib.rs:4:12
[INFO] [stdout]   |
[INFO] [stdout] 4 | #![feature(error_generic_member_access)]
[INFO] [stdout]   |            ^^^^^^^^^^^^^^^^^^^^^^^^^^^
[INFO] [stdout] 
[INFO] [stdout] 
[INFO] [stdout] error[E0554]: `#![feature]` may not be used on the stable release channel
[INFO] [stdout]  --> /opt/rustwide/cargo-home/git/checkouts/azalea-88e70326bddc7ab8/0ddbb78/azalea-buf/src/lib.rs:5:12
[INFO] [stdout]   |
[INFO] [stdout] 5 | #![feature(provide_any)]
[INFO] [stdout]   |            ^^^^^^^^^^^
[INFO] [stdout] 
[INFO] [stdout] 
[INFO] [stdout] error[E0635]: unknown feature `provide_any`
[INFO] [stdout]  --> /opt/rustwide/cargo-home/git/checkouts/azalea-88e70326bddc7ab8/0ddbb78/azalea-buf/src/lib.rs:5:12
[INFO] [stdout]   |
[INFO] [stdout] 5 | #![feature(provide_any)]
[INFO] [stdout]   |            ^^^^^^^^^^^
[INFO] [stdout] 
[INFO] [stdout] 
[INFO] [stderr]     Checking h2 v0.3.15
[INFO] [stdout] error[E0599]: no method named `thiserror_provide` found for reference `&std::io::Error` in the current scope
[INFO] [stdout]   --> /opt/rustwide/cargo-home/git/checkouts/azalea-88e70326bddc7ab8/0ddbb78/azalea-buf/src/read.rs:26:9
[INFO] [stdout]    |
[INFO] [stdout] 26 |         source: std::io::Error,
[INFO] [stdout]    |         ^^^^^^ method not found in `&Error`
[INFO] [stdout] 
[INFO] [stdout] 
[INFO] [stdout] error[E0599]: no method named `thiserror_provide` found for reference `&serde_json::Error` in the current scope
[INFO] [stdout]   --> /opt/rustwide/cargo-home/git/checkouts/azalea-88e70326bddc7ab8/0ddbb78/azalea-buf/src/read.rs:51:9
[INFO] [stdout]    |
[INFO] [stdout] 51 |         source: serde_json::Error,
[INFO] [stdout]    |         ^^^^^^ method not found in `&Error`
[INFO] [stdout] 
[INFO] [stdout] 
[INFO] [stdout] error: aborting due to 10 previous errors
[INFO] [stdout] 
[INFO] [stdout] 
[INFO] [stdout] Some errors have detailed explanations: E0412, E0432, E0554, E0599, E0635.
[INFO] [stdout] 
[INFO] [stdout] For more information about an error, try `rustc --explain E0412`.
[INFO] [stdout] 
[INFO] [stderr] error: could not compile `azalea-buf` (lib) due to 11 previous errors
[INFO] [stderr] warning: build failed, waiting for other jobs to finish...
[INFO] running `Command { std: "docker" "inspect" "51e8136b9e3542c843f93b1b2b83b7d1084f63a358f45e136baf3569c6fb69ab", kill_on_drop: false }`
[INFO] running `Command { std: "docker" "rm" "-f" "51e8136b9e3542c843f93b1b2b83b7d1084f63a358f45e136baf3569c6fb69ab", kill_on_drop: false }`
[INFO] [stdout] 51e8136b9e3542c843f93b1b2b83b7d1084f63a358f45e136baf3569c6fb69ab
[INFO] documenting GoobersInc/gooberproxy-plus against beta-2023-12-22 for beta-1.76-rustdoc-1
[INFO] running `Command { std: "git" "clone" "/workspace/cache/git-repos/https%3A%2F%2Fgithub.com%2FGoobersInc%2Fgooberproxy-plus" "/workspace/builds/worker-1-tc2/source", kill_on_drop: false }`
[INFO] [stderr] Cloning into '/workspace/builds/worker-1-tc2/source'...
[INFO] [stderr] done.
[INFO] validating manifest of git repo https://github.com/GoobersInc/gooberproxy-plus on toolchain beta-2023-12-22
[INFO] running `Command { std: CARGO_HOME="/workspace/cargo-home" RUSTUP_HOME="/workspace/rustup-home" "/workspace/cargo-home/bin/cargo" "+beta-2023-12-22" "metadata" "--manifest-path" "Cargo.toml" "--no-deps", kill_on_drop: false }`
[INFO] started tweaking git repo https://github.com/GoobersInc/gooberproxy-plus
[INFO] finished tweaking git repo https://github.com/GoobersInc/gooberproxy-plus
[INFO] tweaked toml for git repo https://github.com/GoobersInc/gooberproxy-plus written to /workspace/builds/worker-1-tc2/source/Cargo.toml
[INFO] crate git repo https://github.com/GoobersInc/gooberproxy-plus already has a lockfile, it will not be regenerated
[INFO] running `Command { std: CARGO_HOME="/workspace/cargo-home" RUSTUP_HOME="/workspace/rustup-home" "/workspace/cargo-home/bin/cargo" "+beta-2023-12-22" "fetch" "--manifest-path" "Cargo.toml", kill_on_drop: false }`
[INFO] running `Command { std: "docker" "create" "-v" "/var/lib/crater-agent-workspace/builds/worker-1-tc2/target:/opt/rustwide/target:rw,Z" "-v" "/var/lib/crater-agent-workspace/builds/worker-1-tc2/source:/opt/rustwide/workdir:ro,Z" "-v" "/var/lib/crater-agent-workspace/cargo-home:/opt/rustwide/cargo-home:ro,Z" "-v" "/var/lib/crater-agent-workspace/rustup-home:/opt/rustwide/rustup-home:ro,Z" "-e" "SOURCE_DIR=/opt/rustwide/workdir" "-e" "CARGO_TARGET_DIR=/opt/rustwide/target" "-e" "CARGO_HOME=/opt/rustwide/cargo-home" "-e" "RUSTUP_HOME=/opt/rustwide/rustup-home" "-w" "/opt/rustwide/workdir" "-m" "1610612736" "--user" "0:0" "--network" "none" "ghcr.io/rust-lang/crates-build-env/linux@sha256:2788e3201cd34a07e3172128adcd8b3090168a8e3bcc40d7c032b9dda1df7d1c" "/opt/rustwide/cargo-home/bin/cargo" "+beta-2023-12-22" "metadata" "--no-deps" "--format-version=1", kill_on_drop: false }`
[INFO] [stdout] a3116ef3e655d2aea5d5c974c3b0f601625cf5132373bae60fd5ef1d21f9a3db
[INFO] running `Command { std: "docker" "start" "-a" "a3116ef3e655d2aea5d5c974c3b0f601625cf5132373bae60fd5ef1d21f9a3db", kill_on_drop: false }`
[INFO] running `Command { std: "docker" "inspect" "a3116ef3e655d2aea5d5c974c3b0f601625cf5132373bae60fd5ef1d21f9a3db", kill_on_drop: false }`
[INFO] running `Command { std: "docker" "rm" "-f" "a3116ef3e655d2aea5d5c974c3b0f601625cf5132373bae60fd5ef1d21f9a3db", kill_on_drop: false }`
[INFO] [stdout] a3116ef3e655d2aea5d5c974c3b0f601625cf5132373bae60fd5ef1d21f9a3db
[INFO] running `Command { std: "docker" "create" "-v" "/var/lib/crater-agent-workspace/builds/worker-1-tc2/target:/opt/rustwide/target:rw,Z" "-v" "/var/lib/crater-agent-workspace/builds/worker-1-tc2/source:/opt/rustwide/workdir:ro,Z" "-v" "/var/lib/crater-agent-workspace/cargo-home:/opt/rustwide/cargo-home:ro,Z" "-v" "/var/lib/crater-agent-workspace/rustup-home:/opt/rustwide/rustup-home:ro,Z" "-e" "SOURCE_DIR=/opt/rustwide/workdir" "-e" "CARGO_TARGET_DIR=/opt/rustwide/target" "-e" "CARGO_INCREMENTAL=0" "-e" "RUST_BACKTRACE=full" "-e" "RUSTFLAGS=--cap-lints=warn" "-e" "RUSTDOCFLAGS=--cap-lints=warn" "-e" "CARGO_HOME=/opt/rustwide/cargo-home" "-e" "RUSTUP_HOME=/opt/rustwide/rustup-home" "-w" "/opt/rustwide/workdir" "-m" "1610612736" "--user" "0:0" "--network" "none" "ghcr.io/rust-lang/crates-build-env/linux@sha256:2788e3201cd34a07e3172128adcd8b3090168a8e3bcc40d7c032b9dda1df7d1c" "/opt/rustwide/cargo-home/bin/cargo" "+beta-2023-12-22" "doc" "--frozen" "--no-deps" "--document-private-items" "--message-format=json", kill_on_drop: false }`
[INFO] [stdout] 9af7b7f9b66802ae1c51c530171ec26cf934c61a68ab92b04cc84b1b62feaa66
[INFO] running `Command { std: "docker" "start" "-a" "9af7b7f9b66802ae1c51c530171ec26cf934c61a68ab92b04cc84b1b62feaa66", kill_on_drop: false }`
[INFO] [stderr]    Compiling proc-macro2 v1.0.51
[INFO] [stderr]    Compiling quote v1.0.23
[INFO] [stderr]    Compiling unicode-ident v1.0.6
[INFO] [stderr]    Compiling syn v1.0.109
[INFO] [stderr]    Compiling libc v0.2.139
[INFO] [stderr]    Compiling serde_derive v1.0.152
[INFO] [stderr]    Compiling memchr v2.5.0
[INFO] [stderr]    Compiling serde v1.0.152
[INFO] [stderr]     Checking once_cell v1.17.1
[INFO] [stderr]    Compiling log v0.4.17
[INFO] [stderr]     Checking pin-project-lite v0.2.9
[INFO] [stderr]    Compiling slab v0.4.7
[INFO] [stderr]    Compiling futures-core v0.3.26
[INFO] [stderr]    Compiling cc v1.0.79
[INFO] [stderr]    Compiling ahash v0.7.6
[INFO] [stderr]     Checking bytes v1.4.0
[INFO] [stderr]    Compiling tokio v1.25.0
[INFO] [stderr]    Compiling thiserror v1.0.38
[INFO] [stderr]     Checking tracing-core v0.1.30
[INFO] [stderr]    Compiling indexmap v1.9.2
[INFO] [stderr]     Checking futures-io v0.3.26
[INFO] [stderr]     Checking itoa v1.0.5
[INFO] [stderr]    Compiling num-traits v0.2.15
[INFO] [stderr]     Checking miniz_oxide v0.6.2
[INFO] [stderr]    Compiling serde_json v1.0.93
[INFO] [stderr]     Checking ryu v1.0.12
[INFO] [stderr]    Compiling crossbeam-utils v0.7.2
[INFO] [stderr]     Checking fnv v1.0.7
[INFO] [stderr]    Compiling crossbeam-utils v0.8.14
[INFO] [stderr]    Compiling typenum v1.16.0
[INFO] [stderr]     Checking getrandom v0.2.8
[INFO] [stderr]     Checking num_cpus v1.15.0
[INFO] [stderr]     Checking mio v0.8.6
[INFO] [stderr]     Checking socket2 v0.4.7
[INFO] [stderr]    Compiling backtrace v0.3.67
[INFO] [stderr]     Checking gimli v0.27.2
[INFO] [stderr]     Checking object v0.30.3
[INFO] [stderr]    Compiling generic-array v0.14.6
[INFO] [stderr]    Compiling lock_api v0.4.9
[INFO] [stderr]     Checking futures v0.1.31
[INFO] [stderr]    Compiling futures-channel v0.3.26
[INFO] [stderr]    Compiling parking_lot_core v0.9.7
[INFO] [stderr]    Compiling futures-task v0.3.26
[INFO] [stderr]     Checking rustc-demangle v0.1.21
[INFO] [stderr]     Checking fixedbitset v0.4.2
[INFO] [stderr]     Checking futures-sink v0.3.26
[INFO] [stderr]    Compiling semver-parser v0.7.0
[INFO] [stderr]    Compiling semver v0.9.0
[INFO] [stderr]    Compiling ring v0.16.20
[INFO] [stderr]     Checking thread-id v4.0.0
[INFO] [stderr]    Compiling num-integer v0.1.45
[INFO] [stderr]    Compiling futures-util v0.3.26
[INFO] [stderr]     Checking parking v2.0.0
[INFO] [stderr]     Checking event-listener v2.5.3
[INFO] [stderr]     Checking waker-fn v1.1.0
[INFO] [stderr]     Checking fastrand v1.9.0
[INFO] [stderr]     Checking futures-lite v1.12.0
[INFO] [stderr]    Compiling rustc_version v0.2.3
[INFO] [stderr]     Checking addr2line v0.19.0
[INFO] [stderr]     Checking concurrent-queue v2.1.0
[INFO] [stderr]    Compiling toml v0.5.11
[INFO] [stderr]     Checking iovec v0.1.4
[INFO] [stderr]     Checking bytemuck v1.13.0
[INFO] [stderr]    Compiling bit-vec v0.6.3
[INFO] [stderr]    Compiling erased-serde v0.3.24
[INFO] [stderr]     Checking pin-utils v0.1.0
[INFO] [stderr]    Compiling bit-set v0.5.3
[INFO] [stderr]     Checking async-lock v2.6.0
[INFO] [stderr]    Compiling uuid v1.3.0
[INFO] [stderr]     Checking instant v0.1.12
[INFO] [stderr]     Checking spin v0.5.2
[INFO] [stderr]     Checking untrusted v0.7.1
[INFO] [stderr]     Checking tinyvec_macros v0.1.1
[INFO] [stderr]     Checking cache-padded v1.2.0
[INFO] [stderr]    Compiling heck v0.4.1
[INFO] [stderr]     Checking async-task v4.3.0
[INFO] [stderr]     Checking concurrent-queue v1.2.4
[INFO] [stderr]     Checking tinyvec v1.6.0
[INFO] [stderr]     Checking async-channel v1.8.0
[INFO] [stderr]     Checking async-executor v1.5.0
[INFO] [stderr]     Checking tokio-executor v0.1.10
[INFO] [stderr]    Compiling bevy_macro_utils v0.9.1
[INFO] [stderr]     Checking thread_local v1.1.7
[INFO] [stderr]    Compiling num-bigint v0.4.3
[INFO] [stderr]     Checking bevy_ptr v0.9.1
[INFO] [stderr]     Checking bevy_tasks v0.9.1
[INFO] [stderr]     Checking bytes v0.4.12
[INFO] [stderr]     Checking crypto-common v0.1.6
[INFO] [stderr]    Compiling parking_lot_core v0.6.3
[INFO] [stderr]     Checking rand_core v0.6.4
[INFO] [stderr]     Checking unicode-normalization v0.1.22
[INFO] [stderr]     Checking fxhash v0.2.1
[INFO] [stderr]     Checking percent-encoding v2.2.0
[INFO] [stderr]     Checking unicode-bidi v0.3.10
[INFO] [stderr]     Checking ppv-lite86 v0.2.17
[INFO] [stderr]    Compiling hashbrown v0.12.3
[INFO] [stderr]     Checking form_urlencoded v1.1.0
[INFO] [stderr]     Checking tokio-io v0.1.13
[INFO] [stderr]    Compiling nom8 v0.2.0
[INFO] [stderr]    Compiling toml_datetime v0.6.1
[INFO] [stderr]     Checking rand_chacha v0.3.1
[INFO] [stderr]    Compiling serde_spanned v0.6.1
[INFO] [stderr]    Compiling parking_lot v0.9.0
[INFO] [stderr]     Checking smallvec v0.6.14
[INFO] [stderr]     Checking net2 v0.2.38
[INFO] [stderr]     Checking http v0.2.8
[INFO] [stderr]    Compiling ahash v0.8.3
[INFO] [stderr]    Compiling num-rational v0.4.1
[INFO] [stderr]    Compiling memoffset v0.5.6
[INFO] [stderr]    Compiling num-iter v0.1.43
[INFO] [stderr]    Compiling httparse v1.8.0
[INFO] [stderr]    Compiling rustls v0.20.8
[INFO] [stderr]     Checking webpki v0.22.0
[INFO] [stderr]     Checking sct v0.7.0
[INFO] [stderr]     Checking mio v0.6.23
[INFO] [stderr]     Checking rand v0.8.5
[INFO] [stderr]     Checking flate2 v1.0.25
[INFO] [stderr]     Checking idna v0.3.0
[INFO] [stderr]     Checking inout v0.1.3
[INFO] [stderr]     Checking lock_api v0.3.4
[INFO] [stderr]    Compiling crossbeam-epoch v0.8.2
[INFO] [stderr]     Checking try-lock v0.2.4
[INFO] [stderr]     Checking want v0.3.0
[INFO] [stderr]     Checking cipher v0.4.3
[INFO] [stderr]     Checking url v2.3.1
[INFO] [stderr]     Checking http-body v0.4.5
[INFO] [stderr]    Compiling tokio-macros v1.8.2
[INFO] [stderr]    Compiling thiserror-impl v1.0.38
[INFO] [stderr]    Compiling tracing-attributes v0.1.23
[INFO] [stderr]    Compiling azalea-buf-macros v0.6.0 (https://github.com/GoobersInc/azalea.git?branch=new#0ddbb78e)
[INFO] [stderr]    Compiling futures-macro v0.3.26
[INFO] [stderr]    Compiling bevy_reflect_derive v0.9.1
[INFO] [stderr]    Compiling bevy_ecs_macros v0.9.1
[INFO] [stderr]    Compiling enum-as-inner v0.5.1
[INFO] [stderr]    Compiling toml_edit v0.19.3
[INFO] [stderr]    Compiling bevy_derive v0.9.1
[INFO] [stderr]     Checking tracing v0.1.37
[INFO] [stderr]    Compiling num-derive v0.3.3
[INFO] [stderr]    Compiling azalea-registry-macros v0.6.0 (https://github.com/GoobersInc/azalea.git?branch=new#0ddbb78e)
[INFO] [stderr]     Checking chrono v0.4.23
[INFO] [stderr]     Checking block-buffer v0.10.3
[INFO] [stderr]     Checking tokio-sync v0.1.8
[INFO] [stderr]     Checking num-complex v0.4.3
[INFO] [stderr]    Compiling toml v0.7.2
[INFO] [stderr]     Checking httpdate v1.0.2
[INFO] [stderr]    Compiling async-trait v0.1.64
[INFO] [stderr]     Checking tower-service v0.3.2
[INFO] [stderr]     Checking cpufeatures v0.2.5
[INFO] [stderr]     Checking ipnet v2.7.1
[INFO] [stderr]     Checking num v0.4.0
[INFO] [stderr]     Checking simple_asn1 v0.5.4
[INFO] [stderr]     Checking tokio-reactor v0.1.12
[INFO] [stderr]     Checking digest v0.10.6
[INFO] [stderr]    Compiling azalea-block-macros v0.6.0 (https://github.com/GoobersInc/azalea.git?branch=new#0ddbb78e)
[INFO] [stderr]     Checking matches v0.1.10
[INFO] [stderr]     Checking base64 v0.21.0
[INFO] [stderr]    Compiling io-lifetimes v1.0.5
[INFO] [stderr]     Checking regex-syntax v0.6.28
[INFO] [stderr]     Checking tokio-util v0.7.7
[INFO] [stderr]     Checking tokio-rustls v0.23.4
[INFO] [stderr]    Compiling convert_case v0.4.0
[INFO] [stderr]     Checking rustls-pemfile v1.0.2
[INFO] [stderr]     Checking crossbeam-deque v0.7.4
[INFO] [stderr]     Checking idna v0.2.3
[INFO] [stderr]     Checking sha-1 v0.10.1
[INFO] [stderr]     Checking rsa_public_encrypt_pkcs1 v0.4.0
[INFO] [stderr]     Checking aes v0.8.2
[INFO] [stderr]    Compiling derive_more v0.99.17
[INFO] [stderr]     Checking cfb8 v0.8.1
[INFO] [stderr]     Checking webpki-roots v0.22.6
[INFO] [stderr]     Checking tokio-codec v0.1.2
[INFO] [stderr]     Checking crossbeam-queue v0.2.3
[INFO] [stderr]    Compiling azalea-ecs-macros v0.6.0 (https://github.com/GoobersInc/azalea.git?branch=new#0ddbb78e)
[INFO] [stderr]     Checking encoding_rs v0.8.32
[INFO] [stderr]     Checking mime v0.3.16
[INFO] [stderr]     Checking nohash-hasher v0.2.0
[INFO] [stderr]     Checking linked-hash-map v0.5.6
[INFO] [stderr]     Checking data-encoding v2.3.3
[INFO] [stderr]    Compiling rustix v0.36.8
[INFO] [stderr]     Checking lru-cache v0.1.2
[INFO] [stderr]     Checking tokio-threadpool v0.1.18
[INFO] [stderr]    Compiling proc-macro-error-attr v1.0.4
[INFO] [stderr]     Checking futures-executor v0.3.26
[INFO] [stderr]     Checking mio-uds v0.6.8
[INFO] [stderr]     Checking aho-corasick v0.7.20
[INFO] [stderr]    Compiling anyhow v1.0.69
[INFO] [stderr]     Checking linux-raw-sys v0.1.4
[INFO] [stderr]     Checking tokio-uds v0.2.7
[INFO] [stderr]    Compiling proc-macro-error v1.0.4
[INFO] [stderr]     Checking futures v0.3.26
[INFO] [stderr]     Checking tokio-fs v0.1.7
[INFO] [stderr]     Checking regex-automata v0.1.10
[INFO] [stderr]     Checking tokio-udp v0.1.6
[INFO] [stderr]     Checking async-compression v0.3.15
[INFO] [stderr]     Checking tokio-tcp v0.1.4
[INFO] [stderr]     Checking regex v1.7.1
[INFO] [stderr]     Checking smallvec v1.10.0
[INFO] [stderr]     Checking glam v0.22.0
[INFO] [stderr]     Checking serde_urlencoded v0.7.1
[INFO] [stderr]     Checking bevy_utils v0.9.1
[INFO] [stderr]     Checking trust-dns-proto v0.22.0
[INFO] [stderr]     Checking azalea-buf v0.6.0 (https://github.com/GoobersInc/azalea.git?branch=new#0ddbb78e)
[INFO] [stderr]     Checking azalea-language v0.6.0 (https://github.com/GoobersInc/azalea.git?branch=new#0ddbb78e)
[INFO] [stdout] error[E0432]: unresolved import `thiserror`
[INFO] [stdout]    --> /opt/rustwide/cargo-home/git/checkouts/azalea-88e70326bddc7ab8/0ddbb78/azalea-buf/src/read.rs:12:10
[INFO] [stdout]     |
[INFO] [stdout] 12  | #[derive(Error, Debug)]
[INFO] [stdout]     |          ^^^^^ no `ThiserrorProvide` in `__private`
[INFO] [stdout]     |
[INFO] [stdout] note: found an item that was configured out
[INFO] [stdout]    --> /opt/rustwide/cargo-home/registry/src/index.crates.io-6f17d22bba15001f/thiserror-1.0.38/src/lib.rs:253:29
[INFO] [stdout]     |
[INFO] [stdout] 253 |     pub use crate::provide::ThiserrorProvide;
[INFO] [stdout]     |                             ^^^^^^^^^^^^^^^^
[INFO] [stdout]     = note: this error originates in the derive macro `Error` (in Nightly builds, run with -Z macro-backtrace for more info)
[INFO] [stdout] 
[INFO] [stdout] 
[INFO] [stdout] error[E0412]: cannot find type `Demand` in module `std::any`
[INFO] [stdout]   --> /opt/rustwide/cargo-home/git/checkouts/azalea-88e70326bddc7ab8/0ddbb78/azalea-buf/src/read.rs:12:10
[INFO] [stdout]    |
[INFO] [stdout] 12 | #[derive(Error, Debug)]
[INFO] [stdout]    |          ^^^^^ not found in `std::any`
[INFO] [stdout]    |
[INFO] [stdout]    = note: this error originates in the derive macro `Error` (in Nightly builds, run with -Z macro-backtrace for more info)
[INFO] [stdout] 
[INFO] [stdout] 
[INFO] [stdout] error[E0554]: `#![feature]` may not be used on the beta release channel
[INFO] [stdout]  --> /opt/rustwide/cargo-home/git/checkouts/azalea-88e70326bddc7ab8/0ddbb78/azalea-buf/src/lib.rs:2:1
[INFO] [stdout]   |
[INFO] [stdout] 2 | #![feature(min_specialization)]
[INFO] [stdout]   | ^^^^^^^^^^^^^^^^^^^^^^^^^^^^^^^
[INFO] [stdout] 
[INFO] [stdout] 
[INFO] [stdout] error[E0554]: `#![feature]` may not be used on the beta release channel
[INFO] [stdout]  --> /opt/rustwide/cargo-home/git/checkouts/azalea-88e70326bddc7ab8/0ddbb78/azalea-buf/src/lib.rs:4:1
[INFO] [stdout]   |
[INFO] [stdout] 4 | #![feature(error_generic_member_access)]
[INFO] [stdout]   | ^^^^^^^^^^^^^^^^^^^^^^^^^^^^^^^^^^^^^^^^
[INFO] [stdout] 
[INFO] [stdout] 
[INFO] [stdout] error[E0554]: `#![feature]` may not be used on the beta release channel
[INFO] [stdout]  --> /opt/rustwide/cargo-home/git/checkouts/azalea-88e70326bddc7ab8/0ddbb78/azalea-buf/src/lib.rs:5:1
[INFO] [stdout]   |
[INFO] [stdout] 5 | #![feature(provide_any)]
[INFO] [stdout]   | ^^^^^^^^^^^^^^^^^^^^^^^^
[INFO] [stdout] 
[INFO] [stdout] 
[INFO] [stdout] error[E0554]: `#![feature]` may not be used on the beta release channel
[INFO] [stdout]  --> /opt/rustwide/cargo-home/git/checkouts/azalea-88e70326bddc7ab8/0ddbb78/azalea-buf/src/lib.rs:4:12
[INFO] [stdout]   |
[INFO] [stdout] 4 | #![feature(error_generic_member_access)]
[INFO] [stdout]   |            ^^^^^^^^^^^^^^^^^^^^^^^^^^^
[INFO] [stdout] 
[INFO] [stdout] 
[INFO] [stdout] error[E0554]: `#![feature]` may not be used on the beta release channel
[INFO] [stdout]  --> /opt/rustwide/cargo-home/git/checkouts/azalea-88e70326bddc7ab8/0ddbb78/azalea-buf/src/lib.rs:5:12
[INFO] [stdout]   |
[INFO] [stdout] 5 | #![feature(provide_any)]
[INFO] [stdout]   |            ^^^^^^^^^^^
[INFO] [stdout] 
[INFO] [stdout] 
[INFO] [stdout] error[E0635]: unknown feature `provide_any`
[INFO] [stdout]  --> /opt/rustwide/cargo-home/git/checkouts/azalea-88e70326bddc7ab8/0ddbb78/azalea-buf/src/lib.rs:5:12
[INFO] [stdout]   |
[INFO] [stdout] 5 | #![feature(provide_any)]
[INFO] [stdout]   |            ^^^^^^^^^^^
[INFO] [stdout] 
[INFO] [stdout] 
[INFO] [stderr]     Checking petgraph v0.6.3
[INFO] [stderr]     Checking h2 v0.3.15
[INFO] [stderr]    Compiling pin-project-internal v1.0.12
[INFO] [stdout] error[E0599]: no method named `thiserror_provide` found for reference `&std::io::Error` in the current scope
[INFO] [stdout]   --> /opt/rustwide/cargo-home/git/checkouts/azalea-88e70326bddc7ab8/0ddbb78/azalea-buf/src/read.rs:26:9
[INFO] [stdout]    |
[INFO] [stdout] 26 |         source: std::io::Error,
[INFO] [stdout]    |         ^^^^^^ method not found in `&Error`
[INFO] [stdout] 
[INFO] [stdout] 
[INFO] [stdout] error[E0599]: no method named `thiserror_provide` found for reference `&serde_json::Error` in the current scope
[INFO] [stdout]   --> /opt/rustwide/cargo-home/git/checkouts/azalea-88e70326bddc7ab8/0ddbb78/azalea-buf/src/read.rs:51:9
[INFO] [stdout]    |
[INFO] [stdout] 51 |         source: serde_json::Error,
[INFO] [stdout]    |         ^^^^^^ method not found in `&Error`
[INFO] [stdout] 
[INFO] [stdout] 
[INFO] [stdout] error: aborting due to 10 previous errors
[INFO] [stdout] 
[INFO] [stdout] 
[INFO] [stdout] Some errors have detailed explanations: E0412, E0432, E0554, E0599, E0635.
[INFO] [stdout] 
[INFO] [stdout] For more information about an error, try `rustc --explain E0412`.
[INFO] [stdout] 
[INFO] [stderr] error: could not compile `azalea-buf` (lib) due to 11 previous errors
[INFO] [stderr] warning: build failed, waiting for other jobs to finish...
[INFO] running `Command { std: "docker" "inspect" "9af7b7f9b66802ae1c51c530171ec26cf934c61a68ab92b04cc84b1b62feaa66", kill_on_drop: false }`
[INFO] running `Command { std: "docker" "rm" "-f" "9af7b7f9b66802ae1c51c530171ec26cf934c61a68ab92b04cc84b1b62feaa66", kill_on_drop: false }`
[INFO] [stdout] 9af7b7f9b66802ae1c51c530171ec26cf934c61a68ab92b04cc84b1b62feaa66
