[INFO] cloning repository https://github.com/GoldenCodeRam/e-database-test
[INFO] running `Command { std: "git" "-c" "credential.helper=" "-c" "credential.helper=/workspace/cargo-home/bin/git-credential-null" "clone" "--bare" "https://github.com/GoldenCodeRam/e-database-test" "/workspace/cache/git-repos/https%3A%2F%2Fgithub.com%2FGoldenCodeRam%2Fe-database-test", kill_on_drop: false }`
[INFO] [stderr] Cloning into bare repository '/workspace/cache/git-repos/https%3A%2F%2Fgithub.com%2FGoldenCodeRam%2Fe-database-test'...
[INFO] running `Command { std: "git" "rev-parse" "HEAD", kill_on_drop: false }`
[INFO] [stdout] 726ae752dc9f8dd599234c390d1c72447804e60f
[INFO] documenting GoldenCodeRam/e-database-test against 1.75.0 for beta-1.76-rustdoc-1
[INFO] running `Command { std: "git" "clone" "/workspace/cache/git-repos/https%3A%2F%2Fgithub.com%2FGoldenCodeRam%2Fe-database-test" "/workspace/builds/worker-2-tc1/source", kill_on_drop: false }`
[INFO] [stderr] Cloning into '/workspace/builds/worker-2-tc1/source'...
[INFO] [stderr] done.
[INFO] validating manifest of git repo https://github.com/GoldenCodeRam/e-database-test on toolchain 1.75.0
[INFO] running `Command { std: CARGO_HOME="/workspace/cargo-home" RUSTUP_HOME="/workspace/rustup-home" "/workspace/cargo-home/bin/cargo" "+1.75.0" "metadata" "--manifest-path" "Cargo.toml" "--no-deps", kill_on_drop: false }`
[INFO] started tweaking git repo https://github.com/GoldenCodeRam/e-database-test
[INFO] finished tweaking git repo https://github.com/GoldenCodeRam/e-database-test
[INFO] tweaked toml for git repo https://github.com/GoldenCodeRam/e-database-test written to /workspace/builds/worker-2-tc1/source/Cargo.toml
[INFO] crate git repo https://github.com/GoldenCodeRam/e-database-test already has a lockfile, it will not be regenerated
[INFO] running `Command { std: CARGO_HOME="/workspace/cargo-home" RUSTUP_HOME="/workspace/rustup-home" "/workspace/cargo-home/bin/cargo" "+1.75.0" "fetch" "--manifest-path" "Cargo.toml", kill_on_drop: false }`
[INFO] [stderr]  Downloading crates ...
[INFO] [stderr]   Downloaded pq-sys v0.4.7
[INFO] [stderr]   Downloaded diesel_derives v2.0.2
[INFO] [stderr]   Downloaded fake v2.5.0
[INFO] [stderr]   Downloaded diesel v2.0.3
[INFO] running `Command { std: "docker" "create" "-v" "/var/lib/crater-agent-workspace/builds/worker-2-tc1/target:/opt/rustwide/target:rw,Z" "-v" "/var/lib/crater-agent-workspace/builds/worker-2-tc1/source:/opt/rustwide/workdir:ro,Z" "-v" "/var/lib/crater-agent-workspace/cargo-home:/opt/rustwide/cargo-home:ro,Z" "-v" "/var/lib/crater-agent-workspace/rustup-home:/opt/rustwide/rustup-home:ro,Z" "-e" "SOURCE_DIR=/opt/rustwide/workdir" "-e" "CARGO_TARGET_DIR=/opt/rustwide/target" "-e" "CARGO_HOME=/opt/rustwide/cargo-home" "-e" "RUSTUP_HOME=/opt/rustwide/rustup-home" "-w" "/opt/rustwide/workdir" "-m" "1610612736" "--user" "0:0" "--network" "none" "ghcr.io/rust-lang/crates-build-env/linux@sha256:2788e3201cd34a07e3172128adcd8b3090168a8e3bcc40d7c032b9dda1df7d1c" "/opt/rustwide/cargo-home/bin/cargo" "+1.75.0" "metadata" "--no-deps" "--format-version=1", kill_on_drop: false }`
[INFO] [stdout] ab1ac64ca80355492d865832162a1973daaa91f42241c25c453a994724fdc69a
[INFO] running `Command { std: "docker" "start" "-a" "ab1ac64ca80355492d865832162a1973daaa91f42241c25c453a994724fdc69a", kill_on_drop: false }`
[INFO] running `Command { std: "docker" "inspect" "ab1ac64ca80355492d865832162a1973daaa91f42241c25c453a994724fdc69a", kill_on_drop: false }`
[INFO] running `Command { std: "docker" "rm" "-f" "ab1ac64ca80355492d865832162a1973daaa91f42241c25c453a994724fdc69a", kill_on_drop: false }`
[INFO] [stdout] ab1ac64ca80355492d865832162a1973daaa91f42241c25c453a994724fdc69a
[INFO] running `Command { std: "docker" "create" "-v" "/var/lib/crater-agent-workspace/builds/worker-2-tc1/target:/opt/rustwide/target:rw,Z" "-v" "/var/lib/crater-agent-workspace/builds/worker-2-tc1/source:/opt/rustwide/workdir:ro,Z" "-v" "/var/lib/crater-agent-workspace/cargo-home:/opt/rustwide/cargo-home:ro,Z" "-v" "/var/lib/crater-agent-workspace/rustup-home:/opt/rustwide/rustup-home:ro,Z" "-e" "SOURCE_DIR=/opt/rustwide/workdir" "-e" "CARGO_TARGET_DIR=/opt/rustwide/target" "-e" "CARGO_INCREMENTAL=0" "-e" "RUST_BACKTRACE=full" "-e" "RUSTFLAGS=--cap-lints=warn" "-e" "RUSTDOCFLAGS=--cap-lints=warn" "-e" "CARGO_HOME=/opt/rustwide/cargo-home" "-e" "RUSTUP_HOME=/opt/rustwide/rustup-home" "-w" "/opt/rustwide/workdir" "-m" "1610612736" "--user" "0:0" "--network" "none" "ghcr.io/rust-lang/crates-build-env/linux@sha256:2788e3201cd34a07e3172128adcd8b3090168a8e3bcc40d7c032b9dda1df7d1c" "/opt/rustwide/cargo-home/bin/cargo" "+1.75.0" "doc" "--frozen" "--no-deps" "--document-private-items" "--message-format=json", kill_on_drop: false }`
[INFO] [stdout] 42b7a28fdd95129ad5bc432c32e9228751ec9d7af7c2561281b52329fadc31b7
[INFO] running `Command { std: "docker" "start" "-a" "42b7a28fdd95129ad5bc432c32e9228751ec9d7af7c2561281b52329fadc31b7", kill_on_drop: false }`
[INFO] [stderr]    Compiling proc-macro2 v1.0.54
[INFO] [stderr]    Compiling version_check v0.9.4
[INFO] [stderr]    Compiling libc v0.2.140
[INFO] [stderr]    Compiling quote v1.0.26
[INFO] [stderr]    Compiling unicode-ident v1.0.8
[INFO] [stderr]    Compiling syn v1.0.109
[INFO] [stderr]     Checking ppv-lite86 v0.2.17
[INFO] [stderr]    Compiling pq-sys v0.4.7
[INFO] [stderr]     Checking byteorder v1.4.3
[INFO] [stderr]     Checking bitflags v1.3.2
[INFO] [stderr]    Compiling proc-macro-error-attr v1.0.4
[INFO] [stderr]    Compiling proc-macro-error v1.0.4
[INFO] [stderr]     Checking itoa v1.0.6
[INFO] [stderr]     Checking dotenvy v0.15.7
[INFO] [stderr]     Checking getrandom v0.2.8
[INFO] [stderr]     Checking rand_core v0.6.4
[INFO] [stderr]     Checking rand_chacha v0.3.1
[INFO] [stderr]     Checking rand v0.8.5
[INFO] [stderr]     Checking fake v2.5.0
[INFO] [stderr]    Compiling diesel_derives v2.0.2
[INFO] [stderr]     Checking diesel v2.0.3
[INFO] [stderr]  Documenting e-database-test v0.1.0 (/opt/rustwide/workdir)
[INFO] [stderr]     Checking e-database-test v0.1.0 (/opt/rustwide/workdir)
[INFO] [stdout] error[E0412]: cannot find type `BigDecimal` in this scope
[INFO] [stdout]   --> src/models.rs:78:17
[INFO] [stdout]    |
[INFO] [stdout] 78 |     pub salary: BigDecimal
[INFO] [stdout]    |                 ^^^^^^^^^^ not found in this scope
[INFO] [stdout] 
[INFO] [stdout] 
[INFO] [stdout] error[E0412]: cannot find type `BigDecimal` in this scope
[INFO] [stdout]   --> src/models.rs:78:17
[INFO] [stdout]    |
[INFO] [stdout] 78 |     pub salary: BigDecimal
[INFO] [stdout]    |                 ^^^^^^^^^^ not found in this scope
[INFO] [stdout]    |
[INFO] [stdout] help: you might be missing a type parameter
[INFO] [stdout]    |
[INFO] [stdout] 72 | pub struct NewParcelWorker<'a, BigDecimal> {
[INFO] [stdout]    |                              ++++++++++++
[INFO] [stdout] 
[INFO] [stdout] 
[INFO] [stdout] error[E0412]: cannot find type `BigDecimal` in this scope
[INFO] [stdout]   --> src/models.rs:78:17
[INFO] [stdout]    |
[INFO] [stdout] 78 |     pub salary: BigDecimal
[INFO] [stdout]    |                 ^^^^^^^^^^ not found in this scope
[INFO] [stdout] 
[INFO] [stdout] 
[INFO] [stdout] error[E0412]: cannot find type `BigDecimal` in this scope
[INFO] [stdout]   --> src/models.rs:78:17
[INFO] [stdout]    |
[INFO] [stdout] 78 |     pub salary: BigDecimal
[INFO] [stdout]    |                 ^^^^^^^^^^ not found in this scope
[INFO] [stdout]    |
[INFO] [stdout] help: you might be missing a type parameter
[INFO] [stdout]    |
[INFO] [stdout] 72 | pub struct NewParcelWorker<'a, BigDecimal> {
[INFO] [stdout]    |                              ++++++++++++
[INFO] [stdout] 
[INFO] [stdout] 
[INFO] [stdout] warning: unused import: `Date`
[INFO] [stdout]  --> src/models.rs:3:17
[INFO] [stdout]   |
[INFO] [stdout] 3 |     sql_types::{Date, Timestamp},
[INFO] [stdout]   |                 ^^^^
[INFO] [stdout]   |
[INFO] [stdout]   = note: `#[warn(unused_imports)]` on by default
[INFO] [stdout] 
[INFO] [stdout] 
[INFO] [stdout] error[E0271]: type mismatch resolving `<&Timestamp as Expression>::SqlType == Nullable<Timestamp>`
[INFO] [stdout]   --> src/models.rs:70:10
[INFO] [stdout]    |
[INFO] [stdout] 70 | #[derive(Insertable)]
[INFO] [stdout]    |          ^^^^^^^^^^ expected `Timestamp`, found `Nullable<Timestamp>`
[INFO] [stdout]    |
[INFO] [stdout]    = note: expected struct `diesel::sql_types::Timestamp`
[INFO] [stdout]               found struct `diesel::sql_types::Nullable<diesel::sql_types::Timestamp>`
[INFO] [stdout]    = note: required for `&'a diesel::sql_types::Timestamp` to implement `diesel::expression::AsExpression<diesel::sql_types::Nullable<diesel::sql_types::Timestamp>>`
[INFO] [stdout]    = note: this error originates in the derive macro `Insertable` (in Nightly builds, run with -Z macro-backtrace for more info)
[INFO] [stdout] 
[INFO] [stdout] 
[INFO] [stdout] error[E0277]: the trait bound `i32: diesel::Expression` is not satisfied
[INFO] [stdout]   --> src/models.rs:77:9
[INFO] [stdout]    |
[INFO] [stdout] 77 |     pub position_type: i32,
[INFO] [stdout]    |         ^^^^^^^^^^^^^ the trait `diesel::Expression` is not implemented for `i32`
[INFO] [stdout]    |
[INFO] [stdout]    = help: the following other types implement trait `diesel::Expression`:
[INFO] [stdout]              std::boxed::Box<T>
[INFO] [stdout]              schema::crop::columns::star
[INFO] [stdout]              schema::crop::columns::id
[INFO] [stdout]              schema::crop::columns::parcel_id
[INFO] [stdout]              schema::crop::columns::name
[INFO] [stdout]              schema::crop::columns::description
[INFO] [stdout]              schema::crop::columns::sowing_date
[INFO] [stdout]              schema::crop::columns::estimated_harvest_date
[INFO] [stdout]            and 194 others
[INFO] [stdout]    = note: required for `i32` to implement `diesel::expression::AsExpression<diesel::sql_types::Text>`
[INFO] [stdout] 
[INFO] [stdout] 
[INFO] [stdout] error[E0277]: the trait bound `diesel::sql_types::Timestamp: diesel::Expression` is not satisfied
[INFO] [stdout]   --> src/models.rs:76:9
[INFO] [stdout]    |
[INFO] [stdout] 76 |     pub dismiss_date: Option<&'a Timestamp>,
[INFO] [stdout]    |         ^^^^^^^^^^^^ the trait `diesel::Expression` is not implemented for `diesel::sql_types::Timestamp`
[INFO] [stdout]    |
[INFO] [stdout]    = help: the following other types implement trait `diesel::Expression`:
[INFO] [stdout]              std::boxed::Box<T>
[INFO] [stdout]              schema::crop::columns::star
[INFO] [stdout]              schema::crop::columns::id
[INFO] [stdout]              schema::crop::columns::parcel_id
[INFO] [stdout]              schema::crop::columns::name
[INFO] [stdout]              schema::crop::columns::description
[INFO] [stdout]              schema::crop::columns::sowing_date
[INFO] [stdout]              schema::crop::columns::estimated_harvest_date
[INFO] [stdout]            and 194 others
[INFO] [stdout]    = note: required for `&'a diesel::sql_types::Timestamp` to implement `diesel::Expression`
[INFO] [stdout]    = note: required for `&'a diesel::sql_types::Timestamp` to implement `diesel::expression::AsExpression<diesel::sql_types::Nullable<diesel::sql_types::Timestamp>>`
[INFO] [stdout] 
[INFO] [stdout] 
[INFO] [stdout] error[E0271]: type mismatch resolving `<&Timestamp as Expression>::SqlType == Nullable<Timestamp>`
[INFO] [stdout]   --> src/models.rs:70:10
[INFO] [stdout]    |
[INFO] [stdout] 70 | #[derive(Insertable)]
[INFO] [stdout]    |          ^^^^^^^^^^ expected `Timestamp`, found `Nullable<Timestamp>`
[INFO] [stdout]    |
[INFO] [stdout]    = note: expected struct `diesel::sql_types::Timestamp`
[INFO] [stdout]               found struct `diesel::sql_types::Nullable<diesel::sql_types::Timestamp>`
[INFO] [stdout]    = note: required for `&'a diesel::sql_types::Timestamp` to implement `AsExpression<diesel::sql_types::Nullable<diesel::sql_types::Timestamp>>`
[INFO] [stdout]    = note: this error originates in the derive macro `Insertable` (in Nightly builds, run with -Z macro-backtrace for more info)
[INFO] [stdout] 
[INFO] [stdout] 
[INFO] [stdout] error[E0277]: the trait bound `i32: diesel::Expression` is not satisfied
[INFO] [stdout]   --> src/models.rs:77:9
[INFO] [stdout]    |
[INFO] [stdout] 77 |     pub position_type: i32,
[INFO] [stdout]    |         ^^^^^^^^^^^^^ the trait `diesel::Expression` is not implemented for `i32`
[INFO] [stdout]    |
[INFO] [stdout]    = help: the following other types implement trait `diesel::Expression`:
[INFO] [stdout]              Box<T>
[INFO] [stdout]              crop::columns::star
[INFO] [stdout]              crop::columns::id
[INFO] [stdout]              crop::columns::parcel_id
[INFO] [stdout]              crop::columns::name
[INFO] [stdout]              crop::columns::description
[INFO] [stdout]              crop::columns::sowing_date
[INFO] [stdout]              crop::columns::estimated_harvest_date
[INFO] [stdout]            and 194 others
[INFO] [stdout]    = note: required for `i32` to implement `AsExpression<diesel::sql_types::Text>`
[INFO] [stdout] 
[INFO] [stdout] 
[INFO] [stdout] error[E0277]: the trait bound `diesel::sql_types::Timestamp: diesel::Expression` is not satisfied
[INFO] [stdout]   --> src/models.rs:76:9
[INFO] [stdout]    |
[INFO] [stdout] 76 |     pub dismiss_date: Option<&'a Timestamp>,
[INFO] [stdout]    |         ^^^^^^^^^^^^ the trait `diesel::Expression` is not implemented for `diesel::sql_types::Timestamp`
[INFO] [stdout]    |
[INFO] [stdout]    = help: the following other types implement trait `diesel::Expression`:
[INFO] [stdout]              Box<T>
[INFO] [stdout]              crop::columns::star
[INFO] [stdout]              crop::columns::id
[INFO] [stdout]              crop::columns::parcel_id
[INFO] [stdout]              crop::columns::name
[INFO] [stdout]              crop::columns::description
[INFO] [stdout]              crop::columns::sowing_date
[INFO] [stdout]              crop::columns::estimated_harvest_date
[INFO] [stdout]            and 194 others
[INFO] [stdout]    = note: required for `&'a diesel::sql_types::Timestamp` to implement `diesel::Expression`
[INFO] [stdout]    = note: required for `&'a diesel::sql_types::Timestamp` to implement `AsExpression<diesel::sql_types::Nullable<diesel::sql_types::Timestamp>>`
[INFO] [stdout] 
[INFO] [stdout] 
[INFO] [stdout] error[E0271]: type mismatch resolving `<&&Timestamp as Expression>::SqlType == Nullable<Timestamp>`
[INFO] [stdout]   --> src/models.rs:70:10
[INFO] [stdout]    |
[INFO] [stdout] 70 | #[derive(Insertable)]
[INFO] [stdout]    |          ^^^^^^^^^^ expected `Timestamp`, found `Nullable<Timestamp>`
[INFO] [stdout]    |
[INFO] [stdout]    = note: expected struct `diesel::sql_types::Timestamp`
[INFO] [stdout]               found struct `diesel::sql_types::Nullable<diesel::sql_types::Timestamp>`
[INFO] [stdout]    = note: required for `&'insert &'a diesel::sql_types::Timestamp` to implement `AsExpression<diesel::sql_types::Nullable<diesel::sql_types::Timestamp>>`
[INFO] [stdout]    = note: this error originates in the derive macro `Insertable` (in Nightly builds, run with -Z macro-backtrace for more info)
[INFO] [stdout] 
[INFO] [stdout] 
[INFO] [stdout] error[E0271]: type mismatch resolving `<&&Timestamp as Expression>::SqlType == Nullable<Timestamp>`
[INFO] [stdout]   --> src/models.rs:70:10
[INFO] [stdout]    |
[INFO] [stdout] 70 | #[derive(Insertable)]
[INFO] [stdout]    |          ^^^^^^^^^^ expected `Timestamp`, found `Nullable<Timestamp>`
[INFO] [stdout]    |
[INFO] [stdout]    = note: expected struct `diesel::sql_types::Timestamp`
[INFO] [stdout]               found struct `diesel::sql_types::Nullable<diesel::sql_types::Timestamp>`
[INFO] [stdout]    = note: required for `&'insert &'a diesel::sql_types::Timestamp` to implement `diesel::expression::AsExpression<diesel::sql_types::Nullable<diesel::sql_types::Timestamp>>`
[INFO] [stdout]    = note: this error originates in the derive macro `Insertable` (in Nightly builds, run with -Z macro-backtrace for more info)
[INFO] [stdout] 
[INFO] [stdout] 
[INFO] [stdout] error[E0277]: the trait bound `diesel::sql_types::Timestamp: diesel::Expression` is not satisfied
[INFO] [stdout]   --> src/models.rs:76:9
[INFO] [stdout]    |
[INFO] [stdout] 76 |     pub dismiss_date: Option<&'a Timestamp>,
[INFO] [stdout]    |         ^^^^^^^^^^^^ the trait `diesel::Expression` is not implemented for `diesel::sql_types::Timestamp`
[INFO] [stdout]    |
[INFO] [stdout]    = help: the following other types implement trait `diesel::Expression`:
[INFO] [stdout]              Box<T>
[INFO] [stdout]              crop::columns::star
[INFO] [stdout]              crop::columns::id
[INFO] [stdout]              crop::columns::parcel_id
[INFO] [stdout]              crop::columns::name
[INFO] [stdout]              crop::columns::description
[INFO] [stdout]              crop::columns::sowing_date
[INFO] [stdout]              crop::columns::estimated_harvest_date
[INFO] [stdout]            and 194 others
[INFO] [stdout]    = note: required for `&'a diesel::sql_types::Timestamp` to implement `diesel::Expression`
[INFO] [stdout]    = note: required for `&'insert &'a diesel::sql_types::Timestamp` to implement `AsExpression<diesel::sql_types::Nullable<diesel::sql_types::Timestamp>>`
[INFO] [stdout] 
[INFO] [stdout] 
[INFO] [stdout] error[E0277]: the trait bound `diesel::sql_types::Timestamp: diesel::Expression` is not satisfied
[INFO] [stdout]   --> src/models.rs:76:9
[INFO] [stdout]    |
[INFO] [stdout] 76 |     pub dismiss_date: Option<&'a Timestamp>,
[INFO] [stdout]    |         ^^^^^^^^^^^^ the trait `diesel::Expression` is not implemented for `diesel::sql_types::Timestamp`
[INFO] [stdout]    |
[INFO] [stdout]    = help: the following other types implement trait `diesel::Expression`:
[INFO] [stdout]              std::boxed::Box<T>
[INFO] [stdout]              schema::crop::columns::star
[INFO] [stdout]              schema::crop::columns::id
[INFO] [stdout]              schema::crop::columns::parcel_id
[INFO] [stdout]              schema::crop::columns::name
[INFO] [stdout]              schema::crop::columns::description
[INFO] [stdout]              schema::crop::columns::sowing_date
[INFO] [stdout]              schema::crop::columns::estimated_harvest_date
[INFO] [stdout]            and 194 others
[INFO] [stdout]    = note: required for `&'a diesel::sql_types::Timestamp` to implement `diesel::Expression`
[INFO] [stdout]    = note: required for `&'insert &'a diesel::sql_types::Timestamp` to implement `diesel::expression::AsExpression<diesel::sql_types::Nullable<diesel::sql_types::Timestamp>>`
[INFO] [stdout] 
[INFO] [stdout] 
[INFO] [stdout] error[E0277]: the trait bound `i32: diesel::Expression` is not satisfied
[INFO] [stdout]   --> src/models.rs:77:9
[INFO] [stdout]    |
[INFO] [stdout] 77 |     pub position_type: i32,
[INFO] [stdout]    |         ^^^^^^^^^^^^^ the trait `diesel::Expression` is not implemented for `i32`
[INFO] [stdout]    |
[INFO] [stdout]    = help: the following other types implement trait `diesel::Expression`:
[INFO] [stdout]              std::boxed::Box<T>
[INFO] [stdout]              schema::crop::columns::star
[INFO] [stdout]              schema::crop::columns::id
[INFO] [stdout]              schema::crop::columns::parcel_id
[INFO] [stdout]              schema::crop::columns::name
[INFO] [stdout]              schema::crop::columns::description
[INFO] [stdout]              schema::crop::columns::sowing_date
[INFO] [stdout]              schema::crop::columns::estimated_harvest_date
[INFO] [stdout]            and 194 others
[INFO] [stdout]    = note: required for `&'insert i32` to implement `diesel::Expression`
[INFO] [stdout]    = note: required for `&'insert i32` to implement `diesel::expression::AsExpression<diesel::sql_types::Text>`
[INFO] [stdout] 
[INFO] [stdout] 
[INFO] [stdout] error[E0277]: the trait bound `i32: diesel::Expression` is not satisfied
[INFO] [stdout]   --> src/models.rs:77:9
[INFO] [stdout]    |
[INFO] [stdout] 77 |     pub position_type: i32,
[INFO] [stdout]    |         ^^^^^^^^^^^^^ the trait `diesel::Expression` is not implemented for `i32`
[INFO] [stdout]    |
[INFO] [stdout]    = help: the following other types implement trait `diesel::Expression`:
[INFO] [stdout]              Box<T>
[INFO] [stdout]              crop::columns::star
[INFO] [stdout]              crop::columns::id
[INFO] [stdout]              crop::columns::parcel_id
[INFO] [stdout]              crop::columns::name
[INFO] [stdout]              crop::columns::description
[INFO] [stdout]              crop::columns::sowing_date
[INFO] [stdout]              crop::columns::estimated_harvest_date
[INFO] [stdout]            and 194 others
[INFO] [stdout]    = note: required for `&'insert i32` to implement `diesel::Expression`
[INFO] [stdout]    = note: required for `&'insert i32` to implement `AsExpression<diesel::sql_types::Text>`
[INFO] [stdout] 
[INFO] [stdout] 
[INFO] [stdout] error[E0277]: the trait bound `i32: diesel::Expression` is not satisfied
[INFO] [stdout]   --> src/models.rs:70:10
[INFO] [stdout]    |
[INFO] [stdout] 70 | #[derive(Insertable)]
[INFO] [stdout]    |          ^^^^^^^^^^ the trait `diesel::Expression` is not implemented for `i32`
[INFO] [stdout]    |
[INFO] [stdout]    = help: the following other types implement trait `diesel::Expression`:
[INFO] [stdout]              Box<T>
[INFO] [stdout]              crop::columns::star
[INFO] [stdout]              crop::columns::id
[INFO] [stdout]              crop::columns::parcel_id
[INFO] [stdout]              crop::columns::name
[INFO] [stdout]              crop::columns::description
[INFO] [stdout]              crop::columns::sowing_date
[INFO] [stdout]              crop::columns::estimated_harvest_date
[INFO] [stdout]            and 194 others
[INFO] [stdout]    = note: required for `i32` to implement `AsExpression<diesel::sql_types::Text>`
[INFO] [stdout]    = note: this error originates in the derive macro `Insertable` (in Nightly builds, run with -Z macro-backtrace for more info)
[INFO] [stdout] 
[INFO] [stdout] 
[INFO] [stdout] error[E0277]: the trait bound `diesel::sql_types::Timestamp: diesel::Expression` is not satisfied
[INFO] [stdout]   --> src/models.rs:70:10
[INFO] [stdout]    |
[INFO] [stdout] 70 | #[derive(Insertable)]
[INFO] [stdout]    |          ^^^^^^^^^^ the trait `diesel::Expression` is not implemented for `diesel::sql_types::Timestamp`
[INFO] [stdout]    |
[INFO] [stdout]    = help: the following other types implement trait `diesel::Expression`:
[INFO] [stdout]              Box<T>
[INFO] [stdout]              crop::columns::star
[INFO] [stdout]              crop::columns::id
[INFO] [stdout]              crop::columns::parcel_id
[INFO] [stdout]              crop::columns::name
[INFO] [stdout]              crop::columns::description
[INFO] [stdout]              crop::columns::sowing_date
[INFO] [stdout]              crop::columns::estimated_harvest_date
[INFO] [stdout]            and 194 others
[INFO] [stdout]    = note: required for `&'a diesel::sql_types::Timestamp` to implement `diesel::Expression`
[INFO] [stdout]    = note: required for `&'a diesel::sql_types::Timestamp` to implement `AsExpression<diesel::sql_types::Timestamp>`
[INFO] [stdout]    = note: this error originates in the derive macro `Insertable` (in Nightly builds, run with -Z macro-backtrace for more info)
[INFO] [stdout] 
[INFO] [stdout] 
[INFO] [stdout] error[E0277]: the trait bound `diesel::sql_types::Timestamp: diesel::Expression` is not satisfied
[INFO] [stdout]   --> src/models.rs:70:10
[INFO] [stdout]    |
[INFO] [stdout] 70 | #[derive(Insertable)]
[INFO] [stdout]    |          ^^^^^^^^^^ the trait `diesel::Expression` is not implemented for `diesel::sql_types::Timestamp`
[INFO] [stdout]    |
[INFO] [stdout]    = help: the following other types implement trait `diesel::Expression`:
[INFO] [stdout]              Box<T>
[INFO] [stdout]              crop::columns::star
[INFO] [stdout]              crop::columns::id
[INFO] [stdout]              crop::columns::parcel_id
[INFO] [stdout]              crop::columns::name
[INFO] [stdout]              crop::columns::description
[INFO] [stdout]              crop::columns::sowing_date
[INFO] [stdout]              crop::columns::estimated_harvest_date
[INFO] [stdout]            and 194 others
[INFO] [stdout]    = note: required for `&'a diesel::sql_types::Timestamp` to implement `diesel::Expression`
[INFO] [stdout]    = note: required for `&'insert &'a diesel::sql_types::Timestamp` to implement `AsExpression<diesel::sql_types::Timestamp>`
[INFO] [stdout]    = note: this error originates in the derive macro `Insertable` (in Nightly builds, run with -Z macro-backtrace for more info)
[INFO] [stdout] 
[INFO] [stdout] 
[INFO] [stdout] error[E0277]: the trait bound `i32: diesel::Expression` is not satisfied
[INFO] [stdout]   --> src/models.rs:70:10
[INFO] [stdout]    |
[INFO] [stdout] 70 | #[derive(Insertable)]
[INFO] [stdout]    |          ^^^^^^^^^^ the trait `diesel::Expression` is not implemented for `i32`
[INFO] [stdout]    |
[INFO] [stdout]    = help: the following other types implement trait `diesel::Expression`:
[INFO] [stdout]              Box<T>
[INFO] [stdout]              crop::columns::star
[INFO] [stdout]              crop::columns::id
[INFO] [stdout]              crop::columns::parcel_id
[INFO] [stdout]              crop::columns::name
[INFO] [stdout]              crop::columns::description
[INFO] [stdout]              crop::columns::sowing_date
[INFO] [stdout]              crop::columns::estimated_harvest_date
[INFO] [stdout]            and 194 others
[INFO] [stdout]    = note: required for `&'insert i32` to implement `diesel::Expression`
[INFO] [stdout]    = note: required for `&'insert i32` to implement `AsExpression<diesel::sql_types::Text>`
[INFO] [stdout]    = note: this error originates in the derive macro `Insertable` (in Nightly builds, run with -Z macro-backtrace for more info)
[INFO] [stdout] 
[INFO] [stdout] 
[INFO] [stdout] error[E0277]: the trait bound `i32: diesel::Expression` is not satisfied
[INFO] [stdout]   --> src/models.rs:70:10
[INFO] [stdout]    |
[INFO] [stdout] 70 | #[derive(Insertable)]
[INFO] [stdout]    |          ^^^^^^^^^^ the trait `diesel::Expression` is not implemented for `i32`
[INFO] [stdout]    |
[INFO] [stdout]    = help: the following other types implement trait `diesel::Expression`:
[INFO] [stdout]              std::boxed::Box<T>
[INFO] [stdout]              schema::crop::columns::star
[INFO] [stdout]              schema::crop::columns::id
[INFO] [stdout]              schema::crop::columns::parcel_id
[INFO] [stdout]              schema::crop::columns::name
[INFO] [stdout]              schema::crop::columns::description
[INFO] [stdout]              schema::crop::columns::sowing_date
[INFO] [stdout]              schema::crop::columns::estimated_harvest_date
[INFO] [stdout]            and 194 others
[INFO] [stdout]    = note: required for `i32` to implement `diesel::expression::AsExpression<diesel::sql_types::Text>`
[INFO] [stdout]    = note: this error originates in the derive macro `Insertable` (in Nightly builds, run with -Z macro-backtrace for more info)
[INFO] [stdout] 
[INFO] [stdout] 
[INFO] [stdout] error[E0277]: the trait bound `diesel::sql_types::Timestamp: diesel::Expression` is not satisfied
[INFO] [stdout]   --> src/models.rs:70:10
[INFO] [stdout]    |
[INFO] [stdout] 70 | #[derive(Insertable)]
[INFO] [stdout]    |          ^^^^^^^^^^ the trait `diesel::Expression` is not implemented for `diesel::sql_types::Timestamp`
[INFO] [stdout]    |
[INFO] [stdout]    = help: the following other types implement trait `diesel::Expression`:
[INFO] [stdout]              std::boxed::Box<T>
[INFO] [stdout]              schema::crop::columns::star
[INFO] [stdout]              schema::crop::columns::id
[INFO] [stdout]              schema::crop::columns::parcel_id
[INFO] [stdout]              schema::crop::columns::name
[INFO] [stdout]              schema::crop::columns::description
[INFO] [stdout]              schema::crop::columns::sowing_date
[INFO] [stdout]              schema::crop::columns::estimated_harvest_date
[INFO] [stdout]            and 194 others
[INFO] [stdout]    = note: required for `&'a diesel::sql_types::Timestamp` to implement `diesel::Expression`
[INFO] [stdout]    = note: required for `&'a diesel::sql_types::Timestamp` to implement `diesel::expression::AsExpression<diesel::sql_types::Timestamp>`
[INFO] [stdout]    = note: this error originates in the derive macro `Insertable` (in Nightly builds, run with -Z macro-backtrace for more info)
[INFO] [stdout] 
[INFO] [stdout] 
[INFO] [stdout] error[E0277]: the trait bound `diesel::sql_types::Timestamp: diesel::Expression` is not satisfied
[INFO] [stdout]   --> src/models.rs:70:10
[INFO] [stdout]    |
[INFO] [stdout] 70 | #[derive(Insertable)]
[INFO] [stdout]    |          ^^^^^^^^^^ the trait `diesel::Expression` is not implemented for `diesel::sql_types::Timestamp`
[INFO] [stdout]    |
[INFO] [stdout]    = help: the following other types implement trait `diesel::Expression`:
[INFO] [stdout]              std::boxed::Box<T>
[INFO] [stdout]              schema::crop::columns::star
[INFO] [stdout]              schema::crop::columns::id
[INFO] [stdout]              schema::crop::columns::parcel_id
[INFO] [stdout]              schema::crop::columns::name
[INFO] [stdout]              schema::crop::columns::description
[INFO] [stdout]              schema::crop::columns::sowing_date
[INFO] [stdout]              schema::crop::columns::estimated_harvest_date
[INFO] [stdout]            and 194 others
[INFO] [stdout]    = note: required for `&'a diesel::sql_types::Timestamp` to implement `diesel::Expression`
[INFO] [stdout]    = note: required for `&'insert &'a diesel::sql_types::Timestamp` to implement `diesel::expression::AsExpression<diesel::sql_types::Timestamp>`
[INFO] [stdout]    = note: this error originates in the derive macro `Insertable` (in Nightly builds, run with -Z macro-backtrace for more info)
[INFO] [stdout] 
[INFO] [stdout] 
[INFO] [stdout] error[E0277]: the trait bound `i32: diesel::Expression` is not satisfied
[INFO] [stdout]   --> src/models.rs:70:10
[INFO] [stdout]    |
[INFO] [stdout] 70 | #[derive(Insertable)]
[INFO] [stdout]    |          ^^^^^^^^^^ the trait `diesel::Expression` is not implemented for `i32`
[INFO] [stdout]    |
[INFO] [stdout]    = help: the following other types implement trait `diesel::Expression`:
[INFO] [stdout]              std::boxed::Box<T>
[INFO] [stdout]              schema::crop::columns::star
[INFO] [stdout]              schema::crop::columns::id
[INFO] [stdout]              schema::crop::columns::parcel_id
[INFO] [stdout]              schema::crop::columns::name
[INFO] [stdout]              schema::crop::columns::description
[INFO] [stdout]              schema::crop::columns::sowing_date
[INFO] [stdout]              schema::crop::columns::estimated_harvest_date
[INFO] [stdout]            and 194 others
[INFO] [stdout]    = note: required for `&'insert i32` to implement `diesel::Expression`
[INFO] [stdout]    = note: required for `&'insert i32` to implement `diesel::expression::AsExpression<diesel::sql_types::Text>`
[INFO] [stdout]    = note: this error originates in the derive macro `Insertable` (in Nightly builds, run with -Z macro-backtrace for more info)
[INFO] [stdout] 
[INFO] [stdout] 
[INFO] [stdout] error: aborting due to 12 previous errors; 1 warning emitted
[INFO] [stdout] 
[INFO] [stdout] 
[INFO] [stdout] Some errors have detailed explanations: E0271, E0277, E0412.
[INFO] [stdout] 
[INFO] [stdout] For more information about an error, try `rustc --explain E0271`.
[INFO] [stdout] 
[INFO] [stderr] error: could not compile `e-database-test` (lib) due to 13 previous errors; 1 warning emitted
[INFO] [stderr] warning: build failed, waiting for other jobs to finish...
[INFO] [stdout] error: aborting due to 12 previous errors
[INFO] [stdout] 
[INFO] [stdout] 
[INFO] [stdout] Some errors have detailed explanations: E0271, E0277, E0412.
[INFO] [stdout] 
[INFO] [stdout] For more information about an error, try `rustc --explain E0271`.
[INFO] [stdout] 
[INFO] [stderr] error: could not document `e-database-test`
[INFO] [stderr] 
[INFO] [stderr] Caused by:
[INFO] [stderr]   process didn't exit successfully: `/opt/rustwide/rustup-home/toolchains/1.75.0-x86_64-unknown-linux-gnu/bin/rustdoc --edition=2021 --crate-type lib --crate-name e_database_test src/lib.rs -o /opt/rustwide/target/doc --error-format=json --json=diagnostic-rendered-ansi,artifacts,future-incompat --document-private-items -C metadata=bdfda2ac4bc5a085 -L dependency=/opt/rustwide/target/debug/deps --extern diesel=/opt/rustwide/target/debug/deps/libdiesel-6760cb8709389334.rmeta --extern dotenvy=/opt/rustwide/target/debug/deps/libdotenvy-410c71b8d9bcdf70.rmeta --extern fake=/opt/rustwide/target/debug/deps/libfake-7670c36eacdc1577.rmeta --extern rand=/opt/rustwide/target/debug/deps/librand-f2c17e6bee5d6167.rmeta --cap-lints=warn --crate-version 0.1.0` (exit status: 1)
[INFO] running `Command { std: "docker" "inspect" "42b7a28fdd95129ad5bc432c32e9228751ec9d7af7c2561281b52329fadc31b7", kill_on_drop: false }`
[INFO] running `Command { std: "docker" "rm" "-f" "42b7a28fdd95129ad5bc432c32e9228751ec9d7af7c2561281b52329fadc31b7", kill_on_drop: false }`
[INFO] [stdout] 42b7a28fdd95129ad5bc432c32e9228751ec9d7af7c2561281b52329fadc31b7
[INFO] documenting GoldenCodeRam/e-database-test against beta-2023-12-22 for beta-1.76-rustdoc-1
[INFO] running `Command { std: "git" "clone" "/workspace/cache/git-repos/https%3A%2F%2Fgithub.com%2FGoldenCodeRam%2Fe-database-test" "/workspace/builds/worker-2-tc2/source", kill_on_drop: false }`
[INFO] [stderr] Cloning into '/workspace/builds/worker-2-tc2/source'...
[INFO] [stderr] done.
[INFO] validating manifest of git repo https://github.com/GoldenCodeRam/e-database-test on toolchain beta-2023-12-22
[INFO] running `Command { std: CARGO_HOME="/workspace/cargo-home" RUSTUP_HOME="/workspace/rustup-home" "/workspace/cargo-home/bin/cargo" "+beta-2023-12-22" "metadata" "--manifest-path" "Cargo.toml" "--no-deps", kill_on_drop: false }`
[INFO] started tweaking git repo https://github.com/GoldenCodeRam/e-database-test
[INFO] finished tweaking git repo https://github.com/GoldenCodeRam/e-database-test
[INFO] tweaked toml for git repo https://github.com/GoldenCodeRam/e-database-test written to /workspace/builds/worker-2-tc2/source/Cargo.toml
[INFO] crate git repo https://github.com/GoldenCodeRam/e-database-test already has a lockfile, it will not be regenerated
[INFO] running `Command { std: CARGO_HOME="/workspace/cargo-home" RUSTUP_HOME="/workspace/rustup-home" "/workspace/cargo-home/bin/cargo" "+beta-2023-12-22" "fetch" "--manifest-path" "Cargo.toml", kill_on_drop: false }`
[INFO] running `Command { std: "docker" "create" "-v" "/var/lib/crater-agent-workspace/builds/worker-2-tc2/target:/opt/rustwide/target:rw,Z" "-v" "/var/lib/crater-agent-workspace/builds/worker-2-tc2/source:/opt/rustwide/workdir:ro,Z" "-v" "/var/lib/crater-agent-workspace/cargo-home:/opt/rustwide/cargo-home:ro,Z" "-v" "/var/lib/crater-agent-workspace/rustup-home:/opt/rustwide/rustup-home:ro,Z" "-e" "SOURCE_DIR=/opt/rustwide/workdir" "-e" "CARGO_TARGET_DIR=/opt/rustwide/target" "-e" "CARGO_HOME=/opt/rustwide/cargo-home" "-e" "RUSTUP_HOME=/opt/rustwide/rustup-home" "-w" "/opt/rustwide/workdir" "-m" "1610612736" "--user" "0:0" "--network" "none" "ghcr.io/rust-lang/crates-build-env/linux@sha256:2788e3201cd34a07e3172128adcd8b3090168a8e3bcc40d7c032b9dda1df7d1c" "/opt/rustwide/cargo-home/bin/cargo" "+beta-2023-12-22" "metadata" "--no-deps" "--format-version=1", kill_on_drop: false }`
[INFO] [stdout] 540f04cdb2b48034819242e26aad88ac847effc4236307de1488cfaa0a4f839b
[INFO] running `Command { std: "docker" "start" "-a" "540f04cdb2b48034819242e26aad88ac847effc4236307de1488cfaa0a4f839b", kill_on_drop: false }`
[INFO] running `Command { std: "docker" "inspect" "540f04cdb2b48034819242e26aad88ac847effc4236307de1488cfaa0a4f839b", kill_on_drop: false }`
[INFO] running `Command { std: "docker" "rm" "-f" "540f04cdb2b48034819242e26aad88ac847effc4236307de1488cfaa0a4f839b", kill_on_drop: false }`
[INFO] [stdout] 540f04cdb2b48034819242e26aad88ac847effc4236307de1488cfaa0a4f839b
[INFO] running `Command { std: "docker" "create" "-v" "/var/lib/crater-agent-workspace/builds/worker-2-tc2/target:/opt/rustwide/target:rw,Z" "-v" "/var/lib/crater-agent-workspace/builds/worker-2-tc2/source:/opt/rustwide/workdir:ro,Z" "-v" "/var/lib/crater-agent-workspace/cargo-home:/opt/rustwide/cargo-home:ro,Z" "-v" "/var/lib/crater-agent-workspace/rustup-home:/opt/rustwide/rustup-home:ro,Z" "-e" "SOURCE_DIR=/opt/rustwide/workdir" "-e" "CARGO_TARGET_DIR=/opt/rustwide/target" "-e" "CARGO_INCREMENTAL=0" "-e" "RUST_BACKTRACE=full" "-e" "RUSTFLAGS=--cap-lints=warn" "-e" "RUSTDOCFLAGS=--cap-lints=warn" "-e" "CARGO_HOME=/opt/rustwide/cargo-home" "-e" "RUSTUP_HOME=/opt/rustwide/rustup-home" "-w" "/opt/rustwide/workdir" "-m" "1610612736" "--user" "0:0" "--network" "none" "ghcr.io/rust-lang/crates-build-env/linux@sha256:2788e3201cd34a07e3172128adcd8b3090168a8e3bcc40d7c032b9dda1df7d1c" "/opt/rustwide/cargo-home/bin/cargo" "+beta-2023-12-22" "doc" "--frozen" "--no-deps" "--document-private-items" "--message-format=json", kill_on_drop: false }`
[INFO] [stdout] 50352947e77838a1370147467e5cab830d5ff71d3eb7526eba50941e3b07594b
[INFO] running `Command { std: "docker" "start" "-a" "50352947e77838a1370147467e5cab830d5ff71d3eb7526eba50941e3b07594b", kill_on_drop: false }`
[INFO] [stderr]    Compiling proc-macro2 v1.0.54
[INFO] [stderr]    Compiling version_check v0.9.4
[INFO] [stderr]    Compiling quote v1.0.26
[INFO] [stderr]    Compiling unicode-ident v1.0.8
[INFO] [stderr]    Compiling libc v0.2.140
[INFO] [stderr]    Compiling syn v1.0.109
[INFO] [stderr]     Checking ppv-lite86 v0.2.17
[INFO] [stderr]    Compiling pq-sys v0.4.7
[INFO] [stderr]     Checking itoa v1.0.6
[INFO] [stderr]     Checking bitflags v1.3.2
[INFO] [stderr]     Checking byteorder v1.4.3
[INFO] [stderr]    Compiling proc-macro-error-attr v1.0.4
[INFO] [stderr]    Compiling proc-macro-error v1.0.4
[INFO] [stderr]     Checking dotenvy v0.15.7
[INFO] [stderr]     Checking getrandom v0.2.8
[INFO] [stderr]     Checking rand_core v0.6.4
[INFO] [stderr]     Checking rand_chacha v0.3.1
[INFO] [stderr]     Checking rand v0.8.5
[INFO] [stderr]     Checking fake v2.5.0
[INFO] [stderr]    Compiling diesel_derives v2.0.2
[INFO] [stderr]     Checking diesel v2.0.3
[INFO] [stderr]     Checking e-database-test v0.1.0 (/opt/rustwide/workdir)
[INFO] [stderr]  Documenting e-database-test v0.1.0 (/opt/rustwide/workdir)
[INFO] [stdout] error[E0412]: cannot find type `BigDecimal` in this scope
[INFO] [stdout]   --> src/models.rs:78:17
[INFO] [stdout]    |
[INFO] [stdout] 78 |     pub salary: BigDecimal
[INFO] [stdout]    |                 ^^^^^^^^^^ not found in this scope
[INFO] [stdout] 
[INFO] [stdout] 
[INFO] [stdout] error[E0412]: cannot find type `BigDecimal` in this scope
[INFO] [stdout]   --> src/models.rs:78:17
[INFO] [stdout]    |
[INFO] [stdout] 78 |     pub salary: BigDecimal
[INFO] [stdout]    |                 ^^^^^^^^^^ not found in this scope
[INFO] [stdout]    |
[INFO] [stdout] help: you might be missing a type parameter
[INFO] [stdout]    |
[INFO] [stdout] 72 | pub struct NewParcelWorker<'a, BigDecimal> {
[INFO] [stdout]    |                              ++++++++++++
[INFO] [stdout] 
[INFO] [stdout] 
[INFO] [stdout] error[E0412]: cannot find type `BigDecimal` in this scope
[INFO] [stdout]   --> src/models.rs:78:17
[INFO] [stdout]    |
[INFO] [stdout] 78 |     pub salary: BigDecimal
[INFO] [stdout]    |                 ^^^^^^^^^^ not found in this scope
[INFO] [stdout] 
[INFO] [stdout] 
[INFO] [stdout] error[E0412]: cannot find type `BigDecimal` in this scope
[INFO] [stdout]   --> src/models.rs:78:17
[INFO] [stdout]    |
[INFO] [stdout] 78 |     pub salary: BigDecimal
[INFO] [stdout]    |                 ^^^^^^^^^^ not found in this scope
[INFO] [stdout]    |
[INFO] [stdout] help: you might be missing a type parameter
[INFO] [stdout]    |
[INFO] [stdout] 72 | pub struct NewParcelWorker<'a, BigDecimal> {
[INFO] [stdout]    |                              ++++++++++++
[INFO] [stdout] 
[INFO] [stdout] 
[INFO] [stdout] warning: unused import: `Date`
[INFO] [stdout]  --> src/models.rs:3:17
[INFO] [stdout]   |
[INFO] [stdout] 3 |     sql_types::{Date, Timestamp},
[INFO] [stdout]   |                 ^^^^
[INFO] [stdout]   |
[INFO] [stdout]   = note: `#[warn(unused_imports)]` on by default
[INFO] [stdout] 
[INFO] [stdout] 
[INFO] [stdout] error[E0271]: type mismatch resolving `<&Timestamp as Expression>::SqlType == Nullable<Timestamp>`
[INFO] [stdout]   --> src/models.rs:70:10
[INFO] [stdout]    |
[INFO] [stdout] 70 | #[derive(Insertable)]
[INFO] [stdout]    |          ^^^^^^^^^^ expected `Timestamp`, found `Nullable<Timestamp>`
[INFO] [stdout]    |
[INFO] [stdout]    = note: expected struct `diesel::sql_types::Timestamp`
[INFO] [stdout]               found struct `diesel::sql_types::Nullable<diesel::sql_types::Timestamp>`
[INFO] [stdout]    = note: required for `&'a diesel::sql_types::Timestamp` to implement `diesel::expression::AsExpression<diesel::sql_types::Nullable<diesel::sql_types::Timestamp>>`
[INFO] [stdout]    = note: this error originates in the derive macro `Insertable` (in Nightly builds, run with -Z macro-backtrace for more info)
[INFO] [stdout] 
[INFO] [stdout] 
[INFO] [stdout] error[E0277]: the trait bound `i32: diesel::Expression` is not satisfied
[INFO] [stdout]   --> src/models.rs:77:9
[INFO] [stdout]    |
[INFO] [stdout] 77 |     pub position_type: i32,
[INFO] [stdout]    |         ^^^^^^^^^^^^^ the trait `diesel::Expression` is not implemented for `i32`
[INFO] [stdout]    |
[INFO] [stdout]    = help: the following other types implement trait `diesel::Expression`:
[INFO] [stdout]              std::boxed::Box<T>
[INFO] [stdout]              schema::crop::columns::star
[INFO] [stdout]              schema::crop::columns::id
[INFO] [stdout]              schema::crop::columns::parcel_id
[INFO] [stdout]              schema::crop::columns::name
[INFO] [stdout]              schema::crop::columns::description
[INFO] [stdout]              schema::crop::columns::sowing_date
[INFO] [stdout]              schema::crop::columns::estimated_harvest_date
[INFO] [stdout]            and 194 others
[INFO] [stdout]    = note: required for `i32` to implement `diesel::expression::AsExpression<diesel::sql_types::Text>`
[INFO] [stdout] 
[INFO] [stdout] 
[INFO] [stdout] error[E0277]: the trait bound `diesel::sql_types::Timestamp: diesel::Expression` is not satisfied
[INFO] [stdout]   --> src/models.rs:76:9
[INFO] [stdout]    |
[INFO] [stdout] 76 |     pub dismiss_date: Option<&'a Timestamp>,
[INFO] [stdout]    |         ^^^^^^^^^^^^ the trait `diesel::Expression` is not implemented for `diesel::sql_types::Timestamp`
[INFO] [stdout]    |
[INFO] [stdout]    = help: the following other types implement trait `diesel::Expression`:
[INFO] [stdout]              std::boxed::Box<T>
[INFO] [stdout]              schema::crop::columns::star
[INFO] [stdout]              schema::crop::columns::id
[INFO] [stdout]              schema::crop::columns::parcel_id
[INFO] [stdout]              schema::crop::columns::name
[INFO] [stdout]              schema::crop::columns::description
[INFO] [stdout]              schema::crop::columns::sowing_date
[INFO] [stdout]              schema::crop::columns::estimated_harvest_date
[INFO] [stdout]            and 194 others
[INFO] [stdout]    = note: required for `&'a diesel::sql_types::Timestamp` to implement `diesel::Expression`
[INFO] [stdout]    = note: required for `&'a diesel::sql_types::Timestamp` to implement `diesel::expression::AsExpression<diesel::sql_types::Nullable<diesel::sql_types::Timestamp>>`
[INFO] [stdout] 
[INFO] [stdout] 
[INFO] [stdout] error[E0271]: type mismatch resolving `<&&Timestamp as Expression>::SqlType == Nullable<Timestamp>`
[INFO] [stdout]   --> src/models.rs:70:10
[INFO] [stdout]    |
[INFO] [stdout] 70 | #[derive(Insertable)]
[INFO] [stdout]    |          ^^^^^^^^^^ expected `Timestamp`, found `Nullable<Timestamp>`
[INFO] [stdout]    |
[INFO] [stdout]    = note: expected struct `diesel::sql_types::Timestamp`
[INFO] [stdout]               found struct `diesel::sql_types::Nullable<diesel::sql_types::Timestamp>`
[INFO] [stdout]    = note: required for `&'insert &'a diesel::sql_types::Timestamp` to implement `diesel::expression::AsExpression<diesel::sql_types::Nullable<diesel::sql_types::Timestamp>>`
[INFO] [stdout]    = note: this error originates in the derive macro `Insertable` (in Nightly builds, run with -Z macro-backtrace for more info)
[INFO] [stdout] 
[INFO] [stdout] 
[INFO] [stdout] error[E0277]: the trait bound `diesel::sql_types::Timestamp: diesel::Expression` is not satisfied
[INFO] [stdout]   --> src/models.rs:76:9
[INFO] [stdout]    |
[INFO] [stdout] 76 |     pub dismiss_date: Option<&'a Timestamp>,
[INFO] [stdout]    |         ^^^^^^^^^^^^ the trait `diesel::Expression` is not implemented for `diesel::sql_types::Timestamp`
[INFO] [stdout]    |
[INFO] [stdout]    = help: the following other types implement trait `diesel::Expression`:
[INFO] [stdout]              std::boxed::Box<T>
[INFO] [stdout]              schema::crop::columns::star
[INFO] [stdout]              schema::crop::columns::id
[INFO] [stdout]              schema::crop::columns::parcel_id
[INFO] [stdout]              schema::crop::columns::name
[INFO] [stdout]              schema::crop::columns::description
[INFO] [stdout]              schema::crop::columns::sowing_date
[INFO] [stdout]              schema::crop::columns::estimated_harvest_date
[INFO] [stdout]            and 194 others
[INFO] [stdout]    = note: required for `&'a diesel::sql_types::Timestamp` to implement `diesel::Expression`
[INFO] [stdout]    = note: required for `&'insert &'a diesel::sql_types::Timestamp` to implement `diesel::expression::AsExpression<diesel::sql_types::Nullable<diesel::sql_types::Timestamp>>`
[INFO] [stdout] 
[INFO] [stdout] 
[INFO] [stdout] error[E0277]: the trait bound `i32: diesel::Expression` is not satisfied
[INFO] [stdout]   --> src/models.rs:77:9
[INFO] [stdout]    |
[INFO] [stdout] 77 |     pub position_type: i32,
[INFO] [stdout]    |         ^^^^^^^^^^^^^ the trait `diesel::Expression` is not implemented for `i32`
[INFO] [stdout]    |
[INFO] [stdout]    = help: the following other types implement trait `diesel::Expression`:
[INFO] [stdout]              std::boxed::Box<T>
[INFO] [stdout]              schema::crop::columns::star
[INFO] [stdout]              schema::crop::columns::id
[INFO] [stdout]              schema::crop::columns::parcel_id
[INFO] [stdout]              schema::crop::columns::name
[INFO] [stdout]              schema::crop::columns::description
[INFO] [stdout]              schema::crop::columns::sowing_date
[INFO] [stdout]              schema::crop::columns::estimated_harvest_date
[INFO] [stdout]            and 194 others
[INFO] [stdout]    = note: required for `&'insert i32` to implement `diesel::Expression`
[INFO] [stdout]    = note: required for `&'insert i32` to implement `diesel::expression::AsExpression<diesel::sql_types::Text>`
[INFO] [stdout] 
[INFO] [stdout] 
[INFO] [stdout] error[E0271]: type mismatch resolving `<&Timestamp as Expression>::SqlType == Nullable<Timestamp>`
[INFO] [stdout]   --> src/models.rs:70:10
[INFO] [stdout]    |
[INFO] [stdout] 70 | #[derive(Insertable)]
[INFO] [stdout]    |          ^^^^^^^^^^ expected `Timestamp`, found `Nullable<Timestamp>`
[INFO] [stdout]    |
[INFO] [stdout]    = note: expected struct `diesel::sql_types::Timestamp`
[INFO] [stdout]               found struct `diesel::sql_types::Nullable<diesel::sql_types::Timestamp>`
[INFO] [stdout]    = note: required for `&'a diesel::sql_types::Timestamp` to implement `AsExpression<diesel::sql_types::Nullable<diesel::sql_types::Timestamp>>`
[INFO] [stdout]    = note: this error originates in the derive macro `Insertable` (in Nightly builds, run with -Z macro-backtrace for more info)
[INFO] [stdout] 
[INFO] [stdout] 
[INFO] [stdout] error[E0277]: the trait bound `i32: diesel::Expression` is not satisfied
[INFO] [stdout]   --> src/models.rs:77:9
[INFO] [stdout]    |
[INFO] [stdout] 77 |     pub position_type: i32,
[INFO] [stdout]    |         ^^^^^^^^^^^^^ the trait `diesel::Expression` is not implemented for `i32`
[INFO] [stdout]    |
[INFO] [stdout]    = help: the following other types implement trait `diesel::Expression`:
[INFO] [stdout]              Box<T>
[INFO] [stdout]              crop::columns::star
[INFO] [stdout]              crop::columns::id
[INFO] [stdout]              crop::columns::parcel_id
[INFO] [stdout]              crop::columns::name
[INFO] [stdout]              crop::columns::description
[INFO] [stdout]              crop::columns::sowing_date
[INFO] [stdout]              crop::columns::estimated_harvest_date
[INFO] [stdout]            and 194 others
[INFO] [stdout]    = note: required for `i32` to implement `AsExpression<diesel::sql_types::Text>`
[INFO] [stdout] 
[INFO] [stdout] 
[INFO] [stdout] error[E0277]: the trait bound `diesel::sql_types::Timestamp: diesel::Expression` is not satisfied
[INFO] [stdout]   --> src/models.rs:76:9
[INFO] [stdout]    |
[INFO] [stdout] 76 |     pub dismiss_date: Option<&'a Timestamp>,
[INFO] [stdout]    |         ^^^^^^^^^^^^ the trait `diesel::Expression` is not implemented for `diesel::sql_types::Timestamp`
[INFO] [stdout]    |
[INFO] [stdout]    = help: the following other types implement trait `diesel::Expression`:
[INFO] [stdout]              Box<T>
[INFO] [stdout]              crop::columns::star
[INFO] [stdout]              crop::columns::id
[INFO] [stdout]              crop::columns::parcel_id
[INFO] [stdout]              crop::columns::name
[INFO] [stdout]              crop::columns::description
[INFO] [stdout]              crop::columns::sowing_date
[INFO] [stdout]              crop::columns::estimated_harvest_date
[INFO] [stdout]            and 194 others
[INFO] [stdout]    = note: required for `&'a diesel::sql_types::Timestamp` to implement `diesel::Expression`
[INFO] [stdout]    = note: required for `&'a diesel::sql_types::Timestamp` to implement `AsExpression<diesel::sql_types::Nullable<diesel::sql_types::Timestamp>>`
[INFO] [stdout] 
[INFO] [stdout] 
[INFO] [stdout] error[E0271]: type mismatch resolving `<&&Timestamp as Expression>::SqlType == Nullable<Timestamp>`
[INFO] [stdout]   --> src/models.rs:70:10
[INFO] [stdout]    |
[INFO] [stdout] 70 | #[derive(Insertable)]
[INFO] [stdout]    |          ^^^^^^^^^^ expected `Timestamp`, found `Nullable<Timestamp>`
[INFO] [stdout]    |
[INFO] [stdout]    = note: expected struct `diesel::sql_types::Timestamp`
[INFO] [stdout]               found struct `diesel::sql_types::Nullable<diesel::sql_types::Timestamp>`
[INFO] [stdout]    = note: required for `&'insert &'a diesel::sql_types::Timestamp` to implement `AsExpression<diesel::sql_types::Nullable<diesel::sql_types::Timestamp>>`
[INFO] [stdout]    = note: this error originates in the derive macro `Insertable` (in Nightly builds, run with -Z macro-backtrace for more info)
[INFO] [stdout] 
[INFO] [stdout] 
[INFO] [stdout] error[E0277]: the trait bound `diesel::sql_types::Timestamp: diesel::Expression` is not satisfied
[INFO] [stdout]   --> src/models.rs:76:9
[INFO] [stdout]    |
[INFO] [stdout] 76 |     pub dismiss_date: Option<&'a Timestamp>,
[INFO] [stdout]    |         ^^^^^^^^^^^^ the trait `diesel::Expression` is not implemented for `diesel::sql_types::Timestamp`
[INFO] [stdout]    |
[INFO] [stdout]    = help: the following other types implement trait `diesel::Expression`:
[INFO] [stdout]              Box<T>
[INFO] [stdout]              crop::columns::star
[INFO] [stdout]              crop::columns::id
[INFO] [stdout]              crop::columns::parcel_id
[INFO] [stdout]              crop::columns::name
[INFO] [stdout]              crop::columns::description
[INFO] [stdout]              crop::columns::sowing_date
[INFO] [stdout]              crop::columns::estimated_harvest_date
[INFO] [stdout]            and 194 others
[INFO] [stdout]    = note: required for `&'a diesel::sql_types::Timestamp` to implement `diesel::Expression`
[INFO] [stdout]    = note: required for `&'insert &'a diesel::sql_types::Timestamp` to implement `AsExpression<diesel::sql_types::Nullable<diesel::sql_types::Timestamp>>`
[INFO] [stdout] 
[INFO] [stdout] 
[INFO] [stdout] error[E0277]: the trait bound `i32: diesel::Expression` is not satisfied
[INFO] [stdout]   --> src/models.rs:77:9
[INFO] [stdout]    |
[INFO] [stdout] 77 |     pub position_type: i32,
[INFO] [stdout]    |         ^^^^^^^^^^^^^ the trait `diesel::Expression` is not implemented for `i32`
[INFO] [stdout]    |
[INFO] [stdout]    = help: the following other types implement trait `diesel::Expression`:
[INFO] [stdout]              Box<T>
[INFO] [stdout]              crop::columns::star
[INFO] [stdout]              crop::columns::id
[INFO] [stdout]              crop::columns::parcel_id
[INFO] [stdout]              crop::columns::name
[INFO] [stdout]              crop::columns::description
[INFO] [stdout]              crop::columns::sowing_date
[INFO] [stdout]              crop::columns::estimated_harvest_date
[INFO] [stdout]            and 194 others
[INFO] [stdout]    = note: required for `&'insert i32` to implement `diesel::Expression`
[INFO] [stdout]    = note: required for `&'insert i32` to implement `AsExpression<diesel::sql_types::Text>`
[INFO] [stdout] 
[INFO] [stdout] 
[INFO] [stdout] error[E0277]: the trait bound `i32: diesel::Expression` is not satisfied
[INFO] [stdout]   --> src/models.rs:70:10
[INFO] [stdout]    |
[INFO] [stdout] 70 | #[derive(Insertable)]
[INFO] [stdout]    |          ^^^^^^^^^^ the trait `diesel::Expression` is not implemented for `i32`
[INFO] [stdout]    |
[INFO] [stdout]    = help: the following other types implement trait `diesel::Expression`:
[INFO] [stdout]              std::boxed::Box<T>
[INFO] [stdout]              schema::crop::columns::star
[INFO] [stdout]              schema::crop::columns::id
[INFO] [stdout]              schema::crop::columns::parcel_id
[INFO] [stdout]              schema::crop::columns::name
[INFO] [stdout]              schema::crop::columns::description
[INFO] [stdout]              schema::crop::columns::sowing_date
[INFO] [stdout]              schema::crop::columns::estimated_harvest_date
[INFO] [stdout]            and 194 others
[INFO] [stdout]    = note: required for `i32` to implement `diesel::expression::AsExpression<diesel::sql_types::Text>`
[INFO] [stdout]    = note: this error originates in the derive macro `Insertable` (in Nightly builds, run with -Z macro-backtrace for more info)
[INFO] [stdout] 
[INFO] [stdout] 
[INFO] [stdout] error[E0277]: the trait bound `diesel::sql_types::Timestamp: diesel::Expression` is not satisfied
[INFO] [stdout]   --> src/models.rs:70:10
[INFO] [stdout]    |
[INFO] [stdout] 70 | #[derive(Insertable)]
[INFO] [stdout]    |          ^^^^^^^^^^ the trait `diesel::Expression` is not implemented for `diesel::sql_types::Timestamp`
[INFO] [stdout]    |
[INFO] [stdout]    = help: the following other types implement trait `diesel::Expression`:
[INFO] [stdout]              std::boxed::Box<T>
[INFO] [stdout]              schema::crop::columns::star
[INFO] [stdout]              schema::crop::columns::id
[INFO] [stdout]              schema::crop::columns::parcel_id
[INFO] [stdout]              schema::crop::columns::name
[INFO] [stdout]              schema::crop::columns::description
[INFO] [stdout]              schema::crop::columns::sowing_date
[INFO] [stdout]              schema::crop::columns::estimated_harvest_date
[INFO] [stdout]            and 194 others
[INFO] [stdout]    = note: required for `&'a diesel::sql_types::Timestamp` to implement `diesel::Expression`
[INFO] [stdout]    = note: required for `&'a diesel::sql_types::Timestamp` to implement `diesel::expression::AsExpression<diesel::sql_types::Timestamp>`
[INFO] [stdout]    = note: this error originates in the derive macro `Insertable` (in Nightly builds, run with -Z macro-backtrace for more info)
[INFO] [stdout] 
[INFO] [stdout] 
[INFO] [stdout] error[E0277]: the trait bound `diesel::sql_types::Timestamp: diesel::Expression` is not satisfied
[INFO] [stdout]   --> src/models.rs:70:10
[INFO] [stdout]    |
[INFO] [stdout] 70 | #[derive(Insertable)]
[INFO] [stdout]    |          ^^^^^^^^^^ the trait `diesel::Expression` is not implemented for `diesel::sql_types::Timestamp`
[INFO] [stdout]    |
[INFO] [stdout]    = help: the following other types implement trait `diesel::Expression`:
[INFO] [stdout]              std::boxed::Box<T>
[INFO] [stdout]              schema::crop::columns::star
[INFO] [stdout]              schema::crop::columns::id
[INFO] [stdout]              schema::crop::columns::parcel_id
[INFO] [stdout]              schema::crop::columns::name
[INFO] [stdout]              schema::crop::columns::description
[INFO] [stdout]              schema::crop::columns::sowing_date
[INFO] [stdout]              schema::crop::columns::estimated_harvest_date
[INFO] [stdout]            and 194 others
[INFO] [stdout]    = note: required for `&'a diesel::sql_types::Timestamp` to implement `diesel::Expression`
[INFO] [stdout]    = note: required for `&'insert &'a diesel::sql_types::Timestamp` to implement `diesel::expression::AsExpression<diesel::sql_types::Timestamp>`
[INFO] [stdout]    = note: this error originates in the derive macro `Insertable` (in Nightly builds, run with -Z macro-backtrace for more info)
[INFO] [stdout] 
[INFO] [stdout] 
[INFO] [stdout] error[E0277]: the trait bound `i32: diesel::Expression` is not satisfied
[INFO] [stdout]   --> src/models.rs:70:10
[INFO] [stdout]    |
[INFO] [stdout] 70 | #[derive(Insertable)]
[INFO] [stdout]    |          ^^^^^^^^^^ the trait `diesel::Expression` is not implemented for `i32`
[INFO] [stdout]    |
[INFO] [stdout]    = help: the following other types implement trait `diesel::Expression`:
[INFO] [stdout]              std::boxed::Box<T>
[INFO] [stdout]              schema::crop::columns::star
[INFO] [stdout]              schema::crop::columns::id
[INFO] [stdout]              schema::crop::columns::parcel_id
[INFO] [stdout]              schema::crop::columns::name
[INFO] [stdout]              schema::crop::columns::description
[INFO] [stdout]              schema::crop::columns::sowing_date
[INFO] [stdout]              schema::crop::columns::estimated_harvest_date
[INFO] [stdout]            and 194 others
[INFO] [stdout]    = note: required for `&'insert i32` to implement `diesel::Expression`
[INFO] [stdout]    = note: required for `&'insert i32` to implement `diesel::expression::AsExpression<diesel::sql_types::Text>`
[INFO] [stdout]    = note: this error originates in the derive macro `Insertable` (in Nightly builds, run with -Z macro-backtrace for more info)
[INFO] [stdout] 
[INFO] [stdout] 
[INFO] [stdout] error[E0277]: the trait bound `i32: diesel::Expression` is not satisfied
[INFO] [stdout]   --> src/models.rs:70:10
[INFO] [stdout]    |
[INFO] [stdout] 70 | #[derive(Insertable)]
[INFO] [stdout]    |          ^^^^^^^^^^ the trait `diesel::Expression` is not implemented for `i32`
[INFO] [stdout]    |
[INFO] [stdout]    = help: the following other types implement trait `diesel::Expression`:
[INFO] [stdout]              Box<T>
[INFO] [stdout]              crop::columns::star
[INFO] [stdout]              crop::columns::id
[INFO] [stdout]              crop::columns::parcel_id
[INFO] [stdout]              crop::columns::name
[INFO] [stdout]              crop::columns::description
[INFO] [stdout]              crop::columns::sowing_date
[INFO] [stdout]              crop::columns::estimated_harvest_date
[INFO] [stdout]            and 194 others
[INFO] [stdout]    = note: required for `i32` to implement `AsExpression<diesel::sql_types::Text>`
[INFO] [stdout]    = note: this error originates in the derive macro `Insertable` (in Nightly builds, run with -Z macro-backtrace for more info)
[INFO] [stdout] 
[INFO] [stdout] 
[INFO] [stdout] error[E0277]: the trait bound `diesel::sql_types::Timestamp: diesel::Expression` is not satisfied
[INFO] [stdout]   --> src/models.rs:70:10
[INFO] [stdout]    |
[INFO] [stdout] 70 | #[derive(Insertable)]
[INFO] [stdout]    |          ^^^^^^^^^^ the trait `diesel::Expression` is not implemented for `diesel::sql_types::Timestamp`
[INFO] [stdout]    |
[INFO] [stdout]    = help: the following other types implement trait `diesel::Expression`:
[INFO] [stdout]              Box<T>
[INFO] [stdout]              crop::columns::star
[INFO] [stdout]              crop::columns::id
[INFO] [stdout]              crop::columns::parcel_id
[INFO] [stdout]              crop::columns::name
[INFO] [stdout]              crop::columns::description
[INFO] [stdout]              crop::columns::sowing_date
[INFO] [stdout]              crop::columns::estimated_harvest_date
[INFO] [stdout]            and 194 others
[INFO] [stdout]    = note: required for `&'a diesel::sql_types::Timestamp` to implement `diesel::Expression`
[INFO] [stdout]    = note: required for `&'a diesel::sql_types::Timestamp` to implement `AsExpression<diesel::sql_types::Timestamp>`
[INFO] [stdout]    = note: this error originates in the derive macro `Insertable` (in Nightly builds, run with -Z macro-backtrace for more info)
[INFO] [stdout] 
[INFO] [stdout] 
[INFO] [stdout] error[E0277]: the trait bound `diesel::sql_types::Timestamp: diesel::Expression` is not satisfied
[INFO] [stdout]   --> src/models.rs:70:10
[INFO] [stdout]    |
[INFO] [stdout] 70 | #[derive(Insertable)]
[INFO] [stdout]    |          ^^^^^^^^^^ the trait `diesel::Expression` is not implemented for `diesel::sql_types::Timestamp`
[INFO] [stdout]    |
[INFO] [stdout]    = help: the following other types implement trait `diesel::Expression`:
[INFO] [stdout]              Box<T>
[INFO] [stdout]              crop::columns::star
[INFO] [stdout]              crop::columns::id
[INFO] [stdout]              crop::columns::parcel_id
[INFO] [stdout]              crop::columns::name
[INFO] [stdout]              crop::columns::description
[INFO] [stdout]              crop::columns::sowing_date
[INFO] [stdout]              crop::columns::estimated_harvest_date
[INFO] [stdout]            and 194 others
[INFO] [stdout]    = note: required for `&'a diesel::sql_types::Timestamp` to implement `diesel::Expression`
[INFO] [stdout]    = note: required for `&'insert &'a diesel::sql_types::Timestamp` to implement `AsExpression<diesel::sql_types::Timestamp>`
[INFO] [stdout]    = note: this error originates in the derive macro `Insertable` (in Nightly builds, run with -Z macro-backtrace for more info)
[INFO] [stdout] 
[INFO] [stdout] 
[INFO] [stdout] error[E0277]: the trait bound `i32: diesel::Expression` is not satisfied
[INFO] [stdout]   --> src/models.rs:70:10
[INFO] [stdout]    |
[INFO] [stdout] 70 | #[derive(Insertable)]
[INFO] [stdout]    |          ^^^^^^^^^^ the trait `diesel::Expression` is not implemented for `i32`
[INFO] [stdout]    |
[INFO] [stdout]    = help: the following other types implement trait `diesel::Expression`:
[INFO] [stdout]              Box<T>
[INFO] [stdout]              crop::columns::star
[INFO] [stdout]              crop::columns::id
[INFO] [stdout]              crop::columns::parcel_id
[INFO] [stdout]              crop::columns::name
[INFO] [stdout]              crop::columns::description
[INFO] [stdout]              crop::columns::sowing_date
[INFO] [stdout]              crop::columns::estimated_harvest_date
[INFO] [stdout]            and 194 others
[INFO] [stdout]    = note: required for `&'insert i32` to implement `diesel::Expression`
[INFO] [stdout]    = note: required for `&'insert i32` to implement `AsExpression<diesel::sql_types::Text>`
[INFO] [stdout]    = note: this error originates in the derive macro `Insertable` (in Nightly builds, run with -Z macro-backtrace for more info)
[INFO] [stdout] 
[INFO] [stdout] 
[INFO] [stdout] error: aborting due to 12 previous errors
[INFO] [stdout] 
[INFO] [stdout] 
[INFO] [stdout] Some errors have detailed explanations: E0271, E0277, E0412.
[INFO] [stdout] 
[INFO] [stdout] For more information about an error, try `rustc --explain E0271`.
[INFO] [stdout] 
[INFO] [stdout] error: aborting due to 12 previous errors; 1 warning emitted
[INFO] [stdout] 
[INFO] [stdout] 
[INFO] [stdout] Some errors have detailed explanations: E0271, E0277, E0412.
[INFO] [stdout] 
[INFO] [stdout] For more information about an error, try `rustc --explain E0271`.
[INFO] [stdout] 
[INFO] [stderr] error: could not document `e-database-test`
[INFO] [stderr] 
[INFO] [stderr] Caused by:
[INFO] [stderr]   process didn't exit successfully: `/opt/rustwide/rustup-home/toolchains/beta-2023-12-22-x86_64-unknown-linux-gnu/bin/rustdoc --edition=2021 --crate-type lib --crate-name e_database_test src/lib.rs -o /opt/rustwide/target/doc --error-format=json --json=diagnostic-rendered-ansi,artifacts,future-incompat --document-private-items -C metadata=47214b8b371a9acc -L dependency=/opt/rustwide/target/debug/deps --extern diesel=/opt/rustwide/target/debug/deps/libdiesel-750468918bb4f468.rmeta --extern dotenvy=/opt/rustwide/target/debug/deps/libdotenvy-773892e8f3c5fe6c.rmeta --extern fake=/opt/rustwide/target/debug/deps/libfake-502462872fa19586.rmeta --extern rand=/opt/rustwide/target/debug/deps/librand-5db3bb4e493fd2bd.rmeta --cap-lints=warn --crate-version 0.1.0` (exit status: 1)
[INFO] [stderr] warning: build failed, waiting for other jobs to finish...
[INFO] [stderr] error: could not compile `e-database-test` (lib) due to 13 previous errors; 1 warning emitted
[INFO] running `Command { std: "docker" "inspect" "50352947e77838a1370147467e5cab830d5ff71d3eb7526eba50941e3b07594b", kill_on_drop: false }`
[INFO] running `Command { std: "docker" "rm" "-f" "50352947e77838a1370147467e5cab830d5ff71d3eb7526eba50941e3b07594b", kill_on_drop: false }`
[INFO] [stdout] 50352947e77838a1370147467e5cab830d5ff71d3eb7526eba50941e3b07594b
