[INFO] cloning repository https://github.com/GodaHaruki/shader-rs
[INFO] running `Command { std: "git" "-c" "credential.helper=" "-c" "credential.helper=/workspace/cargo-home/bin/git-credential-null" "clone" "--bare" "https://github.com/GodaHaruki/shader-rs" "/workspace/cache/git-repos/https%3A%2F%2Fgithub.com%2FGodaHaruki%2Fshader-rs", kill_on_drop: false }`
[INFO] [stderr] Cloning into bare repository '/workspace/cache/git-repos/https%3A%2F%2Fgithub.com%2FGodaHaruki%2Fshader-rs'...
[INFO] running `Command { std: "git" "rev-parse" "HEAD", kill_on_drop: false }`
[INFO] [stdout] a28852d77dca7c9c89f3ff81b81dd185a5f4492b
[INFO] documenting GodaHaruki/shader-rs against 1.75.0 for beta-1.76-rustdoc-1
[INFO] running `Command { std: "git" "clone" "/workspace/cache/git-repos/https%3A%2F%2Fgithub.com%2FGodaHaruki%2Fshader-rs" "/workspace/builds/worker-6-tc1/source", kill_on_drop: false }`
[INFO] [stderr] Cloning into '/workspace/builds/worker-6-tc1/source'...
[INFO] [stderr] done.
[INFO] validating manifest of git repo https://github.com/GodaHaruki/shader-rs on toolchain 1.75.0
[INFO] running `Command { std: CARGO_HOME="/workspace/cargo-home" RUSTUP_HOME="/workspace/rustup-home" "/workspace/cargo-home/bin/cargo" "+1.75.0" "metadata" "--manifest-path" "Cargo.toml" "--no-deps", kill_on_drop: false }`
[INFO] started tweaking git repo https://github.com/GodaHaruki/shader-rs
[INFO] finished tweaking git repo https://github.com/GodaHaruki/shader-rs
[INFO] tweaked toml for git repo https://github.com/GodaHaruki/shader-rs written to /workspace/builds/worker-6-tc1/source/Cargo.toml
[INFO] crate git repo https://github.com/GodaHaruki/shader-rs already has a lockfile, it will not be regenerated
[INFO] running `Command { std: CARGO_HOME="/workspace/cargo-home" RUSTUP_HOME="/workspace/rustup-home" "/workspace/cargo-home/bin/cargo" "+1.75.0" "fetch" "--manifest-path" "Cargo.toml", kill_on_drop: false }`
[INFO] running `Command { std: "docker" "create" "-v" "/var/lib/crater-agent-workspace/builds/worker-6-tc1/target:/opt/rustwide/target:rw,Z" "-v" "/var/lib/crater-agent-workspace/builds/worker-6-tc1/source:/opt/rustwide/workdir:ro,Z" "-v" "/var/lib/crater-agent-workspace/cargo-home:/opt/rustwide/cargo-home:ro,Z" "-v" "/var/lib/crater-agent-workspace/rustup-home:/opt/rustwide/rustup-home:ro,Z" "-e" "SOURCE_DIR=/opt/rustwide/workdir" "-e" "CARGO_TARGET_DIR=/opt/rustwide/target" "-e" "CARGO_HOME=/opt/rustwide/cargo-home" "-e" "RUSTUP_HOME=/opt/rustwide/rustup-home" "-w" "/opt/rustwide/workdir" "-m" "1610612736" "--user" "0:0" "--network" "none" "ghcr.io/rust-lang/crates-build-env/linux@sha256:2788e3201cd34a07e3172128adcd8b3090168a8e3bcc40d7c032b9dda1df7d1c" "/opt/rustwide/cargo-home/bin/cargo" "+1.75.0" "metadata" "--no-deps" "--format-version=1", kill_on_drop: false }`
[INFO] [stdout] e9f673d41ab36bbacdd06eb2108e777c55d0be7cc88e4a0271c94ea47eb8567b
[INFO] running `Command { std: "docker" "start" "-a" "e9f673d41ab36bbacdd06eb2108e777c55d0be7cc88e4a0271c94ea47eb8567b", kill_on_drop: false }`
[INFO] running `Command { std: "docker" "inspect" "e9f673d41ab36bbacdd06eb2108e777c55d0be7cc88e4a0271c94ea47eb8567b", kill_on_drop: false }`
[INFO] running `Command { std: "docker" "rm" "-f" "e9f673d41ab36bbacdd06eb2108e777c55d0be7cc88e4a0271c94ea47eb8567b", kill_on_drop: false }`
[INFO] [stdout] e9f673d41ab36bbacdd06eb2108e777c55d0be7cc88e4a0271c94ea47eb8567b
[INFO] running `Command { std: "docker" "create" "-v" "/var/lib/crater-agent-workspace/builds/worker-6-tc1/target:/opt/rustwide/target:rw,Z" "-v" "/var/lib/crater-agent-workspace/builds/worker-6-tc1/source:/opt/rustwide/workdir:ro,Z" "-v" "/var/lib/crater-agent-workspace/cargo-home:/opt/rustwide/cargo-home:ro,Z" "-v" "/var/lib/crater-agent-workspace/rustup-home:/opt/rustwide/rustup-home:ro,Z" "-e" "SOURCE_DIR=/opt/rustwide/workdir" "-e" "CARGO_TARGET_DIR=/opt/rustwide/target" "-e" "CARGO_INCREMENTAL=0" "-e" "RUST_BACKTRACE=full" "-e" "RUSTFLAGS=--cap-lints=warn" "-e" "RUSTDOCFLAGS=--cap-lints=warn" "-e" "CARGO_HOME=/opt/rustwide/cargo-home" "-e" "RUSTUP_HOME=/opt/rustwide/rustup-home" "-w" "/opt/rustwide/workdir" "-m" "1610612736" "--user" "0:0" "--network" "none" "ghcr.io/rust-lang/crates-build-env/linux@sha256:2788e3201cd34a07e3172128adcd8b3090168a8e3bcc40d7c032b9dda1df7d1c" "/opt/rustwide/cargo-home/bin/cargo" "+1.75.0" "doc" "--frozen" "--no-deps" "--document-private-items" "--message-format=json", kill_on_drop: false }`
[INFO] [stdout] 70f4917b3ce0e82c4082e78c707922d86074325d13be41b42a204529e1101c29
[INFO] running `Command { std: "docker" "start" "-a" "70f4917b3ce0e82c4082e78c707922d86074325d13be41b42a204529e1101c29", kill_on_drop: false }`
[INFO] [stderr]     Checking Shader v0.1.0 (/opt/rustwide/workdir/Shader)
[INFO] [stdout] error[E0432]: unresolved import `crate::pixel`
[INFO] [stdout]  --> Shader/src/shader.rs:3:12
[INFO] [stdout]   |
[INFO] [stdout] 3 | use crate::pixel::*;
[INFO] [stdout]   |            ^^^^^ could not find `pixel` in the crate root
[INFO] [stdout] 
[INFO] [stdout] 
[INFO] [stdout] error[E0412]: cannot find type `Pixel` in this scope
[INFO] [stdout]   --> Shader/src/shader.rs:14:22
[INFO] [stdout]    |
[INFO] [stdout] 14 |     display: Vec<Vec<Pixel>>
[INFO] [stdout]    |                      ^^^^^ not found in this scope
[INFO] [stdout]    |
[INFO] [stdout] help: you might be missing a type parameter
[INFO] [stdout]    |
[INFO] [stdout] 12 | struct Shader3D<T, Pixel>{
[INFO] [stdout]    |                  +++++++
[INFO] [stdout] 
[INFO] [stdout] 
[INFO] [stdout] warning: unused import: `crate::point::*`
[INFO] [stdout]  --> Shader/src/shader.rs:1:5
[INFO] [stdout]   |
[INFO] [stdout] 1 | use crate::point::*;
[INFO] [stdout]   |     ^^^^^^^^^^^^^^^
[INFO] [stdout]   |
[INFO] [stdout]   = note: `#[warn(unused_imports)]` on by default
[INFO] [stdout] 
[INFO] [stdout] 
[INFO] [stdout] error[E0433]: failed to resolve: use of undeclared type `Pixel`
[INFO] [stdout]   --> Shader/src/shader.rs:21:32
[INFO] [stdout]    |
[INFO] [stdout] 21 |             display: vec![vec![Pixel::new(0,0,0); x]; y],
[INFO] [stdout]    |                                ^^^^^ use of undeclared type `Pixel`
[INFO] [stdout] 
[INFO] [stdout] 
[INFO] [stdout] error: aborting due to 3 previous errors; 1 warning emitted
[INFO] [stdout] 
[INFO] [stdout] 
[INFO] [stdout] Some errors have detailed explanations: E0412, E0432, E0433.
[INFO] [stdout] 
[INFO] [stdout] For more information about an error, try `rustc --explain E0412`.
[INFO] [stdout] 
[INFO] [stderr] error: could not compile `Shader` (lib) due to 4 previous errors; 1 warning emitted
[INFO] running `Command { std: "docker" "inspect" "70f4917b3ce0e82c4082e78c707922d86074325d13be41b42a204529e1101c29", kill_on_drop: false }`
[INFO] running `Command { std: "docker" "rm" "-f" "70f4917b3ce0e82c4082e78c707922d86074325d13be41b42a204529e1101c29", kill_on_drop: false }`
[INFO] [stdout] 70f4917b3ce0e82c4082e78c707922d86074325d13be41b42a204529e1101c29
