[INFO] cloning repository https://github.com/GobiasSomeCoffeeCo/angry
[INFO] running `Command { std: "git" "-c" "credential.helper=" "-c" "credential.helper=/workspace/cargo-home/bin/git-credential-null" "clone" "--bare" "https://github.com/GobiasSomeCoffeeCo/angry" "/workspace/cache/git-repos/https%3A%2F%2Fgithub.com%2FGobiasSomeCoffeeCo%2Fangry", kill_on_drop: false }`
[INFO] [stderr] Cloning into bare repository '/workspace/cache/git-repos/https%3A%2F%2Fgithub.com%2FGobiasSomeCoffeeCo%2Fangry'...
[INFO] running `Command { std: "git" "rev-parse" "HEAD", kill_on_drop: false }`
[INFO] [stdout] 4c99f7f8ca63464ea5ae322b1a6a1df578a59669
[INFO] documenting GobiasSomeCoffeeCo/angry against 1.75.0 for beta-1.76-rustdoc-1
[INFO] running `Command { std: "git" "clone" "/workspace/cache/git-repos/https%3A%2F%2Fgithub.com%2FGobiasSomeCoffeeCo%2Fangry" "/workspace/builds/worker-3-tc1/source", kill_on_drop: false }`
[INFO] [stderr] Cloning into '/workspace/builds/worker-3-tc1/source'...
[INFO] [stderr] done.
[INFO] validating manifest of git repo https://github.com/GobiasSomeCoffeeCo/angry on toolchain 1.75.0
[INFO] running `Command { std: CARGO_HOME="/workspace/cargo-home" RUSTUP_HOME="/workspace/rustup-home" "/workspace/cargo-home/bin/cargo" "+1.75.0" "metadata" "--manifest-path" "Cargo.toml" "--no-deps", kill_on_drop: false }`
[INFO] started tweaking git repo https://github.com/GobiasSomeCoffeeCo/angry
[INFO] finished tweaking git repo https://github.com/GobiasSomeCoffeeCo/angry
[INFO] tweaked toml for git repo https://github.com/GobiasSomeCoffeeCo/angry written to /workspace/builds/worker-3-tc1/source/Cargo.toml
[INFO] crate git repo https://github.com/GobiasSomeCoffeeCo/angry already has a lockfile, it will not be regenerated
[INFO] running `Command { std: CARGO_HOME="/workspace/cargo-home" RUSTUP_HOME="/workspace/rustup-home" "/workspace/cargo-home/bin/cargo" "+1.75.0" "fetch" "--manifest-path" "Cargo.toml", kill_on_drop: false }`
[INFO] [stderr] warning: unused manifest key: package.author
[INFO] [stderr]     Updating crates.io index
[INFO] [stderr]  Downloading crates ...
[INFO] [stderr]   Downloaded inventory v0.3.4
[INFO] [stderr]   Downloaded postcard v1.0.4
[INFO] [stderr]   Downloaded openssl-sys v0.9.79
[INFO] [stderr]   Downloaded openssl v0.10.44
[INFO] [stderr]   Downloaded concat-idents v1.1.4
[INFO] [stderr]   Downloaded tui v0.18.0
[INFO] [stderr]   Downloaded async-trait v0.1.65
[INFO] [stderr]   Downloaded uds v0.2.6
[INFO] [stderr]   Downloaded libafl v0.8.2
[INFO] [stderr]   Downloaded feroxfuzz v1.0.0-rc.8
[INFO] running `Command { std: "docker" "create" "-v" "/var/lib/crater-agent-workspace/builds/worker-3-tc1/target:/opt/rustwide/target:rw,Z" "-v" "/var/lib/crater-agent-workspace/builds/worker-3-tc1/source:/opt/rustwide/workdir:ro,Z" "-v" "/var/lib/crater-agent-workspace/cargo-home:/opt/rustwide/cargo-home:ro,Z" "-v" "/var/lib/crater-agent-workspace/rustup-home:/opt/rustwide/rustup-home:ro,Z" "-e" "SOURCE_DIR=/opt/rustwide/workdir" "-e" "CARGO_TARGET_DIR=/opt/rustwide/target" "-e" "CARGO_HOME=/opt/rustwide/cargo-home" "-e" "RUSTUP_HOME=/opt/rustwide/rustup-home" "-w" "/opt/rustwide/workdir" "-m" "1610612736" "--user" "0:0" "--network" "none" "ghcr.io/rust-lang/crates-build-env/linux@sha256:2788e3201cd34a07e3172128adcd8b3090168a8e3bcc40d7c032b9dda1df7d1c" "/opt/rustwide/cargo-home/bin/cargo" "+1.75.0" "metadata" "--no-deps" "--format-version=1", kill_on_drop: false }`
[INFO] [stdout] 2fe5bea478ce758106b955fc01ea47d3abaed3dae61dfded79db07a464b0d9b8
[INFO] running `Command { std: "docker" "start" "-a" "2fe5bea478ce758106b955fc01ea47d3abaed3dae61dfded79db07a464b0d9b8", kill_on_drop: false }`
[INFO] running `Command { std: "docker" "inspect" "2fe5bea478ce758106b955fc01ea47d3abaed3dae61dfded79db07a464b0d9b8", kill_on_drop: false }`
[INFO] running `Command { std: "docker" "rm" "-f" "2fe5bea478ce758106b955fc01ea47d3abaed3dae61dfded79db07a464b0d9b8", kill_on_drop: false }`
[INFO] [stdout] 2fe5bea478ce758106b955fc01ea47d3abaed3dae61dfded79db07a464b0d9b8
[INFO] running `Command { std: "docker" "create" "-v" "/var/lib/crater-agent-workspace/builds/worker-3-tc1/target:/opt/rustwide/target:rw,Z" "-v" "/var/lib/crater-agent-workspace/builds/worker-3-tc1/source:/opt/rustwide/workdir:ro,Z" "-v" "/var/lib/crater-agent-workspace/cargo-home:/opt/rustwide/cargo-home:ro,Z" "-v" "/var/lib/crater-agent-workspace/rustup-home:/opt/rustwide/rustup-home:ro,Z" "-e" "SOURCE_DIR=/opt/rustwide/workdir" "-e" "CARGO_TARGET_DIR=/opt/rustwide/target" "-e" "CARGO_INCREMENTAL=0" "-e" "RUST_BACKTRACE=full" "-e" "RUSTFLAGS=--cap-lints=warn" "-e" "RUSTDOCFLAGS=--cap-lints=warn" "-e" "CARGO_HOME=/opt/rustwide/cargo-home" "-e" "RUSTUP_HOME=/opt/rustwide/rustup-home" "-w" "/opt/rustwide/workdir" "-m" "1610612736" "--user" "0:0" "--network" "none" "ghcr.io/rust-lang/crates-build-env/linux@sha256:2788e3201cd34a07e3172128adcd8b3090168a8e3bcc40d7c032b9dda1df7d1c" "/opt/rustwide/cargo-home/bin/cargo" "+1.75.0" "doc" "--frozen" "--no-deps" "--document-private-items" "--message-format=json", kill_on_drop: false }`
[INFO] [stdout] bc53d6cd04db1d8eb375acb814172c04580ea1f3d1e2d928284141f4ea42bd15
[INFO] running `Command { std: "docker" "start" "-a" "bc53d6cd04db1d8eb375acb814172c04580ea1f3d1e2d928284141f4ea42bd15", kill_on_drop: false }`
[INFO] [stderr] warning: unused manifest key: package.author
[INFO] [stderr]    Compiling proc-macro2 v1.0.47
[INFO] [stderr]    Compiling quote v1.0.21
[INFO] [stderr]    Compiling unicode-ident v1.0.5
[INFO] [stderr]    Compiling syn v1.0.105
[INFO] [stderr]    Compiling libc v0.2.138
[INFO] [stderr]    Compiling cc v1.0.78
[INFO] [stderr]     Checking once_cell v1.16.0
[INFO] [stderr]    Compiling serde_derive v1.0.150
[INFO] [stderr]    Compiling log v0.4.17
[INFO] [stderr]    Compiling serde v1.0.150
[INFO] [stderr]    Compiling memchr v2.5.0
[INFO] [stderr]    Compiling lock_api v0.4.9
[INFO] [stderr]     Checking scopeguard v1.1.0
[INFO] [stderr]    Compiling version_check v0.9.4
[INFO] [stderr]    Compiling parking_lot_core v0.9.5
[INFO] [stderr]     Checking pin-project-lite v0.2.9
[INFO] [stderr]    Compiling crunchy v0.2.2
[INFO] [stderr]    Compiling futures-core v0.3.25
[INFO] [stderr]    Compiling tiny-keccak v2.0.2
[INFO] [stderr]    Compiling proc-macro-hack v0.5.20+deprecated
[INFO] [stderr]    Compiling cfg-if v1.0.0
[INFO] [stderr]     Checking bytes v1.3.0
[INFO] [stderr]    Compiling slab v0.4.7
[INFO] [stderr]    Compiling tokio v1.23.0
[INFO] [stderr]    Compiling futures-task v0.3.25
[INFO] [stderr]    Compiling futures-channel v0.3.25
[INFO] [stderr]     Checking futures-sink v0.3.25
[INFO] [stderr]    Compiling ahash v0.7.6
[INFO] [stderr]    Compiling futures-util v0.3.25
[INFO] [stderr]    Compiling pkg-config v0.3.26
[INFO] [stderr]     Checking itoa v1.0.4
[INFO] [stderr]    Compiling num-traits v0.2.15
[INFO] [stderr]     Checking pin-utils v0.1.0
[INFO] [stderr]     Checking futures-io v0.3.25
[INFO] [stderr]    Compiling semver v1.0.16
[INFO] [stderr]     Checking spin v0.5.2
[INFO] [stderr]     Checking untrusted v0.7.1
[INFO] [stderr]     Checking tracing-core v0.1.30
[INFO] [stderr]    Compiling indexmap v1.9.2
[INFO] [stderr]    Compiling signal-hook v0.3.15
[INFO] [stderr]     Checking fnv v1.0.7
[INFO] [stderr]    Compiling num-integer v0.1.45
[INFO] [stderr]    Compiling openssl v0.10.44
[INFO] [stderr]     Checking http v0.2.8
[INFO] [stderr]    Compiling httparse v1.8.0
[INFO] [stderr]     Checking foreign-types-shared v0.1.1
[INFO] [stderr]     Checking try-lock v0.2.3
[INFO] [stderr]     Checking foreign-types v0.3.2
[INFO] [stderr]    Compiling native-tls v0.2.11
[INFO] [stderr]     Checking tinyvec_macros v0.1.0
[INFO] [stderr]    Compiling rustls v0.20.8
[INFO] [stderr]    Compiling rustversion v1.0.11
[INFO] [stderr]     Checking want v0.3.0
[INFO] [stderr]     Checking tinyvec v1.6.0
[INFO] [stderr]    Compiling proc-macro-error-attr v1.0.4
[INFO] [stderr]    Compiling getrandom v0.2.8
[INFO] [stderr]    Compiling num-bigint v0.4.3
[INFO] [stderr]    Compiling io-lifetimes v1.0.4
[INFO] [stderr]    Compiling rustc_version v0.4.0
[INFO] [stderr]     Checking percent-encoding v2.2.0
[INFO] [stderr]     Checking tower-service v0.3.2
[INFO] [stderr]     Checking openssl-probe v0.1.5
[INFO] [stderr]     Checking httpdate v1.0.2
[INFO] [stderr]    Compiling ring v0.16.20
[INFO] [stderr]    Compiling openssl-sys v0.9.79
[INFO] [stderr]     Checking ryu v1.0.11
[INFO] [stderr]    Compiling erased-serde v0.3.25
[INFO] [stderr]    Compiling serde_json v1.0.89
[INFO] [stderr]     Checking byteorder v1.4.3
[INFO] [stderr]    Compiling thiserror v1.0.38
[INFO] [stderr]     Checking http-body v0.4.5
[INFO] [stderr]    Compiling heapless v0.7.16
[INFO] [stderr]    Compiling const-random-macro v0.1.15
[INFO] [stderr]     Checking form_urlencoded v1.1.0
[INFO] [stderr]     Checking signal-hook-registry v1.4.0
[INFO] [stderr]     Checking mio v0.8.5
[INFO] [stderr]     Checking socket2 v0.4.7
[INFO] [stderr]     Checking num_cpus v1.14.0
[INFO] [stderr]     Checking hash32 v0.2.1
[INFO] [stderr]    Compiling backtrace v0.3.67
[INFO] [stderr]     Checking aho-corasick v0.7.20
[INFO] [stderr]     Checking spin v0.9.5
[INFO] [stderr]     Checking parking_lot v0.12.1
[INFO] [stderr]     Checking unicode-normalization v0.1.22
[INFO] [stderr]    Compiling proc-macro-error v1.0.4
[INFO] [stderr]    Compiling num-rational v0.4.1
[INFO] [stderr]    Compiling num-iter v0.1.43
[INFO] [stderr]    Compiling libm v0.2.6
[INFO] [stderr]     Checking signal-hook-mio v0.2.3
[INFO] [stderr]     Checking regex-syntax v0.6.28
[INFO] [stderr]     Checking unicode-bidi v0.3.8
[INFO] [stderr]    Compiling rustix v0.36.7
[INFO] [stderr]     Checking gimli v0.27.2
[INFO] [stderr]    Compiling encoding_rs v0.8.31
[INFO] [stderr]     Checking stable_deref_trait v1.2.0
[INFO] [stderr]     Checking adler v1.0.2
[INFO] [stderr]     Checking const-random v0.1.15
[INFO] [stderr]     Checking miniz_oxide v0.6.2
[INFO] [stderr]     Checking crossterm v0.23.2
[INFO] [stderr]     Checking object v0.30.3
[INFO] [stderr]    Compiling libafl v0.8.2
[INFO] [stderr]     Checking idna v0.3.0
[INFO] [stderr]     Checking either v1.8.1
[INFO] [stderr]     Checking unicode-segmentation v1.10.1
[INFO] [stderr]     Checking cassowary v0.3.0
[INFO] [stderr]     Checking cobs v0.2.3
[INFO] [stderr]     Checking rustc-demangle v0.1.21
[INFO] [stderr]     Checking match_cfg v0.1.0
[INFO] [stderr]     Checking base64 v0.21.0
[INFO] [stderr]     Checking unicode-width v0.1.10
[INFO] [stderr]     Checking linux-raw-sys v0.1.4
[INFO] [stderr]    Compiling async-trait v0.1.65
[INFO] [stderr]     Checking hostname v0.3.1
[INFO] [stderr]     Checking nix v0.24.3
[INFO] [stderr]     Checking rustls-pemfile v1.0.2
[INFO] [stderr]     Checking tui v0.18.0
[INFO] [stderr]     Checking crossterm v0.24.0
[INFO] [stderr]     Checking num-complex v0.4.3
[INFO] [stderr]     Checking uds v0.2.6
[INFO] [stderr]     Checking wait-timeout v0.2.0
[INFO] [stderr]     Checking base64 v0.13.1
[INFO] [stderr]    Compiling heck v0.4.0
[INFO] [stderr]    Compiling convert_case v0.4.0
[INFO] [stderr]     Checking xxhash-rust v0.8.6
[INFO] [stderr]     Checking os_str_bytes v6.4.1
[INFO] [stderr]     Checking tuple_list v0.1.3
[INFO] [stderr]     Checking ipnet v2.7.0
[INFO] [stderr]    Compiling anyhow v1.0.69
[INFO] [stderr]     Checking static_assertions v1.1.0
[INFO] [stderr]     Checking mime v0.3.16
[INFO] [stderr]     Checking clap_lex v0.3.1
[INFO] [stderr]     Checking dyn-clone v1.0.11
[INFO] [stderr]     Checking termcolor v1.2.0
[INFO] [stderr]     Checking strsim v0.10.0
[INFO] [stderr]     Checking num v0.4.0
[INFO] [stderr]     Checking regex v1.7.1
[INFO] [stderr]     Checking is-terminal v0.4.2
[INFO] [stderr]     Checking addr2line v0.19.0
[INFO] [stderr]     Checking webpki v0.22.0
[INFO] [stderr]     Checking sct v0.7.0
[INFO] [stderr]     Checking webpki-roots v0.22.6
[INFO] [stderr]    Compiling tokio-macros v1.8.2
[INFO] [stderr]    Compiling futures-macro v0.3.25
[INFO] [stderr]    Compiling tracing-attributes v0.1.23
[INFO] [stderr]    Compiling openssl-macros v0.1.0
[INFO] [stderr]    Compiling thiserror-impl v1.0.38
[INFO] [stderr]    Compiling ctor v0.1.26
[INFO] [stderr]    Compiling num_enum_derive v0.5.11
[INFO] [stderr]    Compiling ghost v0.1.7
[INFO] [stderr]    Compiling concat-idents v1.1.4
[INFO] [stderr]    Compiling typed-builder v0.10.0
[INFO] [stderr]    Compiling typetag-impl v0.2.5
[INFO] [stderr]    Compiling clap_derive v4.1.0
[INFO] [stderr]    Compiling derive_more v0.99.17
[INFO] [stderr]     Checking inventory v0.3.4
[INFO] [stderr]     Checking num_enum v0.5.11
[INFO] [stderr]     Checking tracing v0.1.37
[INFO] [stderr]     Checking clap v4.1.4
[INFO] [stderr]     Checking futures-executor v0.3.25
[INFO] [stderr]     Checking futures v0.3.25
[INFO] [stderr]     Checking tokio-util v0.7.4
[INFO] [stderr]     Checking tokio-native-tls v0.3.0
[INFO] [stderr]     Checking tokio-rustls v0.23.4
[INFO] [stderr]     Checking tokio-socks v0.5.1
[INFO] [stderr]     Checking hashbrown v0.12.3
[INFO] [stderr]     Checking bincode v1.3.3
[INFO] [stderr]     Checking intervaltree v0.2.7
[INFO] [stderr]     Checking url v2.3.1
[INFO] [stderr]     Checking serde_urlencoded v0.7.1
[INFO] [stderr]     Checking uuid v1.3.0
[INFO] [stderr]     Checking serde_regex v1.1.0
[INFO] [stderr]     Checking typetag v0.2.5
[INFO] [stderr]     Checking postcard v1.0.4
[INFO] [stderr]     Checking h2 v0.3.15
[INFO] [stdout] error[E0512]: cannot transmute between types of different sizes, or dependently-sized types
[INFO] [stdout]   --> /opt/rustwide/cargo-home/registry/src/index.crates.io-6f17d22bba15001f/libafl-0.8.2/src/bolts/anymap.rs:48:5
[INFO] [stdout]    |
[INFO] [stdout] 48 |     assert_eq_size!(TypeId, u64);
[INFO] [stdout]    |     ^^^^^^^^^^^^^^^^^^^^^^^^^^^^
[INFO] [stdout]    |
[INFO] [stdout]    = note: source type: `TypeId` (128 bits)
[INFO] [stdout]    = note: target type: `u64` (64 bits)
[INFO] [stdout]    = note: this error originates in the macro `assert_eq_size` (in Nightly builds, run with -Z macro-backtrace for more info)
[INFO] [stdout] 
[INFO] [stdout] 
[INFO] [stdout] error[E0512]: cannot transmute between types of different sizes, or dependently-sized types
[INFO] [stdout]   --> /opt/rustwide/cargo-home/registry/src/index.crates.io-6f17d22bba15001f/libafl-0.8.2/src/bolts/anymap.rs:59:5
[INFO] [stdout]    |
[INFO] [stdout] 59 |     assert_eq_size!(TypeId, u64);
[INFO] [stdout]    |     ^^^^^^^^^^^^^^^^^^^^^^^^^^^^
[INFO] [stdout]    |
[INFO] [stdout]    = note: source type: `TypeId` (128 bits)
[INFO] [stdout]    = note: target type: `u64` (64 bits)
[INFO] [stdout]    = note: this error originates in the macro `assert_eq_size` (in Nightly builds, run with -Z macro-backtrace for more info)
[INFO] [stdout] 
[INFO] [stdout] 
[INFO] [stderr]     Checking hyper v0.14.23
[INFO] [stdout] error: aborting due to 2 previous errors
[INFO] [stdout] 
[INFO] [stdout] 
[INFO] [stdout] For more information about this error, try `rustc --explain E0512`.
[INFO] [stdout] 
[INFO] [stderr] error: could not compile `libafl` (lib) due to 3 previous errors
[INFO] [stderr] warning: build failed, waiting for other jobs to finish...
[INFO] running `Command { std: "docker" "inspect" "bc53d6cd04db1d8eb375acb814172c04580ea1f3d1e2d928284141f4ea42bd15", kill_on_drop: false }`
[INFO] running `Command { std: "docker" "rm" "-f" "bc53d6cd04db1d8eb375acb814172c04580ea1f3d1e2d928284141f4ea42bd15", kill_on_drop: false }`
[INFO] [stdout] bc53d6cd04db1d8eb375acb814172c04580ea1f3d1e2d928284141f4ea42bd15
[INFO] documenting GobiasSomeCoffeeCo/angry against beta-2023-12-22 for beta-1.76-rustdoc-1
[INFO] running `Command { std: "git" "clone" "/workspace/cache/git-repos/https%3A%2F%2Fgithub.com%2FGobiasSomeCoffeeCo%2Fangry" "/workspace/builds/worker-3-tc2/source", kill_on_drop: false }`
[INFO] [stderr] Cloning into '/workspace/builds/worker-3-tc2/source'...
[INFO] [stderr] done.
[INFO] validating manifest of git repo https://github.com/GobiasSomeCoffeeCo/angry on toolchain beta-2023-12-22
[INFO] running `Command { std: CARGO_HOME="/workspace/cargo-home" RUSTUP_HOME="/workspace/rustup-home" "/workspace/cargo-home/bin/cargo" "+beta-2023-12-22" "metadata" "--manifest-path" "Cargo.toml" "--no-deps", kill_on_drop: false }`
[INFO] started tweaking git repo https://github.com/GobiasSomeCoffeeCo/angry
[INFO] finished tweaking git repo https://github.com/GobiasSomeCoffeeCo/angry
[INFO] tweaked toml for git repo https://github.com/GobiasSomeCoffeeCo/angry written to /workspace/builds/worker-3-tc2/source/Cargo.toml
[INFO] crate git repo https://github.com/GobiasSomeCoffeeCo/angry already has a lockfile, it will not be regenerated
[INFO] running `Command { std: CARGO_HOME="/workspace/cargo-home" RUSTUP_HOME="/workspace/rustup-home" "/workspace/cargo-home/bin/cargo" "+beta-2023-12-22" "fetch" "--manifest-path" "Cargo.toml", kill_on_drop: false }`
[INFO] [stderr] warning: unused manifest key: package.author
[INFO] running `Command { std: "docker" "create" "-v" "/var/lib/crater-agent-workspace/builds/worker-3-tc2/target:/opt/rustwide/target:rw,Z" "-v" "/var/lib/crater-agent-workspace/builds/worker-3-tc2/source:/opt/rustwide/workdir:ro,Z" "-v" "/var/lib/crater-agent-workspace/cargo-home:/opt/rustwide/cargo-home:ro,Z" "-v" "/var/lib/crater-agent-workspace/rustup-home:/opt/rustwide/rustup-home:ro,Z" "-e" "SOURCE_DIR=/opt/rustwide/workdir" "-e" "CARGO_TARGET_DIR=/opt/rustwide/target" "-e" "CARGO_HOME=/opt/rustwide/cargo-home" "-e" "RUSTUP_HOME=/opt/rustwide/rustup-home" "-w" "/opt/rustwide/workdir" "-m" "1610612736" "--user" "0:0" "--network" "none" "ghcr.io/rust-lang/crates-build-env/linux@sha256:2788e3201cd34a07e3172128adcd8b3090168a8e3bcc40d7c032b9dda1df7d1c" "/opt/rustwide/cargo-home/bin/cargo" "+beta-2023-12-22" "metadata" "--no-deps" "--format-version=1", kill_on_drop: false }`
[INFO] [stdout] 990e9f5e34453c03d77340d0fc15311d4ac1a27f2c37259f20dea82ee9d03989
[INFO] running `Command { std: "docker" "start" "-a" "990e9f5e34453c03d77340d0fc15311d4ac1a27f2c37259f20dea82ee9d03989", kill_on_drop: false }`
[INFO] running `Command { std: "docker" "inspect" "990e9f5e34453c03d77340d0fc15311d4ac1a27f2c37259f20dea82ee9d03989", kill_on_drop: false }`
[INFO] running `Command { std: "docker" "rm" "-f" "990e9f5e34453c03d77340d0fc15311d4ac1a27f2c37259f20dea82ee9d03989", kill_on_drop: false }`
[INFO] [stdout] 990e9f5e34453c03d77340d0fc15311d4ac1a27f2c37259f20dea82ee9d03989
[INFO] running `Command { std: "docker" "create" "-v" "/var/lib/crater-agent-workspace/builds/worker-3-tc2/target:/opt/rustwide/target:rw,Z" "-v" "/var/lib/crater-agent-workspace/builds/worker-3-tc2/source:/opt/rustwide/workdir:ro,Z" "-v" "/var/lib/crater-agent-workspace/cargo-home:/opt/rustwide/cargo-home:ro,Z" "-v" "/var/lib/crater-agent-workspace/rustup-home:/opt/rustwide/rustup-home:ro,Z" "-e" "SOURCE_DIR=/opt/rustwide/workdir" "-e" "CARGO_TARGET_DIR=/opt/rustwide/target" "-e" "CARGO_INCREMENTAL=0" "-e" "RUST_BACKTRACE=full" "-e" "RUSTFLAGS=--cap-lints=warn" "-e" "RUSTDOCFLAGS=--cap-lints=warn" "-e" "CARGO_HOME=/opt/rustwide/cargo-home" "-e" "RUSTUP_HOME=/opt/rustwide/rustup-home" "-w" "/opt/rustwide/workdir" "-m" "1610612736" "--user" "0:0" "--network" "none" "ghcr.io/rust-lang/crates-build-env/linux@sha256:2788e3201cd34a07e3172128adcd8b3090168a8e3bcc40d7c032b9dda1df7d1c" "/opt/rustwide/cargo-home/bin/cargo" "+beta-2023-12-22" "doc" "--frozen" "--no-deps" "--document-private-items" "--message-format=json", kill_on_drop: false }`
[INFO] [stdout] 7dc862eecaf4ddf3b4222a111e9a3d0132de5f8fbefb7ec9a732ac18aaa76764
[INFO] running `Command { std: "docker" "start" "-a" "7dc862eecaf4ddf3b4222a111e9a3d0132de5f8fbefb7ec9a732ac18aaa76764", kill_on_drop: false }`
[INFO] [stderr] warning: unused manifest key: package.author
[INFO] [stderr]    Compiling proc-macro2 v1.0.47
[INFO] [stderr]    Compiling unicode-ident v1.0.5
[INFO] [stderr]    Compiling quote v1.0.21
[INFO] [stderr]    Compiling syn v1.0.105
[INFO] [stderr]    Compiling libc v0.2.138
[INFO] [stderr]    Compiling cc v1.0.78
[INFO] [stderr]     Checking once_cell v1.16.0
[INFO] [stderr]    Compiling log v0.4.17
[INFO] [stderr]    Compiling serde_derive v1.0.150
[INFO] [stderr]    Compiling serde v1.0.150
[INFO] [stderr]    Compiling memchr v2.5.0
[INFO] [stderr]    Compiling lock_api v0.4.9
[INFO] [stderr]     Checking scopeguard v1.1.0
[INFO] [stderr]    Compiling version_check v0.9.4
[INFO] [stderr]    Compiling parking_lot_core v0.9.5
[INFO] [stderr]     Checking pin-project-lite v0.2.9
[INFO] [stderr]    Compiling crunchy v0.2.2
[INFO] [stderr]    Compiling tiny-keccak v2.0.2
[INFO] [stderr]    Compiling proc-macro-hack v0.5.20+deprecated
[INFO] [stderr]    Compiling futures-core v0.3.25
[INFO] [stderr]     Checking bytes v1.3.0
[INFO] [stderr]    Compiling cfg-if v1.0.0
[INFO] [stderr]    Compiling tokio v1.23.0
[INFO] [stderr]    Compiling slab v0.4.7
[INFO] [stderr]     Checking futures-sink v0.3.25
[INFO] [stderr]    Compiling futures-task v0.3.25
[INFO] [stderr]    Compiling futures-channel v0.3.25
[INFO] [stderr]    Compiling ahash v0.7.6
[INFO] [stderr]     Checking itoa v1.0.4
[INFO] [stderr]    Compiling pkg-config v0.3.26
[INFO] [stderr]    Compiling futures-util v0.3.25
[INFO] [stderr]    Compiling num-traits v0.2.15
[INFO] [stderr]     Checking futures-io v0.3.25
[INFO] [stderr]     Checking pin-utils v0.1.0
[INFO] [stderr]     Checking spin v0.5.2
[INFO] [stderr]     Checking untrusted v0.7.1
[INFO] [stderr]    Compiling semver v1.0.16
[INFO] [stderr]     Checking tracing-core v0.1.30
[INFO] [stderr]    Compiling indexmap v1.9.2
[INFO] [stderr]     Checking fnv v1.0.7
[INFO] [stderr]    Compiling signal-hook v0.3.15
[INFO] [stderr]    Compiling num-integer v0.1.45
[INFO] [stderr]     Checking http v0.2.8
[INFO] [stderr]    Compiling openssl v0.10.44
[INFO] [stderr]    Compiling httparse v1.8.0
[INFO] [stderr]     Checking foreign-types-shared v0.1.1
[INFO] [stderr]     Checking tinyvec_macros v0.1.0
[INFO] [stderr]     Checking try-lock v0.2.3
[INFO] [stderr]    Compiling rustversion v1.0.11
[INFO] [stderr]    Compiling native-tls v0.2.11
[INFO] [stderr]    Compiling getrandom v0.2.8
[INFO] [stderr]     Checking foreign-types v0.3.2
[INFO] [stderr]    Compiling rustls v0.20.8
[INFO] [stderr]     Checking tinyvec v1.6.0
[INFO] [stderr]     Checking want v0.3.0
[INFO] [stderr]    Compiling proc-macro-error-attr v1.0.4
[INFO] [stderr]    Compiling num-bigint v0.4.3
[INFO] [stderr]     Checking percent-encoding v2.2.0
[INFO] [stderr]     Checking byteorder v1.4.3
[INFO] [stderr]    Compiling ring v0.16.20
[INFO] [stderr]    Compiling openssl-sys v0.9.79
[INFO] [stderr]    Compiling rustc_version v0.4.0
[INFO] [stderr]    Compiling io-lifetimes v1.0.4
[INFO] [stderr]     Checking openssl-probe v0.1.5
[INFO] [stderr]     Checking httpdate v1.0.2
[INFO] [stderr]    Compiling serde_json v1.0.89
[INFO] [stderr]    Compiling thiserror v1.0.38
[INFO] [stderr]    Compiling const-random-macro v0.1.15
[INFO] [stderr]    Compiling erased-serde v0.3.25
[INFO] [stderr]     Checking tower-service v0.3.2
[INFO] [stderr]     Checking ryu v1.0.11
[INFO] [stderr]     Checking hash32 v0.2.1
[INFO] [stderr]     Checking http-body v0.4.5
[INFO] [stderr]    Compiling heapless v0.7.16
[INFO] [stderr]     Checking signal-hook-registry v1.4.0
[INFO] [stderr]     Checking mio v0.8.5
[INFO] [stderr]     Checking num_cpus v1.14.0
[INFO] [stderr]     Checking socket2 v0.4.7
[INFO] [stderr]     Checking form_urlencoded v1.1.0
[INFO] [stderr]    Compiling backtrace v0.3.67
[INFO] [stderr]     Checking aho-corasick v0.7.20
[INFO] [stderr]     Checking spin v0.9.5
[INFO] [stderr]     Checking parking_lot v0.12.1
[INFO] [stderr]     Checking unicode-normalization v0.1.22
[INFO] [stderr]    Compiling proc-macro-error v1.0.4
[INFO] [stderr]    Compiling num-rational v0.4.1
[INFO] [stderr]    Compiling num-iter v0.1.43
[INFO] [stderr]     Checking gimli v0.27.2
[INFO] [stderr]    Compiling libm v0.2.6
[INFO] [stderr]     Checking const-random v0.1.15
[INFO] [stderr]     Checking signal-hook-mio v0.2.3
[INFO] [stderr]     Checking stable_deref_trait v1.2.0
[INFO] [stderr]    Compiling encoding_rs v0.8.31
[INFO] [stderr]     Checking adler v1.0.2
[INFO] [stderr]    Compiling rustix v0.36.7
[INFO] [stderr]     Checking regex-syntax v0.6.28
[INFO] [stderr]     Checking unicode-bidi v0.3.8
[INFO] [stderr]     Checking miniz_oxide v0.6.2
[INFO] [stderr]     Checking crossterm v0.23.2
[INFO] [stderr]     Checking object v0.30.3
[INFO] [stderr]     Checking cobs v0.2.3
[INFO] [stderr]     Checking base64 v0.21.0
[INFO] [stderr]     Checking idna v0.3.0
[INFO] [stderr]     Checking unicode-width v0.1.10
[INFO] [stderr]     Checking unicode-segmentation v1.10.1
[INFO] [stderr]     Checking linux-raw-sys v0.1.4
[INFO] [stderr]     Checking cassowary v0.3.0
[INFO] [stderr]    Compiling libafl v0.8.2
[INFO] [stderr]     Checking match_cfg v0.1.0
[INFO] [stderr]     Checking either v1.8.1
[INFO] [stderr]     Checking rustc-demangle v0.1.21
[INFO] [stderr]    Compiling async-trait v0.1.65
[INFO] [stderr]     Checking hostname v0.3.1
[INFO] [stderr]     Checking rustls-pemfile v1.0.2
[INFO] [stderr]     Checking tui v0.18.0
[INFO] [stderr]     Checking nix v0.24.3
[INFO] [stderr]     Checking crossterm v0.24.0
[INFO] [stderr]     Checking num-complex v0.4.3
[INFO] [stderr]     Checking uds v0.2.6
[INFO] [stderr]     Checking wait-timeout v0.2.0
[INFO] [stderr]     Checking ipnet v2.7.0
[INFO] [stderr]    Compiling anyhow v1.0.69
[INFO] [stderr]     Checking mime v0.3.16
[INFO] [stderr]    Compiling heck v0.4.0
[INFO] [stderr]    Compiling convert_case v0.4.0
[INFO] [stderr]     Checking tuple_list v0.1.3
[INFO] [stderr]     Checking xxhash-rust v0.8.6
[INFO] [stderr]     Checking base64 v0.13.1
[INFO] [stderr]     Checking static_assertions v1.1.0
[INFO] [stderr]     Checking os_str_bytes v6.4.1
[INFO] [stderr]     Checking termcolor v1.2.0
[INFO] [stderr]     Checking strsim v0.10.0
[INFO] [stderr]     Checking dyn-clone v1.0.11
[INFO] [stderr]     Checking clap_lex v0.3.1
[INFO] [stderr]     Checking num v0.4.0
[INFO] [stderr]     Checking regex v1.7.1
[INFO] [stderr]     Checking addr2line v0.19.0
[INFO] [stderr]     Checking is-terminal v0.4.2
[INFO] [stderr]     Checking webpki v0.22.0
[INFO] [stderr]     Checking sct v0.7.0
[INFO] [stderr]     Checking webpki-roots v0.22.6
[INFO] [stderr]    Compiling tokio-macros v1.8.2
[INFO] [stderr]    Compiling futures-macro v0.3.25
[INFO] [stderr]    Compiling tracing-attributes v0.1.23
[INFO] [stderr]    Compiling openssl-macros v0.1.0
[INFO] [stderr]    Compiling thiserror-impl v1.0.38
[INFO] [stderr]    Compiling ctor v0.1.26
[INFO] [stderr]    Compiling num_enum_derive v0.5.11
[INFO] [stderr]    Compiling ghost v0.1.7
[INFO] [stderr]    Compiling typetag-impl v0.2.5
[INFO] [stderr]    Compiling concat-idents v1.1.4
[INFO] [stderr]    Compiling typed-builder v0.10.0
[INFO] [stderr]    Compiling derive_more v0.99.17
[INFO] [stderr]    Compiling clap_derive v4.1.0
[INFO] [stderr]     Checking inventory v0.3.4
[INFO] [stderr]     Checking num_enum v0.5.11
[INFO] [stderr]     Checking tracing v0.1.37
[INFO] [stderr]     Checking clap v4.1.4
[INFO] [stderr]     Checking futures-executor v0.3.25
[INFO] [stderr]     Checking futures v0.3.25
[INFO] [stderr]     Checking tokio-util v0.7.4
[INFO] [stderr]     Checking tokio-rustls v0.23.4
[INFO] [stderr]     Checking tokio-native-tls v0.3.0
[INFO] [stderr]     Checking tokio-socks v0.5.1
[INFO] [stderr]     Checking hashbrown v0.12.3
[INFO] [stderr]     Checking uuid v1.3.0
[INFO] [stderr]     Checking url v2.3.1
[INFO] [stderr]     Checking intervaltree v0.2.7
[INFO] [stderr]     Checking bincode v1.3.3
[INFO] [stderr]     Checking serde_urlencoded v0.7.1
[INFO] [stderr]     Checking serde_regex v1.1.0
[INFO] [stderr]     Checking typetag v0.2.5
[INFO] [stderr]     Checking postcard v1.0.4
[INFO] [stderr]     Checking h2 v0.3.15
[INFO] [stdout] error[E0512]: cannot transmute between types of different sizes, or dependently-sized types
[INFO] [stdout]   --> /opt/rustwide/cargo-home/registry/src/index.crates.io-6f17d22bba15001f/libafl-0.8.2/src/bolts/anymap.rs:48:5
[INFO] [stdout]    |
[INFO] [stdout] 48 |     assert_eq_size!(TypeId, u64);
[INFO] [stdout]    |     ^^^^^^^^^^^^^^^^^^^^^^^^^^^^
[INFO] [stdout]    |
[INFO] [stdout]    = note: source type: `TypeId` (128 bits)
[INFO] [stdout]    = note: target type: `u64` (64 bits)
[INFO] [stdout]    = note: this error originates in the macro `assert_eq_size` (in Nightly builds, run with -Z macro-backtrace for more info)
[INFO] [stdout] 
[INFO] [stdout] 
[INFO] [stdout] error[E0512]: cannot transmute between types of different sizes, or dependently-sized types
[INFO] [stdout]   --> /opt/rustwide/cargo-home/registry/src/index.crates.io-6f17d22bba15001f/libafl-0.8.2/src/bolts/anymap.rs:59:5
[INFO] [stdout]    |
[INFO] [stdout] 59 |     assert_eq_size!(TypeId, u64);
[INFO] [stdout]    |     ^^^^^^^^^^^^^^^^^^^^^^^^^^^^
[INFO] [stdout]    |
[INFO] [stdout]    = note: source type: `TypeId` (128 bits)
[INFO] [stdout]    = note: target type: `u64` (64 bits)
[INFO] [stdout]    = note: this error originates in the macro `assert_eq_size` (in Nightly builds, run with -Z macro-backtrace for more info)
[INFO] [stdout] 
[INFO] [stdout] 
[INFO] [stderr]     Checking hyper v0.14.23
[INFO] [stdout] error: aborting due to 2 previous errors
[INFO] [stdout] 
[INFO] [stdout] 
[INFO] [stdout] For more information about this error, try `rustc --explain E0512`.
[INFO] [stdout] 
[INFO] [stderr] error: could not compile `libafl` (lib) due to 3 previous errors
[INFO] [stderr] warning: build failed, waiting for other jobs to finish...
[INFO] running `Command { std: "docker" "inspect" "7dc862eecaf4ddf3b4222a111e9a3d0132de5f8fbefb7ec9a732ac18aaa76764", kill_on_drop: false }`
[INFO] running `Command { std: "docker" "rm" "-f" "7dc862eecaf4ddf3b4222a111e9a3d0132de5f8fbefb7ec9a732ac18aaa76764", kill_on_drop: false }`
[INFO] [stdout] 7dc862eecaf4ddf3b4222a111e9a3d0132de5f8fbefb7ec9a732ac18aaa76764
