[INFO] cloning repository https://github.com/GlenDC/perseus-examples
[INFO] running `Command { std: "git" "-c" "credential.helper=" "-c" "credential.helper=/workspace/cargo-home/bin/git-credential-null" "clone" "--bare" "https://github.com/GlenDC/perseus-examples" "/workspace/cache/git-repos/https%3A%2F%2Fgithub.com%2FGlenDC%2Fperseus-examples", kill_on_drop: false }`
[INFO] [stderr] Cloning into bare repository '/workspace/cache/git-repos/https%3A%2F%2Fgithub.com%2FGlenDC%2Fperseus-examples'...
[INFO] running `Command { std: "git" "rev-parse" "HEAD", kill_on_drop: false }`
[INFO] [stdout] db83008caa243d66f80cde9f82c9f9a03d64b6e0
[INFO] documenting GlenDC/perseus-examples against 1.75.0 for beta-1.76-rustdoc-1
[INFO] running `Command { std: "git" "clone" "/workspace/cache/git-repos/https%3A%2F%2Fgithub.com%2FGlenDC%2Fperseus-examples" "/workspace/builds/worker-7-tc1/source", kill_on_drop: false }`
[INFO] [stderr] Cloning into '/workspace/builds/worker-7-tc1/source'...
[INFO] [stderr] done.
[INFO] validating manifest of git repo https://github.com/GlenDC/perseus-examples on toolchain 1.75.0
[INFO] running `Command { std: CARGO_HOME="/workspace/cargo-home" RUSTUP_HOME="/workspace/rustup-home" "/workspace/cargo-home/bin/cargo" "+1.75.0" "metadata" "--manifest-path" "Cargo.toml" "--no-deps", kill_on_drop: false }`
[INFO] started tweaking git repo https://github.com/GlenDC/perseus-examples
[INFO] finished tweaking git repo https://github.com/GlenDC/perseus-examples
[INFO] tweaked toml for git repo https://github.com/GlenDC/perseus-examples written to /workspace/builds/worker-7-tc1/source/Cargo.toml
[INFO] crate git repo https://github.com/GlenDC/perseus-examples already has a lockfile, it will not be regenerated
[INFO] running `Command { std: CARGO_HOME="/workspace/cargo-home" RUSTUP_HOME="/workspace/rustup-home" "/workspace/cargo-home/bin/cargo" "+1.75.0" "fetch" "--manifest-path" "Cargo.toml", kill_on_drop: false }`
[INFO] [stderr] warning: virtual workspace defaulting to `resolver = "1"` despite one or more workspace members being on edition 2021 which implies `resolver = "2"`
[INFO] [stderr] note: to keep the current resolver, specify `workspace.resolver = "1"` in the workspace root's manifest
[INFO] [stderr] note: to use the edition 2021 resolver, specify `workspace.resolver = "2"` in the workspace root's manifest
[INFO] [stderr] note: for more details see https://doc.rust-lang.org/cargo/reference/resolver.html#resolver-versions
[INFO] [stderr]     Updating crates.io index
[INFO] [stderr]  Downloading crates ...
[INFO] [stderr]   Downloaded html-escape v0.2.11
[INFO] [stderr]   Downloaded sycamore-macro v0.8.0-beta.7
[INFO] [stderr]   Downloaded futures-macro v0.3.23
[INFO] [stderr]   Downloaded sycamore-web v0.8.0-beta.7
[INFO] [stderr]   Downloaded futures-executor v0.3.23
[INFO] [stderr]   Downloaded urlencoding v2.1.0
[INFO] [stderr]   Downloaded sycamore-reactive v0.8.0-beta.7
[INFO] [stderr]   Downloaded paste v1.0.8
[INFO] [stderr]   Downloaded fmterr v0.1.1
[INFO] [stderr]   Downloaded rexie v0.2.1
[INFO] [stderr]   Downloaded perseus-warp v0.4.0-beta.7
[INFO] [stderr]   Downloaded perseus-macro v0.4.0-beta.7
[INFO] [stderr]   Downloaded sycamore-router v0.8.0-beta.7
[INFO] [stderr]   Downloaded sycamore-core v0.8.0-beta.7
[INFO] [stderr]   Downloaded sycamore-futures v0.8.0-beta.7
[INFO] [stderr]   Downloaded sycamore-router-macro v0.8.0-beta.7
[INFO] [stderr]   Downloaded sycamore v0.8.0-beta.7
[INFO] [stderr]   Downloaded warp-fix-171 v0.3.2
[INFO] [stderr]   Downloaded perseus v0.4.0-beta.7
[INFO] running `Command { std: "docker" "create" "-v" "/var/lib/crater-agent-workspace/builds/worker-7-tc1/target:/opt/rustwide/target:rw,Z" "-v" "/var/lib/crater-agent-workspace/builds/worker-7-tc1/source:/opt/rustwide/workdir:ro,Z" "-v" "/var/lib/crater-agent-workspace/cargo-home:/opt/rustwide/cargo-home:ro,Z" "-v" "/var/lib/crater-agent-workspace/rustup-home:/opt/rustwide/rustup-home:ro,Z" "-e" "SOURCE_DIR=/opt/rustwide/workdir" "-e" "CARGO_TARGET_DIR=/opt/rustwide/target" "-e" "CARGO_HOME=/opt/rustwide/cargo-home" "-e" "RUSTUP_HOME=/opt/rustwide/rustup-home" "-w" "/opt/rustwide/workdir" "-m" "1610612736" "--user" "0:0" "--network" "none" "ghcr.io/rust-lang/crates-build-env/linux@sha256:2788e3201cd34a07e3172128adcd8b3090168a8e3bcc40d7c032b9dda1df7d1c" "/opt/rustwide/cargo-home/bin/cargo" "+1.75.0" "metadata" "--no-deps" "--format-version=1", kill_on_drop: false }`
[INFO] [stdout] c8c3b6c47b89bf0a0c4b2bceb51bd2f90d55dd94736cddc59eb52e24bef73f02
[INFO] running `Command { std: "docker" "start" "-a" "c8c3b6c47b89bf0a0c4b2bceb51bd2f90d55dd94736cddc59eb52e24bef73f02", kill_on_drop: false }`
[INFO] running `Command { std: "docker" "inspect" "c8c3b6c47b89bf0a0c4b2bceb51bd2f90d55dd94736cddc59eb52e24bef73f02", kill_on_drop: false }`
[INFO] running `Command { std: "docker" "rm" "-f" "c8c3b6c47b89bf0a0c4b2bceb51bd2f90d55dd94736cddc59eb52e24bef73f02", kill_on_drop: false }`
[INFO] [stdout] c8c3b6c47b89bf0a0c4b2bceb51bd2f90d55dd94736cddc59eb52e24bef73f02
[INFO] running `Command { std: "docker" "create" "-v" "/var/lib/crater-agent-workspace/builds/worker-7-tc1/target:/opt/rustwide/target:rw,Z" "-v" "/var/lib/crater-agent-workspace/builds/worker-7-tc1/source:/opt/rustwide/workdir:ro,Z" "-v" "/var/lib/crater-agent-workspace/cargo-home:/opt/rustwide/cargo-home:ro,Z" "-v" "/var/lib/crater-agent-workspace/rustup-home:/opt/rustwide/rustup-home:ro,Z" "-e" "SOURCE_DIR=/opt/rustwide/workdir" "-e" "CARGO_TARGET_DIR=/opt/rustwide/target" "-e" "CARGO_INCREMENTAL=0" "-e" "RUST_BACKTRACE=full" "-e" "RUSTFLAGS=--cap-lints=warn" "-e" "RUSTDOCFLAGS=--cap-lints=warn" "-e" "CARGO_HOME=/opt/rustwide/cargo-home" "-e" "RUSTUP_HOME=/opt/rustwide/rustup-home" "-w" "/opt/rustwide/workdir" "-m" "1610612736" "--user" "0:0" "--network" "none" "ghcr.io/rust-lang/crates-build-env/linux@sha256:2788e3201cd34a07e3172128adcd8b3090168a8e3bcc40d7c032b9dda1df7d1c" "/opt/rustwide/cargo-home/bin/cargo" "+1.75.0" "doc" "--frozen" "--no-deps" "--document-private-items" "--message-format=json", kill_on_drop: false }`
[INFO] [stdout] fefd468e0c3780e18756792e7fc712ed4af0faf00b7dd2c1d483b5145d098130
[INFO] running `Command { std: "docker" "start" "-a" "fefd468e0c3780e18756792e7fc712ed4af0faf00b7dd2c1d483b5145d098130", kill_on_drop: false }`
[INFO] [stderr] warning: virtual workspace defaulting to `resolver = "1"` despite one or more workspace members being on edition 2021 which implies `resolver = "2"`
[INFO] [stderr] note: to keep the current resolver, specify `workspace.resolver = "1"` in the workspace root's manifest
[INFO] [stderr] note: to use the edition 2021 resolver, specify `workspace.resolver = "2"` in the workspace root's manifest
[INFO] [stderr] note: for more details see https://doc.rust-lang.org/cargo/reference/resolver.html#resolver-versions
[INFO] [stderr]    Compiling proc-macro2 v1.0.43
[INFO] [stderr]    Compiling quote v1.0.21
[INFO] [stderr]    Compiling unicode-ident v1.0.3
[INFO] [stderr]    Compiling syn v1.0.99
[INFO] [stderr]    Compiling libc v0.2.132
[INFO] [stderr]    Compiling memchr v2.5.0
[INFO] [stderr]    Compiling log v0.4.17
[INFO] [stderr]     Checking once_cell v1.13.1
[INFO] [stderr]    Compiling indexmap v1.9.1
[INFO] [stderr]    Compiling futures-core v0.3.23
[INFO] [stderr]     Checking pin-project-lite v0.2.9
[INFO] [stderr]     Checking bytes v1.2.1
[INFO] [stderr]    Compiling typenum v1.15.0
[INFO] [stderr]    Compiling generic-array v0.14.6
[INFO] [stderr]    Compiling ahash v0.7.6
[INFO] [stderr]     Checking futures-sink v0.3.23
[INFO] [stderr]    Compiling bumpalo v3.11.0
[INFO] [stderr]    Compiling wasm-bindgen-shared v0.2.82
[INFO] [stderr]     Checking itoa v1.0.3
[INFO] [stderr]    Compiling slab v0.4.7
[INFO] [stderr]    Compiling tokio v1.20.1
[INFO] [stderr]    Compiling futures-channel v0.3.23
[INFO] [stderr]     Checking getrandom v0.2.7
[INFO] [stderr]    Compiling futures-task v0.3.23
[INFO] [stderr]     Checking hashbrown v0.12.3
[INFO] [stderr]     Checking socket2 v0.4.4
[INFO] [stderr]     Checking mio v0.8.4
[INFO] [stderr]     Checking num_cpus v1.13.1
[INFO] [stderr]    Compiling serde_derive v1.0.144
[INFO] [stderr]    Compiling futures-util v0.3.23
[INFO] [stderr]     Checking http v0.2.8
[INFO] [stderr]     Checking futures-io v0.3.23
[INFO] [stderr]     Checking pin-utils v0.1.0
[INFO] [stderr]    Compiling serde v1.0.144
[INFO] [stderr]    Compiling wasm-bindgen v0.2.82
[INFO] [stderr]    Compiling unicase v2.6.0
[INFO] [stderr]     Checking matches v0.1.9
[INFO] [stderr]    Compiling httparse v1.7.1
[INFO] [stderr]     Checking tinyvec_macros v0.1.0
[INFO] [stderr]     Checking smallvec v1.9.0
[INFO] [stderr]     Checking tinyvec v1.6.0
[INFO] [stderr]     Checking rand_core v0.6.3
[INFO] [stderr]     Checking sycamore-reactive v0.8.0-beta.7
[INFO] [stderr]     Checking ppv-lite86 v0.2.16
[INFO] [stderr]     Checking percent-encoding v2.1.0
[INFO] [stderr]    Compiling serde_json v1.0.85
[INFO] [stderr]     Checking cpufeatures v0.2.4
[INFO] [stderr]     Checking form_urlencoded v1.0.1
[INFO] [stderr]     Checking tracing-core v0.1.29
[INFO] [stderr]     Checking rand_chacha v0.3.1
[INFO] [stderr]    Compiling num-traits v0.2.15
[INFO] [stderr]     Checking utf8-width v0.1.6
[INFO] [stderr]     Checking unicode-bidi v0.3.8
[INFO] [stderr]     Checking html-escape v0.2.11
[INFO] [stderr]     Checking rand v0.8.5
[INFO] [stderr]    Compiling mime_guess v2.0.4
[INFO] [stderr]     Checking unicode-normalization v0.1.21
[INFO] [stderr]     Checking tracing v0.1.36
[INFO] [stderr]     Checking block-buffer v0.10.2
[INFO] [stderr]     Checking crypto-common v0.1.6
[INFO] [stderr]     Checking block-buffer v0.9.0
[INFO] [stderr]     Checking digest v0.9.0
[INFO] [stderr]     Checking sycamore-core v0.8.0-beta.7
[INFO] [stderr]    Compiling num-integer v0.1.45
[INFO] [stderr]    Compiling minimal-lexical v0.2.1
[INFO] [stderr]     Checking base64 v0.13.0
[INFO] [stderr]     Checking idna v0.2.3
[INFO] [stderr]     Checking ryu v1.0.11
[INFO] [stderr]     Checking mime v0.3.16
[INFO] [stderr]     Checking opaque-debug v0.3.0
[INFO] [stderr]     Checking sha-1 v0.9.8
[INFO] [stderr]    Compiling nom v7.1.1
[INFO] [stderr]     Checking digest v0.10.3
[INFO] [stderr]    Compiling aho-corasick v0.7.18
[INFO] [stderr]     Checking url v2.2.2
[INFO] [stderr]    Compiling slotmap v1.0.6
[INFO] [stderr]     Checking try-lock v0.2.3
[INFO] [stderr]    Compiling regex-syntax v0.6.27
[INFO] [stderr]    Compiling unicode-xid v0.2.3
[INFO] [stderr]     Checking safemem v0.3.3
[INFO] [stderr]     Checking httpdate v1.0.2
[INFO] [stderr]    Compiling paste v1.0.8
[INFO] [stderr]    Compiling async-trait v0.1.57
[INFO] [stderr]     Checking remove_dir_all v0.5.3
[INFO] [stderr]     Checking utf-8 v0.7.6
[INFO] [stderr]     Checking fastrand v1.8.0
[INFO] [stderr]     Checking tempfile v3.3.0
[INFO] [stderr]     Checking buf_redux v0.8.4
[INFO] [stderr]     Checking want v0.3.0
[INFO] [stderr]     Checking sha-1 v0.10.0
[INFO] [stderr]     Checking http-body v0.4.5
[INFO] [stderr]     Checking headers-core v0.2.0
[INFO] [stderr]     Checking time v0.1.44
[INFO] [stderr]    Compiling wasm-bindgen-backend v0.2.82
[INFO] [stderr]    Compiling darling_core v0.13.4
[INFO] [stderr]     Checking twoway v0.1.8
[INFO] [stderr]     Checking tower-service v0.3.2
[INFO] [stderr]     Checking iana-time-zone v0.1.46
[INFO] [stderr]     Checking quick-error v1.2.3
[INFO] [stderr]     Checking multipart v0.18.0
[INFO] [stderr]     Checking headers v0.3.7
[INFO] [stderr]     Checking chrono v0.4.22
[INFO] [stderr]     Checking fmterr v0.1.1
[INFO] [stderr]     Checking urlencoding v2.1.0
[INFO] [stderr]    Compiling regex v1.6.0
[INFO] [stderr]    Compiling wasm-bindgen-macro-support v0.2.82
[INFO] [stderr]     Checking scoped-tls v1.0.0
[INFO] [stderr]     Checking fs_extra v1.2.0
[INFO] [stderr]    Compiling tokio-macros v1.8.0
[INFO] [stderr]    Compiling futures-macro v0.3.23
[INFO] [stderr]    Compiling wasm-bindgen-macro v0.2.82
[INFO] [stderr]    Compiling thiserror-impl v1.0.32
[INFO] [stderr]    Compiling darling_macro v0.13.4
[INFO] [stderr]    Compiling sycamore-macro v0.8.0-beta.7
[INFO] [stderr]    Compiling pin-project-internal v1.0.12
[INFO] [stderr]    Compiling darling v0.13.4
[INFO] [stderr]    Compiling sycamore-router-macro v0.8.0-beta.7
[INFO] [stderr]     Checking js-sys v0.3.59
[INFO] [stderr]     Checking thiserror v1.0.32
[INFO] [stderr]     Checking tungstenite v0.14.0
[INFO] [stderr]     Checking pin-project v1.0.12
[INFO] [stderr]     Checking web-sys v0.3.59
[INFO] [stderr]     Checking futures-executor v0.3.23
[INFO] [stderr]     Checking futures v0.3.23
[INFO] [stderr]     Checking tokio-util v0.7.3
[INFO] [stderr]     Checking tokio-tungstenite v0.15.0
[INFO] [stderr]     Checking tokio-stream v0.1.9
[INFO] [stderr]     Checking tokio-util v0.6.10
[INFO] [stderr]     Checking sycamore-futures v0.8.0-beta.7
[INFO] [stderr]     Checking h2 v0.3.14
[INFO] [stderr]     Checking serde_urlencoded v0.7.1
[INFO] [stderr]     Checking sycamore-web v0.8.0-beta.7
[INFO] [stderr]    Compiling perseus-macro v0.4.0-beta.7
[INFO] [stderr]     Checking sycamore v0.8.0-beta.7
[INFO] [stderr]     Checking hyper v0.14.20
[INFO] [stdout] error[E0309]: the parameter type `impl AsRef<str>` may not live long enough
[INFO] [stdout]   --> /opt/rustwide/cargo-home/registry/src/index.crates.io-6f17d22bba15001f/sycamore-0.8.0-beta.7/src/builder.rs:89:5
[INFO] [stdout]    |
[INFO] [stdout] 86 | pub fn tag<'a, G: GenericNode>(
[INFO] [stdout]    |            -- the parameter type `impl AsRef<str>` must be valid for the lifetime `'a` as defined here...
[INFO] [stdout] ...
[INFO] [stdout] 89 |     ElementBuilder::new(move |_| G::element_from_tag(t.as_ref()))
[INFO] [stdout]    |     ^^^^^^^^^^^^^^^^^^^ ...so that the type `impl AsRef<str>` will meet its required lifetime bounds
[INFO] [stdout]    |
[INFO] [stdout] help: consider adding an explicit lifetime bound
[INFO] [stdout]    |
[INFO] [stdout] 87 |     t: impl AsRef<str> + 'a,
[INFO] [stdout]    |                        ++++
[INFO] [stdout] 
[INFO] [stdout] 
[INFO] [stdout] error[E0309]: the parameter type `impl AsRef<str>` may not live long enough
[INFO] [stdout]   --> /opt/rustwide/cargo-home/registry/src/index.crates.io-6f17d22bba15001f/sycamore-0.8.0-beta.7/src/builder.rs:89:5
[INFO] [stdout]    |
[INFO] [stdout] 86 | pub fn tag<'a, G: GenericNode>(
[INFO] [stdout]    |            -- the parameter type `impl AsRef<str>` must be valid for the lifetime `'a` as defined here...
[INFO] [stdout] ...
[INFO] [stdout] 89 |     ElementBuilder::new(move |_| G::element_from_tag(t.as_ref()))
[INFO] [stdout]    |     ^^^^^^^^^^^^^^^^^^^^^^^^^^^^^^^^^^^^^^^^^^^^^^^^^^^^^^^^^^^^^ ...so that the type `impl AsRef<str>` will meet its required lifetime bounds
[INFO] [stdout]    |
[INFO] [stdout] help: consider adding an explicit lifetime bound
[INFO] [stdout]    |
[INFO] [stdout] 87 |     t: impl AsRef<str> + 'a,
[INFO] [stdout]    |                        ++++
[INFO] [stdout] 
[INFO] [stdout] 
[INFO] [stdout] error[E0309]: the parameter type `impl ElementBuilderOrView<'a, G>` may not live long enough
[INFO] [stdout]    --> /opt/rustwide/cargo-home/registry/src/index.crates.io-6f17d22bba15001f/sycamore-0.8.0-beta.7/src/builder.rs:428:9
[INFO] [stdout]     |
[INFO] [stdout] 92  | impl<'a, G: GenericNode, F: FnOnce(Scope<'a>) -> G + 'a> ElementBuilder<'a, G, F> {
[INFO] [stdout]     |      -- the parameter type `impl ElementBuilderOrView<'a, G>` must be valid for the lifetime `'a` as defined here...
[INFO] [stdout] ...
[INFO] [stdout] 428 |         self.map(|cx, el| render::insert(cx, el, c.into_view(cx), None, None, true))
[INFO] [stdout]     |         ^^^^^^^^^^^^^^^^^^^^^^^^^^^^^^^^^^^^^^^^^^^^^^^^^^^^^^^^^^^^^^^^^^^^^^^^^^^^ ...so that the type `impl ElementBuilderOrView<'a, G>` will meet its required lifetime bounds
[INFO] [stdout]     |
[INFO] [stdout] help: consider adding an explicit lifetime bound
[INFO] [stdout]     |
[INFO] [stdout] 426 |         c: impl ElementBuilderOrView<'a, G> + 'a,
[INFO] [stdout]     |                                             ++++
[INFO] [stdout] 
[INFO] [stdout] 
[INFO] [stdout] error: aborting due to 3 previous errors
[INFO] [stdout] 
[INFO] [stdout] 
[INFO] [stdout] For more information about this error, try `rustc --explain E0309`.
[INFO] [stdout] 
[INFO] [stderr] error: could not compile `sycamore` (lib) due to 4 previous errors
[INFO] [stderr] warning: build failed, waiting for other jobs to finish...
[INFO] running `Command { std: "docker" "inspect" "fefd468e0c3780e18756792e7fc712ed4af0faf00b7dd2c1d483b5145d098130", kill_on_drop: false }`
[INFO] running `Command { std: "docker" "rm" "-f" "fefd468e0c3780e18756792e7fc712ed4af0faf00b7dd2c1d483b5145d098130", kill_on_drop: false }`
[INFO] [stdout] fefd468e0c3780e18756792e7fc712ed4af0faf00b7dd2c1d483b5145d098130
