[INFO] cloning repository https://github.com/GitaiQAQ/ct-sdk-rust
[INFO] running `Command { std: "git" "-c" "credential.helper=" "-c" "credential.helper=/workspace/cargo-home/bin/git-credential-null" "clone" "--bare" "https://github.com/GitaiQAQ/ct-sdk-rust" "/workspace/cache/git-repos/https%3A%2F%2Fgithub.com%2FGitaiQAQ%2Fct-sdk-rust", kill_on_drop: false }`
[INFO] [stderr] Cloning into bare repository '/workspace/cache/git-repos/https%3A%2F%2Fgithub.com%2FGitaiQAQ%2Fct-sdk-rust'...
[INFO] running `Command { std: "git" "rev-parse" "HEAD", kill_on_drop: false }`
[INFO] [stdout] 5cc39b9bd44c2c4b399b6a307fcbadfad7a50801
[INFO] documenting GitaiQAQ/ct-sdk-rust against 1.75.0 for beta-1.76-rustdoc-1
[INFO] running `Command { std: "git" "clone" "/workspace/cache/git-repos/https%3A%2F%2Fgithub.com%2FGitaiQAQ%2Fct-sdk-rust" "/workspace/builds/worker-1-tc1/source", kill_on_drop: false }`
[INFO] [stderr] Cloning into '/workspace/builds/worker-1-tc1/source'...
[INFO] [stderr] done.
[INFO] validating manifest of git repo https://github.com/GitaiQAQ/ct-sdk-rust on toolchain 1.75.0
[INFO] running `Command { std: CARGO_HOME="/workspace/cargo-home" RUSTUP_HOME="/workspace/rustup-home" "/workspace/cargo-home/bin/cargo" "+1.75.0" "metadata" "--manifest-path" "Cargo.toml" "--no-deps", kill_on_drop: false }`
[INFO] started tweaking git repo https://github.com/GitaiQAQ/ct-sdk-rust
[INFO] finished tweaking git repo https://github.com/GitaiQAQ/ct-sdk-rust
[INFO] tweaked toml for git repo https://github.com/GitaiQAQ/ct-sdk-rust written to /workspace/builds/worker-1-tc1/source/Cargo.toml
[INFO] crate git repo https://github.com/GitaiQAQ/ct-sdk-rust already has a lockfile, it will not be regenerated
[INFO] running `Command { std: CARGO_HOME="/workspace/cargo-home" RUSTUP_HOME="/workspace/rustup-home" "/workspace/cargo-home/bin/cargo" "+1.75.0" "fetch" "--manifest-path" "Cargo.toml", kill_on_drop: false }`
[INFO] [stderr]     Updating git repository `https://github.com/GitaiQAQ/aws-sdk-rust.git`
[INFO] [stderr]     Updating crates.io index
[INFO] [stderr]  Downloading crates ...
[INFO] [stderr]   Downloaded bitflags v1.0.0
[INFO] [stderr]   Downloaded arrayref v0.3.4
[INFO] [stderr]   Downloaded rayon-core v1.3.0
[INFO] [stderr]   Downloaded aho-corasick v0.6.3
[INFO] [stderr]   Downloaded colored v1.6.0
[INFO] [stderr]   Downloaded openssl-sys v0.9.20
[INFO] [stderr]   Downloaded atty v0.2.3
[INFO] [stderr]   Downloaded encode_unicode v0.3.1
[INFO] [stderr]   Downloaded byte_string v1.0.0
[INFO] [stderr]   Downloaded generic-array v0.8.3
[INFO] [stderr]   Downloaded lazy_static v0.2.9
[INFO] [stderr]   Downloaded rpassword v0.2.3
[INFO] [stderr]   Downloaded typenum v1.9.0
[INFO] [stderr]   Downloaded regex v0.2.2
[INFO] [stderr]   Downloaded lsio v0.1.18
[INFO] [stderr]   Downloaded openssl v0.9.20
[INFO] [stderr]   Downloaded hyper-openssl v0.2.7
[INFO] [stderr]   Downloaded digest v0.6.2
[INFO] [stderr]   Downloaded md-5 v0.5.2
[INFO] running `Command { std: "docker" "create" "-v" "/var/lib/crater-agent-workspace/builds/worker-1-tc1/target:/opt/rustwide/target:rw,Z" "-v" "/var/lib/crater-agent-workspace/builds/worker-1-tc1/source:/opt/rustwide/workdir:ro,Z" "-v" "/var/lib/crater-agent-workspace/cargo-home:/opt/rustwide/cargo-home:ro,Z" "-v" "/var/lib/crater-agent-workspace/rustup-home:/opt/rustwide/rustup-home:ro,Z" "-e" "SOURCE_DIR=/opt/rustwide/workdir" "-e" "CARGO_TARGET_DIR=/opt/rustwide/target" "-e" "CARGO_HOME=/opt/rustwide/cargo-home" "-e" "RUSTUP_HOME=/opt/rustwide/rustup-home" "-w" "/opt/rustwide/workdir" "-m" "1610612736" "--user" "0:0" "--network" "none" "ghcr.io/rust-lang/crates-build-env/linux@sha256:2788e3201cd34a07e3172128adcd8b3090168a8e3bcc40d7c032b9dda1df7d1c" "/opt/rustwide/cargo-home/bin/cargo" "+1.75.0" "metadata" "--no-deps" "--format-version=1", kill_on_drop: false }`
[INFO] [stdout] d6b9d0966770c8e2547d6c30928e79e23419223671d4141adab89ac4f0bf05a4
[INFO] running `Command { std: "docker" "start" "-a" "d6b9d0966770c8e2547d6c30928e79e23419223671d4141adab89ac4f0bf05a4", kill_on_drop: false }`
[INFO] running `Command { std: "docker" "inspect" "d6b9d0966770c8e2547d6c30928e79e23419223671d4141adab89ac4f0bf05a4", kill_on_drop: false }`
[INFO] running `Command { std: "docker" "rm" "-f" "d6b9d0966770c8e2547d6c30928e79e23419223671d4141adab89ac4f0bf05a4", kill_on_drop: false }`
[INFO] [stdout] d6b9d0966770c8e2547d6c30928e79e23419223671d4141adab89ac4f0bf05a4
[INFO] running `Command { std: "docker" "create" "-v" "/var/lib/crater-agent-workspace/builds/worker-1-tc1/target:/opt/rustwide/target:rw,Z" "-v" "/var/lib/crater-agent-workspace/builds/worker-1-tc1/source:/opt/rustwide/workdir:ro,Z" "-v" "/var/lib/crater-agent-workspace/cargo-home:/opt/rustwide/cargo-home:ro,Z" "-v" "/var/lib/crater-agent-workspace/rustup-home:/opt/rustwide/rustup-home:ro,Z" "-e" "SOURCE_DIR=/opt/rustwide/workdir" "-e" "CARGO_TARGET_DIR=/opt/rustwide/target" "-e" "CARGO_INCREMENTAL=0" "-e" "RUST_BACKTRACE=full" "-e" "RUSTFLAGS=--cap-lints=warn" "-e" "RUSTDOCFLAGS=--cap-lints=warn" "-e" "CARGO_HOME=/opt/rustwide/cargo-home" "-e" "RUSTUP_HOME=/opt/rustwide/rustup-home" "-w" "/opt/rustwide/workdir" "-m" "1610612736" "--user" "0:0" "--network" "none" "ghcr.io/rust-lang/crates-build-env/linux@sha256:2788e3201cd34a07e3172128adcd8b3090168a8e3bcc40d7c032b9dda1df7d1c" "/opt/rustwide/cargo-home/bin/cargo" "+1.75.0" "doc" "--frozen" "--no-deps" "--document-private-items" "--message-format=json", kill_on_drop: false }`
[INFO] [stdout] 8019611285d49f6d804b4cbc47c13c42adb35d27405b2fa4289c3cfe2ee6e566
[INFO] running `Command { std: "docker" "start" "-a" "8019611285d49f6d804b4cbc47c13c42adb35d27405b2fa4289c3cfe2ee6e566", kill_on_drop: false }`
[INFO] [stderr]     Checking libc v0.2.33
[INFO] [stderr]    Compiling winapi-build v0.1.1
[INFO] [stderr]     Checking lazy_static v0.2.9
[INFO] [stderr]     Checking winapi v0.2.8
[INFO] [stderr]    Compiling cc v1.0.3
[INFO] [stderr]     Checking byteorder v1.1.0
[INFO] [stderr]    Compiling pkg-config v0.3.9
[INFO] [stderr]     Checking matches v0.1.6
[INFO] [stderr]     Checking log v0.3.8
[INFO] [stderr]    Compiling rayon-core v1.3.0
[INFO] [stderr]     Checking num-traits v0.1.40
[INFO] [stderr]    Compiling scopeguard v0.3.3
[INFO] [stderr]    Compiling either v1.4.0
[INFO] [stderr]     Checking unicode-normalization v0.1.5
[INFO] [stderr]    Compiling version_check v0.1.3
[INFO] [stderr]     Checking unicode-bidi v0.3.4
[INFO] [stderr]     Checking percent-encoding v1.0.0
[INFO] [stderr]    Compiling typenum v1.9.0
[INFO] [stderr]     Checking rustc-serialize v0.3.24
[INFO] [stderr]    Compiling kernel32-sys v0.2.2
[INFO] [stderr]    Compiling coco v0.1.1
[INFO] [stderr]     Checking safemem v0.2.0
[INFO] [stderr]     Checking regex-syntax v0.3.9
[INFO] [stderr]    Compiling openssl v0.9.20
[INFO] [stderr]     Checking utf8-ranges v0.1.3
[INFO] [stderr]     Checking bitflags v0.9.1
[INFO] [stderr]     Checking void v1.0.2
[INFO] [stderr]     Checking base64 v0.6.0
[INFO] [stderr]     Checking unreachable v1.0.0
[INFO] [stderr]    Compiling unicase v1.4.2
[INFO] [stderr]     Checking mime v0.2.6
[INFO] [stderr]    Compiling rand v0.3.18
[INFO] [stderr]     Checking memchr v1.0.2
[INFO] [stderr]     Checking thread-id v2.0.0
[INFO] [stderr]     Checking memchr v0.1.11
[INFO] [stderr]    Compiling num_cpus v1.7.0
[INFO] [stderr]     Checking idna v0.1.4
[INFO] [stderr]     Checking time v0.1.38
[INFO] [stderr]     Checking num-integer v0.1.35
[INFO] [stderr]     Checking termios v0.2.2
[INFO] [stderr]     Checking thread_local v0.2.7
[INFO] [stderr]     Checking term v0.4.6
[INFO] [stderr]     Checking language-tags v0.2.2
[INFO] [stderr]     Checking aho-corasick v0.5.3
[INFO] [stderr]     Checking nodrop v0.1.12
[INFO] [stderr]     Checking httparse v1.2.3
[INFO] [stderr]     Checking foreign-types v0.2.0
[INFO] [stderr]     Checking num-iter v0.1.34
[INFO] [stderr]     Checking unicode-width v0.1.4
[INFO] [stderr]     Checking typeable v0.1.2
[INFO] [stderr]     Checking traitobject v0.1.0
[INFO] [stderr]    Compiling gcc v0.3.54
[INFO] [stderr]     Checking rpassword v0.2.3
[INFO] [stderr]     Checking num v0.1.40
[INFO] [stderr]     Checking aho-corasick v0.6.3
[INFO] [stderr]     Checking atty v0.2.3
[INFO] [stderr]     Checking errno v0.1.8
[INFO] [stderr]     Checking thread_local v0.3.4
[INFO] [stderr]     Checking bitflags v1.0.0
[INFO] [stderr]     Checking itoa v0.1.1
[INFO] [stderr]     Checking byte-tools v0.2.0
[INFO] [stderr]     Checking serde v0.8.23
[INFO] [stderr]     Checking arrayref v0.3.4
[INFO] [stderr]     Checking dtoa v0.2.2
[INFO] [stderr]     Checking utf8-ranges v1.0.0
[INFO] [stderr]     Checking regex-syntax v0.4.1
[INFO] [stderr]     Checking antidote v1.0.0
[INFO] [stderr]     Checking block-buffer v0.3.3
[INFO] [stderr]     Checking xml-rs v0.7.0
[INFO] [stderr]     Checking chrono v0.2.25
[INFO] [stderr]     Checking textwrap v0.9.0
[INFO] [stderr]    Compiling openssl-sys v0.9.20
[INFO] [stderr]     Checking iovec v0.1.1
[INFO] [stderr]     Checking ansi_term v0.9.0
[INFO] [stderr]     Checking encode_unicode v0.3.1
[INFO] [stderr]     Checking regex v0.1.80
[INFO] [stderr]     Checking vec_map v0.8.0
[INFO] [stderr]     Checking strsim v0.6.0
[INFO] [stderr]     Checking untrusted v0.5.1
[INFO] [stderr]     Checking bytes v0.4.5
[INFO] [stderr]     Checking clap v2.27.1
[INFO] [stderr]     Checking url v1.6.0
[INFO] [stderr]     Checking colored v1.6.0
[INFO] [stderr]     Checking byte_string v1.0.0
[INFO] [stderr]    Compiling rayon v0.7.1
[INFO] [stdout] error[E0713]: borrow may still be in use when destructor runs
[INFO] [stdout]    --> /opt/rustwide/cargo-home/registry/src/index.crates.io-6f17d22bba15001f/url-1.6.0/src/form_urlencoded.rs:261:40
[INFO] [stdout]     |
[INFO] [stdout] 259 | impl<'a> Target for ::UrlQuery<'a> {
[INFO] [stdout]     |      -- lifetime `'a` defined here
[INFO] [stdout] 260 |     fn as_mut_string(&mut self) -> &mut String { &mut self.url.serialization }
[INFO] [stdout] 261 |     fn finish(self) -> &'a mut ::Url { self.url }
[INFO] [stdout]     |                                        ^^^^^^^^ - here, drop of `self` needs exclusive access to `*self.url`, because the type `UrlQuery<'_>` implements the `Drop` trait
[INFO] [stdout]     |                                        |
[INFO] [stdout]     |                                        returning this value requires that `*self.url` is borrowed for `'a`
[INFO] [stdout] 
[INFO] [stdout] 
[INFO] [stderr]     Checking regex v0.2.2
[INFO] [stderr]     Checking generic-array v0.8.3
[INFO] [stdout] error: aborting due to previous error
[INFO] [stdout] 
[INFO] [stdout] 
[INFO] [stdout] For more information about this error, try `rustc --explain E0713`.
[INFO] [stdout] 
[INFO] [stderr] error: could not compile `url` (lib) due to 2 previous errors
[INFO] [stderr] warning: build failed, waiting for other jobs to finish...
[INFO] [stderr] error: failed to run custom build command for `openssl-sys v0.9.20`
[INFO] [stderr] note: To improve backtraces for build dependencies, set the CARGO_PROFILE_DEV_BUILD_OVERRIDE_DEBUG=true environment variable to enable debug information generation.
[INFO] [stderr] 
[INFO] [stderr] Caused by:
[INFO] [stderr]   process didn't exit successfully: `/opt/rustwide/target/debug/build/openssl-sys-6a0bb7c54a9a1038/build-script-build` (exit status: 101)
[INFO] [stderr]   --- stdout
[INFO] [stderr]   cargo:rerun-if-env-changed=X86_64_UNKNOWN_LINUX_GNU_OPENSSL_LIB_DIR
[INFO] [stderr]   cargo:rerun-if-env-changed=OPENSSL_LIB_DIR
[INFO] [stderr]   cargo:rerun-if-env-changed=X86_64_UNKNOWN_LINUX_GNU_OPENSSL_INCLUDE_DIR
[INFO] [stderr]   cargo:rerun-if-env-changed=OPENSSL_INCLUDE_DIR
[INFO] [stderr]   cargo:rerun-if-env-changed=X86_64_UNKNOWN_LINUX_GNU_OPENSSL_DIR
[INFO] [stderr]   cargo:rerun-if-env-changed=OPENSSL_DIR
[INFO] [stderr]   cargo:rustc-link-lib=ssl
[INFO] [stderr]   cargo:rustc-link-lib=crypto
[INFO] [stderr]   OPT_LEVEL = Some("0")
[INFO] [stderr]   TARGET = Some("x86_64-unknown-linux-gnu")
[INFO] [stderr]   HOST = Some("x86_64-unknown-linux-gnu")
[INFO] [stderr]   TARGET = Some("x86_64-unknown-linux-gnu")
[INFO] [stderr]   TARGET = Some("x86_64-unknown-linux-gnu")
[INFO] [stderr]   HOST = Some("x86_64-unknown-linux-gnu")
[INFO] [stderr]   CC_x86_64-unknown-linux-gnu = None
[INFO] [stderr]   CC_x86_64_unknown_linux_gnu = None
[INFO] [stderr]   HOST_CC = None
[INFO] [stderr]   CC = None
[INFO] [stderr]   HOST = Some("x86_64-unknown-linux-gnu")
[INFO] [stderr]   TARGET = Some("x86_64-unknown-linux-gnu")
[INFO] [stderr]   HOST = Some("x86_64-unknown-linux-gnu")
[INFO] [stderr]   CFLAGS_x86_64-unknown-linux-gnu = None
[INFO] [stderr]   CFLAGS_x86_64_unknown_linux_gnu = None
[INFO] [stderr]   HOST_CFLAGS = None
[INFO] [stderr]   CFLAGS = None
[INFO] [stderr]   DEBUG = Some("true")
[INFO] [stderr]   running: "cc" "-O0" "-ffunction-sections" "-fdata-sections" "-fPIC" "-g" "-m64" "-Wall" "-Wextra" "-E" "/opt/rustwide/target/debug/build/openssl-sys-4bb2e4d59f7d0c9b/out/expando.c"
[INFO] [stderr]   exit status: 0
[INFO] [stderr]   cargo:rustc-cfg=osslconf="OPENSSL_NO_SSL3_METHOD"
[INFO] [stderr]   cargo:conf=OPENSSL_NO_SSL3_METHOD
[INFO] [stderr] 
[INFO] [stderr]   --- stderr
[INFO] [stderr]   thread 'main' panicked at /opt/rustwide/cargo-home/registry/src/index.crates.io-6f17d22bba15001f/openssl-sys-0.9.20/build.rs:497:9:
[INFO] [stderr] 
[INFO] [stderr] 
[INFO] [stderr]   This crate is only compatible with OpenSSL 1.0.1, 1.0.2, and 1.1.0, or LibreSSL
[INFO] [stderr]   2.5 and 2.6.0, but a different version of OpenSSL was found. The build is now
[INFO] [stderr]   aborting due to this version mismatch.
[INFO] [stderr] 
[INFO] [stderr] 
[INFO] [stderr]   stack backtrace:
[INFO] [stderr]      0:     0x563b6da6a86c - std::backtrace_rs::backtrace::libunwind::trace::ha637c64ce894333a
[INFO] [stderr]                                  at /rustc/82e1608dfa6e0b5569232559e3d385fea5a93112/library/std/src/../../backtrace/src/backtrace/libunwind.rs:104:5
[INFO] [stderr]      1:     0x563b6da6a86c - std::backtrace_rs::backtrace::trace_unsynchronized::h47f62dea28e0c88d
[INFO] [stderr]                                  at /rustc/82e1608dfa6e0b5569232559e3d385fea5a93112/library/std/src/../../backtrace/src/backtrace/mod.rs:66:5
[INFO] [stderr]      2:     0x563b6da6a86c - std::sys_common::backtrace::_print_fmt::h9eef0abe20ede486
[INFO] [stderr]                                  at /rustc/82e1608dfa6e0b5569232559e3d385fea5a93112/library/std/src/sys_common/backtrace.rs:67:5
[INFO] [stderr]      3:     0x563b6da6a86c - <std::sys_common::backtrace::_print::DisplayBacktrace as core::fmt::Display>::fmt::hed7f999df88cc644
[INFO] [stderr]                                  at /rustc/82e1608dfa6e0b5569232559e3d385fea5a93112/library/std/src/sys_common/backtrace.rs:44:22
[INFO] [stderr]      4:     0x563b6da908f0 - core::fmt::rt::Argument::fmt::h1539a9308b8d058d
[INFO] [stderr]                                  at /rustc/82e1608dfa6e0b5569232559e3d385fea5a93112/library/core/src/fmt/rt.rs:142:9
[INFO] [stderr]      5:     0x563b6da908f0 - core::fmt::write::h3a39390d8560d9c9
[INFO] [stderr]                                  at /rustc/82e1608dfa6e0b5569232559e3d385fea5a93112/library/core/src/fmt/mod.rs:1120:17
[INFO] [stderr]      6:     0x563b6da681af - std::io::Write::write_fmt::h5fc9997dfe05f882
[INFO] [stderr]                                  at /rustc/82e1608dfa6e0b5569232559e3d385fea5a93112/library/std/src/io/mod.rs:1762:15
[INFO] [stderr]      7:     0x563b6da6a654 - std::sys_common::backtrace::_print::h894006fb5c6f3d45
[INFO] [stderr]                                  at /rustc/82e1608dfa6e0b5569232559e3d385fea5a93112/library/std/src/sys_common/backtrace.rs:47:5
[INFO] [stderr]      8:     0x563b6da6a654 - std::sys_common::backtrace::print::h23a2d212c6fff936
[INFO] [stderr]                                  at /rustc/82e1608dfa6e0b5569232559e3d385fea5a93112/library/std/src/sys_common/backtrace.rs:34:9
[INFO] [stderr]      9:     0x563b6da6be67 - std::panicking::default_hook::{{closure}}::h8a1d2ee00185001a
[INFO] [stderr]     10:     0x563b6da6bbcf - std::panicking::default_hook::h6038f2eba384e475
[INFO] [stderr]                                  at /rustc/82e1608dfa6e0b5569232559e3d385fea5a93112/library/std/src/panicking.rs:292:9
[INFO] [stderr]     11:     0x563b6da6c2e8 - std::panicking::rust_panic_with_hook::h2b5517d590cab22e
[INFO] [stderr]                                  at /rustc/82e1608dfa6e0b5569232559e3d385fea5a93112/library/std/src/panicking.rs:779:13
[INFO] [stderr]     12:     0x563b6da3e09e - std::panicking::begin_panic::{{closure}}::h6b4e93bbe0c0e8fe
[INFO] [stderr]     13:     0x563b6da39f4a - std::sys_common::backtrace::__rust_end_short_backtrace::h8b63441812259ac6
[INFO] [stderr]     14:     0x563b6da3e01b - std::panicking::begin_panic::hd71a3dacdc6bfd96
[INFO] [stderr]     15:     0x563b6da080f8 - build_script_build::validate_headers::h4866169874b1c2da
[INFO] [stderr]     16:     0x563b6da0705f - build_script_build::try_pkg_config::ha3b4e6333e3783d7
[INFO] [stderr]     17:     0x563b6da06253 - build_script_build::find_openssl_dir::he02256d7889cc8c5
[INFO] [stderr]     18:     0x563b6da06098 - build_script_build::main::{{closure}}::ha6b0f367b0bd84a8
[INFO] [stderr]     19:     0x563b6da0b549 - core::option::Option<T>::unwrap_or_else::h1c992b128adabc92
[INFO] [stderr]     20:     0x563b6da05101 - build_script_build::main::h05d70fb56f445d60
[INFO] [stderr]     21:     0x563b6da0a703 - core::ops::function::FnOnce::call_once::hd4953659cad5e596
[INFO] [stderr]     22:     0x563b6da0d676 - std::sys_common::backtrace::__rust_begin_short_backtrace::hd36a6502017110e6
[INFO] [stderr]     23:     0x563b6da0d7f9 - std::rt::lang_start::{{closure}}::h645555333a00b4b3
[INFO] [stderr]     24:     0x563b6da646f7 - core::ops::function::impls::<impl core::ops::function::FnOnce<A> for &F>::call_once::hd95060ecd5e1ca24
[INFO] [stderr]                                  at /rustc/82e1608dfa6e0b5569232559e3d385fea5a93112/library/core/src/ops/function.rs:284:13
[INFO] [stderr]     25:     0x563b6da646f7 - std::panicking::try::do_call::h6e8cf51db32a6e4b
[INFO] [stderr]                                  at /rustc/82e1608dfa6e0b5569232559e3d385fea5a93112/library/std/src/panicking.rs:552:40
[INFO] [stderr]     26:     0x563b6da646f7 - std::panicking::try::h3a52eefe24fe3c29
[INFO] [stderr]                                  at /rustc/82e1608dfa6e0b5569232559e3d385fea5a93112/library/std/src/panicking.rs:516:19
[INFO] [stderr]     27:     0x563b6da646f7 - std::panic::catch_unwind::h24c28c23c02c3841
[INFO] [stderr]                                  at /rustc/82e1608dfa6e0b5569232559e3d385fea5a93112/library/std/src/panic.rs:142:14
[INFO] [stderr]     28:     0x563b6da646f7 - std::rt::lang_start_internal::{{closure}}::h705d3c9cbc06ef47
[INFO] [stderr]                                  at /rustc/82e1608dfa6e0b5569232559e3d385fea5a93112/library/std/src/rt.rs:148:48
[INFO] [stderr]     29:     0x563b6da646f7 - std::panicking::try::do_call::ha21f52ba13158470
[INFO] [stderr]                                  at /rustc/82e1608dfa6e0b5569232559e3d385fea5a93112/library/std/src/panicking.rs:552:40
[INFO] [stderr]     30:     0x563b6da646f7 - std::panicking::try::h5581346bf6aeb1f8
[INFO] [stderr]                                  at /rustc/82e1608dfa6e0b5569232559e3d385fea5a93112/library/std/src/panicking.rs:516:19
[INFO] [stderr]     31:     0x563b6da646f7 - std::panic::catch_unwind::h7919645a6b72e25b
[INFO] [stderr]                                  at /rustc/82e1608dfa6e0b5569232559e3d385fea5a93112/library/std/src/panic.rs:142:14
[INFO] [stderr]     32:     0x563b6da646f7 - std::rt::lang_start_internal::h12de51168669836e
[INFO] [stderr]                                  at /rustc/82e1608dfa6e0b5569232559e3d385fea5a93112/library/std/src/rt.rs:148:20
[INFO] [stderr]     33:     0x563b6da0d7d7 - std::rt::lang_start::h6b39dbf6d1bb08c2
[INFO] [stderr]     34:     0x563b6da09b55 - main
[INFO] [stderr]     35:     0x7f141aed0d90 - <unknown>
[INFO] [stderr]     36:     0x7f141aed0e40 - __libc_start_main
[INFO] [stderr]     37:     0x563b6d9ffe75 - _start
[INFO] [stderr]     38:                0x0 - <unknown>
[INFO] running `Command { std: "docker" "inspect" "8019611285d49f6d804b4cbc47c13c42adb35d27405b2fa4289c3cfe2ee6e566", kill_on_drop: false }`
[INFO] running `Command { std: "docker" "rm" "-f" "8019611285d49f6d804b4cbc47c13c42adb35d27405b2fa4289c3cfe2ee6e566", kill_on_drop: false }`
[INFO] [stdout] 8019611285d49f6d804b4cbc47c13c42adb35d27405b2fa4289c3cfe2ee6e566
[INFO] documenting GitaiQAQ/ct-sdk-rust against beta-2023-12-22 for beta-1.76-rustdoc-1
[INFO] running `Command { std: "git" "clone" "/workspace/cache/git-repos/https%3A%2F%2Fgithub.com%2FGitaiQAQ%2Fct-sdk-rust" "/workspace/builds/worker-1-tc2/source", kill_on_drop: false }`
[INFO] [stderr] Cloning into '/workspace/builds/worker-1-tc2/source'...
[INFO] [stderr] done.
[INFO] validating manifest of git repo https://github.com/GitaiQAQ/ct-sdk-rust on toolchain beta-2023-12-22
[INFO] running `Command { std: CARGO_HOME="/workspace/cargo-home" RUSTUP_HOME="/workspace/rustup-home" "/workspace/cargo-home/bin/cargo" "+beta-2023-12-22" "metadata" "--manifest-path" "Cargo.toml" "--no-deps", kill_on_drop: false }`
[INFO] started tweaking git repo https://github.com/GitaiQAQ/ct-sdk-rust
[INFO] finished tweaking git repo https://github.com/GitaiQAQ/ct-sdk-rust
[INFO] tweaked toml for git repo https://github.com/GitaiQAQ/ct-sdk-rust written to /workspace/builds/worker-1-tc2/source/Cargo.toml
[INFO] crate git repo https://github.com/GitaiQAQ/ct-sdk-rust already has a lockfile, it will not be regenerated
[INFO] running `Command { std: CARGO_HOME="/workspace/cargo-home" RUSTUP_HOME="/workspace/rustup-home" "/workspace/cargo-home/bin/cargo" "+beta-2023-12-22" "fetch" "--manifest-path" "Cargo.toml", kill_on_drop: false }`
[INFO] running `Command { std: "docker" "create" "-v" "/var/lib/crater-agent-workspace/builds/worker-1-tc2/target:/opt/rustwide/target:rw,Z" "-v" "/var/lib/crater-agent-workspace/builds/worker-1-tc2/source:/opt/rustwide/workdir:ro,Z" "-v" "/var/lib/crater-agent-workspace/cargo-home:/opt/rustwide/cargo-home:ro,Z" "-v" "/var/lib/crater-agent-workspace/rustup-home:/opt/rustwide/rustup-home:ro,Z" "-e" "SOURCE_DIR=/opt/rustwide/workdir" "-e" "CARGO_TARGET_DIR=/opt/rustwide/target" "-e" "CARGO_HOME=/opt/rustwide/cargo-home" "-e" "RUSTUP_HOME=/opt/rustwide/rustup-home" "-w" "/opt/rustwide/workdir" "-m" "1610612736" "--user" "0:0" "--network" "none" "ghcr.io/rust-lang/crates-build-env/linux@sha256:2788e3201cd34a07e3172128adcd8b3090168a8e3bcc40d7c032b9dda1df7d1c" "/opt/rustwide/cargo-home/bin/cargo" "+beta-2023-12-22" "metadata" "--no-deps" "--format-version=1", kill_on_drop: false }`
[INFO] [stdout] f817f60a9c251db9f2c39b8c15e7512d0a16f27c0e88a02692c24186ca7f34e0
[INFO] running `Command { std: "docker" "start" "-a" "f817f60a9c251db9f2c39b8c15e7512d0a16f27c0e88a02692c24186ca7f34e0", kill_on_drop: false }`
[INFO] running `Command { std: "docker" "inspect" "f817f60a9c251db9f2c39b8c15e7512d0a16f27c0e88a02692c24186ca7f34e0", kill_on_drop: false }`
[INFO] running `Command { std: "docker" "rm" "-f" "f817f60a9c251db9f2c39b8c15e7512d0a16f27c0e88a02692c24186ca7f34e0", kill_on_drop: false }`
[INFO] [stdout] f817f60a9c251db9f2c39b8c15e7512d0a16f27c0e88a02692c24186ca7f34e0
[INFO] running `Command { std: "docker" "create" "-v" "/var/lib/crater-agent-workspace/builds/worker-1-tc2/target:/opt/rustwide/target:rw,Z" "-v" "/var/lib/crater-agent-workspace/builds/worker-1-tc2/source:/opt/rustwide/workdir:ro,Z" "-v" "/var/lib/crater-agent-workspace/cargo-home:/opt/rustwide/cargo-home:ro,Z" "-v" "/var/lib/crater-agent-workspace/rustup-home:/opt/rustwide/rustup-home:ro,Z" "-e" "SOURCE_DIR=/opt/rustwide/workdir" "-e" "CARGO_TARGET_DIR=/opt/rustwide/target" "-e" "CARGO_INCREMENTAL=0" "-e" "RUST_BACKTRACE=full" "-e" "RUSTFLAGS=--cap-lints=warn" "-e" "RUSTDOCFLAGS=--cap-lints=warn" "-e" "CARGO_HOME=/opt/rustwide/cargo-home" "-e" "RUSTUP_HOME=/opt/rustwide/rustup-home" "-w" "/opt/rustwide/workdir" "-m" "1610612736" "--user" "0:0" "--network" "none" "ghcr.io/rust-lang/crates-build-env/linux@sha256:2788e3201cd34a07e3172128adcd8b3090168a8e3bcc40d7c032b9dda1df7d1c" "/opt/rustwide/cargo-home/bin/cargo" "+beta-2023-12-22" "doc" "--frozen" "--no-deps" "--document-private-items" "--message-format=json", kill_on_drop: false }`
[INFO] [stdout] 43cf92c06b7987cec750ea88cba15a5e30cd9a51cd32c3f275c0784b651509b2
[INFO] running `Command { std: "docker" "start" "-a" "43cf92c06b7987cec750ea88cba15a5e30cd9a51cd32c3f275c0784b651509b2", kill_on_drop: false }`
[INFO] [stderr]     Checking libc v0.2.33
[INFO] [stderr]     Checking lazy_static v0.2.9
[INFO] [stderr]    Compiling winapi-build v0.1.1
[INFO] [stderr]     Checking matches v0.1.6
[INFO] [stderr]     Checking log v0.3.8
[INFO] [stderr]     Checking winapi v0.2.8
[INFO] [stderr]    Compiling cc v1.0.3
[INFO] [stderr]     Checking byteorder v1.1.0
[INFO] [stderr]    Compiling pkg-config v0.3.9
[INFO] [stderr]    Compiling either v1.4.0
[INFO] [stderr]     Checking num-traits v0.1.40
[INFO] [stderr]    Compiling rayon-core v1.3.0
[INFO] [stderr]    Compiling scopeguard v0.3.3
[INFO] [stderr]    Compiling version_check v0.1.3
[INFO] [stderr]     Checking unicode-normalization v0.1.5
[INFO] [stderr]     Checking rustc-serialize v0.3.24
[INFO] [stderr]     Checking unicode-bidi v0.3.4
[INFO] [stderr]    Compiling typenum v1.9.0
[INFO] [stderr]    Compiling kernel32-sys v0.2.2
[INFO] [stderr]     Checking percent-encoding v1.0.0
[INFO] [stderr]    Compiling coco v0.1.1
[INFO] [stderr]    Compiling openssl v0.9.20
[INFO] [stderr]     Checking safemem v0.2.0
[INFO] [stderr]     Checking bitflags v0.9.1
[INFO] [stderr]     Checking regex-syntax v0.3.9
[INFO] [stderr]     Checking utf8-ranges v0.1.3
[INFO] [stderr]     Checking void v1.0.2
[INFO] [stderr]     Checking base64 v0.6.0
[INFO] [stderr]    Compiling unicase v1.4.2
[INFO] [stderr]     Checking unreachable v1.0.0
[INFO] [stdout] error[E0310]: the parameter type `T` may not live long enough
[INFO] [stdout]     --> /opt/rustwide/cargo-home/registry/src/index.crates.io-6f17d22bba15001f/rustc-serialize-0.3.24/src/serialize.rs:1155:5
[INFO] [stdout]      |
[INFO] [stdout] 1155 |     fn decode<D: Decoder>(d: &mut D) -> Result<Cow<'static, T>, D::Error> {
[INFO] [stdout]      |     ^^^^^^^^^^^^^^^^^^^^^^^^^^^^^^^^^^^^^^^^^^^^^^^^^^^^^^^^^^^^^^^^^^^^^
[INFO] [stdout]      |     |
[INFO] [stdout]      |     the parameter type `T` must be valid for the static lifetime...
[INFO] [stdout]      |     ...so that the type `T` will meet its required lifetime bounds...
[INFO] [stdout]      |
[INFO] [stdout] note: ...that is required by this bound
[INFO] [stdout]     --> /rustc/0e09125c6c3c2fd70d7de961bcf0e51575235fad/library/alloc/src/borrow.rs:180:30
[INFO] [stdout] help: consider adding an explicit lifetime bound
[INFO] [stdout]      |
[INFO] [stdout] 1151 | impl<'a, T: ?Sized + 'static> Decodable for Cow<'a, T>
[INFO] [stdout]      |                    +++++++++
[INFO] [stdout] 
[INFO] [stdout] 
[INFO] [stderr]     Checking memchr v1.0.2
[INFO] [stderr]    Compiling rand v0.3.18
[INFO] [stderr]    Compiling num_cpus v1.7.0
[INFO] [stderr]     Checking memchr v0.1.11
[INFO] [stderr]     Checking thread-id v2.0.0
[INFO] [stderr]     Checking idna v0.1.4
[INFO] [stderr]     Checking time v0.1.38
[INFO] [stderr]     Checking termios v0.2.2
[INFO] [stderr]     Checking num-integer v0.1.35
[INFO] [stderr]     Checking thread_local v0.2.7
[INFO] [stderr]     Checking mime v0.2.6
[INFO] [stderr]     Checking language-tags v0.2.2
[INFO] [stderr]     Checking nodrop v0.1.12
[INFO] [stderr]     Checking aho-corasick v0.5.3
[INFO] [stderr]     Checking foreign-types v0.2.0
[INFO] [stderr]     Checking traitobject v0.1.0
[INFO] [stderr]     Checking unicode-width v0.1.4
[INFO] [stderr]     Checking num-iter v0.1.34
[INFO] [stderr]     Checking term v0.4.6
[INFO] [stderr]     Checking httparse v1.2.3
[INFO] [stderr]     Checking typeable v0.1.2
[INFO] [stderr]    Compiling gcc v0.3.54
[INFO] [stderr]     Checking rpassword v0.2.3
[INFO] [stderr]     Checking aho-corasick v0.6.3
[INFO] [stderr]     Checking thread_local v0.3.4
[INFO] [stderr]     Checking num v0.1.40
[INFO] [stderr]     Checking atty v0.2.3
[INFO] [stderr]     Checking errno v0.1.8
[INFO] [stderr]     Checking dtoa v0.2.2
[INFO] [stderr]     Checking byte-tools v0.2.0
[INFO] [stderr]     Checking serde v0.8.23
[INFO] [stderr]     Checking itoa v0.1.1
[INFO] [stderr]     Checking utf8-ranges v1.0.0
[INFO] [stderr]     Checking arrayref v0.3.4
[INFO] [stderr]     Checking antidote v1.0.0
[INFO] [stderr]     Checking regex-syntax v0.4.1
[INFO] [stderr]     Checking bitflags v1.0.0
[INFO] [stderr]     Checking block-buffer v0.3.3
[INFO] [stderr]     Checking chrono v0.2.25
[INFO] [stderr]     Checking textwrap v0.9.0
[INFO] [stderr]     Checking iovec v0.1.1
[INFO] [stderr]     Checking vec_map v0.8.0
[INFO] [stderr]     Checking strsim v0.6.0
[INFO] [stderr]     Checking xml-rs v0.7.0
[INFO] [stderr]     Checking ansi_term v0.9.0
[INFO] [stderr]    Compiling openssl-sys v0.9.20
[INFO] [stderr]     Checking encode_unicode v0.3.1
[INFO] [stderr]     Checking untrusted v0.5.1
[INFO] [stderr]     Checking bytes v0.4.5
[INFO] [stderr]     Checking regex v0.1.80
[INFO] [stderr]     Checking clap v2.27.1
[INFO] [stdout] error: aborting due to 1 previous error
[INFO] [stdout] 
[INFO] [stdout] 
[INFO] [stdout] For more information about this error, try `rustc --explain E0310`.
[INFO] [stdout] 
[INFO] [stderr] error: could not compile `rustc-serialize` (lib) due to 2 previous errors
[INFO] [stderr] warning: build failed, waiting for other jobs to finish...
[INFO] running `Command { std: "docker" "inspect" "43cf92c06b7987cec750ea88cba15a5e30cd9a51cd32c3f275c0784b651509b2", kill_on_drop: false }`
[INFO] running `Command { std: "docker" "rm" "-f" "43cf92c06b7987cec750ea88cba15a5e30cd9a51cd32c3f275c0784b651509b2", kill_on_drop: false }`
[INFO] [stdout] 43cf92c06b7987cec750ea88cba15a5e30cd9a51cd32c3f275c0784b651509b2
