[INFO] cloning repository https://github.com/Gisleburt/rust-in-the-frontend
[INFO] running `Command { std: "git" "-c" "credential.helper=" "-c" "credential.helper=/workspace/cargo-home/bin/git-credential-null" "clone" "--bare" "https://github.com/Gisleburt/rust-in-the-frontend" "/workspace/cache/git-repos/https%3A%2F%2Fgithub.com%2FGisleburt%2Frust-in-the-frontend", kill_on_drop: false }`
[INFO] [stderr] Cloning into bare repository '/workspace/cache/git-repos/https%3A%2F%2Fgithub.com%2FGisleburt%2Frust-in-the-frontend'...
[INFO] running `Command { std: "git" "rev-parse" "HEAD", kill_on_drop: false }`
[INFO] [stdout] c255d0ce35a9899e710c8f51de0e0ac2ab3df3a7
[INFO] documenting Gisleburt/rust-in-the-frontend against 1.75.0 for beta-1.76-rustdoc-1
[INFO] running `Command { std: "git" "clone" "/workspace/cache/git-repos/https%3A%2F%2Fgithub.com%2FGisleburt%2Frust-in-the-frontend" "/workspace/builds/worker-7-tc1/source", kill_on_drop: false }`
[INFO] [stderr] Cloning into '/workspace/builds/worker-7-tc1/source'...
[INFO] [stderr] done.
[INFO] validating manifest of git repo https://github.com/Gisleburt/rust-in-the-frontend on toolchain 1.75.0
[INFO] running `Command { std: CARGO_HOME="/workspace/cargo-home" RUSTUP_HOME="/workspace/rustup-home" "/workspace/cargo-home/bin/cargo" "+1.75.0" "metadata" "--manifest-path" "Cargo.toml" "--no-deps", kill_on_drop: false }`
[INFO] removed /workspace/builds/worker-7-tc1/source/.cargo/config.toml
[INFO] started tweaking git repo https://github.com/Gisleburt/rust-in-the-frontend
[INFO] finished tweaking git repo https://github.com/Gisleburt/rust-in-the-frontend
[INFO] tweaked toml for git repo https://github.com/Gisleburt/rust-in-the-frontend written to /workspace/builds/worker-7-tc1/source/Cargo.toml
[INFO] crate git repo https://github.com/Gisleburt/rust-in-the-frontend already has a lockfile, it will not be regenerated
[INFO] running `Command { std: CARGO_HOME="/workspace/cargo-home" RUSTUP_HOME="/workspace/rustup-home" "/workspace/cargo-home/bin/cargo" "+1.75.0" "fetch" "--manifest-path" "Cargo.toml", kill_on_drop: false }`
[INFO] [stderr]     Blocking waiting for file lock on package cache
[INFO] [stderr]     Updating crates.io index
[INFO] [stderr]     Blocking waiting for file lock on package cache
[INFO] [stderr]  Downloading crates ...
[INFO] [stderr]   Downloaded fmterr v0.1.1
[INFO] [stderr]   Downloaded futures-lite v2.1.0
[INFO] [stderr]   Downloaded dioxus-interpreter-js v0.4.3
[INFO] [stderr]   Downloaded css-minify v0.3.1
[INFO] [stderr]   Downloaded perseus-axum v0.4.2
[INFO] [stderr]   Downloaded perseus-macro v0.4.2
[INFO] [stderr]   Downloaded sycamore-futures v0.8.0
[INFO] [stderr]   Downloaded sycamore-router-macro v0.8.0
[INFO] [stderr]   Downloaded parse-js v0.10.3
[INFO] [stderr]   Downloaded dioxus-web v0.4.3
[INFO] [stderr]   Downloaded rexie v0.4.2
[INFO] [stderr]   Downloaded minify-html-onepass v0.10.8
[INFO] [stderr]   Downloaded perseus v0.4.2
[INFO] [stderr]   Downloaded sycamore-router v0.8.0
[INFO] [stderr]   Downloaded minify-js v0.4.3
[INFO] running `Command { std: "docker" "create" "-v" "/var/lib/crater-agent-workspace/builds/worker-7-tc1/target:/opt/rustwide/target:rw,Z" "-v" "/var/lib/crater-agent-workspace/builds/worker-7-tc1/source:/opt/rustwide/workdir:ro,Z" "-v" "/var/lib/crater-agent-workspace/cargo-home:/opt/rustwide/cargo-home:ro,Z" "-v" "/var/lib/crater-agent-workspace/rustup-home:/opt/rustwide/rustup-home:ro,Z" "-e" "SOURCE_DIR=/opt/rustwide/workdir" "-e" "CARGO_TARGET_DIR=/opt/rustwide/target" "-e" "CARGO_HOME=/opt/rustwide/cargo-home" "-e" "RUSTUP_HOME=/opt/rustwide/rustup-home" "-w" "/opt/rustwide/workdir" "-m" "1610612736" "--user" "0:0" "--network" "none" "ghcr.io/rust-lang/crates-build-env/linux@sha256:2788e3201cd34a07e3172128adcd8b3090168a8e3bcc40d7c032b9dda1df7d1c" "/opt/rustwide/cargo-home/bin/cargo" "+1.75.0" "metadata" "--no-deps" "--format-version=1", kill_on_drop: false }`
[INFO] [stdout] fe7fb6a25ef17b963337ddd066f8e042dee8adfb934e5c29998aed954fcd555b
[INFO] running `Command { std: "docker" "start" "-a" "fe7fb6a25ef17b963337ddd066f8e042dee8adfb934e5c29998aed954fcd555b", kill_on_drop: false }`
[INFO] running `Command { std: "docker" "inspect" "fe7fb6a25ef17b963337ddd066f8e042dee8adfb934e5c29998aed954fcd555b", kill_on_drop: false }`
[INFO] running `Command { std: "docker" "rm" "-f" "fe7fb6a25ef17b963337ddd066f8e042dee8adfb934e5c29998aed954fcd555b", kill_on_drop: false }`
[INFO] [stdout] fe7fb6a25ef17b963337ddd066f8e042dee8adfb934e5c29998aed954fcd555b
[INFO] running `Command { std: "docker" "create" "-v" "/var/lib/crater-agent-workspace/builds/worker-7-tc1/target:/opt/rustwide/target:rw,Z" "-v" "/var/lib/crater-agent-workspace/builds/worker-7-tc1/source:/opt/rustwide/workdir:ro,Z" "-v" "/var/lib/crater-agent-workspace/cargo-home:/opt/rustwide/cargo-home:ro,Z" "-v" "/var/lib/crater-agent-workspace/rustup-home:/opt/rustwide/rustup-home:ro,Z" "-e" "SOURCE_DIR=/opt/rustwide/workdir" "-e" "CARGO_TARGET_DIR=/opt/rustwide/target" "-e" "CARGO_INCREMENTAL=0" "-e" "RUST_BACKTRACE=full" "-e" "RUSTFLAGS=--cap-lints=warn" "-e" "RUSTDOCFLAGS=--cap-lints=warn" "-e" "CARGO_HOME=/opt/rustwide/cargo-home" "-e" "RUSTUP_HOME=/opt/rustwide/rustup-home" "-w" "/opt/rustwide/workdir" "-m" "1610612736" "--user" "0:0" "--network" "none" "ghcr.io/rust-lang/crates-build-env/linux@sha256:2788e3201cd34a07e3172128adcd8b3090168a8e3bcc40d7c032b9dda1df7d1c" "/opt/rustwide/cargo-home/bin/cargo" "+1.75.0" "doc" "--frozen" "--no-deps" "--document-private-items" "--message-format=json", kill_on_drop: false }`
[INFO] [stdout] 1872ae7607d20167a59543597d5deae38c0f6f918e10adb4fb9e55aaa5d332e7
[INFO] running `Command { std: "docker" "start" "-a" "1872ae7607d20167a59543597d5deae38c0f6f918e10adb4fb9e55aaa5d332e7", kill_on_drop: false }`
[INFO] [stderr]    Compiling proc-macro2 v1.0.70
[INFO] [stderr]    Compiling unicode-ident v1.0.12
[INFO] [stderr]    Compiling once_cell v1.19.0
[INFO] [stderr]    Compiling bumpalo v3.14.0
[INFO] [stderr]    Compiling wasm-bindgen-shared v0.2.89
[INFO] [stderr]    Compiling log v0.4.20
[INFO] [stderr]    Compiling wasm-bindgen v0.2.89
[INFO] [stderr]    Compiling futures-core v0.3.29
[INFO] [stderr]     Checking pin-project-lite v0.2.13
[INFO] [stderr]    Compiling serde v1.0.193
[INFO] [stderr]    Compiling libc v0.2.151
[INFO] [stderr]    Compiling futures-channel v0.3.29
[INFO] [stderr]    Compiling slab v0.4.9
[INFO] [stderr]     Checking futures-io v0.3.29
[INFO] [stderr]     Checking futures-sink v0.3.29
[INFO] [stderr]    Compiling futures-task v0.3.29
[INFO] [stderr]    Compiling futures-util v0.3.29
[INFO] [stderr]    Compiling ahash v0.7.7
[INFO] [stderr]     Checking memchr v2.6.4
[INFO] [stderr]     Checking itoa v1.0.10
[INFO] [stderr]     Checking ryu v1.0.16
[INFO] [stderr]    Compiling serde_json v1.0.108
[INFO] [stderr]    Compiling syn v1.0.109
[INFO] [stderr]    Compiling thiserror v1.0.51
[INFO] [stderr]    Compiling ident_case v1.0.1
[INFO] [stderr]    Compiling fnv v1.0.7
[INFO] [stderr]    Compiling crossbeam-utils v0.8.17
[INFO] [stderr]     Checking tracing-core v0.1.32
[INFO] [stderr]    Compiling slotmap v1.0.7
[INFO] [stderr]     Checking tokio v1.35.0
[INFO] [stderr]    Compiling num-traits v0.2.17
[INFO] [stderr]    Compiling async-trait v0.1.74
[INFO] [stderr]     Checking rustc-hash v1.1.0
[INFO] [stderr]     Checking smallvec v1.11.2
[INFO] [stderr]    Compiling semver v1.0.20
[INFO] [stderr]     Checking parking v2.2.0
[INFO] [stderr]     Checking longest-increasing-subsequence v0.1.0
[INFO] [stderr]     Checking smallbox v0.8.2
[INFO] [stderr]    Compiling lock_api v0.4.11
[INFO] [stderr]    Compiling quote v1.0.33
[INFO] [stderr]    Compiling paste v1.0.14
[INFO] [stderr]    Compiling strsim v0.10.0
[INFO] [stderr]     Checking utf8-width v0.1.7
[INFO] [stderr]     Checking html-escape v0.2.13
[INFO] [stderr]    Compiling syn v2.0.41
[INFO] [stderr]    Compiling rustc_version v0.4.0
[INFO] [stderr]     Checking concurrent-queue v2.4.0
[INFO] [stderr]    Compiling proc-macro-error-attr v1.0.4
[INFO] [stderr]     Checking unicode-segmentation v1.10.1
[INFO] [stderr]    Compiling minimal-lexical v0.2.1
[INFO] [stderr]     Checking event-listener v4.0.0
[INFO] [stderr]    Compiling pin-utils v0.1.0
[INFO] [stderr]     Checking atomic-waker v1.1.2
[INFO] [stderr]     Checking fastrand v2.0.1
[INFO] [stderr]     Checking percent-encoding v2.3.1
[INFO] [stderr]     Checking event-listener v2.5.3
[INFO] [stderr]    Compiling rustversion v1.0.14
[INFO] [stderr]     Checking event-listener-strategy v0.4.0
[INFO] [stderr]     Checking scopeguard v1.2.0
[INFO] [stderr]     Checking piper v0.2.1
[INFO] [stderr]     Checking async-channel v1.9.0
[INFO] [stderr]     Checking form_urlencoded v1.2.1
[INFO] [stderr]     Checking async-channel v2.1.1
[INFO] [stderr]     Checking async-lock v3.2.0
[INFO] [stderr]    Compiling interprocess-docfix v1.2.2
[INFO] [stderr]     Checking futures-lite v2.1.0
[INFO] [stderr]    Compiling proc-macro-error v1.0.4
[INFO] [stderr]     Checking getrandom v0.2.11
[INFO] [stderr]    Compiling prettyplease v0.2.15
[INFO] [stderr]    Compiling prettyplease v0.1.25
[INFO] [stderr]     Checking async-task v4.5.0
[INFO] [stderr]    Compiling nom v7.1.3
[INFO] [stderr]     Checking bytes v1.5.0
[INFO] [stderr]    Compiling unicode-xid v0.2.4
[INFO] [stderr]     Checking spinning v0.1.0
[INFO] [stderr]     Checking to_method v1.1.0
[INFO] [stderr]     Checking intmap v0.7.1
[INFO] [stderr]     Checking anymap2 v0.13.0
[INFO] [stderr]     Checking tokio-stream v0.1.14
[INFO] [stderr]     Checking hashbrown v0.12.3
[INFO] [stderr]     Checking num_cpus v1.16.0
[INFO] [stderr]     Checking dioxus-debug-cell v0.1.1
[INFO] [stderr]     Checking fmterr v0.1.1
[INFO] [stderr]     Checking ordered-float v2.10.1
[INFO] [stderr]    Compiling boolinator v2.4.0
[INFO] [stderr]    Compiling constcat v0.3.1
[INFO] [stderr]     Checking http v0.2.11
[INFO] [stderr]     Checking indexmap v1.9.3
[INFO] [stderr]     Checking lru v0.8.1
[INFO] [stderr]     Checking sledgehammer_utils v0.2.0
[INFO] [stderr]     Checking sycamore-reactive v0.8.1
[INFO] [stderr]     Checking implicit-clone v0.3.9
[INFO] [stderr]     Checking sycamore-core v0.8.2
[INFO] [stderr]    Compiling darling_core v0.14.4
[INFO] [stderr]    Compiling wasm-bindgen-backend v0.2.89
[INFO] [stderr]    Compiling darling_core v0.20.3
[INFO] [stderr]    Compiling sycamore-macro v0.8.2
[INFO] [stderr]    Compiling sycamore-router-macro v0.8.0
[INFO] [stderr]    Compiling yew-macro v0.20.0
[INFO] [stderr]    Compiling serde_derive v1.0.193
[INFO] [stderr]    Compiling futures-macro v0.3.29
[INFO] [stderr]    Compiling tracing-attributes v0.1.27
[INFO] [stderr]    Compiling thiserror-impl v1.0.51
[INFO] [stderr]    Compiling pin-project-internal v1.1.3
[INFO] [stderr]    Compiling serde_repr v0.1.17
[INFO] [stderr]    Compiling sledgehammer_bindgen v0.2.4
[INFO] [stderr]    Compiling wasm-bindgen-macro-support v0.2.89
[INFO] [stderr]    Compiling wasm-bindgen-macro v0.2.89
[INFO] [stderr]    Compiling darling_macro v0.14.4
[INFO] [stderr]    Compiling darling_macro v0.20.3
[INFO] [stderr]     Checking pin-project v1.1.3
[INFO] [stderr]     Checking tracing v0.1.40
[INFO] [stderr]    Compiling darling v0.20.3
[INFO] [stderr]    Compiling dioxus-core v0.4.3
[INFO] [stderr]     Checking blocking v1.5.1
[INFO] [stderr]    Compiling enumset_derive v0.8.1
[INFO] [stderr]    Compiling darling v0.14.4
[INFO] [stderr]    Compiling perseus-macro v0.4.2
[INFO] [stderr]     Checking js-sys v0.3.66
[INFO] [stderr]     Checking console_error_panic_hook v0.1.7
[INFO] [stderr]    Compiling dioxus-rsx v0.4.3
[INFO] [stderr]     Checking enumset v1.1.3
[INFO] [stderr]    Compiling dioxus-core-macro v0.4.3
[INFO] [stderr]     Checking futures-executor v0.3.29
[INFO] [stderr]     Checking futures v0.3.29
[INFO] [stderr]     Checking sycamore-futures v0.8.0
[INFO] [stderr]     Checking pinned v0.1.0
[INFO] [stderr]     Checking prokio v0.1.0
[INFO] [stderr]     Checking bitflags v2.4.1
[INFO] [stderr]     Checking euclid v0.22.9
[INFO] [stderr]     Checking serde-value v0.7.0
[INFO] [stderr]     Checking bincode v1.3.3
[INFO] [stderr]     Checking serde_urlencoded v0.7.1
[INFO] [stderr]     Checking keyboard-types v0.7.0
[INFO] [stderr]     Checking web-sys v0.3.66
[INFO] [stderr]     Checking wasm-bindgen-futures v0.4.39
[INFO] [stderr]     Checking serde-wasm-bindgen v0.5.0
[INFO] [stderr]     Checking gloo-timers v0.2.6
[INFO] [stderr]     Checking dioxus-hooks v0.4.3
[INFO] [stderr]     Checking gloo-utils v0.1.7
[INFO] [stderr]     Checking sycamore-web v0.8.2
[INFO] [stderr]     Checking gloo-events v0.1.2
[INFO] [stderr]     Checking dioxus-html v0.4.3
[INFO] [stderr]     Checking gloo-render v0.1.1
[INFO] [stderr]     Checking gloo-dialogs v0.1.1
[INFO] [stderr]     Checking dioxus-interpreter-js v0.4.3
[INFO] [stderr]     Checking gloo-file v0.2.3
[INFO] [stderr]     Checking gloo-console v0.2.3
[INFO] [stderr]     Checking gloo-storage v0.2.2
[INFO] [stderr]     Checking gloo-history v0.1.5
[INFO] [stderr]     Checking gloo-net v0.3.1
[INFO] [stderr]     Checking gloo-worker v0.2.1
[INFO] [stderr]     Checking sycamore v0.8.2
[INFO] [stderr]     Checking gloo v0.8.1
[INFO] [stderr]     Checking yew v0.20.0
[INFO] [stderr]     Checking sycamore-router v0.8.0
[INFO] [stderr]     Checking perseus v0.4.2
[INFO] [stderr]     Checking dioxus-hot-reload v0.4.3
[INFO] [stderr]     Checking dioxus-web v0.4.3
[INFO] [stdout] error[E0432]: unresolved import `crate::web_log`
[INFO] [stdout]    --> /opt/rustwide/cargo-home/registry/src/index.crates.io-6f17d22bba15001f/perseus-0.4.2/src/lib.rs:152:13
[INFO] [stdout]     |
[INFO] [stdout] 152 |     pub use crate::web_log;
[INFO] [stdout]     |             ^^^^^^^^^^^^^^ no `web_log` in the root
[INFO] [stdout] 
[INFO] [stdout] 
[INFO] [stdout] error[E0432]: unresolved imports `crate::PerseusNodeType`, `crate::Request`
[INFO] [stdout]    --> /opt/rustwide/cargo-home/registry/src/index.crates.io-6f17d22bba15001f/perseus-0.4.2/src/lib.rs:155:21
[INFO] [stdout]     |
[INFO] [stdout] 155 |     pub use crate::{PerseusNodeType, Request};
[INFO] [stdout]     |                     ^^^^^^^^^^^^^^^  ^^^^^^^ no `Request` in the root
[INFO] [stdout]     |                     |
[INFO] [stdout]     |                     no `PerseusNodeType` in the root
[INFO] [stdout]     |
[INFO] [stdout] note: found an item that was configured out
[INFO] [stdout]    --> /opt/rustwide/cargo-home/registry/src/index.crates.io-6f17d22bba15001f/perseus-0.4.2/src/lib.rs:115:10
[INFO] [stdout]     |
[INFO] [stdout] 115 | pub type PerseusNodeType = sycamore::web::SsrNode;
[INFO] [stdout]     |          ^^^^^^^^^^^^^^^
[INFO] [stdout] note: found an item that was configured out
[INFO] [stdout]    --> /opt/rustwide/cargo-home/registry/src/index.crates.io-6f17d22bba15001f/perseus-0.4.2/src/lib.rs:124:10
[INFO] [stdout]     |
[INFO] [stdout] 124 | pub type PerseusNodeType = sycamore::web::DomNode;
[INFO] [stdout]     |          ^^^^^^^^^^^^^^^
[INFO] [stdout] note: found an item that was configured out
[INFO] [stdout]    --> /opt/rustwide/cargo-home/registry/src/index.crates.io-6f17d22bba15001f/perseus-0.4.2/src/lib.rs:133:10
[INFO] [stdout]     |
[INFO] [stdout] 133 | pub type PerseusNodeType = sycamore::web::HydrateNode;
[INFO] [stdout]     |          ^^^^^^^^^^^^^^^
[INFO] [stdout]     = help: consider importing one of these items instead:
[INFO] [stdout]             std::error::Request
[INFO] [stdout]             core::error::Request
[INFO] [stdout] note: found an item that was configured out
[INFO] [stdout]    --> /opt/rustwide/cargo-home/registry/src/index.crates.io-6f17d22bba15001f/perseus-0.4.2/src/lib.rs:82:10
[INFO] [stdout]     |
[INFO] [stdout] 82  | pub type Request = HttpRequest<()>;
[INFO] [stdout]     |          ^^^^^^^
[INFO] [stdout] note: found an item that was configured out
[INFO] [stdout]    --> /opt/rustwide/cargo-home/registry/src/index.crates.io-6f17d22bba15001f/perseus-0.4.2/src/lib.rs:88:10
[INFO] [stdout]     |
[INFO] [stdout] 88  | pub type Request = ();
[INFO] [stdout]     |          ^^^^^^^
[INFO] [stdout] 
[INFO] [stdout] 
[INFO] [stdout] error[E0432]: unresolved import `crate::utils::PerseusDuration`
[INFO] [stdout]  --> /opt/rustwide/cargo-home/registry/src/index.crates.io-6f17d22bba15001f/perseus-0.4.2/src/template/core/setters.rs:2:5
[INFO] [stdout]   |
[INFO] [stdout] 2 | use crate::utils::PerseusDuration;
[INFO] [stdout]   |     ^^^^^^^^^^^^^^^^^^^^^^^^^^^^^ no `PerseusDuration` in `utils`
[INFO] [stdout] 
[INFO] [stdout] 
[INFO] [stdout] error[E0432]: unresolved imports `decode_time_str::ComputedDuration`, `decode_time_str::PerseusDuration`
[INFO] [stdout]    --> /opt/rustwide/cargo-home/registry/src/index.crates.io-6f17d22bba15001f/perseus-0.4.2/src/utils/mod.rs:25:27
[INFO] [stdout]     |
[INFO] [stdout] 25  | pub use decode_time_str::{ComputedDuration, InvalidDuration, PerseusDuration}; /* These have dummy equivalents for the browser */
[INFO] [stdout]     |                           ^^^^^^^^^^^^^^^^                   ^^^^^^^^^^^^^^^ no `PerseusDuration` in `utils::decode_time_str`
[INFO] [stdout]     |                           |
[INFO] [stdout]     |                           no `ComputedDuration` in `utils::decode_time_str`
[INFO] [stdout]     |
[INFO] [stdout] note: found an item that was configured out
[INFO] [stdout]    --> /opt/rustwide/cargo-home/registry/src/index.crates.io-6f17d22bba15001f/perseus-0.4.2/src/utils/decode_time_str.rs:120:19
[INFO] [stdout]     |
[INFO] [stdout] 120 | pub use browser::{ComputedDuration, PerseusDuration};
[INFO] [stdout]     |                   ^^^^^^^^^^^^^^^^
[INFO] [stdout] note: found an item that was configured out
[INFO] [stdout]    --> /opt/rustwide/cargo-home/registry/src/index.crates.io-6f17d22bba15001f/perseus-0.4.2/src/utils/decode_time_str.rs:122:18
[INFO] [stdout]     |
[INFO] [stdout] 122 | pub use engine::{ComputedDuration, PerseusDuration};
[INFO] [stdout]     |                  ^^^^^^^^^^^^^^^^
[INFO] [stdout] note: found an item that was configured out
[INFO] [stdout]    --> /opt/rustwide/cargo-home/registry/src/index.crates.io-6f17d22bba15001f/perseus-0.4.2/src/utils/decode_time_str.rs:120:37
[INFO] [stdout]     |
[INFO] [stdout] 120 | pub use browser::{ComputedDuration, PerseusDuration};
[INFO] [stdout]     |                                     ^^^^^^^^^^^^^^^
[INFO] [stdout] note: found an item that was configured out
[INFO] [stdout]    --> /opt/rustwide/cargo-home/registry/src/index.crates.io-6f17d22bba15001f/perseus-0.4.2/src/utils/decode_time_str.rs:122:36
[INFO] [stdout]     |
[INFO] [stdout] 122 | pub use engine::{ComputedDuration, PerseusDuration};
[INFO] [stdout]     |                                    ^^^^^^^^^^^^^^^
[INFO] [stdout] 
[INFO] [stdout] 
[INFO] [stderr]     Checking dioxus v0.4.3
[INFO] [stdout] error[E0392]: parameter `M` is never used
[INFO] [stdout]    --> /opt/rustwide/cargo-home/registry/src/index.crates.io-6f17d22bba15001f/perseus-0.4.2/src/init.rs:111:36
[INFO] [stdout]     |
[INFO] [stdout] 111 | pub struct PerseusAppBase<G: Html, M: MutableStore, T: TranslationsManager> {
[INFO] [stdout]     |                                    ^ unused parameter
[INFO] [stdout]     |
[INFO] [stdout]     = help: consider removing `M`, referring to it in a field, or using a marker such as `PhantomData`
[INFO] [stdout] 
[INFO] [stdout] 
[INFO] [stdout] error[E0392]: parameter `T` is never used
[INFO] [stdout]    --> /opt/rustwide/cargo-home/registry/src/index.crates.io-6f17d22bba15001f/perseus-0.4.2/src/init.rs:111:53
[INFO] [stdout]     |
[INFO] [stdout] 111 | pub struct PerseusAppBase<G: Html, M: MutableStore, T: TranslationsManager> {
[INFO] [stdout]     |                                                     ^ unused parameter
[INFO] [stdout]     |
[INFO] [stdout]     = help: consider removing `T`, referring to it in a field, or using a marker such as `PhantomData`
[INFO] [stdout] 
[INFO] [stdout] 
[INFO] [stdout] error[E0392]: parameter `G` is never used
[INFO] [stdout]   --> /opt/rustwide/cargo-home/registry/src/index.crates.io-6f17d22bba15001f/perseus-0.4.2/src/reactor/mod.rs:71:20
[INFO] [stdout]    |
[INFO] [stdout] 71 | pub struct Reactor<G: Html> {
[INFO] [stdout]    |                    ^ unused parameter
[INFO] [stdout]    |
[INFO] [stdout]    = help: consider removing `G`, referring to it in a field, or using a marker such as `PhantomData`
[INFO] [stdout] 
[INFO] [stdout] 
[INFO] [stdout] error[E0046]: not all trait items implemented, missing: `get_translator_for_locale`, `get_translations_str_for_locale`, `get_translator_for_translations_str`, `new_dummy`
[INFO] [stdout]    --> /opt/rustwide/cargo-home/registry/src/index.crates.io-6f17d22bba15001f/perseus-0.4.2/src/i18n/translations_manager.rs:170:1
[INFO] [stdout]     |
[INFO] [stdout] 46  | /     async fn get_translator_for_locale(
[INFO] [stdout] 47  | |         &self,
[INFO] [stdout] 48  | |         locale: String,
[INFO] [stdout] 49  | |     ) -> Result<Translator, TranslationsManagerError>;
[INFO] [stdout]     | |______________________________________________________- `get_translator_for_locale` from trait
[INFO] [stdout] ...
[INFO] [stdout] 53  | /     async fn get_translations_str_for_locale(
[INFO] [stdout] 54  | |         &self,
[INFO] [stdout] 55  | |         locale: String,
[INFO] [stdout] 56  | |     ) -> Result<String, TranslationsManagerError>;
[INFO] [stdout]     | |__________________________________________________- `get_translations_str_for_locale` from trait
[INFO] [stdout] ...
[INFO] [stdout] 64  | /     async fn get_translator_for_translations_str(
[INFO] [stdout] 65  | |         &self,
[INFO] [stdout] 66  | |         locale: String,
[INFO] [stdout] 67  | |         translations_str: String,
[INFO] [stdout] 68  | |     ) -> Result<Translator, TranslationsManagerError>;
[INFO] [stdout]     | |______________________________________________________- `get_translator_for_translations_str` from trait
[INFO] [stdout] ...
[INFO] [stdout] 76  |       fn new_dummy() -> Self;
[INFO] [stdout]     |       ----------------------- `new_dummy` from trait
[INFO] [stdout] ...
[INFO] [stdout] 170 |   impl TranslationsManager for FsTranslationsManager {
[INFO] [stdout]     |   ^^^^^^^^^^^^^^^^^^^^^^^^^^^^^^^^^^^^^^^^^^^^^^^^^^ missing `get_translator_for_locale`, `get_translations_str_for_locale`, `get_translator_for_translations_str`, `new_dummy` in implementation
[INFO] [stdout] 
[INFO] [stdout] 
[INFO] [stdout] error[E0046]: not all trait items implemented, missing: `read`, `write`
[INFO] [stdout]   --> /opt/rustwide/cargo-home/registry/src/index.crates.io-6f17d22bba15001f/perseus-0.4.2/src/stores/mutable.rs:62:1
[INFO] [stdout]    |
[INFO] [stdout] 31 |     async fn read(&self, name: &str) -> Result<String, StoreError>;
[INFO] [stdout]    |     --------------------------------------------------------------- `read` from trait
[INFO] [stdout] ...
[INFO] [stdout] 34 |     async fn write(&self, name: &str, content: &str) -> Result<(), StoreError>;
[INFO] [stdout]    |     --------------------------------------------------------------------------- `write` from trait
[INFO] [stdout] ...
[INFO] [stdout] 62 | impl MutableStore for FsMutableStore {
[INFO] [stdout]    | ^^^^^^^^^^^^^^^^^^^^^^^^^^^^^^^^^^^^ missing `read`, `write` in implementation
[INFO] [stdout] 
[INFO] [stdout] 
[INFO] [stderr]  Documenting demo-dioxus v0.1.0 (/opt/rustwide/workdir/demo-dioxus)
[INFO] [stdout] error[E0283]: type annotations needed
[INFO] [stdout]    --> /opt/rustwide/cargo-home/registry/src/index.crates.io-6f17d22bba15001f/perseus-0.4.2/src/template/core/state_setters.rs:46:29
[INFO] [stdout]     |
[INFO] [stdout] 46  |                     reactor.get_page_state::<I::Unrx>(&path, template_state)?;
[INFO] [stdout]     |                             ^^^^^^^^^^^^^^ cannot infer type for type parameter `G`
[INFO] [stdout]     |
[INFO] [stdout]     = note: cannot satisfy `_: Html`
[INFO] [stdout]     = help: the following types implement trait `Html`:
[INFO] [stdout]               DomNode
[INFO] [stdout]               HydrateNode
[INFO] [stdout]               SsrNode
[INFO] [stdout] note: required by a bound in `reactor::state::<impl Reactor<G>>::get_page_state`
[INFO] [stdout]    --> /opt/rustwide/cargo-home/registry/src/index.crates.io-6f17d22bba15001f/perseus-0.4.2/src/reactor/state.rs:250:9
[INFO] [stdout]     |
[INFO] [stdout] 250 | impl<G: Html> Reactor<G> {
[INFO] [stdout]     |         ^^^^ required by this bound in `reactor::state::<impl Reactor<G>>::get_page_state`
[INFO] [stdout] ...
[INFO] [stdout] 260 |     pub(crate) fn get_page_state<S>(
[INFO] [stdout]     |                   -------------- required by a bound in this associated function
[INFO] [stdout] 
[INFO] [stdout] 
[INFO] [stdout] error[E0283]: type annotations needed
[INFO] [stdout]    --> /opt/rustwide/cargo-home/registry/src/index.crates.io-6f17d22bba15001f/perseus-0.4.2/src/template/core/state_setters.rs:77:50
[INFO] [stdout]     |
[INFO] [stdout] 77  |                 let intermediate_state = reactor.get_page_state::<S>(&path, template_state)?;
[INFO] [stdout]     |                                                  ^^^^^^^^^^^^^^ cannot infer type for type parameter `G`
[INFO] [stdout]     |
[INFO] [stdout]     = note: cannot satisfy `_: Html`
[INFO] [stdout]     = help: the following types implement trait `Html`:
[INFO] [stdout]               DomNode
[INFO] [stdout]               HydrateNode
[INFO] [stdout]               SsrNode
[INFO] [stdout] note: required by a bound in `reactor::state::<impl Reactor<G>>::get_page_state`
[INFO] [stdout]    --> /opt/rustwide/cargo-home/registry/src/index.crates.io-6f17d22bba15001f/perseus-0.4.2/src/reactor/state.rs:250:9
[INFO] [stdout]     |
[INFO] [stdout] 250 | impl<G: Html> Reactor<G> {
[INFO] [stdout]     |         ^^^^ required by this bound in `reactor::state::<impl Reactor<G>>::get_page_state`
[INFO] [stdout] ...
[INFO] [stdout] 260 |     pub(crate) fn get_page_state<S>(
[INFO] [stdout]     |                   -------------- required by a bound in this associated function
[INFO] [stdout] 
[INFO] [stdout] 
[INFO] [stdout] error[E0283]: type annotations needed
[INFO] [stdout]    --> /opt/rustwide/cargo-home/registry/src/index.crates.io-6f17d22bba15001f/perseus-0.4.2/src/template/core/state_setters.rs:101:21
[INFO] [stdout]     |
[INFO] [stdout] 101 |             reactor.register_no_state(&path, false);
[INFO] [stdout]     |                     ^^^^^^^^^^^^^^^^^ cannot infer type for type parameter `G`
[INFO] [stdout]     |
[INFO] [stdout]     = note: cannot satisfy `_: Html`
[INFO] [stdout]     = help: the following types implement trait `Html`:
[INFO] [stdout]               DomNode
[INFO] [stdout]               HydrateNode
[INFO] [stdout]               SsrNode
[INFO] [stdout] note: required by a bound in `reactor::state::<impl Reactor<G>>::register_no_state`
[INFO] [stdout]    --> /opt/rustwide/cargo-home/registry/src/index.crates.io-6f17d22bba15001f/perseus-0.4.2/src/reactor/state.rs:250:9
[INFO] [stdout]     |
[INFO] [stdout] 250 | impl<G: Html> Reactor<G> {
[INFO] [stdout]     |         ^^^^ required by this bound in `reactor::state::<impl Reactor<G>>::register_no_state`
[INFO] [stdout] ...
[INFO] [stdout] 292 |     pub fn register_no_state(&self, url: &PathMaybeWithLocale, is_widget: bool) {
[INFO] [stdout]     |            ----------------- required by a bound in this associated function
[INFO] [stdout] 
[INFO] [stdout] 
[INFO] [stdout] error[E0283]: type annotations needed
[INFO] [stdout]    --> /opt/rustwide/cargo-home/registry/src/index.crates.io-6f17d22bba15001f/perseus-0.4.2/src/template/capsule.rs:345:25
[INFO] [stdout]     |
[INFO] [stdout] 345 |                 reactor.register_no_state(&path, true);
[INFO] [stdout]     |                         ^^^^^^^^^^^^^^^^^ cannot infer type for type parameter `G`
[INFO] [stdout]     |
[INFO] [stdout]     = note: cannot satisfy `_: Html`
[INFO] [stdout]     = help: the following types implement trait `Html`:
[INFO] [stdout]               DomNode
[INFO] [stdout]               HydrateNode
[INFO] [stdout]               SsrNode
[INFO] [stdout] note: required by a bound in `reactor::state::<impl Reactor<G>>::register_no_state`
[INFO] [stdout]    --> /opt/rustwide/cargo-home/registry/src/index.crates.io-6f17d22bba15001f/perseus-0.4.2/src/reactor/state.rs:250:9
[INFO] [stdout]     |
[INFO] [stdout] 250 | impl<G: Html> Reactor<G> {
[INFO] [stdout]     |         ^^^^ required by this bound in `reactor::state::<impl Reactor<G>>::register_no_state`
[INFO] [stdout] ...
[INFO] [stdout] 292 |     pub fn register_no_state(&self, url: &PathMaybeWithLocale, is_widget: bool) {
[INFO] [stdout]     |            ----------------- required by a bound in this associated function
[INFO] [stdout] 
[INFO] [stdout] 
[INFO] [stdout] error[E0308]: mismatched types
[INFO] [stdout]   --> /opt/rustwide/cargo-home/registry/src/index.crates.io-6f17d22bba15001f/perseus-0.4.2/src/template/widget_component.rs:93:84
[INFO] [stdout]    |
[INFO] [stdout] 93 |     fn __widget<H: Html>(&self, cx: Scope, path: &str, props: P, delayed: bool) -> View<H> {
[INFO] [stdout]    |        --------                                                                    ^^^^^^^ expected `View<H>`, found `()`
[INFO] [stdout]    |        |
[INFO] [stdout]    |        implicitly returns `()` as its body has no tail or `return` expression
[INFO] [stdout]    |
[INFO] [stdout]    = note: expected struct `View<H>`
[INFO] [stdout]            found unit type `()`
[INFO] [stdout] 
[INFO] [stdout] 
[INFO] [stdout] error[E0609]: no field `error_views` on type `&PerseusAppBase<G, M, T>`
[INFO] [stdout]    --> /opt/rustwide/cargo-home/registry/src/index.crates.io-6f17d22bba15001f/perseus-0.4.2/src/init.rs:190:41
[INFO] [stdout]     |
[INFO] [stdout] 190 |             .field("error_views", &self.error_views)
[INFO] [stdout]     |                                         ^^^^^^^^^^^ unknown field
[INFO] [stdout]     |
[INFO] [stdout]     = note: available fields are: `root`, `entities`, `pss_max_size`, `locales`, `index_view`
[INFO] [stdout] 
[INFO] [stdout] 
[INFO] [stdout] error[E0609]: no field `plugins` on type `&PerseusAppBase<G, M, T>`
[INFO] [stdout]    --> /opt/rustwide/cargo-home/registry/src/index.crates.io-6f17d22bba15001f/perseus-0.4.2/src/init.rs:193:37
[INFO] [stdout]     |
[INFO] [stdout] 193 |             .field("plugins", &self.plugins)
[INFO] [stdout]     |                                     ^^^^^^^ unknown field
[INFO] [stdout]     |
[INFO] [stdout]     = note: available fields are: `root`, `entities`, `pss_max_size`, `locales`, `index_view`
[INFO] [stdout] 
[INFO] [stdout] 
[INFO] [stdout] error[E0308]: mismatched types
[INFO] [stdout]    --> /opt/rustwide/cargo-home/registry/src/index.crates.io-6f17d22bba15001f/perseus-0.4.2/src/init.rs:183:55
[INFO] [stdout]     |
[INFO] [stdout] 183 |     fn fmt(&self, f: &mut std::fmt::Formatter<'_>) -> std::fmt::Result {
[INFO] [stdout]     |        ---                                            ^^^^^^^^^^^^^^^^ expected `Result<(), Error>`, found `()`
[INFO] [stdout]     |        |
[INFO] [stdout]     |        implicitly returns `()` as its body has no tail or `return` expression
[INFO] [stdout]     |
[INFO] [stdout]     = note:   expected enum `Result<(), std::fmt::Error>`
[INFO] [stdout]             found unit type `()`
[INFO] [stdout] 
[INFO] [stdout] 
[INFO] [stdout] error[E0283]: type annotations needed
[INFO] [stdout]    --> /opt/rustwide/cargo-home/registry/src/index.crates.io-6f17d22bba15001f/perseus-0.4.2/src/init.rs:324:14
[INFO] [stdout]     |
[INFO] [stdout] 324 |         self.locales_lit_and_translations_manager(locales)
[INFO] [stdout]     |              ^^^^^^^^^^^^^^^^^^^^^^^^^^^^^^^^^^^^ cannot infer type for type parameter `M`
[INFO] [stdout]     |
[INFO] [stdout]     = note: cannot satisfy `_: MutableStore`
[INFO] [stdout]     = help: the trait `MutableStore` is implemented for `FsMutableStore`
[INFO] [stdout] note: required by a bound in `PerseusAppBase::<G, M, FsTranslationsManager>::locales_lit_and_translations_manager`
[INFO] [stdout]    --> /opt/rustwide/cargo-home/registry/src/index.crates.io-6f17d22bba15001f/perseus-0.4.2/src/init.rs:264:18
[INFO] [stdout]     |
[INFO] [stdout] 264 | impl<G: Html, M: MutableStore> PerseusAppBase<G, M, FsTranslationsManager> {
[INFO] [stdout]     |                  ^^^^^^^^^^^^ required by this bound in `PerseusAppBase::<G, M, FsTranslationsManager>::locales_lit_and_translations_manager`
[INFO] [stdout] ...
[INFO] [stdout] 269 |     pub fn locales_lit_and_translations_manager(mut self, locales: Locales) -> Self {
[INFO] [stdout]     |            ------------------------------------ required by a bound in this associated function
[INFO] [stdout] 
[INFO] [stdout] 
[INFO] [stdout] error[E0560]: struct `PerseusAppBase<G, M, T>` has no field named `error_views`
[INFO] [stdout]    --> /opt/rustwide/cargo-home/registry/src/index.crates.io-6f17d22bba15001f/perseus-0.4.2/src/init.rs:342:13
[INFO] [stdout]     |
[INFO] [stdout] 342 |             error_views: None,
[INFO] [stdout]     |             ^^^^^^^^^^^ `PerseusAppBase<G, M, T>` does not have this field
[INFO] [stdout]     |
[INFO] [stdout]     = note: all struct fields are already assigned
[INFO] [stdout] 
[INFO] [stdout] 
[INFO] [stdout] error[E0283]: type annotations needed
[INFO] [stdout]    --> /opt/rustwide/cargo-home/registry/src/index.crates.io-6f17d22bba15001f/perseus-0.4.2/src/init.rs:439:25
[INFO] [stdout]     |
[INFO] [stdout] 439 |             self = self.template(template);
[INFO] [stdout]     |                         ^^^^^^^^ cannot infer type for type parameter `M`
[INFO] [stdout]     |
[INFO] [stdout]     = note: cannot satisfy `_: MutableStore`
[INFO] [stdout]     = help: the trait `MutableStore` is implemented for `FsMutableStore`
[INFO] [stdout] note: required by a bound in `PerseusAppBase::<G, M, T>::template`
[INFO] [stdout]    --> /opt/rustwide/cargo-home/registry/src/index.crates.io-6f17d22bba15001f/perseus-0.4.2/src/init.rs:329:18
[INFO] [stdout]     |
[INFO] [stdout] 329 | impl<G: Html, M: MutableStore, T: TranslationsManager> PerseusAppBase<G, M, T> {
[INFO] [stdout]     |                  ^^^^^^^^^^^^ required by this bound in `PerseusAppBase::<G, M, T>::template`
[INFO] [stdout] ...
[INFO] [stdout] 451 |     pub fn template(self, val: impl Into<Forever<Template<G>>>) -> Self {
[INFO] [stdout]     |            -------- required by a bound in this associated function
[INFO] [stdout] 
[INFO] [stdout] 
[INFO] [stdout] error[E0283]: type annotations needed
[INFO] [stdout]    --> /opt/rustwide/cargo-home/registry/src/index.crates.io-6f17d22bba15001f/perseus-0.4.2/src/init.rs:452:14
[INFO] [stdout]     |
[INFO] [stdout] 452 |         self.template_ref(val)
[INFO] [stdout]     |              ^^^^^^^^^^^^ cannot infer type for type parameter `M`
[INFO] [stdout]     |
[INFO] [stdout]     = note: cannot satisfy `_: MutableStore`
[INFO] [stdout]     = help: the trait `MutableStore` is implemented for `FsMutableStore`
[INFO] [stdout] note: required by a bound in `PerseusAppBase::<G, M, T>::template_ref`
[INFO] [stdout]    --> /opt/rustwide/cargo-home/registry/src/index.crates.io-6f17d22bba15001f/perseus-0.4.2/src/init.rs:329:18
[INFO] [stdout]     |
[INFO] [stdout] 329 | impl<G: Html, M: MutableStore, T: TranslationsManager> PerseusAppBase<G, M, T> {
[INFO] [stdout]     |                  ^^^^^^^^^^^^ required by this bound in `PerseusAppBase::<G, M, T>::template_ref`
[INFO] [stdout] ...
[INFO] [stdout] 467 |     pub fn template_ref<H: Html>(mut self, val: impl Into<Forever<Template<H>>>) -> Self {
[INFO] [stdout]     |            ------------ required by a bound in this associated function
[INFO] [stdout] 
[INFO] [stdout] 
[INFO] [stdout] error[E0283]: type annotations needed
[INFO] [stdout]    --> /opt/rustwide/cargo-home/registry/src/index.crates.io-6f17d22bba15001f/perseus-0.4.2/src/init.rs:506:14
[INFO] [stdout]     |
[INFO] [stdout] 506 |         self.capsule_ref(val)
[INFO] [stdout]     |              ^^^^^^^^^^^ cannot infer type for type parameter `M`
[INFO] [stdout]     |
[INFO] [stdout]     = note: cannot satisfy `_: MutableStore`
[INFO] [stdout]     = help: the trait `MutableStore` is implemented for `FsMutableStore`
[INFO] [stdout] note: required by a bound in `PerseusAppBase::<G, M, T>::capsule_ref`
[INFO] [stdout]    --> /opt/rustwide/cargo-home/registry/src/index.crates.io-6f17d22bba15001f/perseus-0.4.2/src/init.rs:329:18
[INFO] [stdout]     |
[INFO] [stdout] 329 | impl<G: Html, M: MutableStore, T: TranslationsManager> PerseusAppBase<G, M, T> {
[INFO] [stdout]     |                  ^^^^^^^^^^^^ required by this bound in `PerseusAppBase::<G, M, T>::capsule_ref`
[INFO] [stdout] ...
[INFO] [stdout] 512 |     pub fn capsule_ref<H: Html, P: Clone + 'static>(
[INFO] [stdout]     |            ----------- required by a bound in this associated function
[INFO] [stdout] 
[INFO] [stdout] 
[INFO] [stdout] error[E0615]: attempted to take value of method `plugins` on type `&PerseusAppBase<G, M, T>`
[INFO] [stdout]    --> /opt/rustwide/cargo-home/registry/src/index.crates.io-6f17d22bba15001f/perseus-0.4.2/src/init.rs:787:14
[INFO] [stdout]     |
[INFO] [stdout] 787 |             .plugins
[INFO] [stdout]     |              ^^^^^^^ method, not a field
[INFO] [stdout]     |
[INFO] [stdout] help: use parentheses to call the method
[INFO] [stdout]     |
[INFO] [stdout] 787 |             .plugins(_)
[INFO] [stdout]     |                     +++
[INFO] [stdout] 
[INFO] [stdout] 
[INFO] [stdout] error[E0615]: attempted to take value of method `plugins` on type `&PerseusAppBase<G, M, T>`
[INFO] [stdout]    --> /opt/rustwide/cargo-home/registry/src/index.crates.io-6f17d22bba15001f/perseus-0.4.2/src/init.rs:791:27
[INFO] [stdout]     |
[INFO] [stdout] 791 |             .run((), self.plugins.get_plugin_data())?
[INFO] [stdout]     |                           ^^^^^^^ method, not a field
[INFO] [stdout]     |
[INFO] [stdout] help: use parentheses to call the method
[INFO] [stdout]     |
[INFO] [stdout] 791 |             .run((), self.plugins(_).get_plugin_data())?
[INFO] [stdout]     |                                  +++
[INFO] [stdout] 
[INFO] [stdout] 
[INFO] [stdout] error[E0615]: attempted to take value of method `plugins` on type `&PerseusAppBase<G, M, T>`
[INFO] [stdout]    --> /opt/rustwide/cargo-home/registry/src/index.crates.io-6f17d22bba15001f/perseus-0.4.2/src/init.rs:937:14
[INFO] [stdout]     |
[INFO] [stdout] 937 |             .plugins
[INFO] [stdout]     |              ^^^^^^^ method, not a field
[INFO] [stdout]     |
[INFO] [stdout] help: use parentheses to call the method
[INFO] [stdout]     |
[INFO] [stdout] 937 |             .plugins(_)
[INFO] [stdout]     |                     +++
[INFO] [stdout] 
[INFO] [stdout] 
[INFO] [stdout] error[E0615]: attempted to take value of method `plugins` on type `&PerseusAppBase<G, M, T>`
[INFO] [stdout]    --> /opt/rustwide/cargo-home/registry/src/index.crates.io-6f17d22bba15001f/perseus-0.4.2/src/init.rs:941:40
[INFO] [stdout]     |
[INFO] [stdout] 941 |             .run(locales.clone(), self.plugins.get_plugin_data())?
[INFO] [stdout]     |                                        ^^^^^^^ method, not a field
[INFO] [stdout]     |
[INFO] [stdout] help: use parentheses to call the method
[INFO] [stdout]     |
[INFO] [stdout] 941 |             .run(locales.clone(), self.plugins(_).get_plugin_data())?
[INFO] [stdout]     |                                               +++
[INFO] [stdout] 
[INFO] [stdout] 
[INFO] [stdout] error[E0283]: type annotations needed
[INFO] [stdout]   --> /opt/rustwide/cargo-home/registry/src/index.crates.io-6f17d22bba15001f/perseus-0.4.2/src/reactor/global_state.rs:33:14
[INFO] [stdout]    |
[INFO] [stdout] 33 | ...   self.try_get_global_state::<I>(cx).unwrap().expect("you requested global state, but none exists for this app (if you're generating ...
[INFO] [stdout]    |            ^^^^^^^^^^^^^^^^^^^^ cannot infer type for type parameter `G`
[INFO] [stdout]    |
[INFO] [stdout]    = note: cannot satisfy `_: Html`
[INFO] [stdout]    = help: the following types implement trait `Html`:
[INFO] [stdout]              DomNode
[INFO] [stdout]              HydrateNode
[INFO] [stdout]              SsrNode
[INFO] [stdout] note: required by a bound in `reactor::global_state::<impl Reactor<G>>::try_get_global_state`
[INFO] [stdout]   --> /opt/rustwide/cargo-home/registry/src/index.crates.io-6f17d22bba15001f/perseus-0.4.2/src/reactor/global_state.rs:16:9
[INFO] [stdout]    |
[INFO] [stdout] 16 | impl<G: Html> Reactor<G> {
[INFO] [stdout]    |         ^^^^ required by this bound in `reactor::global_state::<impl Reactor<G>>::try_get_global_state`
[INFO] [stdout] ...
[INFO] [stdout] 40 |     pub fn try_get_global_state<'a, I>(&self, cx: Scope<'a>) -> Result<Option<&'a I>, ClientError>
[INFO] [stdout]    |            -------------------- required by a bound in this associated function
[INFO] [stdout] 
[INFO] [stdout] 
[INFO] [stdout] error[E0599]: no method named `get_held_global_state` found for reference `&Reactor<G>` in the current scope
[INFO] [stdout]   --> /opt/rustwide/cargo-home/registry/src/index.crates.io-6f17d22bba15001f/perseus-0.4.2/src/reactor/global_state.rs:54:44
[INFO] [stdout]    |
[INFO] [stdout] 54 |             if let Some(held_state) = self.get_held_global_state::<I::Unrx>()? {
[INFO] [stdout]    |                                            ^^^^^^^^^^^^^^^^^^^^^ help: there is a method with a similar name: `get_global_state`
[INFO] [stdout] 
[INFO] [stdout] 
[INFO] [stdout] error[E0599]: no method named `get_held_state` found for reference `&Reactor<G>` in the current scope
[INFO] [stdout]    --> /opt/rustwide/cargo-home/registry/src/index.crates.io-6f17d22bba15001f/perseus-0.4.2/src/reactor/state.rs:269:40
[INFO] [stdout]     |
[INFO] [stdout] 269 |         if let Some(held_state) = self.get_held_state::<S>(url, false)? {
[INFO] [stdout]     |                                        ^^^^^^^^^^^^^^ help: there is a method with a similar name: `get_page_state`
[INFO] [stdout] 
[INFO] [stdout] 
[INFO] [stdout] error[E0283]: type annotations needed
[INFO] [stdout]    --> /opt/rustwide/cargo-home/registry/src/index.crates.io-6f17d22bba15001f/perseus-0.4.2/src/reactor/widget_state.rs:60:20
[INFO] [stdout]     |
[INFO] [stdout] 60  |         match self.get_widget_state_no_fetch::<S>(&path, template_state)? {
[INFO] [stdout]     |                    ^^^^^^^^^^^^^^^^^^^^^^^^^ cannot infer type for type parameter `G`
[INFO] [stdout]     |
[INFO] [stdout]     = note: cannot satisfy `_: Html`
[INFO] [stdout]     = help: the following types implement trait `Html`:
[INFO] [stdout]               DomNode
[INFO] [stdout]               HydrateNode
[INFO] [stdout]               SsrNode
[INFO] [stdout] note: required by a bound in `widget_state::<impl Reactor<G>>::get_widget_state_no_fetch`
[INFO] [stdout]    --> /opt/rustwide/cargo-home/registry/src/index.crates.io-6f17d22bba15001f/perseus-0.4.2/src/reactor/widget_state.rs:25:9
[INFO] [stdout]     |
[INFO] [stdout] 25  | impl<G: Html> Reactor<G> {
[INFO] [stdout]     |         ^^^^ required by this bound in `widget_state::<impl Reactor<G>>::get_widget_state_no_fetch`
[INFO] [stdout] ...
[INFO] [stdout] 283 |     pub(crate) fn get_widget_state_no_fetch<S>(
[INFO] [stdout]     |                   ------------------------- required by a bound in this associated function
[INFO] [stdout] 
[INFO] [stdout] 
[INFO] [stdout] error[E0283]: type annotations needed
[INFO] [stdout]    --> /opt/rustwide/cargo-home/registry/src/index.crates.io-6f17d22bba15001f/perseus-0.4.2/src/reactor/widget_state.rs:181:20
[INFO] [stdout]     |
[INFO] [stdout] 181 |         match self.get_widget_state_no_fetch::<S>(&path, template_state)? {
[INFO] [stdout]     |                    ^^^^^^^^^^^^^^^^^^^^^^^^^ cannot infer type for type parameter `G`
[INFO] [stdout]     |
[INFO] [stdout]     = note: cannot satisfy `_: Html`
[INFO] [stdout]     = help: the following types implement trait `Html`:
[INFO] [stdout]               DomNode
[INFO] [stdout]               HydrateNode
[INFO] [stdout]               SsrNode
[INFO] [stdout] note: required by a bound in `widget_state::<impl Reactor<G>>::get_widget_state_no_fetch`
[INFO] [stdout]    --> /opt/rustwide/cargo-home/registry/src/index.crates.io-6f17d22bba15001f/perseus-0.4.2/src/reactor/widget_state.rs:25:9
[INFO] [stdout]     |
[INFO] [stdout] 25  | impl<G: Html> Reactor<G> {
[INFO] [stdout]     |         ^^^^ required by this bound in `widget_state::<impl Reactor<G>>::get_widget_state_no_fetch`
[INFO] [stdout] ...
[INFO] [stdout] 283 |     pub(crate) fn get_widget_state_no_fetch<S>(
[INFO] [stdout]     |                   ------------------------- required by a bound in this associated function
[INFO] [stdout] 
[INFO] [stdout] 
[INFO] [stdout] error[E0599]: no method named `get_held_state` found for reference `&Reactor<G>` in the current scope
[INFO] [stdout]    --> /opt/rustwide/cargo-home/registry/src/index.crates.io-6f17d22bba15001f/perseus-0.4.2/src/reactor/widget_state.rs:292:40
[INFO] [stdout]     |
[INFO] [stdout] 292 |         if let Some(held_state) = self.get_held_state::<S>(url, true)? {
[INFO] [stdout]     |                                        ^^^^^^^^^^^^^^ help: there is a method with a similar name: `get_page_state`
[INFO] [stdout] 
[INFO] [stdout] 
[INFO] [stdout] error[E0599]: no method named `try_get_translator` found for reference `&Reactor<G>` in the current scope
[INFO] [stdout]    --> /opt/rustwide/cargo-home/registry/src/index.crates.io-6f17d22bba15001f/perseus-0.4.2/src/reactor/mod.rs:255:14
[INFO] [stdout]     |
[INFO] [stdout] 255 |         self.try_get_translator().expect("translator not available")
[INFO] [stdout]     |              ^^^^^^^^^^^^^^^^^^ help: there is a method with a similar name: `get_translator`
[INFO] [stdout] 
[INFO] [stdout] 
[INFO] [stdout] error: aborting due to 33 previous errors
[INFO] [stdout] 
[INFO] [stdout] 
[INFO] [stdout] Some errors have detailed explanations: E0046, E0283, E0308, E0392, E0432, E0560, E0599, E0609, E0615.
[INFO] [stdout] 
[INFO] [stdout] For more information about an error, try `rustc --explain E0046`.
[INFO] [stdout] 
[INFO] [stderr] error: could not compile `perseus` (lib) due to 34 previous errors
[INFO] [stderr] warning: build failed, waiting for other jobs to finish...
[INFO] running `Command { std: "docker" "inspect" "1872ae7607d20167a59543597d5deae38c0f6f918e10adb4fb9e55aaa5d332e7", kill_on_drop: false }`
[INFO] running `Command { std: "docker" "rm" "-f" "1872ae7607d20167a59543597d5deae38c0f6f918e10adb4fb9e55aaa5d332e7", kill_on_drop: false }`
[INFO] [stdout] 1872ae7607d20167a59543597d5deae38c0f6f918e10adb4fb9e55aaa5d332e7
