[INFO] cloning repository https://github.com/Ghostff/actix-web-mvc-boilerplate
[INFO] running `Command { std: "git" "-c" "credential.helper=" "-c" "credential.helper=/workspace/cargo-home/bin/git-credential-null" "clone" "--bare" "https://github.com/Ghostff/actix-web-mvc-boilerplate" "/workspace/cache/git-repos/https%3A%2F%2Fgithub.com%2FGhostff%2Factix-web-mvc-boilerplate", kill_on_drop: false }`
[INFO] [stderr] Cloning into bare repository '/workspace/cache/git-repos/https%3A%2F%2Fgithub.com%2FGhostff%2Factix-web-mvc-boilerplate'...
[INFO] running `Command { std: "git" "rev-parse" "HEAD", kill_on_drop: false }`
[INFO] [stdout] 47811ebc96645262cb2e562842e26318ec60fcfc
[INFO] documenting Ghostff/actix-web-mvc-boilerplate against 1.75.0 for beta-1.76-rustdoc-1
[INFO] running `Command { std: "git" "clone" "/workspace/cache/git-repos/https%3A%2F%2Fgithub.com%2FGhostff%2Factix-web-mvc-boilerplate" "/workspace/builds/worker-4-tc1/source", kill_on_drop: false }`
[INFO] [stderr] Cloning into '/workspace/builds/worker-4-tc1/source'...
[INFO] [stderr] done.
[INFO] validating manifest of git repo https://github.com/Ghostff/actix-web-mvc-boilerplate on toolchain 1.75.0
[INFO] running `Command { std: CARGO_HOME="/workspace/cargo-home" RUSTUP_HOME="/workspace/rustup-home" "/workspace/cargo-home/bin/cargo" "+1.75.0" "metadata" "--manifest-path" "Cargo.toml" "--no-deps", kill_on_drop: false }`
[INFO] started tweaking git repo https://github.com/Ghostff/actix-web-mvc-boilerplate
[INFO] finished tweaking git repo https://github.com/Ghostff/actix-web-mvc-boilerplate
[INFO] tweaked toml for git repo https://github.com/Ghostff/actix-web-mvc-boilerplate written to /workspace/builds/worker-4-tc1/source/Cargo.toml
[INFO] running `Command { std: CARGO_HOME="/workspace/cargo-home" RUSTUP_HOME="/workspace/rustup-home" "/workspace/cargo-home/bin/cargo" "+1.75.0" "generate-lockfile" "--manifest-path" "Cargo.toml", kill_on_drop: false }`
[INFO] [stderr]     Updating crates.io index
[INFO] running `Command { std: CARGO_HOME="/workspace/cargo-home" RUSTUP_HOME="/workspace/rustup-home" "/workspace/cargo-home/bin/cargo" "+1.75.0" "fetch" "--manifest-path" "Cargo.toml", kill_on_drop: false }`
[INFO] [stderr]  Downloading crates ...
[INFO] [stderr]   Downloaded actix-connect v1.0.2
[INFO] [stderr]   Downloaded listenfd v0.3.5
[INFO] [stderr]   Downloaded actix-utils v1.0.6
[INFO] [stderr]   Downloaded actix-codec v0.2.0
[INFO] [stderr]   Downloaded actix-tls v1.0.0
[INFO] [stderr]   Downloaded actix-web-codegen v0.2.2
[INFO] [stderr]   Downloaded awc v1.0.1
[INFO] [stderr]   Downloaded actix-web v2.0.0
[INFO] [stderr]   Downloaded actix-http v1.0.1
[INFO] running `Command { std: "docker" "create" "-v" "/var/lib/crater-agent-workspace/builds/worker-4-tc1/target:/opt/rustwide/target:rw,Z" "-v" "/var/lib/crater-agent-workspace/builds/worker-4-tc1/source:/opt/rustwide/workdir:ro,Z" "-v" "/var/lib/crater-agent-workspace/cargo-home:/opt/rustwide/cargo-home:ro,Z" "-v" "/var/lib/crater-agent-workspace/rustup-home:/opt/rustwide/rustup-home:ro,Z" "-e" "SOURCE_DIR=/opt/rustwide/workdir" "-e" "CARGO_TARGET_DIR=/opt/rustwide/target" "-e" "CARGO_HOME=/opt/rustwide/cargo-home" "-e" "RUSTUP_HOME=/opt/rustwide/rustup-home" "-w" "/opt/rustwide/workdir" "-m" "1610612736" "--user" "0:0" "--network" "none" "ghcr.io/rust-lang/crates-build-env/linux@sha256:2788e3201cd34a07e3172128adcd8b3090168a8e3bcc40d7c032b9dda1df7d1c" "/opt/rustwide/cargo-home/bin/cargo" "+1.75.0" "metadata" "--no-deps" "--format-version=1", kill_on_drop: false }`
[INFO] [stdout] 0ce85d78315871b8b78cbb2977ca492b72a191a73fa80020dd6b5f5e7497f07e
[INFO] running `Command { std: "docker" "start" "-a" "0ce85d78315871b8b78cbb2977ca492b72a191a73fa80020dd6b5f5e7497f07e", kill_on_drop: false }`
[INFO] running `Command { std: "docker" "inspect" "0ce85d78315871b8b78cbb2977ca492b72a191a73fa80020dd6b5f5e7497f07e", kill_on_drop: false }`
[INFO] running `Command { std: "docker" "rm" "-f" "0ce85d78315871b8b78cbb2977ca492b72a191a73fa80020dd6b5f5e7497f07e", kill_on_drop: false }`
[INFO] [stdout] 0ce85d78315871b8b78cbb2977ca492b72a191a73fa80020dd6b5f5e7497f07e
[INFO] running `Command { std: "docker" "create" "-v" "/var/lib/crater-agent-workspace/builds/worker-4-tc1/target:/opt/rustwide/target:rw,Z" "-v" "/var/lib/crater-agent-workspace/builds/worker-4-tc1/source:/opt/rustwide/workdir:ro,Z" "-v" "/var/lib/crater-agent-workspace/cargo-home:/opt/rustwide/cargo-home:ro,Z" "-v" "/var/lib/crater-agent-workspace/rustup-home:/opt/rustwide/rustup-home:ro,Z" "-e" "SOURCE_DIR=/opt/rustwide/workdir" "-e" "CARGO_TARGET_DIR=/opt/rustwide/target" "-e" "CARGO_INCREMENTAL=0" "-e" "RUST_BACKTRACE=full" "-e" "RUSTFLAGS=--cap-lints=warn" "-e" "RUSTDOCFLAGS=--cap-lints=warn" "-e" "CARGO_HOME=/opt/rustwide/cargo-home" "-e" "RUSTUP_HOME=/opt/rustwide/rustup-home" "-w" "/opt/rustwide/workdir" "-m" "1610612736" "--user" "0:0" "--network" "none" "ghcr.io/rust-lang/crates-build-env/linux@sha256:2788e3201cd34a07e3172128adcd8b3090168a8e3bcc40d7c032b9dda1df7d1c" "/opt/rustwide/cargo-home/bin/cargo" "+1.75.0" "doc" "--frozen" "--no-deps" "--document-private-items" "--message-format=json", kill_on_drop: false }`
[INFO] [stdout] a1f538970d2b5088627e3d7eda28c934eaddb7178923c2056416e32456ef8e47
[INFO] running `Command { std: "docker" "start" "-a" "a1f538970d2b5088627e3d7eda28c934eaddb7178923c2056416e32456ef8e47", kill_on_drop: false }`
[INFO] [stderr]    Compiling libc v0.2.151
[INFO] [stderr]    Compiling proc-macro2 v1.0.76
[INFO] [stderr]    Compiling unicode-ident v1.0.12
[INFO] [stderr]     Checking memchr v2.7.1
[INFO] [stderr]     Checking log v0.4.20
[INFO] [stderr]    Compiling syn v1.0.109
[INFO] [stderr]     Checking futures-core v0.3.30
[INFO] [stderr]     Checking futures-sink v0.3.30
[INFO] [stderr]     Checking pin-project-lite v0.2.13
[INFO] [stderr]     Checking pin-project-lite v0.1.12
[INFO] [stderr]     Checking bytes v0.5.6
[INFO] [stderr]     Checking futures-task v0.3.30
[INFO] [stderr]    Compiling slab v0.4.9
[INFO] [stderr]     Checking futures-io v0.3.30
[INFO] [stderr]     Checking smallvec v1.11.2
[INFO] [stderr]    Compiling lock_api v0.4.11
[INFO] [stderr]    Compiling parking_lot_core v0.8.6
[INFO] [stderr]    Compiling pin-project-internal v0.4.30
[INFO] [stderr]     Checking instant v0.1.12
[INFO] [stderr]     Checking futures-channel v0.3.30
[INFO] [stderr]     Checking scopeguard v1.2.0
[INFO] [stderr]     Checking ppv-lite86 v0.2.17
[INFO] [stderr]     Checking copyless v0.1.5
[INFO] [stderr]     Checking regex-syntax v0.8.2
[INFO] [stderr]     Checking unicode-bidi v0.3.14
[INFO] [stderr]     Checking percent-encoding v2.3.1
[INFO] [stderr]     Checking miniz_oxide v0.7.1
[INFO] [stderr]    Compiling thiserror v1.0.56
[INFO] [stderr]    Compiling serde v1.0.195
[INFO] [stderr]     Checking either v1.9.0
[INFO] [stderr]    Compiling siphasher v0.3.11
[INFO] [stderr]     Checking itoa v1.0.10
[INFO] [stderr]     Checking gimli v0.28.1
[INFO] [stderr]     Checking aho-corasick v1.1.2
[INFO] [stderr]    Compiling failure_derive v0.1.8
[INFO] [stderr]    Compiling phf_shared v0.11.2
[INFO] [stderr]     Checking idna v0.5.0
[INFO] [stderr]     Checking object v0.32.2
[INFO] [stderr]     Checking form_urlencoded v1.2.1
[INFO] [stderr]    Compiling num-traits v0.2.17
[INFO] [stderr]    Compiling async-trait v0.1.77
[INFO] [stderr]    Compiling quote v1.0.35
[INFO] [stderr]     Checking bytes v1.5.0
[INFO] [stderr]     Checking rustc-demangle v0.1.23
[INFO] [stderr]    Compiling crossbeam-utils v0.8.18
[INFO] [stderr]     Checking url v2.5.0
[INFO] [stderr]    Compiling syn v2.0.48
[INFO] [stderr]     Checking iovec v0.1.4
[INFO] [stderr]     Checking net2 v0.2.39
[INFO] [stderr]     Checking signal-hook-registry v1.4.1
[INFO] [stderr]     Checking num_cpus v1.16.0
[INFO] [stderr]     Checking getrandom v0.1.16
[INFO] [stderr]    Compiling cc v1.0.83
[INFO] [stderr]    Compiling getrandom v0.2.11
[INFO] [stderr]     Checking threadpool v1.8.1
[INFO] [stderr]     Checking socket2 v0.3.19
[INFO] [stderr]     Checking rand_core v0.5.1
[INFO] [stderr]     Checking mio v0.6.23
[INFO] [stderr]     Checking once_cell v1.19.0
[INFO] [stderr]     Checking parking_lot v0.11.2
[INFO] [stderr]    Compiling rand_core v0.6.4
[INFO] [stderr]     Checking hostname v0.3.1
[INFO] [stderr]     Checking rand_chacha v0.2.2
[INFO] [stderr]     Checking tracing-core v0.1.32
[INFO] [stderr]    Compiling rand_chacha v0.3.1
[INFO] [stderr]     Checking http v0.2.11
[INFO] [stderr]     Checking idna v0.2.3
[INFO] [stderr]    Compiling indexmap v1.9.3
[INFO] [stderr]     Checking rand v0.7.3
[INFO] [stderr]    Compiling rand v0.8.5
[INFO] [stderr]    Compiling serde_json v1.0.111
[INFO] [stderr]     Checking regex-automata v0.4.3
[INFO] [stderr]     Checking mio-uds v0.6.8
[INFO] [stderr]     Checking iana-time-zone v0.1.59
[INFO] [stderr]     Checking resolv-conf v0.6.3
[INFO] [stderr]     Checking chrono v0.4.31
[INFO] [stderr]     Checking tokio v0.2.25
[INFO] [stderr]     Checking tracing v0.1.40
[INFO] [stderr]    Compiling phf v0.11.2
[INFO] [stderr]     Checking ryu v1.0.16
[INFO] [stderr]    Compiling ucd-trie v0.1.6
[INFO] [stderr]     Checking bstr v1.9.0
[INFO] [stderr]    Compiling phf_generator v0.11.2
[INFO] [stderr]     Checking crossbeam-epoch v0.9.17
[INFO] [stderr]    Compiling phf_codegen v0.11.2
[INFO] [stderr]     Checking addr2line v0.21.0
[INFO] [stderr]    Compiling backtrace v0.3.69
[INFO] [stderr]    Compiling brotli-sys v0.3.2
[INFO] [stderr]     Checking dtoa v0.4.8
[INFO] [stderr]     Checking sha1_smol v1.0.0
[INFO] [stderr]     Checking byteorder v1.5.0
[INFO] [stderr]     Checking itoa v0.4.8
[INFO] [stderr]     Checking unic-char-range v0.9.0
[INFO] [stderr]     Checking unic-common v0.9.0
[INFO] [stderr]    Compiling libm v0.2.8
[INFO] [stderr]     Checking walkdir v2.4.0
[INFO] [stderr]     Checking unic-char-property v0.9.0
[INFO] [stderr]     Checking fxhash v0.2.1
[INFO] [stderr]     Checking unic-ucd-version v0.9.0
[INFO] [stderr]     Checking sha1 v0.6.1
[INFO] [stderr]     Checking crossbeam-deque v0.8.4
[INFO] [stderr]     Checking flate2 v1.0.28
[INFO] [stderr]     Checking time v0.1.45
[INFO] [stderr]     Checking encoding_rs v0.8.33
[INFO] [stderr]     Checking base64 v0.11.0
[INFO] [stderr]     Checking language-tags v0.2.2
[INFO] [stderr]     Checking mime v0.3.17
[INFO] [stderr]     Checking unic-ucd-segment v0.9.0
[INFO] [stderr]     Checking bytestring v1.3.1
[INFO] [stderr]     Checking deunicode v1.4.2
[INFO] [stderr]     Checking listenfd v0.3.5
[INFO] [stderr]     Checking regex v1.10.2
[INFO] [stderr]     Checking globset v0.4.14
[INFO] [stderr]     Checking slug v0.1.5
[INFO] [stderr]     Checking unic-segment v0.9.0
[INFO] [stderr]     Checking ignore v0.4.22
[INFO] [stderr]     Checking humansize v2.1.3
[INFO] [stderr]     Checking globwalk v0.8.1
[INFO] [stderr]     Checking tokio-util v0.3.1
[INFO] [stderr]     Checking tokio-util v0.2.0
[INFO] [stderr]    Compiling futures-macro v0.3.30
[INFO] [stderr]    Compiling serde_derive v1.0.195
[INFO] [stderr]    Compiling thiserror-impl v1.0.56
[INFO] [stderr]    Compiling pin-project-internal v1.1.3
[INFO] [stderr]     Checking actix-codec v0.2.0
[INFO] [stderr]    Compiling synstructure v0.12.6
[INFO] [stderr]    Compiling parse-zoneinfo v0.3.0
[INFO] [stderr]    Compiling chrono-tz-build v0.2.1
[INFO] [stderr]     Checking futures-util v0.3.30
[INFO] [stderr]    Compiling derive_more v0.99.17
[INFO] [stderr]    Compiling actix-macros v0.1.3
[INFO] [stderr]    Compiling enum-as-inner v0.3.4
[INFO] [stderr]    Compiling actix-web-codegen v0.2.2
[INFO] [stderr]    Compiling chrono-tz v0.8.5
[INFO] [stderr]     Checking pin-project v1.1.3
[INFO] [stderr]    Compiling pest v2.7.6
[INFO] [stderr]     Checking tracing-futures v0.2.5
[INFO] [stderr]     Checking failure v0.1.8
[INFO] [stderr]    Compiling pest_meta v2.7.6
[INFO] [stderr]     Checking pin-project v0.4.30
[INFO] [stderr]     Checking actix-codec v0.3.0
[INFO] [stderr]    Compiling pest_generator v2.7.6
[INFO] [stderr]     Checking brotli2 v0.3.2
[INFO] [stderr]    Compiling pest_derive v2.7.6
[INFO] [stderr]     Checking actix-service v1.0.6
[INFO] [stderr]     Checking futures-executor v0.3.30
[INFO] [stderr]     Checking h2 v0.2.7
[INFO] [stderr]     Checking actix-threadpool v0.3.3
[INFO] [stderr]     Checking actix-rt v1.1.1
[INFO] [stderr]     Checking futures v0.3.30
[INFO] [stderr]     Checking trust-dns-proto v0.18.0-alpha.2
[INFO] [stderr]     Checking actix-utils v1.0.6
[INFO] [stderr]     Checking actix-utils v2.0.0
[INFO] [stderr]     Checking actix-tls v1.0.0
[INFO] [stderr]     Checking actix-server v1.0.4
[INFO] [stderr]     Checking actix-testing v1.0.1
[INFO] [stderr]     Checking trust-dns-resolver v0.18.0-alpha.2
[INFO] [stderr]     Checking serde_urlencoded v0.6.1
[INFO] [stderr]     Checking actix-router v0.2.7
[INFO] [stderr]     Checking actix-connect v1.0.2
[INFO] [stderr]     Checking tera v1.19.1
[INFO] [stderr]     Checking actix-http v1.0.1
[INFO] [stdout] error[E0277]: cannot subtract `chrono::Duration` from `Tm`
[INFO] [stdout]    --> /opt/rustwide/cargo-home/registry/src/index.crates.io-6f17d22bba15001f/actix-http-1.0.1/src/cookie/jar.rs:224:44
[INFO] [stdout]     |
[INFO] [stdout] 224 |             cookie.set_expires(time::now() - Duration::days(365));
[INFO] [stdout]     |                                            ^ no implementation for `Tm - chrono::Duration`
[INFO] [stdout]     |
[INFO] [stdout]     = help: the trait `Sub<chrono::Duration>` is not implemented for `Tm`
[INFO] [stdout]     = help: the following other types implement trait `Sub<Rhs>`:
[INFO] [stdout]               <Tm as Sub<time::Duration>>
[INFO] [stdout]               <Tm as Sub>
[INFO] [stdout] 
[INFO] [stdout] 
[INFO] [stdout] error[E0308]: mismatched types
[INFO] [stdout]    --> /opt/rustwide/cargo-home/registry/src/index.crates.io-6f17d22bba15001f/actix-http-1.0.1/src/cookie/mod.rs:736:40
[INFO] [stdout]     |
[INFO] [stdout] 736 |         self.set_expires(time::now() + twenty_years);
[INFO] [stdout]     |                                        ^^^^^^^^^^^^ expected `time::Duration`, found `chrono::Duration`
[INFO] [stdout]     |
[INFO] [stdout]     = note: `chrono::Duration` and `time::Duration` have similar names, but are actually distinct types
[INFO] [stdout] note: `chrono::Duration` is defined in crate `chrono`
[INFO] [stdout]    --> /opt/rustwide/cargo-home/registry/src/index.crates.io-6f17d22bba15001f/chrono-0.4.31/src/duration.rs:55:1
[INFO] [stdout]     |
[INFO] [stdout] 55  | pub struct Duration {
[INFO] [stdout]     | ^^^^^^^^^^^^^^^^^^^
[INFO] [stdout] note: `time::Duration` is defined in crate `time`
[INFO] [stdout]    --> /opt/rustwide/cargo-home/registry/src/index.crates.io-6f17d22bba15001f/time-0.1.45/src/duration.rs:45:1
[INFO] [stdout]     |
[INFO] [stdout] 45  | pub struct Duration {
[INFO] [stdout]     | ^^^^^^^^^^^^^^^^^^^
[INFO] [stdout] 
[INFO] [stdout] 
[INFO] [stdout] error: aborting due to 2 previous errors
[INFO] [stdout] 
[INFO] [stdout] 
[INFO] [stdout] Some errors have detailed explanations: E0277, E0308.
[INFO] [stdout] 
[INFO] [stdout] For more information about an error, try `rustc --explain E0277`.
[INFO] [stdout] 
[INFO] [stderr] error: could not compile `actix-http` (lib) due to 3 previous errors
[INFO] running `Command { std: "docker" "inspect" "a1f538970d2b5088627e3d7eda28c934eaddb7178923c2056416e32456ef8e47", kill_on_drop: false }`
[INFO] running `Command { std: "docker" "rm" "-f" "a1f538970d2b5088627e3d7eda28c934eaddb7178923c2056416e32456ef8e47", kill_on_drop: false }`
[INFO] [stdout] a1f538970d2b5088627e3d7eda28c934eaddb7178923c2056416e32456ef8e47
[INFO] documenting Ghostff/actix-web-mvc-boilerplate against beta-2023-12-22 for beta-1.76-rustdoc-1
[INFO] running `Command { std: "git" "clone" "/workspace/cache/git-repos/https%3A%2F%2Fgithub.com%2FGhostff%2Factix-web-mvc-boilerplate" "/workspace/builds/worker-4-tc2/source", kill_on_drop: false }`
[INFO] [stderr] Cloning into '/workspace/builds/worker-4-tc2/source'...
[INFO] [stderr] done.
[INFO] validating manifest of git repo https://github.com/Ghostff/actix-web-mvc-boilerplate on toolchain beta-2023-12-22
[INFO] running `Command { std: CARGO_HOME="/workspace/cargo-home" RUSTUP_HOME="/workspace/rustup-home" "/workspace/cargo-home/bin/cargo" "+beta-2023-12-22" "metadata" "--manifest-path" "Cargo.toml" "--no-deps", kill_on_drop: false }`
[INFO] started tweaking git repo https://github.com/Ghostff/actix-web-mvc-boilerplate
[INFO] finished tweaking git repo https://github.com/Ghostff/actix-web-mvc-boilerplate
[INFO] tweaked toml for git repo https://github.com/Ghostff/actix-web-mvc-boilerplate written to /workspace/builds/worker-4-tc2/source/Cargo.toml
[INFO] running `Command { std: CARGO_HOME="/workspace/cargo-home" RUSTUP_HOME="/workspace/rustup-home" "/workspace/cargo-home/bin/cargo" "+beta-2023-12-22" "generate-lockfile" "--manifest-path" "Cargo.toml", kill_on_drop: false }`
[INFO] [stderr]     Blocking waiting for file lock on package cache
[INFO] [stderr]     Updating crates.io index
[INFO] running `Command { std: CARGO_HOME="/workspace/cargo-home" RUSTUP_HOME="/workspace/rustup-home" "/workspace/cargo-home/bin/cargo" "+beta-2023-12-22" "fetch" "--manifest-path" "Cargo.toml", kill_on_drop: false }`
[INFO] [stderr]     Blocking waiting for file lock on package cache
[INFO] [stderr]     Blocking waiting for file lock on package cache
[INFO] running `Command { std: "docker" "create" "-v" "/var/lib/crater-agent-workspace/builds/worker-4-tc2/target:/opt/rustwide/target:rw,Z" "-v" "/var/lib/crater-agent-workspace/builds/worker-4-tc2/source:/opt/rustwide/workdir:ro,Z" "-v" "/var/lib/crater-agent-workspace/cargo-home:/opt/rustwide/cargo-home:ro,Z" "-v" "/var/lib/crater-agent-workspace/rustup-home:/opt/rustwide/rustup-home:ro,Z" "-e" "SOURCE_DIR=/opt/rustwide/workdir" "-e" "CARGO_TARGET_DIR=/opt/rustwide/target" "-e" "CARGO_HOME=/opt/rustwide/cargo-home" "-e" "RUSTUP_HOME=/opt/rustwide/rustup-home" "-w" "/opt/rustwide/workdir" "-m" "1610612736" "--user" "0:0" "--network" "none" "ghcr.io/rust-lang/crates-build-env/linux@sha256:2788e3201cd34a07e3172128adcd8b3090168a8e3bcc40d7c032b9dda1df7d1c" "/opt/rustwide/cargo-home/bin/cargo" "+beta-2023-12-22" "metadata" "--no-deps" "--format-version=1", kill_on_drop: false }`
[INFO] [stdout] dca6bd5571daa4e19981ed87581df8ec3501f0c34b23df1a3ba224f478ef3655
[INFO] running `Command { std: "docker" "start" "-a" "dca6bd5571daa4e19981ed87581df8ec3501f0c34b23df1a3ba224f478ef3655", kill_on_drop: false }`
[INFO] running `Command { std: "docker" "inspect" "dca6bd5571daa4e19981ed87581df8ec3501f0c34b23df1a3ba224f478ef3655", kill_on_drop: false }`
[INFO] running `Command { std: "docker" "rm" "-f" "dca6bd5571daa4e19981ed87581df8ec3501f0c34b23df1a3ba224f478ef3655", kill_on_drop: false }`
[INFO] [stdout] dca6bd5571daa4e19981ed87581df8ec3501f0c34b23df1a3ba224f478ef3655
[INFO] running `Command { std: "docker" "create" "-v" "/var/lib/crater-agent-workspace/builds/worker-4-tc2/target:/opt/rustwide/target:rw,Z" "-v" "/var/lib/crater-agent-workspace/builds/worker-4-tc2/source:/opt/rustwide/workdir:ro,Z" "-v" "/var/lib/crater-agent-workspace/cargo-home:/opt/rustwide/cargo-home:ro,Z" "-v" "/var/lib/crater-agent-workspace/rustup-home:/opt/rustwide/rustup-home:ro,Z" "-e" "SOURCE_DIR=/opt/rustwide/workdir" "-e" "CARGO_TARGET_DIR=/opt/rustwide/target" "-e" "CARGO_INCREMENTAL=0" "-e" "RUST_BACKTRACE=full" "-e" "RUSTFLAGS=--cap-lints=warn" "-e" "RUSTDOCFLAGS=--cap-lints=warn" "-e" "CARGO_HOME=/opt/rustwide/cargo-home" "-e" "RUSTUP_HOME=/opt/rustwide/rustup-home" "-w" "/opt/rustwide/workdir" "-m" "1610612736" "--user" "0:0" "--network" "none" "ghcr.io/rust-lang/crates-build-env/linux@sha256:2788e3201cd34a07e3172128adcd8b3090168a8e3bcc40d7c032b9dda1df7d1c" "/opt/rustwide/cargo-home/bin/cargo" "+beta-2023-12-22" "doc" "--frozen" "--no-deps" "--document-private-items" "--message-format=json", kill_on_drop: false }`
[INFO] [stdout] ec3d1e4cffab1f6a0e0574d0413f48f74e811b54002ff336bbb24527d0e58180
[INFO] running `Command { std: "docker" "start" "-a" "ec3d1e4cffab1f6a0e0574d0413f48f74e811b54002ff336bbb24527d0e58180", kill_on_drop: false }`
[INFO] [stderr]    Compiling libc v0.2.151
[INFO] [stderr]    Compiling proc-macro2 v1.0.76
[INFO] [stderr]    Compiling unicode-ident v1.0.12
[INFO] [stderr]     Checking memchr v2.7.1
[INFO] [stderr]     Checking log v0.4.20
[INFO] [stderr]    Compiling syn v1.0.109
[INFO] [stderr]     Checking futures-core v0.3.30
[INFO] [stderr]     Checking futures-sink v0.3.30
[INFO] [stderr]     Checking pin-project-lite v0.2.13
[INFO] [stderr]     Checking bytes v0.5.6
[INFO] [stderr]     Checking pin-project-lite v0.1.12
[INFO] [stderr]    Compiling slab v0.4.9
[INFO] [stderr]     Checking futures-io v0.3.30
[INFO] [stderr]     Checking futures-task v0.3.30
[INFO] [stderr]     Checking smallvec v1.11.2
[INFO] [stderr]    Compiling lock_api v0.4.11
[INFO] [stderr]    Compiling pin-project-internal v0.4.30
[INFO] [stderr]    Compiling parking_lot_core v0.8.6
[INFO] [stderr]     Checking instant v0.1.12
[INFO] [stderr]     Checking futures-channel v0.3.30
[INFO] [stderr]     Checking scopeguard v1.2.0
[INFO] [stderr]     Checking ppv-lite86 v0.2.17
[INFO] [stderr]     Checking copyless v0.1.5
[INFO] [stderr]     Checking unicode-bidi v0.3.14
[INFO] [stderr]     Checking percent-encoding v2.3.1
[INFO] [stderr]     Checking regex-syntax v0.8.2
[INFO] [stderr]     Checking miniz_oxide v0.7.1
[INFO] [stderr]    Compiling siphasher v0.3.11
[INFO] [stderr]    Compiling failure_derive v0.1.8
[INFO] [stderr]     Checking either v1.9.0
[INFO] [stderr]     Checking gimli v0.28.1
[INFO] [stderr]    Compiling thiserror v1.0.56
[INFO] [stderr]     Checking itoa v1.0.10
[INFO] [stderr]    Compiling serde v1.0.195
[INFO] [stderr]    Compiling phf_shared v0.11.2
[INFO] [stderr]     Checking idna v0.5.0
[INFO] [stderr]     Checking form_urlencoded v1.2.1
[INFO] [stderr]    Compiling num-traits v0.2.17
[INFO] [stderr]     Checking aho-corasick v1.1.2
[INFO] [stderr]     Checking object v0.32.2
[INFO] [stderr]    Compiling quote v1.0.35
[INFO] [stderr]     Checking bytes v1.5.0
[INFO] [stderr]     Checking rustc-demangle v0.1.23
[INFO] [stderr]    Compiling async-trait v0.1.77
[INFO] [stderr]    Compiling syn v2.0.48
[INFO] [stderr]    Compiling crossbeam-utils v0.8.18
[INFO] [stderr]     Checking url v2.5.0
[INFO] [stderr]     Checking once_cell v1.19.0
[INFO] [stderr]     Checking http v0.2.11
[INFO] [stderr]     Checking net2 v0.2.39
[INFO] [stderr]     Checking iovec v0.1.4
[INFO] [stderr]     Checking signal-hook-registry v1.4.1
[INFO] [stderr]    Compiling cc v1.0.83
[INFO] [stderr]     Checking num_cpus v1.16.0
[INFO] [stderr]    Compiling getrandom v0.2.11
[INFO] [stderr]     Checking mio v0.6.23
[INFO] [stderr]     Checking parking_lot v0.11.2
[INFO] [stderr]     Checking getrandom v0.1.16
[INFO] [stderr]     Checking threadpool v1.8.1
[INFO] [stderr]     Checking socket2 v0.3.19
[INFO] [stderr]    Compiling rand_core v0.6.4
[INFO] [stderr]     Checking tracing-core v0.1.32
[INFO] [stderr]     Checking rand_core v0.5.1
[INFO] [stderr]    Compiling rand_chacha v0.3.1
[INFO] [stderr]     Checking rand_chacha v0.2.2
[INFO] [stderr]     Checking hostname v0.3.1
[INFO] [stderr]     Checking mio-uds v0.6.8
[INFO] [stderr]     Checking idna v0.2.3
[INFO] [stderr]    Compiling indexmap v1.9.3
[INFO] [stderr]     Checking tokio v0.2.25
[INFO] [stderr]     Checking rand v0.7.3
[INFO] [stderr]     Checking iana-time-zone v0.1.59
[INFO] [stderr]    Compiling serde_json v1.0.111
[INFO] [stderr]     Checking resolv-conf v0.6.3
[INFO] [stderr]    Compiling rand v0.8.5
[INFO] [stderr]     Checking regex-automata v0.4.3
[INFO] [stderr]     Checking tracing v0.1.40
[INFO] [stderr]    Compiling phf v0.11.2
[INFO] [stderr]    Compiling ucd-trie v0.1.6
[INFO] [stderr]     Checking ryu v1.0.16
[INFO] [stderr]     Checking chrono v0.4.31
[INFO] [stderr]     Checking bstr v1.9.0
[INFO] [stderr]     Checking unic-common v0.9.0
[INFO] [stderr]     Checking crossbeam-epoch v0.9.17
[INFO] [stderr]     Checking byteorder v1.5.0
[INFO] [stderr]    Compiling libm v0.2.8
[INFO] [stderr]     Checking sha1_smol v1.0.0
[INFO] [stderr]    Compiling backtrace v0.3.69
[INFO] [stderr]     Checking addr2line v0.21.0
[INFO] [stderr]    Compiling brotli-sys v0.3.2
[INFO] [stderr]     Checking itoa v0.4.8
[INFO] [stderr]     Checking dtoa v0.4.8
[INFO] [stderr]     Checking unic-char-range v0.9.0
[INFO] [stderr]     Checking fxhash v0.2.1
[INFO] [stderr]     Checking unic-char-property v0.9.0
[INFO] [stderr]     Checking walkdir v2.4.0
[INFO] [stderr]    Compiling phf_generator v0.11.2
[INFO] [stderr]     Checking crossbeam-deque v0.8.4
[INFO] [stderr]     Checking sha1 v0.6.1
[INFO] [stderr]     Checking unic-ucd-version v0.9.0
[INFO] [stderr]    Compiling phf_codegen v0.11.2
[INFO] [stderr]     Checking flate2 v1.0.28
[INFO] [stderr]     Checking time v0.1.45
[INFO] [stderr]     Checking encoding_rs v0.8.33
[INFO] [stderr]     Checking language-tags v0.2.2
[INFO] [stderr]     Checking base64 v0.11.0
[INFO] [stderr]     Checking mime v0.3.17
[INFO] [stderr]     Checking unic-ucd-segment v0.9.0
[INFO] [stderr]     Checking bytestring v1.3.1
[INFO] [stderr]     Checking deunicode v1.4.2
[INFO] [stderr]     Checking listenfd v0.3.5
[INFO] [stderr]     Checking unic-segment v0.9.0
[INFO] [stderr]     Checking slug v0.1.5
[INFO] [stderr]     Checking humansize v2.1.3
[INFO] [stderr]     Checking regex v1.10.2
[INFO] [stderr]     Checking globset v0.4.14
[INFO] [stderr]     Checking tokio-util v0.3.1
[INFO] [stderr]     Checking tokio-util v0.2.0
[INFO] [stderr]     Checking actix-codec v0.2.0
[INFO] [stderr]     Checking ignore v0.4.22
[INFO] [stderr]    Compiling futures-macro v0.3.30
[INFO] [stderr]    Compiling thiserror-impl v1.0.56
[INFO] [stderr]    Compiling serde_derive v1.0.195
[INFO] [stderr]    Compiling pin-project-internal v1.1.3
[INFO] [stderr]     Checking globwalk v0.8.1
[INFO] [stderr]    Compiling synstructure v0.12.6
[INFO] [stderr]    Compiling parse-zoneinfo v0.3.0
[INFO] [stderr]     Checking futures-util v0.3.30
[INFO] [stderr]     Checking pin-project v1.1.3
[INFO] [stderr]     Checking tracing-futures v0.2.5
[INFO] [stderr]    Compiling derive_more v0.99.17
[INFO] [stderr]    Compiling actix-macros v0.1.3
[INFO] [stderr]    Compiling enum-as-inner v0.3.4
[INFO] [stderr]    Compiling actix-web-codegen v0.2.2
[INFO] [stderr]    Compiling chrono-tz-build v0.2.1
[INFO] [stderr]    Compiling pest v2.7.6
[INFO] [stderr]    Compiling chrono-tz v0.8.5
[INFO] [stderr]     Checking failure v0.1.8
[INFO] [stderr]     Checking pin-project v0.4.30
[INFO] [stderr]    Compiling pest_meta v2.7.6
[INFO] [stderr]     Checking actix-codec v0.3.0
[INFO] [stderr]     Checking brotli2 v0.3.2
[INFO] [stderr]    Compiling pest_generator v2.7.6
[INFO] [stderr]     Checking actix-threadpool v0.3.3
[INFO] [stderr]    Compiling pest_derive v2.7.6
[INFO] [stderr]     Checking actix-service v1.0.6
[INFO] [stderr]     Checking futures-executor v0.3.30
[INFO] [stderr]     Checking actix-rt v1.1.1
[INFO] [stderr]     Checking h2 v0.2.7
[INFO] [stderr]     Checking futures v0.3.30
[INFO] [stderr]     Checking trust-dns-proto v0.18.0-alpha.2
[INFO] [stderr]     Checking actix-utils v1.0.6
[INFO] [stderr]     Checking actix-utils v2.0.0
[INFO] [stderr]     Checking actix-tls v1.0.0
[INFO] [stderr]     Checking actix-server v1.0.4
[INFO] [stderr]     Checking trust-dns-resolver v0.18.0-alpha.2
[INFO] [stderr]     Checking actix-testing v1.0.1
[INFO] [stderr]     Checking serde_urlencoded v0.6.1
[INFO] [stderr]     Checking actix-router v0.2.7
[INFO] [stderr]     Checking actix-connect v1.0.2
[INFO] [stderr]     Checking tera v1.19.1
[INFO] [stderr]     Checking actix-http v1.0.1
[INFO] [stdout] error[E0277]: cannot subtract `chrono::Duration` from `Tm`
[INFO] [stdout]    --> /opt/rustwide/cargo-home/registry/src/index.crates.io-6f17d22bba15001f/actix-http-1.0.1/src/cookie/jar.rs:224:44
[INFO] [stdout]     |
[INFO] [stdout] 224 |             cookie.set_expires(time::now() - Duration::days(365));
[INFO] [stdout]     |                                            ^ no implementation for `Tm - chrono::Duration`
[INFO] [stdout]     |
[INFO] [stdout]     = help: the trait `Sub<chrono::Duration>` is not implemented for `Tm`
[INFO] [stdout]     = help: the following other types implement trait `Sub<Rhs>`:
[INFO] [stdout]               <Tm as Sub<time::Duration>>
[INFO] [stdout]               <Tm as Sub>
[INFO] [stdout] 
[INFO] [stdout] 
[INFO] [stdout] error[E0308]: mismatched types
[INFO] [stdout]    --> /opt/rustwide/cargo-home/registry/src/index.crates.io-6f17d22bba15001f/actix-http-1.0.1/src/cookie/mod.rs:736:40
[INFO] [stdout]     |
[INFO] [stdout] 736 |         self.set_expires(time::now() + twenty_years);
[INFO] [stdout]     |                                        ^^^^^^^^^^^^ expected `time::Duration`, found `chrono::Duration`
[INFO] [stdout]     |
[INFO] [stdout]     = note: `chrono::Duration` and `time::Duration` have similar names, but are actually distinct types
[INFO] [stdout] note: `chrono::Duration` is defined in crate `chrono`
[INFO] [stdout]    --> /opt/rustwide/cargo-home/registry/src/index.crates.io-6f17d22bba15001f/chrono-0.4.31/src/duration.rs:55:1
[INFO] [stdout]     |
[INFO] [stdout] 55  | pub struct Duration {
[INFO] [stdout]     | ^^^^^^^^^^^^^^^^^^^
[INFO] [stdout] note: `time::Duration` is defined in crate `time`
[INFO] [stdout]    --> /opt/rustwide/cargo-home/registry/src/index.crates.io-6f17d22bba15001f/time-0.1.45/src/duration.rs:45:1
[INFO] [stdout]     |
[INFO] [stdout] 45  | pub struct Duration {
[INFO] [stdout]     | ^^^^^^^^^^^^^^^^^^^
[INFO] [stdout] 
[INFO] [stdout] 
[INFO] [stdout] error: aborting due to 2 previous errors
[INFO] [stdout] 
[INFO] [stdout] 
[INFO] [stdout] Some errors have detailed explanations: E0277, E0308.
[INFO] [stdout] 
[INFO] [stdout] For more information about an error, try `rustc --explain E0277`.
[INFO] [stdout] 
[INFO] [stderr] error: could not compile `actix-http` (lib) due to 3 previous errors
[INFO] running `Command { std: "docker" "inspect" "ec3d1e4cffab1f6a0e0574d0413f48f74e811b54002ff336bbb24527d0e58180", kill_on_drop: false }`
[INFO] running `Command { std: "docker" "rm" "-f" "ec3d1e4cffab1f6a0e0574d0413f48f74e811b54002ff336bbb24527d0e58180", kill_on_drop: false }`
[INFO] [stdout] ec3d1e4cffab1f6a0e0574d0413f48f74e811b54002ff336bbb24527d0e58180
