[INFO] cloning repository https://github.com/Gexon/monsterserver
[INFO] running `Command { std: "git" "-c" "credential.helper=" "-c" "credential.helper=/workspace/cargo-home/bin/git-credential-null" "clone" "--bare" "https://github.com/Gexon/monsterserver" "/workspace/cache/git-repos/https%3A%2F%2Fgithub.com%2FGexon%2Fmonsterserver", kill_on_drop: false }`
[INFO] [stderr] Cloning into bare repository '/workspace/cache/git-repos/https%3A%2F%2Fgithub.com%2FGexon%2Fmonsterserver'...
[INFO] running `Command { std: "git" "rev-parse" "HEAD", kill_on_drop: false }`
[INFO] [stdout] dbd6641adc22cd377bb1c8fcb1fd4ce3448828b0
[INFO] documenting Gexon/monsterserver against 1.75.0 for beta-1.76-rustdoc-1
[INFO] running `Command { std: "git" "clone" "/workspace/cache/git-repos/https%3A%2F%2Fgithub.com%2FGexon%2Fmonsterserver" "/workspace/builds/worker-4-tc1/source", kill_on_drop: false }`
[INFO] [stderr] Cloning into '/workspace/builds/worker-4-tc1/source'...
[INFO] [stderr] done.
[INFO] validating manifest of git repo https://github.com/Gexon/monsterserver on toolchain 1.75.0
[INFO] running `Command { std: CARGO_HOME="/workspace/cargo-home" RUSTUP_HOME="/workspace/rustup-home" "/workspace/cargo-home/bin/cargo" "+1.75.0" "metadata" "--manifest-path" "Cargo.toml" "--no-deps", kill_on_drop: false }`
[INFO] started tweaking git repo https://github.com/Gexon/monsterserver
[INFO] finished tweaking git repo https://github.com/Gexon/monsterserver
[INFO] tweaked toml for git repo https://github.com/Gexon/monsterserver written to /workspace/builds/worker-4-tc1/source/Cargo.toml
[INFO] crate git repo https://github.com/Gexon/monsterserver already has a lockfile, it will not be regenerated
[INFO] running `Command { std: CARGO_HOME="/workspace/cargo-home" RUSTUP_HOME="/workspace/rustup-home" "/workspace/cargo-home/bin/cargo" "+1.75.0" "fetch" "--manifest-path" "Cargo.toml", kill_on_drop: false }`
[INFO] [stderr]     Updating crates.io index
[INFO] [stderr]     Updating git repository `https://github.com/not-fl3/tinyecs.git`
[INFO] [stderr]  Downloading crates ...
[INFO] [stderr]   Downloaded slog-extra v0.1.1
[INFO] [stderr]   Downloaded slog-stdlog v1.1.0
[INFO] [stderr]   Downloaded num-traits v0.1.36
[INFO] [stderr]   Downloaded tinyprof v0.0.1
[INFO] [stderr]   Downloaded miow v0.1.3
[INFO] [stderr]   Downloaded rustc-serialize v0.3.21
[INFO] [stderr]   Downloaded crossbeam v0.2.10
[INFO] [stderr]   Downloaded isatty v0.1.1
[INFO] [stderr]   Downloaded nix v0.7.0
[INFO] [stderr]   Downloaded vec_map v0.6.0
[INFO] [stderr]   Downloaded net2 v0.2.26
[INFO] [stderr]   Downloaded num v0.1.36
[INFO] [stderr]   Downloaded bincode v0.6.0
[INFO] [stderr]   Downloaded serde v0.8.17
[INFO] [stderr]   Downloaded libc v0.2.17
[INFO] [stderr]   Downloaded lazycell v0.4.0
[INFO] [stderr]   Downloaded slog-term v1.3.3
[INFO] [stderr]   Downloaded mio v0.6.1
[INFO] [stderr]   Downloaded slog v1.3.0
[INFO] [stderr]   Downloaded slog-stream v1.2.0
[INFO] running `Command { std: "docker" "create" "-v" "/var/lib/crater-agent-workspace/builds/worker-4-tc1/target:/opt/rustwide/target:rw,Z" "-v" "/var/lib/crater-agent-workspace/builds/worker-4-tc1/source:/opt/rustwide/workdir:ro,Z" "-v" "/var/lib/crater-agent-workspace/cargo-home:/opt/rustwide/cargo-home:ro,Z" "-v" "/var/lib/crater-agent-workspace/rustup-home:/opt/rustwide/rustup-home:ro,Z" "-e" "SOURCE_DIR=/opt/rustwide/workdir" "-e" "CARGO_TARGET_DIR=/opt/rustwide/target" "-e" "CARGO_HOME=/opt/rustwide/cargo-home" "-e" "RUSTUP_HOME=/opt/rustwide/rustup-home" "-w" "/opt/rustwide/workdir" "-m" "1610612736" "--user" "0:0" "--network" "none" "ghcr.io/rust-lang/crates-build-env/linux@sha256:2788e3201cd34a07e3172128adcd8b3090168a8e3bcc40d7c032b9dda1df7d1c" "/opt/rustwide/cargo-home/bin/cargo" "+1.75.0" "metadata" "--no-deps" "--format-version=1", kill_on_drop: false }`
[INFO] [stdout] ba6f160deafd136ba06843f04e9df9fedc403b31a73a97da85680532971ca493
[INFO] running `Command { std: "docker" "start" "-a" "ba6f160deafd136ba06843f04e9df9fedc403b31a73a97da85680532971ca493", kill_on_drop: false }`
[INFO] running `Command { std: "docker" "inspect" "ba6f160deafd136ba06843f04e9df9fedc403b31a73a97da85680532971ca493", kill_on_drop: false }`
[INFO] running `Command { std: "docker" "rm" "-f" "ba6f160deafd136ba06843f04e9df9fedc403b31a73a97da85680532971ca493", kill_on_drop: false }`
[INFO] [stdout] ba6f160deafd136ba06843f04e9df9fedc403b31a73a97da85680532971ca493
[INFO] running `Command { std: "docker" "create" "-v" "/var/lib/crater-agent-workspace/builds/worker-4-tc1/target:/opt/rustwide/target:rw,Z" "-v" "/var/lib/crater-agent-workspace/builds/worker-4-tc1/source:/opt/rustwide/workdir:ro,Z" "-v" "/var/lib/crater-agent-workspace/cargo-home:/opt/rustwide/cargo-home:ro,Z" "-v" "/var/lib/crater-agent-workspace/rustup-home:/opt/rustwide/rustup-home:ro,Z" "-e" "SOURCE_DIR=/opt/rustwide/workdir" "-e" "CARGO_TARGET_DIR=/opt/rustwide/target" "-e" "CARGO_INCREMENTAL=0" "-e" "RUST_BACKTRACE=full" "-e" "RUSTFLAGS=--cap-lints=warn" "-e" "RUSTDOCFLAGS=--cap-lints=warn" "-e" "CARGO_HOME=/opt/rustwide/cargo-home" "-e" "RUSTUP_HOME=/opt/rustwide/rustup-home" "-w" "/opt/rustwide/workdir" "-m" "1610612736" "--user" "0:0" "--network" "none" "ghcr.io/rust-lang/crates-build-env/linux@sha256:2788e3201cd34a07e3172128adcd8b3090168a8e3bcc40d7c032b9dda1df7d1c" "/opt/rustwide/cargo-home/bin/cargo" "+1.75.0" "doc" "--frozen" "--no-deps" "--document-private-items" "--message-format=json", kill_on_drop: false }`
[INFO] [stdout] e4a046586cb9839ecb4625dcfcade49671576836d2ab5544f9dcc8645a607cb5
[INFO] running `Command { std: "docker" "start" "-a" "e4a046586cb9839ecb4625dcfcade49671576836d2ab5544f9dcc8645a607cb5", kill_on_drop: false }`
[INFO] [stderr]     Checking libc v0.2.17
[INFO] [stderr]    Compiling winapi-build v0.1.1
[INFO] [stderr]     Checking winapi v0.2.8
[INFO] [stderr]     Checking num-traits v0.1.36
[INFO] [stderr]    Compiling semver v0.1.20
[INFO] [stderr]     Checking slog v1.3.0
[INFO] [stderr]     Checking rustc-serialize v0.3.21
[INFO] [stderr]     Checking cfg-if v0.1.0
[INFO] [stderr]     Checking lazy_static v0.1.16
[INFO] [stderr]     Checking bitflags v0.4.0
[INFO] [stderr]     Checking log v0.3.6
[INFO] [stderr]     Checking void v1.0.2
[INFO] [stderr]     Checking byteorder v0.5.3
[INFO] [stderr]     Checking lazy_static v0.2.2
[INFO] [stderr]     Checking vec_map v0.6.0
[INFO] [stderr]     Checking lazycell v0.4.0
[INFO] [stderr]     Checking slab v0.3.0
[INFO] [stderr]     Checking crossbeam v0.2.10
[INFO] [stderr]     Checking serde v0.8.17
[INFO] [stdout] error[E0277]: `core::fmt::rt::Opaque` cannot be shared between threads safely
[INFO] [stdout]    --> /opt/rustwide/cargo-home/registry/src/index.crates.io-6f17d22bba15001f/slog-1.3.0/src/ser.rs:228:24
[INFO] [stdout]     |
[INFO] [stdout] 228 | impl SyncSerialize for fmt::Arguments<'static> {}
[INFO] [stdout]     |                        ^^^^^^^^^^^^^^^^^^^^^^^ `core::fmt::rt::Opaque` cannot be shared between threads safely
[INFO] [stdout]     |
[INFO] [stdout]     = help: within `Arguments<'static>`, the trait `Sync` is not implemented for `core::fmt::rt::Opaque`
[INFO] [stdout]     = note: required because it appears within the type `&core::fmt::rt::Opaque`
[INFO] [stdout] note: required because it appears within the type `Argument<'static>`
[INFO] [stdout]    --> /rustc/82e1608dfa6e0b5569232559e3d385fea5a93112/library/core/src/fmt/rt.rs:75:12
[INFO] [stdout]     = note: required because it appears within the type `[Argument<'static>]`
[INFO] [stdout]     = note: required because it appears within the type `&[Argument<'static>]`
[INFO] [stdout] note: required because it appears within the type `Arguments<'static>`
[INFO] [stdout]    --> /rustc/82e1608dfa6e0b5569232559e3d385fea5a93112/library/core/src/fmt/mod.rs:303:12
[INFO] [stdout] note: required by a bound in `SyncSerialize`
[INFO] [stdout]    --> /opt/rustwide/cargo-home/registry/src/index.crates.io-6f17d22bba15001f/slog-1.3.0/src/ser.rs:120:33
[INFO] [stdout]     |
[INFO] [stdout] 120 | pub trait SyncSerialize: Send + Sync + 'static + Serialize {}
[INFO] [stdout]     |                                 ^^^^ required by this bound in `SyncSerialize`
[INFO] [stdout] 
[INFO] [stdout] 
[INFO] [stdout] error: aborting due to previous error
[INFO] [stdout] 
[INFO] [stdout] 
[INFO] [stdout] For more information about this error, try `rustc --explain E0277`.
[INFO] [stdout] 
[INFO] [stderr] error: could not compile `slog` (lib) due to 2 previous errors
[INFO] [stderr] warning: build failed, waiting for other jobs to finish...
[INFO] running `Command { std: "docker" "inspect" "e4a046586cb9839ecb4625dcfcade49671576836d2ab5544f9dcc8645a607cb5", kill_on_drop: false }`
[INFO] running `Command { std: "docker" "rm" "-f" "e4a046586cb9839ecb4625dcfcade49671576836d2ab5544f9dcc8645a607cb5", kill_on_drop: false }`
[INFO] [stdout] e4a046586cb9839ecb4625dcfcade49671576836d2ab5544f9dcc8645a607cb5
[INFO] documenting Gexon/monsterserver against beta-2023-12-22 for beta-1.76-rustdoc-1
[INFO] running `Command { std: "git" "clone" "/workspace/cache/git-repos/https%3A%2F%2Fgithub.com%2FGexon%2Fmonsterserver" "/workspace/builds/worker-4-tc2/source", kill_on_drop: false }`
[INFO] [stderr] Cloning into '/workspace/builds/worker-4-tc2/source'...
[INFO] [stderr] done.
[INFO] validating manifest of git repo https://github.com/Gexon/monsterserver on toolchain beta-2023-12-22
[INFO] running `Command { std: CARGO_HOME="/workspace/cargo-home" RUSTUP_HOME="/workspace/rustup-home" "/workspace/cargo-home/bin/cargo" "+beta-2023-12-22" "metadata" "--manifest-path" "Cargo.toml" "--no-deps", kill_on_drop: false }`
[INFO] started tweaking git repo https://github.com/Gexon/monsterserver
[INFO] finished tweaking git repo https://github.com/Gexon/monsterserver
[INFO] tweaked toml for git repo https://github.com/Gexon/monsterserver written to /workspace/builds/worker-4-tc2/source/Cargo.toml
[INFO] crate git repo https://github.com/Gexon/monsterserver already has a lockfile, it will not be regenerated
[INFO] running `Command { std: CARGO_HOME="/workspace/cargo-home" RUSTUP_HOME="/workspace/rustup-home" "/workspace/cargo-home/bin/cargo" "+beta-2023-12-22" "fetch" "--manifest-path" "Cargo.toml", kill_on_drop: false }`
[INFO] running `Command { std: "docker" "create" "-v" "/var/lib/crater-agent-workspace/builds/worker-4-tc2/target:/opt/rustwide/target:rw,Z" "-v" "/var/lib/crater-agent-workspace/builds/worker-4-tc2/source:/opt/rustwide/workdir:ro,Z" "-v" "/var/lib/crater-agent-workspace/cargo-home:/opt/rustwide/cargo-home:ro,Z" "-v" "/var/lib/crater-agent-workspace/rustup-home:/opt/rustwide/rustup-home:ro,Z" "-e" "SOURCE_DIR=/opt/rustwide/workdir" "-e" "CARGO_TARGET_DIR=/opt/rustwide/target" "-e" "CARGO_HOME=/opt/rustwide/cargo-home" "-e" "RUSTUP_HOME=/opt/rustwide/rustup-home" "-w" "/opt/rustwide/workdir" "-m" "1610612736" "--user" "0:0" "--network" "none" "ghcr.io/rust-lang/crates-build-env/linux@sha256:2788e3201cd34a07e3172128adcd8b3090168a8e3bcc40d7c032b9dda1df7d1c" "/opt/rustwide/cargo-home/bin/cargo" "+beta-2023-12-22" "metadata" "--no-deps" "--format-version=1", kill_on_drop: false }`
[INFO] [stdout] 5b9a4860a40772dc3d1d6c095241b47dbfd62016d45ab1fdf11315e5d1216fa3
[INFO] running `Command { std: "docker" "start" "-a" "5b9a4860a40772dc3d1d6c095241b47dbfd62016d45ab1fdf11315e5d1216fa3", kill_on_drop: false }`
[INFO] running `Command { std: "docker" "inspect" "5b9a4860a40772dc3d1d6c095241b47dbfd62016d45ab1fdf11315e5d1216fa3", kill_on_drop: false }`
[INFO] running `Command { std: "docker" "rm" "-f" "5b9a4860a40772dc3d1d6c095241b47dbfd62016d45ab1fdf11315e5d1216fa3", kill_on_drop: false }`
[INFO] [stdout] 5b9a4860a40772dc3d1d6c095241b47dbfd62016d45ab1fdf11315e5d1216fa3
[INFO] running `Command { std: "docker" "create" "-v" "/var/lib/crater-agent-workspace/builds/worker-4-tc2/target:/opt/rustwide/target:rw,Z" "-v" "/var/lib/crater-agent-workspace/builds/worker-4-tc2/source:/opt/rustwide/workdir:ro,Z" "-v" "/var/lib/crater-agent-workspace/cargo-home:/opt/rustwide/cargo-home:ro,Z" "-v" "/var/lib/crater-agent-workspace/rustup-home:/opt/rustwide/rustup-home:ro,Z" "-e" "SOURCE_DIR=/opt/rustwide/workdir" "-e" "CARGO_TARGET_DIR=/opt/rustwide/target" "-e" "CARGO_INCREMENTAL=0" "-e" "RUST_BACKTRACE=full" "-e" "RUSTFLAGS=--cap-lints=warn" "-e" "RUSTDOCFLAGS=--cap-lints=warn" "-e" "CARGO_HOME=/opt/rustwide/cargo-home" "-e" "RUSTUP_HOME=/opt/rustwide/rustup-home" "-w" "/opt/rustwide/workdir" "-m" "1610612736" "--user" "0:0" "--network" "none" "ghcr.io/rust-lang/crates-build-env/linux@sha256:2788e3201cd34a07e3172128adcd8b3090168a8e3bcc40d7c032b9dda1df7d1c" "/opt/rustwide/cargo-home/bin/cargo" "+beta-2023-12-22" "doc" "--frozen" "--no-deps" "--document-private-items" "--message-format=json", kill_on_drop: false }`
[INFO] [stdout] 7caaffb6075e422670087343c8c2acf7da575b10e21814f45722a104eb42e5ff
[INFO] running `Command { std: "docker" "start" "-a" "7caaffb6075e422670087343c8c2acf7da575b10e21814f45722a104eb42e5ff", kill_on_drop: false }`
[INFO] [stderr]     Checking libc v0.2.17
[INFO] [stderr]    Compiling winapi-build v0.1.1
[INFO] [stderr]     Checking winapi v0.2.8
[INFO] [stderr]     Checking num-traits v0.1.36
[INFO] [stderr]    Compiling semver v0.1.20
[INFO] [stderr]     Checking slog v1.3.0
[INFO] [stderr]     Checking cfg-if v0.1.0
[INFO] [stderr]     Checking rustc-serialize v0.3.21
[INFO] [stderr]     Checking lazy_static v0.1.16
[INFO] [stderr]     Checking log v0.3.6
[INFO] [stderr]     Checking bitflags v0.4.0
[INFO] [stderr]     Checking void v1.0.2
[INFO] [stderr]     Checking lazycell v0.4.0
[INFO] [stderr]     Checking byteorder v0.5.3
[INFO] [stderr]     Checking vec_map v0.6.0
[INFO] [stderr]     Checking slab v0.3.0
[INFO] [stderr]     Checking serde v0.8.17
[INFO] [stderr]     Checking lazy_static v0.2.2
[INFO] [stderr]     Checking crossbeam v0.2.10
[INFO] [stdout] error[E0277]: `core::fmt::rt::Opaque` cannot be shared between threads safely
[INFO] [stdout]    --> /opt/rustwide/cargo-home/registry/src/index.crates.io-6f17d22bba15001f/slog-1.3.0/src/ser.rs:228:24
[INFO] [stdout]     |
[INFO] [stdout] 228 | impl SyncSerialize for fmt::Arguments<'static> {}
[INFO] [stdout]     |                        ^^^^^^^^^^^^^^^^^^^^^^^ `core::fmt::rt::Opaque` cannot be shared between threads safely
[INFO] [stdout]     |
[INFO] [stdout]     = help: within `Arguments<'static>`, the trait `Sync` is not implemented for `core::fmt::rt::Opaque`
[INFO] [stdout]     = note: required because it appears within the type `&'static core::fmt::rt::Opaque`
[INFO] [stdout] note: required because it appears within the type `core::fmt::rt::Argument<'static>`
[INFO] [stdout]    --> /rustc/0e09125c6c3c2fd70d7de961bcf0e51575235fad/library/core/src/fmt/rt.rs:75:12
[INFO] [stdout]     = note: required because it appears within the type `[core::fmt::rt::Argument<'static>]`
[INFO] [stdout]     = note: required because it appears within the type `&'static [core::fmt::rt::Argument<'static>]`
[INFO] [stdout] note: required because it appears within the type `Arguments<'static>`
[INFO] [stdout]    --> /rustc/0e09125c6c3c2fd70d7de961bcf0e51575235fad/library/core/src/fmt/mod.rs:303:12
[INFO] [stdout] note: required by a bound in `SyncSerialize`
[INFO] [stdout]    --> /opt/rustwide/cargo-home/registry/src/index.crates.io-6f17d22bba15001f/slog-1.3.0/src/ser.rs:120:33
[INFO] [stdout]     |
[INFO] [stdout] 120 | pub trait SyncSerialize: Send + Sync + 'static + Serialize {}
[INFO] [stdout]     |                                 ^^^^ required by this bound in `SyncSerialize`
[INFO] [stdout] 
[INFO] [stdout] 
[INFO] [stderr]    Compiling kernel32-sys v0.2.2
[INFO] [stdout] error: aborting due to 1 previous error
[INFO] [stdout] 
[INFO] [stdout] 
[INFO] [stdout] For more information about this error, try `rustc --explain E0277`.
[INFO] [stdout] 
[INFO] [stderr] error: could not compile `slog` (lib) due to 2 previous errors
[INFO] [stderr] warning: build failed, waiting for other jobs to finish...
[INFO] [stdout] error[E0310]: the parameter type `T` may not live long enough
[INFO] [stdout]     --> /opt/rustwide/cargo-home/registry/src/index.crates.io-6f17d22bba15001f/rustc-serialize-0.3.21/src/serialize.rs:1155:5
[INFO] [stdout]      |
[INFO] [stdout] 1155 |     fn decode<D: Decoder>(d: &mut D) -> Result<Cow<'static, T>, D::Error> {
[INFO] [stdout]      |     ^^^^^^^^^^^^^^^^^^^^^^^^^^^^^^^^^^^^^^^^^^^^^^^^^^^^^^^^^^^^^^^^^^^^^
[INFO] [stdout]      |     |
[INFO] [stdout]      |     the parameter type `T` must be valid for the static lifetime...
[INFO] [stdout]      |     ...so that the type `T` will meet its required lifetime bounds...
[INFO] [stdout]      |
[INFO] [stdout] note: ...that is required by this bound
[INFO] [stdout]     --> /rustc/0e09125c6c3c2fd70d7de961bcf0e51575235fad/library/alloc/src/borrow.rs:180:30
[INFO] [stdout] help: consider adding an explicit lifetime bound
[INFO] [stdout]      |
[INFO] [stdout] 1151 | impl<'a, T: ?Sized + 'static> Decodable for Cow<'a, T>
[INFO] [stdout]      |                    +++++++++
[INFO] [stdout] 
[INFO] [stdout] 
[INFO] [stdout] error: aborting due to 1 previous error
[INFO] [stdout] 
[INFO] [stdout] 
[INFO] [stdout] For more information about this error, try `rustc --explain E0310`.
[INFO] [stdout] 
[INFO] [stderr] error: could not compile `rustc-serialize` (lib) due to 2 previous errors
[INFO] running `Command { std: "docker" "inspect" "7caaffb6075e422670087343c8c2acf7da575b10e21814f45722a104eb42e5ff", kill_on_drop: false }`
[INFO] running `Command { std: "docker" "rm" "-f" "7caaffb6075e422670087343c8c2acf7da575b10e21814f45722a104eb42e5ff", kill_on_drop: false }`
[INFO] [stdout] 7caaffb6075e422670087343c8c2acf7da575b10e21814f45722a104eb42e5ff
