[INFO] cloning repository https://github.com/Geal/serverless-wasm
[INFO] running `Command { std: "git" "-c" "credential.helper=" "-c" "credential.helper=/workspace/cargo-home/bin/git-credential-null" "clone" "--bare" "https://github.com/Geal/serverless-wasm" "/workspace/cache/git-repos/https%3A%2F%2Fgithub.com%2FGeal%2Fserverless-wasm", kill_on_drop: false }`
[INFO] [stderr] Cloning into bare repository '/workspace/cache/git-repos/https%3A%2F%2Fgithub.com%2FGeal%2Fserverless-wasm'...
[INFO] running `Command { std: "git" "rev-parse" "HEAD", kill_on_drop: false }`
[INFO] [stdout] 1fab6e2fdb41d4bc23f420220c40259eff8fa928
[INFO] documenting Geal/serverless-wasm against 1.75.0 for beta-1.76-rustdoc-1
[INFO] running `Command { std: "git" "clone" "/workspace/cache/git-repos/https%3A%2F%2Fgithub.com%2FGeal%2Fserverless-wasm" "/workspace/builds/worker-5-tc1/source", kill_on_drop: false }`
[INFO] [stderr] Cloning into '/workspace/builds/worker-5-tc1/source'...
[INFO] [stderr] done.
[INFO] validating manifest of git repo https://github.com/Geal/serverless-wasm on toolchain 1.75.0
[INFO] running `Command { std: CARGO_HOME="/workspace/cargo-home" RUSTUP_HOME="/workspace/rustup-home" "/workspace/cargo-home/bin/cargo" "+1.75.0" "metadata" "--manifest-path" "Cargo.toml" "--no-deps", kill_on_drop: false }`
[INFO] started tweaking git repo https://github.com/Geal/serverless-wasm
[INFO] finished tweaking git repo https://github.com/Geal/serverless-wasm
[INFO] tweaked toml for git repo https://github.com/Geal/serverless-wasm written to /workspace/builds/worker-5-tc1/source/Cargo.toml
[INFO] crate git repo https://github.com/Geal/serverless-wasm already has a lockfile, it will not be regenerated
[INFO] running `Command { std: CARGO_HOME="/workspace/cargo-home" RUSTUP_HOME="/workspace/rustup-home" "/workspace/cargo-home/bin/cargo" "+1.75.0" "fetch" "--manifest-path" "Cargo.toml", kill_on_drop: false }`
[INFO] [stderr]     Blocking waiting for file lock on package cache
[INFO] [stderr]     Updating crates.io index
[INFO] [stderr]     Updating git repository `https://github.com/geal/wasmi`
[INFO] [stderr]     Updating git submodule `https://github.com/WebAssembly/testsuite.git`
[INFO] [stderr]     Blocking waiting for file lock on package cache
[INFO] [stderr]  Downloading crates ...
[INFO] [stderr]   Downloaded rustc-demangle v0.1.8
[INFO] [stderr]   Downloaded backtrace v0.3.8
[INFO] [stderr]   Downloaded cc v1.0.15
[INFO] [stderr]   Downloaded brotli2 v0.2.2
[INFO] [stderr]   Downloaded stable_deref_trait v1.0.0
[INFO] [stderr]   Downloaded errno v0.2.3
[INFO] [stderr]   Downloaded parking_lot v0.5.4
[INFO] [stderr]   Downloaded itoa v0.4.1
[INFO] [stderr]   Downloaded base64 v0.7.0
[INFO] [stderr]   Downloaded failure_derive v0.1.1
[INFO] [stderr]   Downloaded mio v0.6.14
[INFO] [stderr]   Downloaded brotli-sys v0.2.1
[INFO] [stderr]   Downloaded chrono v0.4.2
[INFO] [stderr]   Downloaded rouille v2.1.0
[INFO] [stderr]   Downloaded syn v0.13.1
[INFO] [stderr]   Downloaded filetime v0.1.15
[INFO] [stderr]   Downloaded serde_json v1.0.16
[INFO] [stderr]   Downloaded smallvec v0.6.0
[INFO] [stderr]   Downloaded serde v1.0.42
[INFO] [stderr]   Downloaded toml v0.4.6
[INFO] [stderr]   Downloaded serde_derive v1.0.42
[INFO] [stderr]   Downloaded serde_derive_internals v0.23.1
[INFO] [stderr]   Downloaded parking_lot_core v0.2.13
[INFO] [stderr]   Downloaded raw-cpuid v3.1.0
[INFO] [stderr]   Downloaded proc-macro2 v0.3.6
[INFO] [stderr]   Downloaded mime_guess v1.8.4
[INFO] [stderr]   Downloaded failure v0.1.1
[INFO] [stderr]   Downloaded synstructure v0.6.1
[INFO] [stderr]   Downloaded region v0.2.0
[INFO] [stderr]   Downloaded cretonne-module v0.8.0
[INFO] [stderr]   Downloaded cretonne-simplejit v0.8.0
[INFO] [stderr]   Downloaded cretonne-frontend v0.8.0
[INFO] [stderr]   Downloaded cretonne-entity v0.8.0
[INFO] [stderr]   Downloaded cretonne-native v0.8.0
[INFO] [stderr]   Downloaded gzip-header v0.1.2
[INFO] [stderr]   Downloaded cretonne v0.8.0
[INFO] [stderr]   Downloaded cretonne-wasm v0.8.0
[INFO] [stderr]   Downloaded wasmparser v0.16.1
[INFO] [stderr]   Downloaded cretonne-codegen v0.8.0
[INFO] [stderr]   Downloaded backtrace-sys v0.1.21
[INFO] running `Command { std: "docker" "create" "-v" "/var/lib/crater-agent-workspace/builds/worker-5-tc1/target:/opt/rustwide/target:rw,Z" "-v" "/var/lib/crater-agent-workspace/builds/worker-5-tc1/source:/opt/rustwide/workdir:ro,Z" "-v" "/var/lib/crater-agent-workspace/cargo-home:/opt/rustwide/cargo-home:ro,Z" "-v" "/var/lib/crater-agent-workspace/rustup-home:/opt/rustwide/rustup-home:ro,Z" "-e" "SOURCE_DIR=/opt/rustwide/workdir" "-e" "CARGO_TARGET_DIR=/opt/rustwide/target" "-e" "CARGO_HOME=/opt/rustwide/cargo-home" "-e" "RUSTUP_HOME=/opt/rustwide/rustup-home" "-w" "/opt/rustwide/workdir" "-m" "1610612736" "--user" "0:0" "--network" "none" "ghcr.io/rust-lang/crates-build-env/linux@sha256:2788e3201cd34a07e3172128adcd8b3090168a8e3bcc40d7c032b9dda1df7d1c" "/opt/rustwide/cargo-home/bin/cargo" "+1.75.0" "metadata" "--no-deps" "--format-version=1", kill_on_drop: false }`
[INFO] [stdout] a30c37b9f60a300437f1cd9e9e581222cfbfe0dfed454488bd109929187d709b
[INFO] running `Command { std: "docker" "start" "-a" "a30c37b9f60a300437f1cd9e9e581222cfbfe0dfed454488bd109929187d709b", kill_on_drop: false }`
[INFO] running `Command { std: "docker" "inspect" "a30c37b9f60a300437f1cd9e9e581222cfbfe0dfed454488bd109929187d709b", kill_on_drop: false }`
[INFO] running `Command { std: "docker" "rm" "-f" "a30c37b9f60a300437f1cd9e9e581222cfbfe0dfed454488bd109929187d709b", kill_on_drop: false }`
[INFO] [stdout] a30c37b9f60a300437f1cd9e9e581222cfbfe0dfed454488bd109929187d709b
[INFO] running `Command { std: "docker" "create" "-v" "/var/lib/crater-agent-workspace/builds/worker-5-tc1/target:/opt/rustwide/target:rw,Z" "-v" "/var/lib/crater-agent-workspace/builds/worker-5-tc1/source:/opt/rustwide/workdir:ro,Z" "-v" "/var/lib/crater-agent-workspace/cargo-home:/opt/rustwide/cargo-home:ro,Z" "-v" "/var/lib/crater-agent-workspace/rustup-home:/opt/rustwide/rustup-home:ro,Z" "-e" "SOURCE_DIR=/opt/rustwide/workdir" "-e" "CARGO_TARGET_DIR=/opt/rustwide/target" "-e" "CARGO_INCREMENTAL=0" "-e" "RUST_BACKTRACE=full" "-e" "RUSTFLAGS=--cap-lints=warn" "-e" "RUSTDOCFLAGS=--cap-lints=warn" "-e" "CARGO_HOME=/opt/rustwide/cargo-home" "-e" "RUSTUP_HOME=/opt/rustwide/rustup-home" "-w" "/opt/rustwide/workdir" "-m" "1610612736" "--user" "0:0" "--network" "none" "ghcr.io/rust-lang/crates-build-env/linux@sha256:2788e3201cd34a07e3172128adcd8b3090168a8e3bcc40d7c032b9dda1df7d1c" "/opt/rustwide/cargo-home/bin/cargo" "+1.75.0" "doc" "--frozen" "--no-deps" "--document-private-items" "--message-format=json", kill_on_drop: false }`
[INFO] [stdout] 8879522b000702206088fe9dbd0fa29b2d7aca0cbf68afed72e8298d601dd8d7
[INFO] running `Command { std: "docker" "start" "-a" "8879522b000702206088fe9dbd0fa29b2d7aca0cbf68afed72e8298d601dd8d7", kill_on_drop: false }`
[INFO] [stderr]     Checking libc v0.2.40
[INFO] [stderr]     Checking cfg-if v0.1.2
[INFO] [stderr]    Compiling cc v1.0.15
[INFO] [stderr]    Compiling version_check v0.1.3
[INFO] [stderr]    Compiling unicode-xid v0.0.4
[INFO] [stderr]    Compiling quote v0.3.15
[INFO] [stderr]     Checking num-traits v0.2.2
[INFO] [stderr]     Checking rustc-demangle v0.1.8
[INFO] [stderr]    Compiling cretonne-codegen v0.8.0
[INFO] [stderr]    Compiling siphasher v0.2.2
[INFO] [stderr]     Checking encoding_index_tests v0.1.4
[INFO] [stderr]     Checking cretonne-entity v0.8.0
[INFO] [stderr]     Checking matches v0.1.6
[INFO] [stderr]    Compiling build_const v0.2.1
[INFO] [stderr]    Compiling unicode-xid v0.1.0
[INFO] [stderr]     Checking log v0.4.1
[INFO] [stderr]    Compiling synom v0.11.3
[INFO] [stderr]    Compiling proc-macro2 v0.3.6
[INFO] [stderr]    Compiling gcc v0.3.54
[INFO] [stderr]    Compiling winapi-build v0.1.1
[INFO] [stderr]    Compiling syn v0.11.11
[INFO] [stderr]    Compiling crc v1.7.0
[INFO] [stderr]     Checking byteorder v1.2.2
[INFO] [stderr]     Checking log v0.3.9
[INFO] [stderr]     Checking stable_deref_trait v1.0.0
[INFO] [stderr]    Compiling kernel32-sys v0.2.2
[INFO] [stderr]     Checking smallvec v0.6.0
[INFO] [stderr]     Checking safemem v0.2.0
[INFO] [stderr]     Checking owning_ref v0.3.3
[INFO] [stderr]     Checking mime v0.2.6
[INFO] [stderr]    Compiling unicase v1.4.2
[INFO] [stderr]     Checking unicode-bidi v0.3.4
[INFO] [stderr]     Checking encoding-index-tradchinese v1.20141219.5
[INFO] [stderr]     Checking encoding-index-japanese v1.20141219.5
[INFO] [stderr]     Checking rand v0.4.2
[INFO] [stderr]     Checking time v0.1.39
[INFO] [stderr]    Compiling quote v0.5.2
[INFO] [stderr]     Checking memchr v2.0.1
[INFO] [stderr]    Compiling syn v0.13.1
[INFO] [stderr] error: failed to run custom build command for `cretonne-codegen v0.8.0`
[INFO] [stderr] note: To improve backtraces for build dependencies, set the CARGO_PROFILE_DEV_BUILD_OVERRIDE_DEBUG=true environment variable to enable debug information generation.
[INFO] [stderr] 
[INFO] [stderr] Caused by:
[INFO] [stderr]   process didn't exit successfully: `/opt/rustwide/target/debug/build/cretonne-codegen-d1ef429d275e1f26/build-script-build` (exit status: 101)
[INFO] [stderr]   --- stdout
[INFO] [stderr]   cargo:rustc-cfg=build_riscv
[INFO] [stderr]   cargo:rustc-cfg=build_x86
[INFO] [stderr]   cargo:rustc-cfg=build_arm32
[INFO] [stderr]   cargo:rustc-cfg=build_arm64
[INFO] [stderr]   Build script generating files in /opt/rustwide/target/debug/build/cretonne-codegen-638c1e995a6b51a9/out
[INFO] [stderr]   cargo:rerun-if-changed=/opt/rustwide/cargo-home/registry/src/index.crates.io-6f17d22bba15001f/cretonne-codegen-0.8.0/build.rs
[INFO] [stderr] 
[INFO] [stderr]   --- stderr
[INFO] [stderr]   thread 'main' panicked at /opt/rustwide/cargo-home/registry/src/index.crates.io-6f17d22bba15001f/cretonne-codegen-0.8.0/build.rs:70:10:
[INFO] [stderr]   Failed to launch second-level build script: Os { code: 2, kind: NotFound, message: "No such file or directory" }
[INFO] [stderr]   stack backtrace:
[INFO] [stderr]      0:     0x560d0dd0411c - std::backtrace_rs::backtrace::libunwind::trace::ha637c64ce894333a
[INFO] [stderr]                                  at /rustc/82e1608dfa6e0b5569232559e3d385fea5a93112/library/std/src/../../backtrace/src/backtrace/libunwind.rs:104:5
[INFO] [stderr]      1:     0x560d0dd0411c - std::backtrace_rs::backtrace::trace_unsynchronized::h47f62dea28e0c88d
[INFO] [stderr]                                  at /rustc/82e1608dfa6e0b5569232559e3d385fea5a93112/library/std/src/../../backtrace/src/backtrace/mod.rs:66:5
[INFO] [stderr]      2:     0x560d0dd0411c - std::sys_common::backtrace::_print_fmt::h9eef0abe20ede486
[INFO] [stderr]                                  at /rustc/82e1608dfa6e0b5569232559e3d385fea5a93112/library/std/src/sys_common/backtrace.rs:67:5
[INFO] [stderr]      3:     0x560d0dd0411c - <std::sys_common::backtrace::_print::DisplayBacktrace as core::fmt::Display>::fmt::hed7f999df88cc644
[INFO] [stderr]                                  at /rustc/82e1608dfa6e0b5569232559e3d385fea5a93112/library/std/src/sys_common/backtrace.rs:44:22
[INFO] [stderr]      4:     0x560d0dd27210 - core::fmt::rt::Argument::fmt::h1539a9308b8d058d
[INFO] [stderr]                                  at /rustc/82e1608dfa6e0b5569232559e3d385fea5a93112/library/core/src/fmt/rt.rs:142:9
[INFO] [stderr]      5:     0x560d0dd27210 - core::fmt::write::h3a39390d8560d9c9
[INFO] [stderr]                                  at /rustc/82e1608dfa6e0b5569232559e3d385fea5a93112/library/core/src/fmt/mod.rs:1120:17
[INFO] [stderr]      6:     0x560d0dd0211f - std::io::Write::write_fmt::h5fc9997dfe05f882
[INFO] [stderr]                                  at /rustc/82e1608dfa6e0b5569232559e3d385fea5a93112/library/std/src/io/mod.rs:1762:15
[INFO] [stderr]      7:     0x560d0dd03f04 - std::sys_common::backtrace::_print::h894006fb5c6f3d45
[INFO] [stderr]                                  at /rustc/82e1608dfa6e0b5569232559e3d385fea5a93112/library/std/src/sys_common/backtrace.rs:47:5
[INFO] [stderr]      8:     0x560d0dd03f04 - std::sys_common::backtrace::print::h23a2d212c6fff936
[INFO] [stderr]                                  at /rustc/82e1608dfa6e0b5569232559e3d385fea5a93112/library/std/src/sys_common/backtrace.rs:34:9
[INFO] [stderr]      9:     0x560d0dd05417 - std::panicking::default_hook::{{closure}}::h8a1d2ee00185001a
[INFO] [stderr]     10:     0x560d0dd0517f - std::panicking::default_hook::h6038f2eba384e475
[INFO] [stderr]                                  at /rustc/82e1608dfa6e0b5569232559e3d385fea5a93112/library/std/src/panicking.rs:292:9
[INFO] [stderr]     11:     0x560d0dd05898 - std::panicking::rust_panic_with_hook::h2b5517d590cab22e
[INFO] [stderr]                                  at /rustc/82e1608dfa6e0b5569232559e3d385fea5a93112/library/std/src/panicking.rs:779:13
[INFO] [stderr]     12:     0x560d0dd0577e - std::panicking::begin_panic_handler::{{closure}}::h233112c06e0ef43e
[INFO] [stderr]                                  at /rustc/82e1608dfa6e0b5569232559e3d385fea5a93112/library/std/src/panicking.rs:657:13
[INFO] [stderr]     13:     0x560d0dd045e6 - std::sys_common::backtrace::__rust_end_short_backtrace::h6e893f24d7ebbff8
[INFO] [stderr]                                  at /rustc/82e1608dfa6e0b5569232559e3d385fea5a93112/library/std/src/sys_common/backtrace.rs:170:18
[INFO] [stderr]     14:     0x560d0dd054e2 - rust_begin_unwind
[INFO] [stderr]                                  at /rustc/82e1608dfa6e0b5569232559e3d385fea5a93112/library/std/src/panicking.rs:645:5
[INFO] [stderr]     15:     0x560d0dcd8205 - core::panicking::panic_fmt::hbf0e066aabfa482c
[INFO] [stderr]                                  at /rustc/82e1608dfa6e0b5569232559e3d385fea5a93112/library/core/src/panicking.rs:72:14
[INFO] [stderr]     16:     0x560d0dcd8753 - core::result::unwrap_failed::hddb4fea594200c52
[INFO] [stderr]                                  at /rustc/82e1608dfa6e0b5569232559e3d385fea5a93112/library/core/src/result.rs:1653:5
[INFO] [stderr]     17:     0x560d0dce2ebc - core::result::Result<T,E>::expect::h93514ba0d4eb5916
[INFO] [stderr]     18:     0x560d0dce4092 - build_script_build::main::h495807242f982293
[INFO] [stderr]     19:     0x560d0dce15f3 - core::ops::function::FnOnce::call_once::h627db676c6d325dc
[INFO] [stderr]     20:     0x560d0dcd98f6 - std::sys_common::backtrace::__rust_begin_short_backtrace::hb04c3ab1f480f97c
[INFO] [stderr]     21:     0x560d0dcdef99 - std::rt::lang_start::{{closure}}::h1bb75848574730ce
[INFO] [stderr]     22:     0x560d0dcfeb67 - core::ops::function::impls::<impl core::ops::function::FnOnce<A> for &F>::call_once::hd95060ecd5e1ca24
[INFO] [stderr]                                  at /rustc/82e1608dfa6e0b5569232559e3d385fea5a93112/library/core/src/ops/function.rs:284:13
[INFO] [stderr]     23:     0x560d0dcfeb67 - std::panicking::try::do_call::h6e8cf51db32a6e4b
[INFO] [stderr]                                  at /rustc/82e1608dfa6e0b5569232559e3d385fea5a93112/library/std/src/panicking.rs:552:40
[INFO] [stderr]     24:     0x560d0dcfeb67 - std::panicking::try::h3a52eefe24fe3c29
[INFO] [stderr]                                  at /rustc/82e1608dfa6e0b5569232559e3d385fea5a93112/library/std/src/panicking.rs:516:19
[INFO] [stderr]     25:     0x560d0dcfeb67 - std::panic::catch_unwind::h24c28c23c02c3841
[INFO] [stderr]                                  at /rustc/82e1608dfa6e0b5569232559e3d385fea5a93112/library/std/src/panic.rs:142:14
[INFO] [stderr]     26:     0x560d0dcfeb67 - std::rt::lang_start_internal::{{closure}}::h705d3c9cbc06ef47
[INFO] [stderr]                                  at /rustc/82e1608dfa6e0b5569232559e3d385fea5a93112/library/std/src/rt.rs:148:48
[INFO] [stderr]     27:     0x560d0dcfeb67 - std::panicking::try::do_call::ha21f52ba13158470
[INFO] [stderr]                                  at /rustc/82e1608dfa6e0b5569232559e3d385fea5a93112/library/std/src/panicking.rs:552:40
[INFO] [stderr]     28:     0x560d0dcfeb67 - std::panicking::try::h5581346bf6aeb1f8
[INFO] [stderr]                                  at /rustc/82e1608dfa6e0b5569232559e3d385fea5a93112/library/std/src/panicking.rs:516:19
[INFO] [stderr]     29:     0x560d0dcfeb67 - std::panic::catch_unwind::h7919645a6b72e25b
[INFO] [stderr]                                  at /rustc/82e1608dfa6e0b5569232559e3d385fea5a93112/library/std/src/panic.rs:142:14
[INFO] [stderr]     30:     0x560d0dcfeb67 - std::rt::lang_start_internal::h12de51168669836e
[INFO] [stderr]                                  at /rustc/82e1608dfa6e0b5569232559e3d385fea5a93112/library/std/src/rt.rs:148:20
[INFO] [stderr]     31:     0x560d0dcdef77 - std::rt::lang_start::hfd152b984e2df87a
[INFO] [stderr]     32:     0x560d0dce4d05 - main
[INFO] [stderr]     33:     0x7f5116463d90 - <unknown>
[INFO] [stderr]     34:     0x7f5116463e40 - __libc_start_main
[INFO] [stderr]     35:     0x560d0dcd8a15 - _start
[INFO] [stderr]     36:                0x0 - <unknown>
[INFO] [stderr] warning: build failed, waiting for other jobs to finish...
[INFO] running `Command { std: "docker" "inspect" "8879522b000702206088fe9dbd0fa29b2d7aca0cbf68afed72e8298d601dd8d7", kill_on_drop: false }`
[INFO] running `Command { std: "docker" "rm" "-f" "8879522b000702206088fe9dbd0fa29b2d7aca0cbf68afed72e8298d601dd8d7", kill_on_drop: false }`
[INFO] [stdout] 8879522b000702206088fe9dbd0fa29b2d7aca0cbf68afed72e8298d601dd8d7
[INFO] documenting Geal/serverless-wasm against beta-2023-12-22 for beta-1.76-rustdoc-1
[INFO] running `Command { std: "git" "clone" "/workspace/cache/git-repos/https%3A%2F%2Fgithub.com%2FGeal%2Fserverless-wasm" "/workspace/builds/worker-5-tc2/source", kill_on_drop: false }`
[INFO] [stderr] Cloning into '/workspace/builds/worker-5-tc2/source'...
[INFO] [stderr] done.
[INFO] validating manifest of git repo https://github.com/Geal/serverless-wasm on toolchain beta-2023-12-22
[INFO] running `Command { std: CARGO_HOME="/workspace/cargo-home" RUSTUP_HOME="/workspace/rustup-home" "/workspace/cargo-home/bin/cargo" "+beta-2023-12-22" "metadata" "--manifest-path" "Cargo.toml" "--no-deps", kill_on_drop: false }`
[INFO] started tweaking git repo https://github.com/Geal/serverless-wasm
[INFO] finished tweaking git repo https://github.com/Geal/serverless-wasm
[INFO] tweaked toml for git repo https://github.com/Geal/serverless-wasm written to /workspace/builds/worker-5-tc2/source/Cargo.toml
[INFO] crate git repo https://github.com/Geal/serverless-wasm already has a lockfile, it will not be regenerated
[INFO] running `Command { std: CARGO_HOME="/workspace/cargo-home" RUSTUP_HOME="/workspace/rustup-home" "/workspace/cargo-home/bin/cargo" "+beta-2023-12-22" "fetch" "--manifest-path" "Cargo.toml", kill_on_drop: false }`
[INFO] running `Command { std: "docker" "create" "-v" "/var/lib/crater-agent-workspace/builds/worker-5-tc2/target:/opt/rustwide/target:rw,Z" "-v" "/var/lib/crater-agent-workspace/builds/worker-5-tc2/source:/opt/rustwide/workdir:ro,Z" "-v" "/var/lib/crater-agent-workspace/cargo-home:/opt/rustwide/cargo-home:ro,Z" "-v" "/var/lib/crater-agent-workspace/rustup-home:/opt/rustwide/rustup-home:ro,Z" "-e" "SOURCE_DIR=/opt/rustwide/workdir" "-e" "CARGO_TARGET_DIR=/opt/rustwide/target" "-e" "CARGO_HOME=/opt/rustwide/cargo-home" "-e" "RUSTUP_HOME=/opt/rustwide/rustup-home" "-w" "/opt/rustwide/workdir" "-m" "1610612736" "--user" "0:0" "--network" "none" "ghcr.io/rust-lang/crates-build-env/linux@sha256:2788e3201cd34a07e3172128adcd8b3090168a8e3bcc40d7c032b9dda1df7d1c" "/opt/rustwide/cargo-home/bin/cargo" "+beta-2023-12-22" "metadata" "--no-deps" "--format-version=1", kill_on_drop: false }`
[INFO] [stdout] 45778e8577af973f54d3fc6d2a5508a98ca938afab1077bb22a3f78b6b011cb9
[INFO] running `Command { std: "docker" "start" "-a" "45778e8577af973f54d3fc6d2a5508a98ca938afab1077bb22a3f78b6b011cb9", kill_on_drop: false }`
[INFO] running `Command { std: "docker" "inspect" "45778e8577af973f54d3fc6d2a5508a98ca938afab1077bb22a3f78b6b011cb9", kill_on_drop: false }`
[INFO] running `Command { std: "docker" "rm" "-f" "45778e8577af973f54d3fc6d2a5508a98ca938afab1077bb22a3f78b6b011cb9", kill_on_drop: false }`
[INFO] [stdout] 45778e8577af973f54d3fc6d2a5508a98ca938afab1077bb22a3f78b6b011cb9
[INFO] running `Command { std: "docker" "create" "-v" "/var/lib/crater-agent-workspace/builds/worker-5-tc2/target:/opt/rustwide/target:rw,Z" "-v" "/var/lib/crater-agent-workspace/builds/worker-5-tc2/source:/opt/rustwide/workdir:ro,Z" "-v" "/var/lib/crater-agent-workspace/cargo-home:/opt/rustwide/cargo-home:ro,Z" "-v" "/var/lib/crater-agent-workspace/rustup-home:/opt/rustwide/rustup-home:ro,Z" "-e" "SOURCE_DIR=/opt/rustwide/workdir" "-e" "CARGO_TARGET_DIR=/opt/rustwide/target" "-e" "CARGO_INCREMENTAL=0" "-e" "RUST_BACKTRACE=full" "-e" "RUSTFLAGS=--cap-lints=warn" "-e" "RUSTDOCFLAGS=--cap-lints=warn" "-e" "CARGO_HOME=/opt/rustwide/cargo-home" "-e" "RUSTUP_HOME=/opt/rustwide/rustup-home" "-w" "/opt/rustwide/workdir" "-m" "1610612736" "--user" "0:0" "--network" "none" "ghcr.io/rust-lang/crates-build-env/linux@sha256:2788e3201cd34a07e3172128adcd8b3090168a8e3bcc40d7c032b9dda1df7d1c" "/opt/rustwide/cargo-home/bin/cargo" "+beta-2023-12-22" "doc" "--frozen" "--no-deps" "--document-private-items" "--message-format=json", kill_on_drop: false }`
[INFO] [stdout] 4bdd914198ebcea362fd5a409e6b8505b795d25d7f69b455e1e486806113cce5
[INFO] running `Command { std: "docker" "start" "-a" "4bdd914198ebcea362fd5a409e6b8505b795d25d7f69b455e1e486806113cce5", kill_on_drop: false }`
[INFO] [stderr]     Checking libc v0.2.40
[INFO] [stderr]     Checking cfg-if v0.1.2
[INFO] [stderr]    Compiling cc v1.0.15
[INFO] [stderr]    Compiling version_check v0.1.3
[INFO] [stderr]    Compiling unicode-xid v0.0.4
[INFO] [stderr]    Compiling quote v0.3.15
[INFO] [stderr]     Checking num-traits v0.2.2
[INFO] [stderr]     Checking rustc-demangle v0.1.8
[INFO] [stderr]    Compiling cretonne-codegen v0.8.0
[INFO] [stderr]    Compiling siphasher v0.2.2
[INFO] [stderr]     Checking encoding_index_tests v0.1.4
[INFO] [stderr]     Checking cretonne-entity v0.8.0
[INFO] [stderr]    Compiling build_const v0.2.1
[INFO] [stderr]    Compiling unicode-xid v0.1.0
[INFO] [stderr]     Checking matches v0.1.6
[INFO] [stderr]    Compiling synom v0.11.3
[INFO] [stderr]     Checking log v0.4.1
[INFO] [stderr]    Compiling winapi-build v0.1.1
[INFO] [stderr]    Compiling proc-macro2 v0.3.6
[INFO] [stderr]    Compiling gcc v0.3.54
[INFO] [stderr]    Compiling crc v1.7.0
[INFO] [stderr]     Checking byteorder v1.2.2
[INFO] [stderr]    Compiling kernel32-sys v0.2.2
[INFO] [stderr]    Compiling syn v0.11.11
[INFO] [stderr]     Checking log v0.3.9
[INFO] [stderr]     Checking stable_deref_trait v1.0.0
[INFO] [stderr]     Checking rand v0.4.2
[INFO] [stderr]     Checking time v0.1.39
[INFO] [stderr]     Checking smallvec v0.6.0
[INFO] [stderr]     Checking rustc-serialize v0.3.24
[INFO] [stderr]    Compiling unicase v1.4.2
[INFO] [stderr]     Checking safemem v0.2.0
[INFO] [stderr]     Checking mime v0.2.6
[INFO] [stderr]    Compiling quote v0.5.2
[INFO] [stderr] error: failed to run custom build command for `cretonne-codegen v0.8.0`
[INFO] [stderr] note: To improve backtraces for build dependencies, set the CARGO_PROFILE_DEV_BUILD_OVERRIDE_DEBUG=true environment variable to enable debug information generation.
[INFO] [stderr] 
[INFO] [stderr] Caused by:
[INFO] [stderr]   process didn't exit successfully: `/opt/rustwide/target/debug/build/cretonne-codegen-4b2ce32c3c47c55a/build-script-build` (exit status: 101)
[INFO] [stderr]   --- stdout
[INFO] [stderr]   cargo:rustc-cfg=build_riscv
[INFO] [stderr]   cargo:rustc-cfg=build_x86
[INFO] [stderr]   cargo:rustc-cfg=build_arm32
[INFO] [stderr]   cargo:rustc-cfg=build_arm64
[INFO] [stderr]   Build script generating files in /opt/rustwide/target/debug/build/cretonne-codegen-49537aed5ad96107/out
[INFO] [stderr]   cargo:rerun-if-changed=/opt/rustwide/cargo-home/registry/src/index.crates.io-6f17d22bba15001f/cretonne-codegen-0.8.0/build.rs
[INFO] [stderr] 
[INFO] [stderr]   --- stderr
[INFO] [stderr]   thread 'main' panicked at /opt/rustwide/cargo-home/registry/src/index.crates.io-6f17d22bba15001f/cretonne-codegen-0.8.0/build.rs:70:10:
[INFO] [stderr]   Failed to launch second-level build script: Os { code: 2, kind: NotFound, message: "No such file or directory" }
[INFO] [stderr]   stack backtrace:
[INFO] [stderr]      0:     0x5635724e5266 - std::backtrace_rs::backtrace::libunwind::trace::h261606ad26a499c1
[INFO] [stderr]                                  at /rustc/0e09125c6c3c2fd70d7de961bcf0e51575235fad/library/std/src/../../backtrace/src/backtrace/libunwind.rs:104:5
[INFO] [stderr]      1:     0x5635724e5266 - std::backtrace_rs::backtrace::trace_unsynchronized::hd183f0625477fb28
[INFO] [stderr]                                  at /rustc/0e09125c6c3c2fd70d7de961bcf0e51575235fad/library/std/src/../../backtrace/src/backtrace/mod.rs:66:5
[INFO] [stderr]      2:     0x5635724e5266 - std::sys_common::backtrace::_print_fmt::hd7f8fef21b4eda67
[INFO] [stderr]                                  at /rustc/0e09125c6c3c2fd70d7de961bcf0e51575235fad/library/std/src/sys_common/backtrace.rs:68:5
[INFO] [stderr]      3:     0x5635724e5266 - <std::sys_common::backtrace::_print::DisplayBacktrace as core::fmt::Display>::fmt::h623d9b51f2f453f1
[INFO] [stderr]                                  at /rustc/0e09125c6c3c2fd70d7de961bcf0e51575235fad/library/std/src/sys_common/backtrace.rs:44:22
[INFO] [stderr]      4:     0x563572507680 - core::fmt::rt::Argument::fmt::h9f417ac76a86f368
[INFO] [stderr]                                  at /rustc/0e09125c6c3c2fd70d7de961bcf0e51575235fad/library/core/src/fmt/rt.rs:142:9
[INFO] [stderr]      5:     0x563572507680 - core::fmt::write::hc9b6faf4ac2aeff7
[INFO] [stderr]                                  at /rustc/0e09125c6c3c2fd70d7de961bcf0e51575235fad/library/core/src/fmt/mod.rs:1120:17
[INFO] [stderr]      6:     0x5635724e332f - std::io::Write::write_fmt::hfead1eee52c2e65e
[INFO] [stderr]                                  at /rustc/0e09125c6c3c2fd70d7de961bcf0e51575235fad/library/std/src/io/mod.rs:1810:15
[INFO] [stderr]      7:     0x5635724e5044 - std::sys_common::backtrace::_print::hd5d66399c7df88a2
[INFO] [stderr]                                  at /rustc/0e09125c6c3c2fd70d7de961bcf0e51575235fad/library/std/src/sys_common/backtrace.rs:47:5
[INFO] [stderr]      8:     0x5635724e5044 - std::sys_common::backtrace::print::he81ed2da642d37e5
[INFO] [stderr]                                  at /rustc/0e09125c6c3c2fd70d7de961bcf0e51575235fad/library/std/src/sys_common/backtrace.rs:34:9
[INFO] [stderr]      9:     0x5635724e65a7 - std::panicking::default_hook::{{closure}}::h85773f4fa117163d
[INFO] [stderr]     10:     0x5635724e6309 - std::panicking::default_hook::h6a1694a91d09b278
[INFO] [stderr]                                  at /rustc/0e09125c6c3c2fd70d7de961bcf0e51575235fad/library/std/src/panicking.rs:292:9
[INFO] [stderr]     11:     0x5635724e6a38 - std::panicking::rust_panic_with_hook::h0a7ad96e90f7145b
[INFO] [stderr]                                  at /rustc/0e09125c6c3c2fd70d7de961bcf0e51575235fad/library/std/src/panicking.rs:779:13
[INFO] [stderr]     12:     0x5635724e6912 - std::panicking::begin_panic_handler::{{closure}}::h7919090525c6485e
[INFO] [stderr]                                  at /rustc/0e09125c6c3c2fd70d7de961bcf0e51575235fad/library/std/src/panicking.rs:657:13
[INFO] [stderr]     13:     0x5635724e5766 - std::sys_common::backtrace::__rust_end_short_backtrace::hf3289479464f7dfe
[INFO] [stderr]                                  at /rustc/0e09125c6c3c2fd70d7de961bcf0e51575235fad/library/std/src/sys_common/backtrace.rs:171:18
[INFO] [stderr]     14:     0x5635724e6670 - rust_begin_unwind
[INFO] [stderr]                                  at /rustc/0e09125c6c3c2fd70d7de961bcf0e51575235fad/library/std/src/panicking.rs:645:5
[INFO] [stderr]     15:     0x5635724b91f5 - core::panicking::panic_fmt::hcc9f77c5c132af55
[INFO] [stderr]                                  at /rustc/0e09125c6c3c2fd70d7de961bcf0e51575235fad/library/core/src/panicking.rs:72:14
[INFO] [stderr]     16:     0x5635724b9753 - core::result::unwrap_failed::hbe14f498be1452f9
[INFO] [stderr]                                  at /rustc/0e09125c6c3c2fd70d7de961bcf0e51575235fad/library/core/src/result.rs:1649:5
[INFO] [stderr]     17:     0x5635724bb16c - core::result::Result<T,E>::expect::hc5bb97d3dfe291a8
[INFO] [stderr]     18:     0x5635724be2c2 - build_script_build::main::hd1aecbed1f49aff3
[INFO] [stderr]     19:     0x5635724ba2a3 - core::ops::function::FnOnce::call_once::h25aa14bbcb11629e
[INFO] [stderr]     20:     0x5635724c49d6 - std::sys_common::backtrace::__rust_begin_short_backtrace::hdec1ed1bba6a55a1
[INFO] [stderr]     21:     0x5635724ba189 - std::rt::lang_start::{{closure}}::hdfdf2f597be84bd1
[INFO] [stderr]     22:     0x5635724dfc41 - core::ops::function::impls::<impl core::ops::function::FnOnce<A> for &F>::call_once::h4eb4c5e1620f29b0
[INFO] [stderr]                                  at /rustc/0e09125c6c3c2fd70d7de961bcf0e51575235fad/library/core/src/ops/function.rs:284:13
[INFO] [stderr]     23:     0x5635724dfc41 - std::panicking::try::do_call::h73fd26535faffcdf
[INFO] [stderr]                                  at /rustc/0e09125c6c3c2fd70d7de961bcf0e51575235fad/library/std/src/panicking.rs:552:40
[INFO] [stderr]     24:     0x5635724dfc41 - std::panicking::try::h77ff1d98f0fb9f39
[INFO] [stderr]                                  at /rustc/0e09125c6c3c2fd70d7de961bcf0e51575235fad/library/std/src/panicking.rs:516:19
[INFO] [stderr]     25:     0x5635724dfc41 - std::panic::catch_unwind::hab3caf2448b95e37
[INFO] [stderr]                                  at /rustc/0e09125c6c3c2fd70d7de961bcf0e51575235fad/library/std/src/panic.rs:142:14
[INFO] [stderr]     26:     0x5635724dfc41 - std::rt::lang_start_internal::{{closure}}::h8086711f9c783f78
[INFO] [stderr]                                  at /rustc/0e09125c6c3c2fd70d7de961bcf0e51575235fad/library/std/src/rt.rs:148:48
[INFO] [stderr]     27:     0x5635724dfc41 - std::panicking::try::do_call::hf920d4dc291cd6ca
[INFO] [stderr]                                  at /rustc/0e09125c6c3c2fd70d7de961bcf0e51575235fad/library/std/src/panicking.rs:552:40
[INFO] [stderr]     28:     0x5635724dfc41 - std::panicking::try::h2b806ccc0a85db74
[INFO] [stderr]                                  at /rustc/0e09125c6c3c2fd70d7de961bcf0e51575235fad/library/std/src/panicking.rs:516:19
[INFO] [stderr]     29:     0x5635724dfc41 - std::panic::catch_unwind::h038489539c507df2
[INFO] [stderr]                                  at /rustc/0e09125c6c3c2fd70d7de961bcf0e51575235fad/library/std/src/panic.rs:142:14
[INFO] [stderr]     30:     0x5635724dfc41 - std::rt::lang_start_internal::h28503b88912e8a5c
[INFO] [stderr]                                  at /rustc/0e09125c6c3c2fd70d7de961bcf0e51575235fad/library/std/src/rt.rs:148:20
[INFO] [stderr]     31:     0x5635724ba167 - std::rt::lang_start::h2c34605764910751
[INFO] [stderr]     32:     0x5635724bef25 - main
[INFO] [stderr]     33:     0x7f232631ad90 - <unknown>
[INFO] [stderr]     34:     0x7f232631ae40 - __libc_start_main
[INFO] [stderr]     35:     0x5635724b9a15 - _start
[INFO] [stderr]     36:                0x0 - <unknown>
[INFO] [stderr] warning: build failed, waiting for other jobs to finish...
[INFO] [stdout] error[E0310]: the parameter type `T` may not live long enough
[INFO] [stdout]     --> /opt/rustwide/cargo-home/registry/src/index.crates.io-6f17d22bba15001f/rustc-serialize-0.3.24/src/serialize.rs:1155:5
[INFO] [stdout]      |
[INFO] [stdout] 1155 |     fn decode<D: Decoder>(d: &mut D) -> Result<Cow<'static, T>, D::Error> {
[INFO] [stdout]      |     ^^^^^^^^^^^^^^^^^^^^^^^^^^^^^^^^^^^^^^^^^^^^^^^^^^^^^^^^^^^^^^^^^^^^^
[INFO] [stdout]      |     |
[INFO] [stdout]      |     the parameter type `T` must be valid for the static lifetime...
[INFO] [stdout]      |     ...so that the type `T` will meet its required lifetime bounds...
[INFO] [stdout]      |
[INFO] [stdout] note: ...that is required by this bound
[INFO] [stdout]     --> /rustc/0e09125c6c3c2fd70d7de961bcf0e51575235fad/library/alloc/src/borrow.rs:180:30
[INFO] [stdout] help: consider adding an explicit lifetime bound
[INFO] [stdout]      |
[INFO] [stdout] 1151 | impl<'a, T: ?Sized + 'static> Decodable for Cow<'a, T>
[INFO] [stdout]      |                    +++++++++
[INFO] [stdout] 
[INFO] [stdout] 
[INFO] [stdout] error: aborting due to 1 previous error
[INFO] [stdout] 
[INFO] [stdout] 
[INFO] [stdout] For more information about this error, try `rustc --explain E0310`.
[INFO] [stdout] 
[INFO] [stderr] error: could not compile `rustc-serialize` (lib) due to 2 previous errors
[INFO] running `Command { std: "docker" "inspect" "4bdd914198ebcea362fd5a409e6b8505b795d25d7f69b455e1e486806113cce5", kill_on_drop: false }`
[INFO] running `Command { std: "docker" "rm" "-f" "4bdd914198ebcea362fd5a409e6b8505b795d25d7f69b455e1e486806113cce5", kill_on_drop: false }`
[INFO] [stdout] 4bdd914198ebcea362fd5a409e6b8505b795d25d7f69b455e1e486806113cce5
