[INFO] cloning repository https://github.com/Garmelon/tablejohn
[INFO] running `Command { std: "git" "-c" "credential.helper=" "-c" "credential.helper=/workspace/cargo-home/bin/git-credential-null" "clone" "--bare" "https://github.com/Garmelon/tablejohn" "/workspace/cache/git-repos/https%3A%2F%2Fgithub.com%2FGarmelon%2Ftablejohn", kill_on_drop: false }`
[INFO] [stderr] Cloning into bare repository '/workspace/cache/git-repos/https%3A%2F%2Fgithub.com%2FGarmelon%2Ftablejohn'...
[INFO] running `Command { std: "git" "rev-parse" "HEAD", kill_on_drop: false }`
[INFO] [stdout] d116950a9347a6789f48599b6490b0de4a15ecbb
[INFO] documenting Garmelon/tablejohn against 1.75.0 for beta-1.76-rustdoc-1
[INFO] running `Command { std: "git" "clone" "/workspace/cache/git-repos/https%3A%2F%2Fgithub.com%2FGarmelon%2Ftablejohn" "/workspace/builds/worker-3-tc1/source", kill_on_drop: false }`
[INFO] [stderr] Cloning into '/workspace/builds/worker-3-tc1/source'...
[INFO] [stderr] done.
[INFO] validating manifest of git repo https://github.com/Garmelon/tablejohn on toolchain 1.75.0
[INFO] running `Command { std: CARGO_HOME="/workspace/cargo-home" RUSTUP_HOME="/workspace/rustup-home" "/workspace/cargo-home/bin/cargo" "+1.75.0" "metadata" "--manifest-path" "Cargo.toml" "--no-deps", kill_on_drop: false }`
[INFO] started tweaking git repo https://github.com/Garmelon/tablejohn
[INFO] finished tweaking git repo https://github.com/Garmelon/tablejohn
[INFO] tweaked toml for git repo https://github.com/Garmelon/tablejohn written to /workspace/builds/worker-3-tc1/source/Cargo.toml
[INFO] crate git repo https://github.com/Garmelon/tablejohn already has a lockfile, it will not be regenerated
[INFO] running `Command { std: CARGO_HOME="/workspace/cargo-home" RUSTUP_HOME="/workspace/rustup-home" "/workspace/cargo-home/bin/cargo" "+1.75.0" "fetch" "--manifest-path" "Cargo.toml", kill_on_drop: false }`
[INFO] [stderr]     Updating crates.io index
[INFO] [stderr]  Downloading crates ...
[INFO] [stderr]   Downloaded askama_axum v0.3.0
[INFO] [stderr]   Downloaded sqlx-postgres v0.7.2
[INFO] [stderr]   Downloaded gix-commitgraph v0.22.0
[INFO] [stderr]   Downloaded sqlx-mysql v0.7.2
[INFO] [stderr]   Downloaded gix-worktree-stream v0.6.0
[INFO] [stderr]   Downloaded gethostname v0.4.3
[INFO] [stderr]   Downloaded sqlx v0.7.2
[INFO] [stderr]   Downloaded sqlx-core v0.7.2
[INFO] [stderr]   Downloaded gix-attributes v0.20.0
[INFO] [stderr]   Downloaded gix-ignore v0.9.0
[INFO] [stderr]   Downloaded sqlx-macros v0.7.2
[INFO] [stderr]   Downloaded axum-extra v0.8.0
[INFO] [stderr]   Downloaded sqlx-macros-core v0.7.2
[INFO] [stderr]   Downloaded humanize-rs v0.1.5
[INFO] [stderr]   Downloaded vergen v8.2.5
[INFO] [stderr]   Downloaded gix-url v0.25.1
[INFO] [stderr]   Downloaded sqlx-sqlite v0.7.2
[INFO] [stderr]   Downloaded serde-humanize-rs v0.1.1
[INFO] [stderr]   Downloaded gix-pathspec v0.4.0
[INFO] running `Command { std: "docker" "create" "-v" "/var/lib/crater-agent-workspace/builds/worker-3-tc1/target:/opt/rustwide/target:rw,Z" "-v" "/var/lib/crater-agent-workspace/builds/worker-3-tc1/source:/opt/rustwide/workdir:ro,Z" "-v" "/var/lib/crater-agent-workspace/cargo-home:/opt/rustwide/cargo-home:ro,Z" "-v" "/var/lib/crater-agent-workspace/rustup-home:/opt/rustwide/rustup-home:ro,Z" "-e" "SOURCE_DIR=/opt/rustwide/workdir" "-e" "CARGO_TARGET_DIR=/opt/rustwide/target" "-e" "CARGO_HOME=/opt/rustwide/cargo-home" "-e" "RUSTUP_HOME=/opt/rustwide/rustup-home" "-w" "/opt/rustwide/workdir" "-m" "1610612736" "--user" "0:0" "--network" "none" "ghcr.io/rust-lang/crates-build-env/linux@sha256:2788e3201cd34a07e3172128adcd8b3090168a8e3bcc40d7c032b9dda1df7d1c" "/opt/rustwide/cargo-home/bin/cargo" "+1.75.0" "metadata" "--no-deps" "--format-version=1", kill_on_drop: false }`
[INFO] [stdout] 703e1cdd2f59e90810df2f7ae2e47c510ac530326994ce694b612f2a6134b5d3
[INFO] running `Command { std: "docker" "start" "-a" "703e1cdd2f59e90810df2f7ae2e47c510ac530326994ce694b612f2a6134b5d3", kill_on_drop: false }`
[INFO] running `Command { std: "docker" "inspect" "703e1cdd2f59e90810df2f7ae2e47c510ac530326994ce694b612f2a6134b5d3", kill_on_drop: false }`
[INFO] running `Command { std: "docker" "rm" "-f" "703e1cdd2f59e90810df2f7ae2e47c510ac530326994ce694b612f2a6134b5d3", kill_on_drop: false }`
[INFO] [stdout] 703e1cdd2f59e90810df2f7ae2e47c510ac530326994ce694b612f2a6134b5d3
[INFO] running `Command { std: "docker" "create" "-v" "/var/lib/crater-agent-workspace/builds/worker-3-tc1/target:/opt/rustwide/target:rw,Z" "-v" "/var/lib/crater-agent-workspace/builds/worker-3-tc1/source:/opt/rustwide/workdir:ro,Z" "-v" "/var/lib/crater-agent-workspace/cargo-home:/opt/rustwide/cargo-home:ro,Z" "-v" "/var/lib/crater-agent-workspace/rustup-home:/opt/rustwide/rustup-home:ro,Z" "-e" "SOURCE_DIR=/opt/rustwide/workdir" "-e" "CARGO_TARGET_DIR=/opt/rustwide/target" "-e" "CARGO_INCREMENTAL=0" "-e" "RUST_BACKTRACE=full" "-e" "RUSTFLAGS=--cap-lints=warn" "-e" "RUSTDOCFLAGS=--cap-lints=warn" "-e" "CARGO_HOME=/opt/rustwide/cargo-home" "-e" "RUSTUP_HOME=/opt/rustwide/rustup-home" "-w" "/opt/rustwide/workdir" "-m" "1610612736" "--user" "0:0" "--network" "none" "ghcr.io/rust-lang/crates-build-env/linux@sha256:2788e3201cd34a07e3172128adcd8b3090168a8e3bcc40d7c032b9dda1df7d1c" "/opt/rustwide/cargo-home/bin/cargo" "+1.75.0" "doc" "--frozen" "--no-deps" "--document-private-items" "--message-format=json", kill_on_drop: false }`
[INFO] [stdout] 96449e3f69abd429e9f8afd25544531bf4faa5395a2984bca7178941d5e9c0ea
[INFO] running `Command { std: "docker" "start" "-a" "96449e3f69abd429e9f8afd25544531bf4faa5395a2984bca7178941d5e9c0ea", kill_on_drop: false }`
[INFO] [stderr]    Compiling libc v0.2.149
[INFO] [stderr]    Compiling proc-macro2 v1.0.69
[INFO] [stderr]    Compiling unicode-ident v1.0.12
[INFO] [stderr]    Compiling autocfg v1.1.0
[INFO] [stderr]     Checking cfg-if v1.0.0
[INFO] [stderr]    Compiling version_check v0.9.4
[INFO] [stderr]     Checking once_cell v1.18.0
[INFO] [stderr]    Compiling serde v1.0.189
[INFO] [stderr]     Checking memchr v2.6.4
[INFO] [stderr]    Compiling parking_lot_core v0.9.9
[INFO] [stderr]     Checking scopeguard v1.2.0
[INFO] [stderr]    Compiling thiserror v1.0.50
[INFO] [stderr]     Checking bytes v1.5.0
[INFO] [stderr]     Checking smallvec v1.11.1
[INFO] [stderr]    Compiling crossbeam-utils v0.8.16
[INFO] [stderr]    Compiling crossbeam-queue v0.3.8
[INFO] [stderr]     Checking itoa v1.0.9
[INFO] [stderr]     Checking regex-syntax v0.8.2
[INFO] [stderr]    Compiling futures-core v0.3.28
[INFO] [stderr]    Compiling time-core v0.1.2
[INFO] [stderr]    Compiling rayon-core v1.12.0
[INFO] [stderr]    Compiling crc32fast v1.3.2
[INFO] [stderr]    Compiling time-macros v0.2.15
[INFO] [stderr]     Checking same-file v1.0.6
[INFO] [stderr]    Compiling ahash v0.8.3
[INFO] [stderr]     Checking adler v1.0.2
[INFO] [stderr]     Checking gix-trace v0.1.3
[INFO] [stderr]    Compiling typenum v1.17.0
[INFO] [stderr]    Compiling lock_api v0.4.11
[INFO] [stderr]    Compiling memoffset v0.9.0
[INFO] [stderr]    Compiling crossbeam-epoch v0.9.15
[INFO] [stderr]    Compiling num-traits v0.2.17
[INFO] [stderr]     Checking walkdir v2.4.0
[INFO] [stderr]     Checking miniz_oxide v0.7.1
[INFO] [stderr]     Checking prodash v26.2.2
[INFO] [stderr]     Checking aho-corasick v1.1.2
[INFO] [stderr]     Checking crossbeam-channel v0.5.8
[INFO] [stderr]     Checking sha1_smol v1.0.0
[INFO] [stderr]    Compiling generic-array v0.14.7
[INFO] [stderr]    Compiling slab v0.4.9
[INFO] [stderr]     Checking powerfmt v0.2.0
[INFO] [stderr]    Compiling quote v1.0.33
[INFO] [stderr]    Compiling futures-task v0.3.28
[INFO] [stderr]     Checking flate2 v1.0.28
[INFO] [stderr]     Checking num_threads v0.1.6
[INFO] [stderr]     Checking bitflags v2.4.1
[INFO] [stderr]     Checking crossbeam-deque v0.8.3
[INFO] [stderr]    Compiling syn v2.0.38
[INFO] [stderr]     Checking allocator-api2 v0.2.16
[INFO] [stderr]     Checking pin-project-lite v0.2.13
[INFO] [stderr]     Checking winnow v0.5.17
[INFO] [stderr]     Checking crossbeam v0.8.2
[INFO] [stderr]     Checking futures-sink v0.3.28
[INFO] [stderr]     Checking getrandom v0.2.10
[INFO] [stderr]    Compiling cc v1.0.83
[INFO] [stderr]    Compiling futures-channel v0.3.28
[INFO] [stderr]     Checking home v0.5.5
[INFO] [stderr]    Compiling futures-util v0.3.28
[INFO] [stderr]    Compiling rustix v0.38.20
[INFO] [stderr]     Checking memmap2 v0.7.1
[INFO] [stderr]     Checking parking_lot v0.12.1
[INFO] [stderr]     Checking linux-raw-sys v0.4.10
[INFO] [stderr]     Checking percent-encoding v2.3.0
[INFO] [stderr]     Checking pin-utils v0.1.0
[INFO] [stderr]     Checking futures-io v0.3.28
[INFO] [stderr]     Checking log v0.4.20
[INFO] [stderr]    Compiling rustversion v1.0.14
[INFO] [stderr]     Checking num_cpus v1.16.0
[INFO] [stderr]     Checking hashbrown v0.14.2
[INFO] [stderr]     Checking socket2 v0.5.5
[INFO] [stderr]     Checking signal-hook-registry v1.4.1
[INFO] [stderr]     Checking mio v0.8.8
[INFO] [stderr]    Compiling serde_json v1.0.107
[INFO] [stderr]     Checking fastrand v2.0.1
[INFO] [stderr]     Checking form_urlencoded v1.2.0
[INFO] [stderr]     Checking tracing-core v0.1.32
[INFO] [stderr]     Checking fnv v1.0.7
[INFO] [stderr]     Checking btoi v0.4.3
[INFO] [stderr]     Checking http v0.2.9
[INFO] [stderr]    Compiling minimal-lexical v0.2.1
[INFO] [stderr]     Checking regex-automata v0.4.3
[INFO] [stderr]     Checking tinyvec_macros v0.1.1
[INFO] [stderr]     Checking tinyvec v1.6.0
[INFO] [stderr]    Compiling unicase v2.7.0
[INFO] [stderr]    Compiling nom v7.1.3
[INFO] [stderr]     Checking cpufeatures v0.2.10
[INFO] [stderr]    Compiling deranged v0.3.9
[INFO] [stderr]    Compiling ring v0.16.20
[INFO] [stderr]    Compiling paste v1.0.14
[INFO] [stderr]    Compiling vcpkg v0.2.15
[INFO] [stderr]    Compiling pkg-config v0.3.27
[INFO] [stderr]     Checking unicode-bom v2.0.2
[INFO] [stderr]    Compiling unicode-segmentation v1.10.1
[INFO] [stderr]     Checking ryu v1.0.15
[INFO] [stderr]     Checking unicode-normalization v0.1.22
[INFO] [stderr]     Checking unicode-bidi v0.3.13
[INFO] [stderr]     Checking crypto-common v0.1.6
[INFO] [stderr]     Checking block-buffer v0.10.4
[INFO] [stderr]     Checking digest v0.10.7
[INFO] [stderr]     Checking gix-utils v0.1.5
[INFO] [stderr]    Compiling indexmap v1.9.3
[INFO] [stderr]    Compiling heck v0.4.1
[INFO] [stderr]     Checking equivalent v1.0.1
[INFO] [stderr]    Compiling sha2 v0.10.8
[INFO] [stderr]     Checking idna v0.4.0
[INFO] [stderr]     Checking static_assertions v1.1.0
[INFO] [stderr]     Checking tower-service v0.3.2
[INFO] [stderr]     Checking kstring v2.0.0
[INFO] [stderr]    Compiling time v0.3.30
[INFO] [stderr]    Compiling libsqlite3-sys v0.26.0
[INFO] [stderr]     Checking indexmap v2.0.2
[INFO] [stderr]     Checking http-body v0.4.5
[INFO] [stderr]     Checking url v2.4.1
[INFO] [stderr]     Checking tempfile v3.8.0
[INFO] [stderr]    Compiling httparse v1.8.0
[INFO] [stderr]     Checking hashbrown v0.12.3
[INFO] [stderr]     Checking untrusted v0.7.1
[INFO] [stderr]     Checking mime v0.3.17
[INFO] [stderr]     Checking spin v0.5.2
[INFO] [stderr]    Compiling mime_guess v2.0.4
[INFO] [stderr]    Compiling anyhow v1.0.75
[INFO] [stderr]    Compiling tokio v1.33.0
[INFO] [stderr]     Checking bstr v1.7.0
[INFO] [stderr]     Checking base64 v0.21.4
[INFO] [stderr]    Compiling unicode_categories v0.1.1
[INFO] [stderr]     Checking httpdate v1.0.3
[INFO] [stderr]     Checking try-lock v0.2.4
[INFO] [stderr]    Compiling crc-catalog v2.2.0
[INFO] [stderr]    Compiling async-trait v0.1.74
[INFO] [stderr]     Checking want v0.3.1
[INFO] [stderr]    Compiling crc v3.0.1
[INFO] [stderr]    Compiling futures-intrusive v0.5.0
[INFO] [stderr]    Compiling atoi v2.0.0
[INFO] [stderr]    Compiling hashlink v0.8.4
[INFO] [stderr]    Compiling axum-core v0.3.4
[INFO] [stderr]    Compiling spin v0.9.8
[INFO] [stderr]     Checking socket2 v0.4.10
[INFO] [stderr]    Compiling byteorder v1.5.0
[INFO] [stderr]     Checking tower-layer v0.3.2
[INFO] [stderr]    Compiling libm v0.2.8
[INFO] [stderr]    Compiling syn v1.0.109
[INFO] [stderr]    Compiling dotenvy v0.15.7
[INFO] [stderr]    Compiling rustls v0.21.7
[INFO] [stderr]    Compiling hex v0.4.3
[INFO] [stderr]    Compiling event-listener v2.5.3
[INFO] [stderr]    Compiling flume v0.11.0
[INFO] [stderr]    Compiling vergen v8.2.5
[INFO] [stderr]    Compiling dirs-sys v0.3.7
[INFO] [stderr]     Checking filetime v0.2.22
[INFO] [stderr]     Checking gix-sec v0.10.0
[INFO] [stderr]     Checking encoding_rs v0.8.33
[INFO] [stderr]     Checking utf8parse v0.2.1
[INFO] [stderr]     Checking arrayvec v0.7.4
[INFO] [stderr]     Checking anstyle-parse v0.2.2
[INFO] [stderr]     Checking sct v0.7.0
[INFO] [stderr]     Checking rustls-webpki v0.101.6
[INFO] [stderr]     Checking uluru v3.0.0
[INFO] [stderr]    Compiling dirs v4.0.0
[INFO] [stderr]     Checking gix-command v0.2.10
[INFO] [stderr]    Compiling askama_parser v0.1.1
[INFO] [stderr]     Checking sha1 v0.10.6
[INFO] [stderr]    Compiling axum v0.6.20
[INFO] [stderr]     Checking headers-core v0.2.0
[INFO] [stderr]     Checking clru v0.6.1
[INFO] [stderr]     Checking colorchoice v1.0.0
[INFO] [stderr]     Checking anstyle v1.0.4
[INFO] [stderr]     Checking anstyle-query v1.0.0
[INFO] [stderr]     Checking humansize v2.1.3
[INFO] [stderr]     Checking headers v0.3.9
[INFO] [stderr]    Compiling shellexpand v2.1.2
[INFO] [stderr]    Compiling rust-embed-utils v8.0.0
[INFO] [stderr]     Checking anstream v0.6.4
[INFO] [stderr]     Checking rustls-pemfile v1.0.3
[INFO] [stderr]     Checking rand_core v0.6.4
[INFO] [stderr]     Checking is-docker v0.2.0
[INFO] [stderr]     Checking bitflags v1.3.2
[INFO] [stderr]     Checking matchit v0.7.3
[INFO] [stderr]     Checking arc-swap v1.6.0
[INFO] [stderr]     Checking sync_wrapper v0.1.2
[INFO] [stderr]     Checking askama_escape v0.10.3
[INFO] [stderr]     Checking strsim v0.10.0
[INFO] [stderr]     Checking option-ext v0.2.0
[INFO] [stderr]     Checking openssl-probe v0.1.5
[INFO] [stderr]     Checking ppv-lite86 v0.2.17
[INFO] [stderr]     Checking clap_lex v0.5.1
[INFO] [stderr]     Checking rustls-native-certs v0.6.3
[INFO] [stderr]     Checking dirs-sys v0.4.1
[INFO] [stderr]     Checking is-wsl v0.4.0
[INFO] [stderr]     Checking clap_builder v4.4.6
[INFO] [stderr]     Checking regex v1.10.2
[INFO] [stderr]     Checking is-terminal v0.4.9
[INFO] [stderr]     Checking pathdiff v0.2.1
[INFO] [stderr]     Checking humanize-rs v0.1.5
[INFO] [stderr]    Compiling tablejohn v0.0.0 (/opt/rustwide/workdir)
[INFO] [stderr]    Compiling futures-executor v0.3.28
[INFO] [stderr]     Checking ipnet v2.8.0
[INFO] [stderr]     Checking termcolor v1.3.0
[INFO] [stderr]     Checking humantime v2.1.0
[INFO] [stderr]     Checking rand_chacha v0.3.1
[INFO] [stderr]     Checking open v5.0.0
[INFO] [stderr]     Checking directories v5.0.1
[INFO] [stderr]     Checking tar v0.4.40
[INFO] [stderr]     Checking env_logger v0.10.0
[INFO] [stderr]     Checking rand v0.8.5
[INFO] [stderr]     Checking gethostname v0.4.3
[INFO] [stderr]    Compiling serde_derive v1.0.189
[INFO] [stderr]    Compiling thiserror-impl v1.0.50
[INFO] [stderr]    Compiling tracing-attributes v0.1.27
[INFO] [stderr]    Compiling futures-macro v0.3.28
[INFO] [stderr]    Compiling tokio-macros v2.1.0
[INFO] [stderr]    Compiling pin-project-internal v1.1.3
[INFO] [stderr]    Compiling axum-macros v0.3.8
[INFO] [stderr]    Compiling clap_derive v4.4.2
[INFO] [stderr]    Compiling gix-macros v0.1.0
[INFO] [stderr]    Compiling rust-embed-impl v8.0.0
[INFO] [stderr] error: failed to run custom build command for `tablejohn v0.0.0 (/opt/rustwide/workdir)`
[INFO] [stderr] note: To improve backtraces for build dependencies, set the CARGO_PROFILE_DEV_BUILD_OVERRIDE_DEBUG=true environment variable to enable debug information generation.
[INFO] [stderr] 
[INFO] [stderr] Caused by:
[INFO] [stderr]   process didn't exit successfully: `/opt/rustwide/target/debug/build/tablejohn-cc85bf024c697547/build-script-build` (exit status: 101)
[INFO] [stderr]   --- stdout
[INFO] [stderr]   cargo:rustc-env=VERGEN_GIT_SHA=d116950a9347a6789f48599b6490b0de4a15ecbb
[INFO] [stderr]   cargo:rerun-if-changed=.git/HEAD
[INFO] [stderr]   cargo:rerun-if-changed=.git/refs/heads/master
[INFO] [stderr]   cargo:rerun-if-changed=build.rs
[INFO] [stderr]   cargo:rerun-if-env-changed=VERGEN_IDEMPOTENT
[INFO] [stderr]   cargo:rerun-if-env-changed=SOURCE_DATE_EPOCH
[INFO] [stderr]   cargo:rerun-if-changed=scripts
[INFO] [stderr]   cargo:rerun-if-changed=scripts/graph.ts
[INFO] [stderr]   cargo:rerun-if-changed=scripts/graph
[INFO] [stderr]   cargo:rerun-if-changed=scripts/graph/util.ts
[INFO] [stderr]   cargo:rerun-if-changed=scripts/graph/requests.ts
[INFO] [stderr]   cargo:rerun-if-changed=scripts/graph/state.ts
[INFO] [stderr]   cargo:rerun-if-changed=scripts/graph/metrics.ts
[INFO] [stderr]   cargo:rerun-if-changed=scripts/graph/commits.ts
[INFO] [stderr]   cargo:rerun-if-changed=scripts/queue.ts
[INFO] [stderr]   cargo:rerun-if-changed=scripts/uPlot.js
[INFO] [stderr]   cargo:rerun-if-changed=scripts/uPlot.d.ts
[INFO] [stderr] 
[INFO] [stderr]   --- stderr
[INFO] [stderr]   thread 'main' panicked at build.rs:22:10:
[INFO] [stderr]   called `Result::unwrap()` on an `Err` value: Os { code: 2, kind: NotFound, message: "No such file or directory" }
[INFO] [stderr]   stack backtrace:
[INFO] [stderr]      0:     0x55b762e4e4bc - std::backtrace_rs::backtrace::libunwind::trace::ha637c64ce894333a
[INFO] [stderr]                                  at /rustc/82e1608dfa6e0b5569232559e3d385fea5a93112/library/std/src/../../backtrace/src/backtrace/libunwind.rs:104:5
[INFO] [stderr]      1:     0x55b762e4e4bc - std::backtrace_rs::backtrace::trace_unsynchronized::h47f62dea28e0c88d
[INFO] [stderr]                                  at /rustc/82e1608dfa6e0b5569232559e3d385fea5a93112/library/std/src/../../backtrace/src/backtrace/mod.rs:66:5
[INFO] [stderr]      2:     0x55b762e4e4bc - std::sys_common::backtrace::_print_fmt::h9eef0abe20ede486
[INFO] [stderr]                                  at /rustc/82e1608dfa6e0b5569232559e3d385fea5a93112/library/std/src/sys_common/backtrace.rs:67:5
[INFO] [stderr]      3:     0x55b762e4e4bc - <std::sys_common::backtrace::_print::DisplayBacktrace as core::fmt::Display>::fmt::hed7f999df88cc644
[INFO] [stderr]                                  at /rustc/82e1608dfa6e0b5569232559e3d385fea5a93112/library/std/src/sys_common/backtrace.rs:44:22
[INFO] [stderr]      4:     0x55b762e77700 - core::fmt::rt::Argument::fmt::h1539a9308b8d058d
[INFO] [stderr]                                  at /rustc/82e1608dfa6e0b5569232559e3d385fea5a93112/library/core/src/fmt/rt.rs:142:9
[INFO] [stderr]      5:     0x55b762e77700 - core::fmt::write::h3a39390d8560d9c9
[INFO] [stderr]                                  at /rustc/82e1608dfa6e0b5569232559e3d385fea5a93112/library/core/src/fmt/mod.rs:1120:17
[INFO] [stderr]      6:     0x55b762e4bf4f - std::io::Write::write_fmt::h5fc9997dfe05f882
[INFO] [stderr]                                  at /rustc/82e1608dfa6e0b5569232559e3d385fea5a93112/library/std/src/io/mod.rs:1762:15
[INFO] [stderr]      7:     0x55b762e4e2a4 - std::sys_common::backtrace::_print::h894006fb5c6f3d45
[INFO] [stderr]                                  at /rustc/82e1608dfa6e0b5569232559e3d385fea5a93112/library/std/src/sys_common/backtrace.rs:47:5
[INFO] [stderr]      8:     0x55b762e4e2a4 - std::sys_common::backtrace::print::h23a2d212c6fff936
[INFO] [stderr]                                  at /rustc/82e1608dfa6e0b5569232559e3d385fea5a93112/library/std/src/sys_common/backtrace.rs:34:9
[INFO] [stderr]      9:     0x55b762e4f7b7 - std::panicking::default_hook::{{closure}}::h8a1d2ee00185001a
[INFO] [stderr]     10:     0x55b762e4f51f - std::panicking::default_hook::h6038f2eba384e475
[INFO] [stderr]                                  at /rustc/82e1608dfa6e0b5569232559e3d385fea5a93112/library/std/src/panicking.rs:292:9
[INFO] [stderr]     11:     0x55b762e4fc38 - std::panicking::rust_panic_with_hook::h2b5517d590cab22e
[INFO] [stderr]                                  at /rustc/82e1608dfa6e0b5569232559e3d385fea5a93112/library/std/src/panicking.rs:779:13
[INFO] [stderr]     12:     0x55b762e4fb1e - std::panicking::begin_panic_handler::{{closure}}::h233112c06e0ef43e
[INFO] [stderr]                                  at /rustc/82e1608dfa6e0b5569232559e3d385fea5a93112/library/std/src/panicking.rs:657:13
[INFO] [stderr]     13:     0x55b762e4e986 - std::sys_common::backtrace::__rust_end_short_backtrace::h6e893f24d7ebbff8
[INFO] [stderr]                                  at /rustc/82e1608dfa6e0b5569232559e3d385fea5a93112/library/std/src/sys_common/backtrace.rs:170:18
[INFO] [stderr]     14:     0x55b762e4f882 - rust_begin_unwind
[INFO] [stderr]                                  at /rustc/82e1608dfa6e0b5569232559e3d385fea5a93112/library/std/src/panicking.rs:645:5
[INFO] [stderr]     15:     0x55b762dbc685 - core::panicking::panic_fmt::hbf0e066aabfa482c
[INFO] [stderr]                                  at /rustc/82e1608dfa6e0b5569232559e3d385fea5a93112/library/core/src/panicking.rs:72:14
[INFO] [stderr]     16:     0x55b762dbcc13 - core::result::unwrap_failed::hddb4fea594200c52
[INFO] [stderr]                                  at /rustc/82e1608dfa6e0b5569232559e3d385fea5a93112/library/core/src/result.rs:1653:5
[INFO] [stderr]     17:     0x55b762dbf6b4 - core::result::Result<T,E>::unwrap::h0d696960aa7bd4fa
[INFO] [stderr]     18:     0x55b762dc2517 - build_script_build::run_tsc::hb05077d750a965b9
[INFO] [stderr]     19:     0x55b762dc37f5 - build_script_build::main::h100b6478fa478ab0
[INFO] [stderr]     20:     0x55b762dbe273 - core::ops::function::FnOnce::call_once::h3b611d12142297f4
[INFO] [stderr]     21:     0x55b762dbd766 - std::sys_common::backtrace::__rust_begin_short_backtrace::h45aeed520c864a35
[INFO] [stderr]     22:     0x55b762dc3f19 - std::rt::lang_start::{{closure}}::h1b87cb70c4c3adf1
[INFO] [stderr]     23:     0x55b762e476a7 - core::ops::function::impls::<impl core::ops::function::FnOnce<A> for &F>::call_once::hd95060ecd5e1ca24
[INFO] [stderr]                                  at /rustc/82e1608dfa6e0b5569232559e3d385fea5a93112/library/core/src/ops/function.rs:284:13
[INFO] [stderr]     24:     0x55b762e476a7 - std::panicking::try::do_call::h6e8cf51db32a6e4b
[INFO] [stderr]                                  at /rustc/82e1608dfa6e0b5569232559e3d385fea5a93112/library/std/src/panicking.rs:552:40
[INFO] [stderr]     25:     0x55b762e476a7 - std::panicking::try::h3a52eefe24fe3c29
[INFO] [stderr]                                  at /rustc/82e1608dfa6e0b5569232559e3d385fea5a93112/library/std/src/panicking.rs:516:19
[INFO] [stderr]     26:     0x55b762e476a7 - std::panic::catch_unwind::h24c28c23c02c3841
[INFO] [stderr]                                  at /rustc/82e1608dfa6e0b5569232559e3d385fea5a93112/library/std/src/panic.rs:142:14
[INFO] [stderr]     27:     0x55b762e476a7 - std::rt::lang_start_internal::{{closure}}::h705d3c9cbc06ef47
[INFO] [stderr]                                  at /rustc/82e1608dfa6e0b5569232559e3d385fea5a93112/library/std/src/rt.rs:148:48
[INFO] [stderr]     28:     0x55b762e476a7 - std::panicking::try::do_call::ha21f52ba13158470
[INFO] [stderr]                                  at /rustc/82e1608dfa6e0b5569232559e3d385fea5a93112/library/std/src/panicking.rs:552:40
[INFO] [stderr]     29:     0x55b762e476a7 - std::panicking::try::h5581346bf6aeb1f8
[INFO] [stderr]                                  at /rustc/82e1608dfa6e0b5569232559e3d385fea5a93112/library/std/src/panicking.rs:516:19
[INFO] [stderr]     30:     0x55b762e476a7 - std::panic::catch_unwind::h7919645a6b72e25b
[INFO] [stderr]                                  at /rustc/82e1608dfa6e0b5569232559e3d385fea5a93112/library/std/src/panic.rs:142:14
[INFO] [stderr]     31:     0x55b762e476a7 - std::rt::lang_start_internal::h12de51168669836e
[INFO] [stderr]                                  at /rustc/82e1608dfa6e0b5569232559e3d385fea5a93112/library/std/src/rt.rs:148:20
[INFO] [stderr]     32:     0x55b762dc3ef7 - std::rt::lang_start::h07727ad6d7c554b9
[INFO] [stderr]     33:     0x55b762dc3965 - main
[INFO] [stderr]     34:     0x7efe6b08fd90 - <unknown>
[INFO] [stderr]     35:     0x7efe6b08fe40 - __libc_start_main
[INFO] [stderr]     36:     0x55b762dbced5 - _start
[INFO] [stderr]     37:                0x0 - <unknown>
[INFO] [stderr] warning: build failed, waiting for other jobs to finish...
[INFO] running `Command { std: "docker" "inspect" "96449e3f69abd429e9f8afd25544531bf4faa5395a2984bca7178941d5e9c0ea", kill_on_drop: false }`
[INFO] running `Command { std: "docker" "rm" "-f" "96449e3f69abd429e9f8afd25544531bf4faa5395a2984bca7178941d5e9c0ea", kill_on_drop: false }`
[INFO] [stdout] 96449e3f69abd429e9f8afd25544531bf4faa5395a2984bca7178941d5e9c0ea
[INFO] documenting Garmelon/tablejohn against beta-2023-12-22 for beta-1.76-rustdoc-1
[INFO] running `Command { std: "git" "clone" "/workspace/cache/git-repos/https%3A%2F%2Fgithub.com%2FGarmelon%2Ftablejohn" "/workspace/builds/worker-3-tc2/source", kill_on_drop: false }`
[INFO] [stderr] Cloning into '/workspace/builds/worker-3-tc2/source'...
[INFO] [stderr] done.
[INFO] validating manifest of git repo https://github.com/Garmelon/tablejohn on toolchain beta-2023-12-22
[INFO] running `Command { std: CARGO_HOME="/workspace/cargo-home" RUSTUP_HOME="/workspace/rustup-home" "/workspace/cargo-home/bin/cargo" "+beta-2023-12-22" "metadata" "--manifest-path" "Cargo.toml" "--no-deps", kill_on_drop: false }`
[INFO] started tweaking git repo https://github.com/Garmelon/tablejohn
[INFO] finished tweaking git repo https://github.com/Garmelon/tablejohn
[INFO] tweaked toml for git repo https://github.com/Garmelon/tablejohn written to /workspace/builds/worker-3-tc2/source/Cargo.toml
[INFO] crate git repo https://github.com/Garmelon/tablejohn already has a lockfile, it will not be regenerated
[INFO] running `Command { std: CARGO_HOME="/workspace/cargo-home" RUSTUP_HOME="/workspace/rustup-home" "/workspace/cargo-home/bin/cargo" "+beta-2023-12-22" "fetch" "--manifest-path" "Cargo.toml", kill_on_drop: false }`
[INFO] running `Command { std: "docker" "create" "-v" "/var/lib/crater-agent-workspace/builds/worker-3-tc2/target:/opt/rustwide/target:rw,Z" "-v" "/var/lib/crater-agent-workspace/builds/worker-3-tc2/source:/opt/rustwide/workdir:ro,Z" "-v" "/var/lib/crater-agent-workspace/cargo-home:/opt/rustwide/cargo-home:ro,Z" "-v" "/var/lib/crater-agent-workspace/rustup-home:/opt/rustwide/rustup-home:ro,Z" "-e" "SOURCE_DIR=/opt/rustwide/workdir" "-e" "CARGO_TARGET_DIR=/opt/rustwide/target" "-e" "CARGO_HOME=/opt/rustwide/cargo-home" "-e" "RUSTUP_HOME=/opt/rustwide/rustup-home" "-w" "/opt/rustwide/workdir" "-m" "1610612736" "--user" "0:0" "--network" "none" "ghcr.io/rust-lang/crates-build-env/linux@sha256:2788e3201cd34a07e3172128adcd8b3090168a8e3bcc40d7c032b9dda1df7d1c" "/opt/rustwide/cargo-home/bin/cargo" "+beta-2023-12-22" "metadata" "--no-deps" "--format-version=1", kill_on_drop: false }`
[INFO] [stdout] 17689e3f41ee6488b954dbd2cad6aa7520535305b0162be60dc51d70f01addcb
[INFO] running `Command { std: "docker" "start" "-a" "17689e3f41ee6488b954dbd2cad6aa7520535305b0162be60dc51d70f01addcb", kill_on_drop: false }`
[INFO] running `Command { std: "docker" "inspect" "17689e3f41ee6488b954dbd2cad6aa7520535305b0162be60dc51d70f01addcb", kill_on_drop: false }`
[INFO] running `Command { std: "docker" "rm" "-f" "17689e3f41ee6488b954dbd2cad6aa7520535305b0162be60dc51d70f01addcb", kill_on_drop: false }`
[INFO] [stdout] 17689e3f41ee6488b954dbd2cad6aa7520535305b0162be60dc51d70f01addcb
[INFO] running `Command { std: "docker" "create" "-v" "/var/lib/crater-agent-workspace/builds/worker-3-tc2/target:/opt/rustwide/target:rw,Z" "-v" "/var/lib/crater-agent-workspace/builds/worker-3-tc2/source:/opt/rustwide/workdir:ro,Z" "-v" "/var/lib/crater-agent-workspace/cargo-home:/opt/rustwide/cargo-home:ro,Z" "-v" "/var/lib/crater-agent-workspace/rustup-home:/opt/rustwide/rustup-home:ro,Z" "-e" "SOURCE_DIR=/opt/rustwide/workdir" "-e" "CARGO_TARGET_DIR=/opt/rustwide/target" "-e" "CARGO_INCREMENTAL=0" "-e" "RUST_BACKTRACE=full" "-e" "RUSTFLAGS=--cap-lints=warn" "-e" "RUSTDOCFLAGS=--cap-lints=warn" "-e" "CARGO_HOME=/opt/rustwide/cargo-home" "-e" "RUSTUP_HOME=/opt/rustwide/rustup-home" "-w" "/opt/rustwide/workdir" "-m" "1610612736" "--user" "0:0" "--network" "none" "ghcr.io/rust-lang/crates-build-env/linux@sha256:2788e3201cd34a07e3172128adcd8b3090168a8e3bcc40d7c032b9dda1df7d1c" "/opt/rustwide/cargo-home/bin/cargo" "+beta-2023-12-22" "doc" "--frozen" "--no-deps" "--document-private-items" "--message-format=json", kill_on_drop: false }`
[INFO] [stdout] 61f2fb5a1fbd7ebd21f558295691e9e506beb90af047a9037ba379e43cfbecce
[INFO] running `Command { std: "docker" "start" "-a" "61f2fb5a1fbd7ebd21f558295691e9e506beb90af047a9037ba379e43cfbecce", kill_on_drop: false }`
[INFO] [stderr]    Compiling libc v0.2.149
[INFO] [stderr]    Compiling proc-macro2 v1.0.69
[INFO] [stderr]    Compiling unicode-ident v1.0.12
[INFO] [stderr]    Compiling autocfg v1.1.0
[INFO] [stderr]     Checking cfg-if v1.0.0
[INFO] [stderr]    Compiling version_check v0.9.4
[INFO] [stderr]     Checking once_cell v1.18.0
[INFO] [stderr]    Compiling serde v1.0.189
[INFO] [stderr]     Checking memchr v2.6.4
[INFO] [stderr]     Checking scopeguard v1.2.0
[INFO] [stderr]    Compiling parking_lot_core v0.9.9
[INFO] [stderr]    Compiling thiserror v1.0.50
[INFO] [stderr]     Checking bytes v1.5.0
[INFO] [stderr]     Checking smallvec v1.11.1
[INFO] [stderr]    Compiling crossbeam-utils v0.8.16
[INFO] [stderr]    Compiling crossbeam-queue v0.3.8
[INFO] [stderr]     Checking itoa v1.0.9
[INFO] [stderr]     Checking regex-syntax v0.8.2
[INFO] [stderr]    Compiling futures-core v0.3.28
[INFO] [stderr]    Compiling time-core v0.1.2
[INFO] [stderr]    Compiling rayon-core v1.12.0
[INFO] [stderr]     Checking same-file v1.0.6
[INFO] [stderr]    Compiling time-macros v0.2.15
[INFO] [stderr]    Compiling crc32fast v1.3.2
[INFO] [stderr]    Compiling ahash v0.8.3
[INFO] [stderr]     Checking walkdir v2.4.0
[INFO] [stderr]     Checking gix-trace v0.1.3
[INFO] [stderr]     Checking adler v1.0.2
[INFO] [stderr]    Compiling typenum v1.17.0
[INFO] [stderr]    Compiling lock_api v0.4.11
[INFO] [stderr]    Compiling memoffset v0.9.0
[INFO] [stderr]    Compiling crossbeam-epoch v0.9.15
[INFO] [stderr]    Compiling num-traits v0.2.17
[INFO] [stderr]     Checking miniz_oxide v0.7.1
[INFO] [stderr]     Checking sha1_smol v1.0.0
[INFO] [stderr]     Checking aho-corasick v1.1.2
[INFO] [stderr]     Checking prodash v26.2.2
[INFO] [stderr]    Compiling generic-array v0.14.7
[INFO] [stderr]     Checking crossbeam-channel v0.5.8
[INFO] [stderr]    Compiling slab v0.4.9
[INFO] [stderr]    Compiling futures-task v0.3.28
[INFO] [stderr]    Compiling quote v1.0.33
[INFO] [stderr]     Checking flate2 v1.0.28
[INFO] [stderr]     Checking powerfmt v0.2.0
[INFO] [stderr]     Checking crossbeam-deque v0.8.3
[INFO] [stderr]     Checking num_threads v0.1.6
[INFO] [stderr]     Checking bitflags v2.4.1
[INFO] [stderr]    Compiling syn v2.0.38
[INFO] [stderr]     Checking allocator-api2 v0.2.16
[INFO] [stderr]     Checking pin-project-lite v0.2.13
[INFO] [stderr]     Checking winnow v0.5.17
[INFO] [stderr]    Compiling cc v1.0.83
[INFO] [stderr]     Checking getrandom v0.2.10
[INFO] [stderr]     Checking futures-sink v0.3.28
[INFO] [stderr]     Checking crossbeam v0.8.2
[INFO] [stderr]    Compiling futures-channel v0.3.28
[INFO] [stderr]     Checking home v0.5.5
[INFO] [stderr]    Compiling futures-util v0.3.28
[INFO] [stderr]    Compiling rustix v0.38.20
[INFO] [stderr]     Checking memmap2 v0.7.1
[INFO] [stderr]     Checking parking_lot v0.12.1
[INFO] [stderr]    Compiling rustversion v1.0.14
[INFO] [stderr]     Checking percent-encoding v2.3.0
[INFO] [stderr]     Checking linux-raw-sys v0.4.10
[INFO] [stderr]     Checking futures-io v0.3.28
[INFO] [stderr]     Checking pin-utils v0.1.0
[INFO] [stderr]     Checking log v0.4.20
[INFO] [stderr]     Checking hashbrown v0.14.2
[INFO] [stderr]     Checking socket2 v0.5.5
[INFO] [stderr]     Checking mio v0.8.8
[INFO] [stderr]     Checking num_cpus v1.16.0
[INFO] [stderr]     Checking signal-hook-registry v1.4.1
[INFO] [stderr]    Compiling serde_json v1.0.107
[INFO] [stderr]     Checking fastrand v2.0.1
[INFO] [stderr]     Checking btoi v0.4.3
[INFO] [stderr]     Checking form_urlencoded v1.2.0
[INFO] [stderr]     Checking tracing-core v0.1.32
[INFO] [stderr]     Checking fnv v1.0.7
[INFO] [stderr]     Checking tinyvec_macros v0.1.1
[INFO] [stderr]    Compiling minimal-lexical v0.2.1
[INFO] [stderr]     Checking http v0.2.9
[INFO] [stderr]     Checking regex-automata v0.4.3
[INFO] [stderr]     Checking tinyvec v1.6.0
[INFO] [stderr]    Compiling unicase v2.7.0
[INFO] [stderr]    Compiling nom v7.1.3
[INFO] [stderr]     Checking cpufeatures v0.2.10
[INFO] [stderr]    Compiling deranged v0.3.9
[INFO] [stderr]    Compiling ring v0.16.20
[INFO] [stderr]    Compiling vcpkg v0.2.15
[INFO] [stderr]    Compiling unicode-segmentation v1.10.1
[INFO] [stderr]     Checking ryu v1.0.15
[INFO] [stderr]    Compiling paste v1.0.14
[INFO] [stderr]    Compiling pkg-config v0.3.27
[INFO] [stderr]     Checking unicode-bidi v0.3.13
[INFO] [stderr]     Checking unicode-normalization v0.1.22
[INFO] [stderr]     Checking unicode-bom v2.0.2
[INFO] [stderr]     Checking block-buffer v0.10.4
[INFO] [stderr]     Checking crypto-common v0.1.6
[INFO] [stderr]    Compiling heck v0.4.1
[INFO] [stderr]     Checking digest v0.10.7
[INFO] [stderr]     Checking gix-utils v0.1.5
[INFO] [stderr]    Compiling indexmap v1.9.3
[INFO] [stderr]     Checking static_assertions v1.1.0
[INFO] [stderr]    Compiling sha2 v0.10.8
[INFO] [stderr]     Checking idna v0.4.0
[INFO] [stderr]     Checking equivalent v1.0.1
[INFO] [stderr]     Checking tower-service v0.3.2
[INFO] [stderr]    Compiling time v0.3.30
[INFO] [stderr]     Checking indexmap v2.0.2
[INFO] [stderr]     Checking kstring v2.0.0
[INFO] [stderr]    Compiling libsqlite3-sys v0.26.0
[INFO] [stderr]     Checking http-body v0.4.5
[INFO] [stderr]     Checking url v2.4.1
[INFO] [stderr]    Compiling httparse v1.8.0
[INFO] [stderr]     Checking tempfile v3.8.0
[INFO] [stderr]     Checking hashbrown v0.12.3
[INFO] [stderr]     Checking untrusted v0.7.1
[INFO] [stderr]     Checking mime v0.3.17
[INFO] [stderr]     Checking spin v0.5.2
[INFO] [stderr]    Compiling mime_guess v2.0.4
[INFO] [stderr]    Compiling tokio v1.33.0
[INFO] [stderr]     Checking httpdate v1.0.3
[INFO] [stderr]     Checking bstr v1.7.0
[INFO] [stderr]    Compiling anyhow v1.0.75
[INFO] [stderr]     Checking try-lock v0.2.4
[INFO] [stderr]    Compiling async-trait v0.1.74
[INFO] [stderr]    Compiling unicode_categories v0.1.1
[INFO] [stderr]    Compiling crc-catalog v2.2.0
[INFO] [stderr]     Checking base64 v0.21.4
[INFO] [stderr]    Compiling crc v3.0.1
[INFO] [stderr]     Checking want v0.3.1
[INFO] [stderr]    Compiling atoi v2.0.0
[INFO] [stderr]    Compiling futures-intrusive v0.5.0
[INFO] [stderr]    Compiling hashlink v0.8.4
[INFO] [stderr]    Compiling axum-core v0.3.4
[INFO] [stderr]    Compiling spin v0.9.8
[INFO] [stderr]     Checking socket2 v0.4.10
[INFO] [stderr]    Compiling libm v0.2.8
[INFO] [stderr]    Compiling hex v0.4.3
[INFO] [stderr]    Compiling event-listener v2.5.3
[INFO] [stderr]    Compiling rustls v0.21.7
[INFO] [stderr]    Compiling dotenvy v0.15.7
[INFO] [stderr]    Compiling byteorder v1.5.0
[INFO] [stderr]     Checking tower-layer v0.3.2
[INFO] [stderr]    Compiling syn v1.0.109
[INFO] [stderr]    Compiling flume v0.11.0
[INFO] [stderr]    Compiling vergen v8.2.5
[INFO] [stderr]     Checking gix-sec v0.10.0
[INFO] [stderr]     Checking filetime v0.2.22
[INFO] [stderr]    Compiling dirs-sys v0.3.7
[INFO] [stderr]     Checking encoding_rs v0.8.33
[INFO] [stderr]     Checking arrayvec v0.7.4
[INFO] [stderr]     Checking utf8parse v0.2.1
[INFO] [stderr]     Checking anstyle-parse v0.2.2
[INFO] [stderr]     Checking uluru v3.0.0
[INFO] [stderr]    Compiling dirs v4.0.0
[INFO] [stderr]     Checking gix-command v0.2.10
[INFO] [stderr]    Compiling askama_parser v0.1.1
[INFO] [stderr]     Checking sha1 v0.10.6
[INFO] [stderr]     Checking headers-core v0.2.0
[INFO] [stderr]    Compiling axum v0.6.20
[INFO] [stderr]     Checking rustls-webpki v0.101.6
[INFO] [stderr]     Checking sct v0.7.0
[INFO] [stderr]     Checking colorchoice v1.0.0
[INFO] [stderr]     Checking anstyle v1.0.4
[INFO] [stderr]     Checking anstyle-query v1.0.0
[INFO] [stderr]     Checking clru v0.6.1
[INFO] [stderr]     Checking anstream v0.6.4
[INFO] [stderr]     Checking humansize v2.1.3
[INFO] [stderr]     Checking headers v0.3.9
[INFO] [stderr]    Compiling shellexpand v2.1.2
[INFO] [stderr]     Checking rustls-pemfile v1.0.3
[INFO] [stderr]    Compiling rust-embed-utils v8.0.0
[INFO] [stderr]     Checking rand_core v0.6.4
[INFO] [stderr]     Checking is-docker v0.2.0
[INFO] [stderr]     Checking option-ext v0.2.0
[INFO] [stderr]     Checking openssl-probe v0.1.5
[INFO] [stderr]     Checking matchit v0.7.3
[INFO] [stderr]     Checking askama_escape v0.10.3
[INFO] [stderr]     Checking ppv-lite86 v0.2.17
[INFO] [stderr]     Checking bitflags v1.3.2
[INFO] [stderr]     Checking sync_wrapper v0.1.2
[INFO] [stderr]     Checking strsim v0.10.0
[INFO] [stderr]     Checking clap_lex v0.5.1
[INFO] [stderr]     Checking arc-swap v1.6.0
[INFO] [stderr]     Checking rustls-native-certs v0.6.3
[INFO] [stderr]    Compiling futures-executor v0.3.28
[INFO] [stderr]     Checking dirs-sys v0.4.1
[INFO] [stderr]     Checking is-wsl v0.4.0
[INFO] [stderr]     Checking clap_builder v4.4.6
[INFO] [stderr]     Checking regex v1.10.2
[INFO] [stderr]     Checking is-terminal v0.4.9
[INFO] [stderr]     Checking rand_chacha v0.3.1
[INFO] [stderr]     Checking pathdiff v0.2.1
[INFO] [stderr]    Compiling tablejohn v0.0.0 (/opt/rustwide/workdir)
[INFO] [stderr]     Checking humantime v2.1.0
[INFO] [stderr]     Checking ipnet v2.8.0
[INFO] [stderr]     Checking termcolor v1.3.0
[INFO] [stderr]     Checking humanize-rs v0.1.5
[INFO] [stderr]     Checking rand v0.8.5
[INFO] [stderr]     Checking open v5.0.0
[INFO] [stderr]     Checking directories v5.0.1
[INFO] [stderr]     Checking tar v0.4.40
[INFO] [stderr]     Checking gethostname v0.4.3
[INFO] [stderr]     Checking env_logger v0.10.0
[INFO] [stderr]    Compiling serde_derive v1.0.189
[INFO] [stderr]    Compiling thiserror-impl v1.0.50
[INFO] [stderr]    Compiling tracing-attributes v0.1.27
[INFO] [stderr]    Compiling futures-macro v0.3.28
[INFO] [stderr]    Compiling tokio-macros v2.1.0
[INFO] [stderr]    Compiling pin-project-internal v1.1.3
[INFO] [stderr]    Compiling axum-macros v0.3.8
[INFO] [stderr]    Compiling clap_derive v4.4.2
[INFO] [stderr]    Compiling gix-macros v0.1.0
[INFO] [stderr]    Compiling rust-embed-impl v8.0.0
[INFO] [stderr]    Compiling tokio-stream v0.1.14
[INFO] [stderr] error: could not compile `tokio` (lib)
[INFO] [stderr] 
[INFO] [stderr] Caused by:
[INFO] [stderr]   process didn't exit successfully: `/opt/rustwide/rustup-home/toolchains/beta-2023-12-22-x86_64-unknown-linux-gnu/bin/rustc --crate-name tokio --edition=2021 /opt/rustwide/cargo-home/registry/src/index.crates.io-6f17d22bba15001f/tokio-1.33.0/src/lib.rs --error-format=json --json=diagnostic-rendered-ansi,artifacts,future-incompat --crate-type lib --emit=dep-info,metadata,link -C embed-bitcode=no --cfg 'feature="bytes"' --cfg 'feature="default"' --cfg 'feature="fs"' --cfg 'feature="io-util"' --cfg 'feature="libc"' --cfg 'feature="mio"' --cfg 'feature="net"' --cfg 'feature="rt"' --cfg 'feature="socket2"' --cfg 'feature="sync"' --cfg 'feature="time"' -C metadata=fee902ff55802913 -C extra-filename=-fee902ff55802913 --out-dir /opt/rustwide/target/debug/deps -L dependency=/opt/rustwide/target/debug/deps --extern bytes=/opt/rustwide/target/debug/deps/libbytes-84fcb9d31ec7d571.rmeta --extern libc=/opt/rustwide/target/debug/deps/liblibc-2240b8dbee96523b.rmeta --extern mio=/opt/rustwide/target/debug/deps/libmio-53d8139f76a94dfd.rmeta --extern pin_project_lite=/opt/rustwide/target/debug/deps/libpin_project_lite-372ad0060a94690c.rmeta --extern socket2=/opt/rustwide/target/debug/deps/libsocket2-b1a28e29a83c7c9a.rmeta --cap-lints allow --cap-lints=warn` (signal: 9, SIGKILL: kill)
[INFO] [stderr] warning: build failed, waiting for other jobs to finish...
[INFO] [stderr] The following warnings were emitted during compilation:
[INFO] [stderr] 
[INFO] [stderr] warning: libsqlite3-sys@0.26.0: cc: fatal error: Killed signal terminated program cc1
[INFO] [stderr] warning: libsqlite3-sys@0.26.0: compilation terminated.
[INFO] [stderr] 
[INFO] [stderr] error: failed to run custom build command for `libsqlite3-sys v0.26.0`
[INFO] [stderr] note: To improve backtraces for build dependencies, set the CARGO_PROFILE_DEV_BUILD_OVERRIDE_DEBUG=true environment variable to enable debug information generation.
[INFO] [stderr] 
[INFO] [stderr] Caused by:
[INFO] [stderr]   process didn't exit successfully: `/opt/rustwide/target/debug/build/libsqlite3-sys-63a42c60f5666195/build-script-build` (exit status: 1)
[INFO] [stderr]   --- stdout
[INFO] [stderr]   cargo:rerun-if-changed=sqlite3/sqlite3.c
[INFO] [stderr]   cargo:rerun-if-changed=sqlite3/wasm32-wasi-vfs.c
[INFO] [stderr]   cargo:rerun-if-env-changed=SQLITE_MAX_VARIABLE_NUMBER
[INFO] [stderr]   cargo:rerun-if-env-changed=SQLITE_MAX_EXPR_DEPTH
[INFO] [stderr]   cargo:rerun-if-env-changed=LIBSQLITE3_FLAGS
[INFO] [stderr]   TARGET = Some("x86_64-unknown-linux-gnu")
[INFO] [stderr]   OPT_LEVEL = Some("0")
[INFO] [stderr]   HOST = Some("x86_64-unknown-linux-gnu")
[INFO] [stderr]   cargo:rerun-if-env-changed=CC_x86_64-unknown-linux-gnu
[INFO] [stderr]   CC_x86_64-unknown-linux-gnu = None
[INFO] [stderr]   cargo:rerun-if-env-changed=CC_x86_64_unknown_linux_gnu
[INFO] [stderr]   CC_x86_64_unknown_linux_gnu = None
[INFO] [stderr]   cargo:rerun-if-env-changed=HOST_CC
[INFO] [stderr]   HOST_CC = None
[INFO] [stderr]   cargo:rerun-if-env-changed=CC
[INFO] [stderr]   CC = None
[INFO] [stderr]   cargo:rerun-if-env-changed=CRATE_CC_NO_DEFAULTS
[INFO] [stderr]   CRATE_CC_NO_DEFAULTS = None
[INFO] [stderr]   DEBUG = Some("true")
[INFO] [stderr]   CARGO_CFG_TARGET_FEATURE = Some("fxsr,sse,sse2")
[INFO] [stderr]   cargo:rerun-if-env-changed=CFLAGS_x86_64-unknown-linux-gnu
[INFO] [stderr]   CFLAGS_x86_64-unknown-linux-gnu = None
[INFO] [stderr]   cargo:rerun-if-env-changed=CFLAGS_x86_64_unknown_linux_gnu
[INFO] [stderr]   CFLAGS_x86_64_unknown_linux_gnu = None
[INFO] [stderr]   cargo:rerun-if-env-changed=HOST_CFLAGS
[INFO] [stderr]   HOST_CFLAGS = None
[INFO] [stderr]   cargo:rerun-if-env-changed=CFLAGS
[INFO] [stderr]   CFLAGS = None
[INFO] [stderr]   running: "cc" "-O0" "-ffunction-sections" "-fdata-sections" "-fPIC" "-gdwarf-4" "-fno-omit-frame-pointer" "-m64" "-DSQLITE_CORE" "-DSQLITE_DEFAULT_FOREIGN_KEYS=1" "-DSQLITE_ENABLE_API_ARMOR" "-DSQLITE_ENABLE_COLUMN_METADATA" "-DSQLITE_ENABLE_DBSTAT_VTAB" "-DSQLITE_ENABLE_FTS3" "-DSQLITE_ENABLE_FTS3_PARENTHESIS" "-DSQLITE_ENABLE_FTS5" "-DSQLITE_ENABLE_JSON1" "-DSQLITE_ENABLE_LOAD_EXTENSION=1" "-DSQLITE_ENABLE_MEMORY_MANAGEMENT" "-DSQLITE_ENABLE_RTREE" "-DSQLITE_ENABLE_STAT2" "-DSQLITE_ENABLE_STAT4" "-DSQLITE_SOUNDEX" "-DSQLITE_THREADSAFE=1" "-DSQLITE_USE_URI" "-DHAVE_USLEEP=1" "-D_POSIX_THREAD_SAFE_FUNCTIONS" "-DHAVE_ISNAN" "-DHAVE_LOCALTIME_R" "-DSQLITE_ENABLE_UNLOCK_NOTIFY" "-o" "/opt/rustwide/target/debug/build/libsqlite3-sys-7307dbce23394a9c/out/sqlite3/sqlite3.o" "-c" "sqlite3/sqlite3.c"
[INFO] [stderr]   exit status: 1
[INFO] [stderr]   cargo:warning=cc: fatal error: Killed signal terminated program cc1
[INFO] [stderr] 
[INFO] [stderr]   cargo:warning=compilation terminated.
[INFO] [stderr] 
[INFO] [stderr] 
[INFO] [stderr]   --- stderr
[INFO] [stderr] 
[INFO] [stderr] 
[INFO] [stderr]   error occurred: Command "cc" "-O0" "-ffunction-sections" "-fdata-sections" "-fPIC" "-gdwarf-4" "-fno-omit-frame-pointer" "-m64" "-DSQLITE_CORE" "-DSQLITE_DEFAULT_FOREIGN_KEYS=1" "-DSQLITE_ENABLE_API_ARMOR" "-DSQLITE_ENABLE_COLUMN_METADATA" "-DSQLITE_ENABLE_DBSTAT_VTAB" "-DSQLITE_ENABLE_FTS3" "-DSQLITE_ENABLE_FTS3_PARENTHESIS" "-DSQLITE_ENABLE_FTS5" "-DSQLITE_ENABLE_JSON1" "-DSQLITE_ENABLE_LOAD_EXTENSION=1" "-DSQLITE_ENABLE_MEMORY_MANAGEMENT" "-DSQLITE_ENABLE_RTREE" "-DSQLITE_ENABLE_STAT2" "-DSQLITE_ENABLE_STAT4" "-DSQLITE_SOUNDEX" "-DSQLITE_THREADSAFE=1" "-DSQLITE_USE_URI" "-DHAVE_USLEEP=1" "-D_POSIX_THREAD_SAFE_FUNCTIONS" "-DHAVE_ISNAN" "-DHAVE_LOCALTIME_R" "-DSQLITE_ENABLE_UNLOCK_NOTIFY" "-o" "/opt/rustwide/target/debug/build/libsqlite3-sys-7307dbce23394a9c/out/sqlite3/sqlite3.o" "-c" "sqlite3/sqlite3.c" with args "cc" did not execute successfully (status code exit status: 1).
[INFO] [stderr] 
[INFO] [stderr] 
[INFO] running `Command { std: "docker" "inspect" "61f2fb5a1fbd7ebd21f558295691e9e506beb90af047a9037ba379e43cfbecce", kill_on_drop: false }`
[INFO] running `Command { std: "docker" "rm" "-f" "61f2fb5a1fbd7ebd21f558295691e9e506beb90af047a9037ba379e43cfbecce", kill_on_drop: false }`
[INFO] [stdout] 61f2fb5a1fbd7ebd21f558295691e9e506beb90af047a9037ba379e43cfbecce
