[INFO] cloning repository https://github.com/Gaojun124/rust_test
[INFO] running `Command { std: "git" "-c" "credential.helper=" "-c" "credential.helper=/workspace/cargo-home/bin/git-credential-null" "clone" "--bare" "https://github.com/Gaojun124/rust_test" "/workspace/cache/git-repos/https%3A%2F%2Fgithub.com%2FGaojun124%2Frust_test", kill_on_drop: false }`
[INFO] [stderr] Cloning into bare repository '/workspace/cache/git-repos/https%3A%2F%2Fgithub.com%2FGaojun124%2Frust_test'...
[INFO] running `Command { std: "git" "rev-parse" "HEAD", kill_on_drop: false }`
[INFO] [stdout] 24d559591b6f86b3c630d32fc85d7e077b9b61d9
[INFO] documenting Gaojun124/rust_test against 1.75.0 for beta-1.76-rustdoc-1
[INFO] running `Command { std: "git" "clone" "/workspace/cache/git-repos/https%3A%2F%2Fgithub.com%2FGaojun124%2Frust_test" "/workspace/builds/worker-7-tc1/source", kill_on_drop: false }`
[INFO] [stderr] Cloning into '/workspace/builds/worker-7-tc1/source'...
[INFO] [stderr] done.
[INFO] validating manifest of git repo https://github.com/Gaojun124/rust_test on toolchain 1.75.0
[INFO] running `Command { std: CARGO_HOME="/workspace/cargo-home" RUSTUP_HOME="/workspace/rustup-home" "/workspace/cargo-home/bin/cargo" "+1.75.0" "metadata" "--manifest-path" "Cargo.toml" "--no-deps", kill_on_drop: false }`
[INFO] started tweaking git repo https://github.com/Gaojun124/rust_test
[INFO] finished tweaking git repo https://github.com/Gaojun124/rust_test
[INFO] tweaked toml for git repo https://github.com/Gaojun124/rust_test written to /workspace/builds/worker-7-tc1/source/Cargo.toml
[INFO] crate git repo https://github.com/Gaojun124/rust_test already has a lockfile, it will not be regenerated
[INFO] running `Command { std: CARGO_HOME="/workspace/cargo-home" RUSTUP_HOME="/workspace/rustup-home" "/workspace/cargo-home/bin/cargo" "+1.75.0" "fetch" "--manifest-path" "Cargo.toml", kill_on_drop: false }`
[INFO] [stderr]     Blocking waiting for file lock on package cache
[INFO] [stderr]     Updating crates.io index
[INFO] [stderr]     Blocking waiting for file lock on package cache
[INFO] running `Command { std: "docker" "create" "-v" "/var/lib/crater-agent-workspace/builds/worker-7-tc1/target:/opt/rustwide/target:rw,Z" "-v" "/var/lib/crater-agent-workspace/builds/worker-7-tc1/source:/opt/rustwide/workdir:ro,Z" "-v" "/var/lib/crater-agent-workspace/cargo-home:/opt/rustwide/cargo-home:ro,Z" "-v" "/var/lib/crater-agent-workspace/rustup-home:/opt/rustwide/rustup-home:ro,Z" "-e" "SOURCE_DIR=/opt/rustwide/workdir" "-e" "CARGO_TARGET_DIR=/opt/rustwide/target" "-e" "CARGO_HOME=/opt/rustwide/cargo-home" "-e" "RUSTUP_HOME=/opt/rustwide/rustup-home" "-w" "/opt/rustwide/workdir" "-m" "1610612736" "--user" "0:0" "--network" "none" "ghcr.io/rust-lang/crates-build-env/linux@sha256:2788e3201cd34a07e3172128adcd8b3090168a8e3bcc40d7c032b9dda1df7d1c" "/opt/rustwide/cargo-home/bin/cargo" "+1.75.0" "metadata" "--no-deps" "--format-version=1", kill_on_drop: false }`
[INFO] [stdout] ab99267743e7d854f35b18ff9eae041d19d7ca350e400e423223230eb8eb5fcb
[INFO] running `Command { std: "docker" "start" "-a" "ab99267743e7d854f35b18ff9eae041d19d7ca350e400e423223230eb8eb5fcb", kill_on_drop: false }`
[INFO] running `Command { std: "docker" "inspect" "ab99267743e7d854f35b18ff9eae041d19d7ca350e400e423223230eb8eb5fcb", kill_on_drop: false }`
[INFO] running `Command { std: "docker" "rm" "-f" "ab99267743e7d854f35b18ff9eae041d19d7ca350e400e423223230eb8eb5fcb", kill_on_drop: false }`
[INFO] [stdout] ab99267743e7d854f35b18ff9eae041d19d7ca350e400e423223230eb8eb5fcb
[INFO] running `Command { std: "docker" "create" "-v" "/var/lib/crater-agent-workspace/builds/worker-7-tc1/target:/opt/rustwide/target:rw,Z" "-v" "/var/lib/crater-agent-workspace/builds/worker-7-tc1/source:/opt/rustwide/workdir:ro,Z" "-v" "/var/lib/crater-agent-workspace/cargo-home:/opt/rustwide/cargo-home:ro,Z" "-v" "/var/lib/crater-agent-workspace/rustup-home:/opt/rustwide/rustup-home:ro,Z" "-e" "SOURCE_DIR=/opt/rustwide/workdir" "-e" "CARGO_TARGET_DIR=/opt/rustwide/target" "-e" "CARGO_INCREMENTAL=0" "-e" "RUST_BACKTRACE=full" "-e" "RUSTFLAGS=--cap-lints=warn" "-e" "RUSTDOCFLAGS=--cap-lints=warn" "-e" "CARGO_HOME=/opt/rustwide/cargo-home" "-e" "RUSTUP_HOME=/opt/rustwide/rustup-home" "-w" "/opt/rustwide/workdir" "-m" "1610612736" "--user" "0:0" "--network" "none" "ghcr.io/rust-lang/crates-build-env/linux@sha256:2788e3201cd34a07e3172128adcd8b3090168a8e3bcc40d7c032b9dda1df7d1c" "/opt/rustwide/cargo-home/bin/cargo" "+1.75.0" "doc" "--frozen" "--no-deps" "--document-private-items" "--message-format=json", kill_on_drop: false }`
[INFO] [stdout] ddfacbc15fbd10ec126cf3123715312d243ee77aee0a922c8f4222a307af9f41
[INFO] running `Command { std: "docker" "start" "-a" "ddfacbc15fbd10ec126cf3123715312d243ee77aee0a922c8f4222a307af9f41", kill_on_drop: false }`
[INFO] [stderr]    Compiling libc v0.2.151
[INFO] [stderr]     Checking futures v0.1.31
[INFO] [stderr]     Checking byteorder v1.5.0
[INFO] [stderr]    Compiling semver-parser v0.7.0
[INFO] [stderr]    Compiling proc-macro2 v1.0.76
[INFO] [stderr]    Compiling maybe-uninit v2.0.0
[INFO] [stderr]    Compiling proc-macro2 v0.4.30
[INFO] [stderr]    Compiling unicode-xid v0.1.0
[INFO] [stderr]    Compiling crossbeam-utils v0.7.2
[INFO] [stderr]    Compiling autocfg v0.1.8
[INFO] [stderr]     Checking lock_api v0.3.4
[INFO] [stderr]     Checking rand_core v0.4.2
[INFO] [stderr]    Compiling syn v0.15.44
[INFO] [stderr]     Checking memchr v2.7.1
[INFO] [stderr]    Compiling regex-syntax v0.8.2
[INFO] [stderr]     Checking unicode-bidi v0.3.14
[INFO] [stderr]    Compiling crunchy v0.2.2
[INFO] [stderr]     Checking rand_core v0.3.1
[INFO] [stderr]    Compiling semver v0.9.0
[INFO] [stderr]    Compiling rand_chacha v0.1.1
[INFO] [stderr]    Compiling rand_pcg v0.1.2
[INFO] [stderr]    Compiling tiny-keccak v2.0.2
[INFO] [stderr]     Checking smallvec v0.6.14
[INFO] [stderr]     Checking gimli v0.28.1
[INFO] [stderr]    Compiling failure_derive v0.1.8
[INFO] [stderr]    Compiling rustc_version v0.2.3
[INFO] [stderr]    Compiling aho-corasick v1.1.2
[INFO] [stderr]    Compiling lazy_static v1.4.0
[INFO] [stderr]     Checking object v0.32.2
[INFO] [stderr]    Compiling rand v0.6.5
[INFO] [stderr]     Checking rustc-demangle v0.1.23
[INFO] [stderr]    Compiling serde v1.0.195
[INFO] [stderr]    Compiling parking_lot_core v0.6.3
[INFO] [stderr]    Compiling parking_lot v0.9.0
[INFO] [stderr]    Compiling quote v1.0.35
[INFO] [stderr]     Checking itoa v0.4.8
[INFO] [stderr]    Compiling quote v0.6.13
[INFO] [stderr]     Checking idna v0.1.5
[INFO] [stderr]    Compiling syn v1.0.109
[INFO] [stderr]    Compiling syn v2.0.48
[INFO] [stderr]     Checking tokio-executor v0.1.10
[INFO] [stderr]    Compiling cc v1.0.83
[INFO] [stderr]     Checking tokio-sync v0.1.8
[INFO] [stderr]    Compiling getrandom v0.2.11
[INFO] [stderr]     Checking actix-service v0.4.2
[INFO] [stderr]     Checking tokio-timer v0.2.13
[INFO] [stderr]     Checking tokio-current-thread v0.1.7
[INFO] [stderr]     Checking rand_isaac v0.1.1
[INFO] [stderr]     Checking rand_xorshift v0.1.1
[INFO] [stderr]     Checking rand_hc v0.1.0
[INFO] [stderr]     Checking rand_jitter v0.1.4
[INFO] [stderr]     Checking percent-encoding v1.0.1
[INFO] [stderr]     Checking iovec v0.1.4
[INFO] [stderr]     Checking num_cpus v1.16.0
[INFO] [stderr]     Checking net2 v0.2.39
[INFO] [stderr]     Checking rand_os v0.1.3
[INFO] [stderr]     Checking copyless v0.1.5
[INFO] [stderr]    Compiling once_cell v1.19.0
[INFO] [stderr]     Checking bytes v0.4.12
[INFO] [stderr]     Checking url v1.7.2
[INFO] [stderr]     Checking hostname v0.3.1
[INFO] [stderr]     Checking threadpool v1.8.1
[INFO] [stderr]     Checking socket2 v0.3.19
[INFO] [stderr]     Checking mio v0.6.23
[INFO] [stderr]     Checking getrandom v0.1.16
[INFO] [stderr]    Compiling const-random-macro v0.1.16
[INFO] [stderr]     Checking tokio-io v0.1.13
[INFO] [stderr]     Checking http v0.1.21
[INFO] [stderr]    Compiling num-traits v0.2.17
[INFO] [stderr]    Compiling regex-automata v0.4.3
[INFO] [stderr]     Checking percent-encoding v2.3.1
[INFO] [stderr]     Checking form_urlencoded v1.2.1
[INFO] [stderr]     Checking const-random v0.1.17
[INFO] [stderr]     Checking tokio-reactor v0.1.12
[INFO] [stderr]     Checking tokio-codec v0.1.2
[INFO] [stderr]     Checking actix-codec v0.1.2
[INFO] [stderr]     Checking resolv-conf v0.6.3
[INFO] [stderr]    Compiling backtrace v0.3.69
[INFO] [stderr]     Checking tokio-tcp v0.1.4
[INFO] [stderr]     Checking tokio-udp v0.1.6
[INFO] [stderr]    Compiling brotli-sys v0.3.2
[INFO] [stderr]     Checking actix-server-config v0.1.2
[INFO] [stderr]    Compiling indexmap v1.9.3
[INFO] [stderr]     Checking rand_core v0.5.1
[INFO] [stderr]     Checking string v0.2.1
[INFO] [stderr]     Checking idna v0.5.0
[INFO] [stderr]     Checking addr2line v0.21.0
[INFO] [stderr]    Compiling hashbrown v0.6.3
[INFO] [stderr]     Checking either v1.9.0
[INFO] [stderr]    Compiling serde_json v1.0.111
[INFO] [stderr]     Checking rand_chacha v0.2.2
[INFO] [stderr]     Checking actix-utils v0.4.7
[INFO] [stderr]     Checking ahash v0.2.19
[INFO] [stderr]     Checking mio-uds v0.6.8
[INFO] [stderr]     Checking signal-hook-registry v1.4.1
[INFO] [stderr]     Checking iana-time-zone v0.1.59
[INFO] [stderr]     Checking ryu v1.0.16
[INFO] [stderr]     Checking sha1_smol v1.0.0
[INFO] [stderr]     Checking dtoa v0.4.8
[INFO] [stderr]     Checking url v2.5.0
[INFO] [stderr]     Checking itoa v1.0.10
[INFO] [stderr]     Checking tokio-signal v0.2.9
[INFO] [stderr]     Checking anstyle-parse v0.2.3
[INFO] [stderr]     Checking h2 v0.1.26
[INFO] [stderr]     Checking sha1 v0.6.1
[INFO] [stderr]     Checking flate2 v1.0.28
[INFO] [stderr]     Checking rand v0.7.3
[INFO] [stderr]     Checking time v0.1.45
[INFO] [stderr]     Checking base64 v0.10.1
[INFO] [stderr]     Checking language-tags v0.2.2
[INFO] [stderr]     Checking anstyle-query v1.0.2
[INFO] [stderr]     Checking anstyle v1.0.4
[INFO] [stderr]     Checking clap_lex v0.6.0
[INFO] [stderr]     Checking chrono v0.4.31
[INFO] [stderr]     Checking anstream v0.6.5
[INFO] [stderr]    Compiling enum-as-inner v0.2.1
[INFO] [stderr]     Checking clap_builder v4.4.12
[INFO] [stderr]    Compiling regex v1.10.2
[INFO] [stderr]    Compiling synstructure v0.12.6
[INFO] [stderr]    Compiling serde_derive v1.0.195
[INFO] [stderr]    Compiling derive_more v0.15.0
[INFO] [stderr]    Compiling actix-web-codegen v0.1.3
[INFO] [stderr]     Checking clap v4.4.13
[INFO] [stderr]     Checking failure v0.1.8
[INFO] [stderr]     Checking trust-dns-proto v0.7.4
[INFO] [stderr]     Checking actix-threadpool v0.1.2
[INFO] [stderr]     Checking actix-rt v0.2.6
[INFO] [stderr]     Checking trust-dns-resolver v0.11.1
[INFO] [stderr]     Checking actix-server v0.6.1
[INFO] [stderr]     Checking actix-testing v0.1.0
[INFO] [stderr]     Checking actix-connect v0.2.5
[INFO] [stderr]     Checking brotli2 v0.3.2
[INFO] [stderr]     Checking serde_urlencoded v0.6.1
[INFO] [stderr]     Checking actix-router v0.1.5
[INFO] [stderr]     Checking actix-http v0.2.11
[INFO] [stdout] error[E0277]: cannot subtract `chrono::Duration` from `Tm`
[INFO] [stdout]    --> /opt/rustwide/cargo-home/registry/src/index.crates.io-6f17d22bba15001f/actix-http-0.2.11/src/cookie/jar.rs:226:44
[INFO] [stdout]     |
[INFO] [stdout] 226 |             cookie.set_expires(time::now() - Duration::days(365));
[INFO] [stdout]     |                                            ^ no implementation for `Tm - chrono::Duration`
[INFO] [stdout]     |
[INFO] [stdout]     = help: the trait `Sub<chrono::Duration>` is not implemented for `Tm`
[INFO] [stdout]     = help: the following other types implement trait `Sub<Rhs>`:
[INFO] [stdout]               <Tm as Sub<time::Duration>>
[INFO] [stdout]               <Tm as Sub>
[INFO] [stdout] 
[INFO] [stdout] 
[INFO] [stdout] error[E0308]: mismatched types
[INFO] [stdout]    --> /opt/rustwide/cargo-home/registry/src/index.crates.io-6f17d22bba15001f/actix-http-0.2.11/src/cookie/mod.rs:742:40
[INFO] [stdout]     |
[INFO] [stdout] 742 |         self.set_expires(time::now() + twenty_years);
[INFO] [stdout]     |                                        ^^^^^^^^^^^^ expected `time::Duration`, found `chrono::Duration`
[INFO] [stdout]     |
[INFO] [stdout]     = note: `chrono::Duration` and `time::Duration` have similar names, but are actually distinct types
[INFO] [stdout] note: `chrono::Duration` is defined in crate `chrono`
[INFO] [stdout]    --> /opt/rustwide/cargo-home/registry/src/index.crates.io-6f17d22bba15001f/chrono-0.4.31/src/duration.rs:55:1
[INFO] [stdout]     |
[INFO] [stdout] 55  | pub struct Duration {
[INFO] [stdout]     | ^^^^^^^^^^^^^^^^^^^
[INFO] [stdout] note: `time::Duration` is defined in crate `time`
[INFO] [stdout]    --> /opt/rustwide/cargo-home/registry/src/index.crates.io-6f17d22bba15001f/time-0.1.45/src/duration.rs:45:1
[INFO] [stdout]     |
[INFO] [stdout] 45  | pub struct Duration {
[INFO] [stdout]     | ^^^^^^^^^^^^^^^^^^^
[INFO] [stdout] 
[INFO] [stdout] 
[INFO] [stdout] error: aborting due to 2 previous errors
[INFO] [stdout] 
[INFO] [stdout] 
[INFO] [stdout] Some errors have detailed explanations: E0277, E0308.
[INFO] [stdout] 
[INFO] [stdout] For more information about an error, try `rustc --explain E0277`.
[INFO] [stdout] 
[INFO] [stderr] error: could not compile `actix-http` (lib) due to 3 previous errors
[INFO] running `Command { std: "docker" "inspect" "ddfacbc15fbd10ec126cf3123715312d243ee77aee0a922c8f4222a307af9f41", kill_on_drop: false }`
[INFO] running `Command { std: "docker" "rm" "-f" "ddfacbc15fbd10ec126cf3123715312d243ee77aee0a922c8f4222a307af9f41", kill_on_drop: false }`
[INFO] [stdout] ddfacbc15fbd10ec126cf3123715312d243ee77aee0a922c8f4222a307af9f41
[INFO] documenting Gaojun124/rust_test against beta-2023-12-22 for beta-1.76-rustdoc-1
[INFO] running `Command { std: "git" "clone" "/workspace/cache/git-repos/https%3A%2F%2Fgithub.com%2FGaojun124%2Frust_test" "/workspace/builds/worker-7-tc2/source", kill_on_drop: false }`
[INFO] [stderr] Cloning into '/workspace/builds/worker-7-tc2/source'...
[INFO] [stderr] done.
[INFO] validating manifest of git repo https://github.com/Gaojun124/rust_test on toolchain beta-2023-12-22
[INFO] running `Command { std: CARGO_HOME="/workspace/cargo-home" RUSTUP_HOME="/workspace/rustup-home" "/workspace/cargo-home/bin/cargo" "+beta-2023-12-22" "metadata" "--manifest-path" "Cargo.toml" "--no-deps", kill_on_drop: false }`
[INFO] started tweaking git repo https://github.com/Gaojun124/rust_test
[INFO] finished tweaking git repo https://github.com/Gaojun124/rust_test
[INFO] tweaked toml for git repo https://github.com/Gaojun124/rust_test written to /workspace/builds/worker-7-tc2/source/Cargo.toml
[INFO] crate git repo https://github.com/Gaojun124/rust_test already has a lockfile, it will not be regenerated
[INFO] running `Command { std: CARGO_HOME="/workspace/cargo-home" RUSTUP_HOME="/workspace/rustup-home" "/workspace/cargo-home/bin/cargo" "+beta-2023-12-22" "fetch" "--manifest-path" "Cargo.toml", kill_on_drop: false }`
[INFO] [stderr]     Updating crates.io index
[INFO] [stderr]     Blocking waiting for file lock on package cache
[INFO] running `Command { std: "docker" "create" "-v" "/var/lib/crater-agent-workspace/builds/worker-7-tc2/target:/opt/rustwide/target:rw,Z" "-v" "/var/lib/crater-agent-workspace/builds/worker-7-tc2/source:/opt/rustwide/workdir:ro,Z" "-v" "/var/lib/crater-agent-workspace/cargo-home:/opt/rustwide/cargo-home:ro,Z" "-v" "/var/lib/crater-agent-workspace/rustup-home:/opt/rustwide/rustup-home:ro,Z" "-e" "SOURCE_DIR=/opt/rustwide/workdir" "-e" "CARGO_TARGET_DIR=/opt/rustwide/target" "-e" "CARGO_HOME=/opt/rustwide/cargo-home" "-e" "RUSTUP_HOME=/opt/rustwide/rustup-home" "-w" "/opt/rustwide/workdir" "-m" "1610612736" "--user" "0:0" "--network" "none" "ghcr.io/rust-lang/crates-build-env/linux@sha256:2788e3201cd34a07e3172128adcd8b3090168a8e3bcc40d7c032b9dda1df7d1c" "/opt/rustwide/cargo-home/bin/cargo" "+beta-2023-12-22" "metadata" "--no-deps" "--format-version=1", kill_on_drop: false }`
[INFO] [stdout] 39c1ba447b0de45dc6aa83f41ef414a27c9e7c33f4d4e7ee406a61a1fe7ed7dd
[INFO] running `Command { std: "docker" "start" "-a" "39c1ba447b0de45dc6aa83f41ef414a27c9e7c33f4d4e7ee406a61a1fe7ed7dd", kill_on_drop: false }`
[INFO] running `Command { std: "docker" "inspect" "39c1ba447b0de45dc6aa83f41ef414a27c9e7c33f4d4e7ee406a61a1fe7ed7dd", kill_on_drop: false }`
[INFO] running `Command { std: "docker" "rm" "-f" "39c1ba447b0de45dc6aa83f41ef414a27c9e7c33f4d4e7ee406a61a1fe7ed7dd", kill_on_drop: false }`
[INFO] [stdout] 39c1ba447b0de45dc6aa83f41ef414a27c9e7c33f4d4e7ee406a61a1fe7ed7dd
[INFO] running `Command { std: "docker" "create" "-v" "/var/lib/crater-agent-workspace/builds/worker-7-tc2/target:/opt/rustwide/target:rw,Z" "-v" "/var/lib/crater-agent-workspace/builds/worker-7-tc2/source:/opt/rustwide/workdir:ro,Z" "-v" "/var/lib/crater-agent-workspace/cargo-home:/opt/rustwide/cargo-home:ro,Z" "-v" "/var/lib/crater-agent-workspace/rustup-home:/opt/rustwide/rustup-home:ro,Z" "-e" "SOURCE_DIR=/opt/rustwide/workdir" "-e" "CARGO_TARGET_DIR=/opt/rustwide/target" "-e" "CARGO_INCREMENTAL=0" "-e" "RUST_BACKTRACE=full" "-e" "RUSTFLAGS=--cap-lints=warn" "-e" "RUSTDOCFLAGS=--cap-lints=warn" "-e" "CARGO_HOME=/opt/rustwide/cargo-home" "-e" "RUSTUP_HOME=/opt/rustwide/rustup-home" "-w" "/opt/rustwide/workdir" "-m" "1610612736" "--user" "0:0" "--network" "none" "ghcr.io/rust-lang/crates-build-env/linux@sha256:2788e3201cd34a07e3172128adcd8b3090168a8e3bcc40d7c032b9dda1df7d1c" "/opt/rustwide/cargo-home/bin/cargo" "+beta-2023-12-22" "doc" "--frozen" "--no-deps" "--document-private-items" "--message-format=json", kill_on_drop: false }`
[INFO] [stdout] fe958f26a0bf14e67036634ff2280622ba150eba4f555d7c15e9556b8c163f53
[INFO] running `Command { std: "docker" "start" "-a" "fe958f26a0bf14e67036634ff2280622ba150eba4f555d7c15e9556b8c163f53", kill_on_drop: false }`
[INFO] [stderr]    Compiling libc v0.2.151
[INFO] [stderr]     Checking futures v0.1.31
[INFO] [stderr]     Checking byteorder v1.5.0
[INFO] [stderr]    Compiling semver-parser v0.7.0
[INFO] [stderr]    Compiling crossbeam-utils v0.7.2
[INFO] [stderr]    Compiling maybe-uninit v2.0.0
[INFO] [stderr]    Compiling proc-macro2 v1.0.76
[INFO] [stderr]    Compiling autocfg v0.1.8
[INFO] [stderr]    Compiling proc-macro2 v0.4.30
[INFO] [stderr]     Checking lock_api v0.3.4
[INFO] [stderr]    Compiling unicode-xid v0.1.0
[INFO] [stderr]     Checking rand_core v0.4.2
[INFO] [stderr]    Compiling syn v0.15.44
[INFO] [stderr]     Checking memchr v2.7.1
[INFO] [stderr]     Checking unicode-bidi v0.3.14
[INFO] [stderr]    Compiling regex-syntax v0.8.2
[INFO] [stderr]    Compiling crunchy v0.2.2
[INFO] [stderr]     Checking rand_core v0.3.1
[INFO] [stderr]    Compiling semver v0.9.0
[INFO] [stderr]    Compiling rand_chacha v0.1.1
[INFO] [stderr]    Compiling rand_pcg v0.1.2
[INFO] [stderr]    Compiling tiny-keccak v2.0.2
[INFO] [stderr]    Compiling lazy_static v1.4.0
[INFO] [stderr]    Compiling rustc_version v0.2.3
[INFO] [stderr]     Checking smallvec v0.6.14
[INFO] [stderr]     Checking gimli v0.28.1
[INFO] [stderr]    Compiling failure_derive v0.1.8
[INFO] [stderr]     Checking object v0.32.2
[INFO] [stderr]    Compiling aho-corasick v1.1.2
[INFO] [stderr]    Compiling rand v0.6.5
[INFO] [stderr]    Compiling serde v1.0.195
[INFO] [stderr]     Checking itoa v0.4.8
[INFO] [stderr]    Compiling parking_lot_core v0.6.3
[INFO] [stderr]    Compiling parking_lot v0.9.0
[INFO] [stderr]    Compiling quote v1.0.35
[INFO] [stderr]    Compiling quote v0.6.13
[INFO] [stderr]    Compiling syn v1.0.109
[INFO] [stderr]    Compiling syn v2.0.48
[INFO] [stderr]     Checking rustc-demangle v0.1.23
[INFO] [stderr]     Checking idna v0.1.5
[INFO] [stderr]     Checking iovec v0.1.4
[INFO] [stderr]     Checking net2 v0.2.39
[INFO] [stderr]     Checking num_cpus v1.16.0
[INFO] [stderr]     Checking bytes v0.4.12
[INFO] [stderr]    Compiling cc v1.0.83
[INFO] [stderr]    Compiling getrandom v0.2.11
[INFO] [stderr]     Checking rand_os v0.1.3
[INFO] [stderr]     Checking tokio-executor v0.1.10
[INFO] [stderr]     Checking mio v0.6.23
[INFO] [stderr]     Checking tokio-sync v0.1.8
[INFO] [stderr]     Checking threadpool v1.8.1
[INFO] [stderr]     Checking actix-service v0.4.2
[INFO] [stderr]     Checking tokio-timer v0.2.13
[INFO] [stderr]     Checking tokio-current-thread v0.1.7
[INFO] [stderr]     Checking tokio-io v0.1.13
[INFO] [stderr]     Checking rand_xorshift v0.1.1
[INFO] [stderr]     Checking rand_isaac v0.1.1
[INFO] [stderr]     Checking rand_hc v0.1.0
[INFO] [stderr]     Checking rand_jitter v0.1.4
[INFO] [stderr]     Checking copyless v0.1.5
[INFO] [stderr]     Checking percent-encoding v1.0.1
[INFO] [stderr]    Compiling once_cell v1.19.0
[INFO] [stderr]     Checking hostname v0.3.1
[INFO] [stderr]     Checking http v0.1.21
[INFO] [stderr]     Checking getrandom v0.1.16
[INFO] [stderr]     Checking socket2 v0.3.19
[INFO] [stderr]     Checking url v1.7.2
[INFO] [stderr]     Checking tokio-reactor v0.1.12
[INFO] [stderr]     Checking tokio-codec v0.1.2
[INFO] [stderr]    Compiling const-random-macro v0.1.16
[INFO] [stderr]    Compiling num-traits v0.2.17
[INFO] [stderr]     Checking percent-encoding v2.3.1
[INFO] [stderr]     Checking tokio-tcp v0.1.4
[INFO] [stderr]     Checking tokio-udp v0.1.6
[INFO] [stderr]    Compiling regex-automata v0.4.3
[INFO] [stderr]     Checking actix-server-config v0.1.2
[INFO] [stderr]     Checking form_urlencoded v1.2.1
[INFO] [stderr]     Checking const-random v0.1.17
[INFO] [stderr]     Checking addr2line v0.21.0
[INFO] [stderr]     Checking resolv-conf v0.6.3
[INFO] [stderr]    Compiling indexmap v1.9.3
[INFO] [stderr]     Checking actix-codec v0.1.2
[INFO] [stderr]    Compiling backtrace v0.3.69
[INFO] [stderr]    Compiling brotli-sys v0.3.2
[INFO] [stderr]     Checking rand_core v0.5.1
[INFO] [stderr]     Checking string v0.2.1
[INFO] [stderr]     Checking idna v0.5.0
[INFO] [stderr]    Compiling hashbrown v0.6.3
[INFO] [stderr]     Checking either v1.9.0
[INFO] [stderr]    Compiling serde_json v1.0.111
[INFO] [stderr]     Checking rand_chacha v0.2.2
[INFO] [stderr]     Checking actix-utils v0.4.7
[INFO] [stderr]     Checking ahash v0.2.19
[INFO] [stderr]     Checking mio-uds v0.6.8
[INFO] [stderr]     Checking signal-hook-registry v1.4.1
[INFO] [stderr]     Checking sha1_smol v1.0.0
[INFO] [stderr]     Checking url v2.5.0
[INFO] [stderr]     Checking iana-time-zone v0.1.59
[INFO] [stderr]     Checking itoa v1.0.10
[INFO] [stderr]     Checking ryu v1.0.16
[INFO] [stderr]     Checking dtoa v0.4.8
[INFO] [stderr]     Checking tokio-signal v0.2.9
[INFO] [stderr]     Checking h2 v0.1.26
[INFO] [stderr]     Checking sha1 v0.6.1
[INFO] [stderr]     Checking anstyle-parse v0.2.3
[INFO] [stderr]     Checking flate2 v1.0.28
[INFO] [stderr]     Checking rand v0.7.3
[INFO] [stderr]     Checking time v0.1.45
[INFO] [stderr]     Checking base64 v0.10.1
[INFO] [stderr]     Checking language-tags v0.2.2
[INFO] [stderr]     Checking anstyle-query v1.0.2
[INFO] [stderr]     Checking chrono v0.4.31
[INFO] [stderr]     Checking anstyle v1.0.4
[INFO] [stderr]     Checking clap_lex v0.6.0
[INFO] [stderr]     Checking anstream v0.6.5
[INFO] [stderr]    Compiling enum-as-inner v0.2.1
[INFO] [stderr]     Checking clap_builder v4.4.12
[INFO] [stderr]    Compiling synstructure v0.12.6
[INFO] [stderr]    Compiling serde_derive v1.0.195
[INFO] [stderr]    Compiling regex v1.10.2
[INFO] [stderr]    Compiling actix-web-codegen v0.1.3
[INFO] [stderr]    Compiling derive_more v0.15.0
[INFO] [stderr]     Checking clap v4.4.13
[INFO] [stderr]     Checking failure v0.1.8
[INFO] [stderr]     Checking trust-dns-proto v0.7.4
[INFO] [stderr]     Checking trust-dns-resolver v0.11.1
[INFO] [stderr]     Checking actix-threadpool v0.1.2
[INFO] [stderr]     Checking actix-rt v0.2.6
[INFO] [stderr]     Checking actix-connect v0.2.5
[INFO] [stderr]     Checking actix-server v0.6.1
[INFO] [stderr]     Checking brotli2 v0.3.2
[INFO] [stderr]     Checking actix-testing v0.1.0
[INFO] [stderr]     Checking serde_urlencoded v0.6.1
[INFO] [stderr]     Checking actix-router v0.1.5
[INFO] [stderr]     Checking actix-http v0.2.11
[INFO] [stdout] error[E0277]: cannot subtract `chrono::Duration` from `Tm`
[INFO] [stdout]    --> /opt/rustwide/cargo-home/registry/src/index.crates.io-6f17d22bba15001f/actix-http-0.2.11/src/cookie/jar.rs:226:44
[INFO] [stdout]     |
[INFO] [stdout] 226 |             cookie.set_expires(time::now() - Duration::days(365));
[INFO] [stdout]     |                                            ^ no implementation for `Tm - chrono::Duration`
[INFO] [stdout]     |
[INFO] [stdout]     = help: the trait `Sub<chrono::Duration>` is not implemented for `Tm`
[INFO] [stdout]     = help: the following other types implement trait `Sub<Rhs>`:
[INFO] [stdout]               <Tm as Sub<time::Duration>>
[INFO] [stdout]               <Tm as Sub>
[INFO] [stdout] 
[INFO] [stdout] 
[INFO] [stdout] error[E0308]: mismatched types
[INFO] [stdout]    --> /opt/rustwide/cargo-home/registry/src/index.crates.io-6f17d22bba15001f/actix-http-0.2.11/src/cookie/mod.rs:742:40
[INFO] [stdout]     |
[INFO] [stdout] 742 |         self.set_expires(time::now() + twenty_years);
[INFO] [stdout]     |                                        ^^^^^^^^^^^^ expected `time::Duration`, found `chrono::Duration`
[INFO] [stdout]     |
[INFO] [stdout]     = note: `chrono::Duration` and `time::Duration` have similar names, but are actually distinct types
[INFO] [stdout] note: `chrono::Duration` is defined in crate `chrono`
[INFO] [stdout]    --> /opt/rustwide/cargo-home/registry/src/index.crates.io-6f17d22bba15001f/chrono-0.4.31/src/duration.rs:55:1
[INFO] [stdout]     |
[INFO] [stdout] 55  | pub struct Duration {
[INFO] [stdout]     | ^^^^^^^^^^^^^^^^^^^
[INFO] [stdout] note: `time::Duration` is defined in crate `time`
[INFO] [stdout]    --> /opt/rustwide/cargo-home/registry/src/index.crates.io-6f17d22bba15001f/time-0.1.45/src/duration.rs:45:1
[INFO] [stdout]     |
[INFO] [stdout] 45  | pub struct Duration {
[INFO] [stdout]     | ^^^^^^^^^^^^^^^^^^^
[INFO] [stdout] 
[INFO] [stdout] 
[INFO] [stdout] error: aborting due to 2 previous errors
[INFO] [stdout] 
[INFO] [stdout] 
[INFO] [stdout] Some errors have detailed explanations: E0277, E0308.
[INFO] [stdout] 
[INFO] [stdout] For more information about an error, try `rustc --explain E0277`.
[INFO] [stdout] 
[INFO] [stderr] error: could not compile `actix-http` (lib) due to 3 previous errors
[INFO] running `Command { std: "docker" "inspect" "fe958f26a0bf14e67036634ff2280622ba150eba4f555d7c15e9556b8c163f53", kill_on_drop: false }`
[INFO] running `Command { std: "docker" "rm" "-f" "fe958f26a0bf14e67036634ff2280622ba150eba4f555d7c15e9556b8c163f53", kill_on_drop: false }`
[INFO] [stdout] fe958f26a0bf14e67036634ff2280622ba150eba4f555d7c15e9556b8c163f53
