[INFO] cloning repository https://github.com/GaloyMoney/stablesats-rs
[INFO] running `Command { std: "git" "-c" "credential.helper=" "-c" "credential.helper=/workspace/cargo-home/bin/git-credential-null" "clone" "--bare" "https://github.com/GaloyMoney/stablesats-rs" "/workspace/cache/git-repos/https%3A%2F%2Fgithub.com%2FGaloyMoney%2Fstablesats-rs", kill_on_drop: false }`
[INFO] [stderr] Cloning into bare repository '/workspace/cache/git-repos/https%3A%2F%2Fgithub.com%2FGaloyMoney%2Fstablesats-rs'...
[INFO] running `Command { std: "git" "rev-parse" "HEAD", kill_on_drop: false }`
[INFO] [stdout] bf4b276c76bb49124e7a61ab65bb0be6383c832a
[INFO] documenting GaloyMoney/stablesats-rs against 1.75.0 for beta-1.76-rustdoc-1
[INFO] running `Command { std: "git" "clone" "/workspace/cache/git-repos/https%3A%2F%2Fgithub.com%2FGaloyMoney%2Fstablesats-rs" "/workspace/builds/worker-5-tc1/source", kill_on_drop: false }`
[INFO] [stderr] Cloning into '/workspace/builds/worker-5-tc1/source'...
[INFO] [stderr] done.
[INFO] validating manifest of git repo https://github.com/GaloyMoney/stablesats-rs on toolchain 1.75.0
[INFO] running `Command { std: CARGO_HOME="/workspace/cargo-home" RUSTUP_HOME="/workspace/rustup-home" "/workspace/cargo-home/bin/cargo" "+1.75.0" "metadata" "--manifest-path" "Cargo.toml" "--no-deps", kill_on_drop: false }`
[INFO] removed /workspace/builds/worker-5-tc1/source/rust-toolchain.toml
[INFO] started tweaking git repo https://github.com/GaloyMoney/stablesats-rs
[INFO] finished tweaking git repo https://github.com/GaloyMoney/stablesats-rs
[INFO] tweaked toml for git repo https://github.com/GaloyMoney/stablesats-rs written to /workspace/builds/worker-5-tc1/source/Cargo.toml
[INFO] crate git repo https://github.com/GaloyMoney/stablesats-rs already has a lockfile, it will not be regenerated
[INFO] running `Command { std: CARGO_HOME="/workspace/cargo-home" RUSTUP_HOME="/workspace/rustup-home" "/workspace/cargo-home/bin/cargo" "+1.75.0" "fetch" "--manifest-path" "Cargo.toml", kill_on_drop: false }`
[INFO] [stderr]     Updating crates.io index
[INFO] [stderr]  Downloading crates ...
[INFO] [stderr]   Downloaded rust_decimal_macros v1.32.0
[INFO] [stderr]   Downloaded dashmap v5.5.2
[INFO] [stderr]   Downloaded opentelemetry-otlp v0.13.0
[INFO] [stderr]   Downloaded ordered-float v3.9.1
[INFO] [stderr]   Downloaded anstream v0.6.1
[INFO] [stderr]   Downloaded graphql_query_derive v0.12.0
[INFO] [stderr]   Downloaded tonic-build v0.10.2
[INFO] [stderr]   Downloaded opentelemetry-proto v0.3.0
[INFO] [stderr]   Downloaded inventory v0.3.11
[INFO] [stderr]   Downloaded prost-wkt v0.5.0
[INFO] [stderr]   Downloaded prost-wkt-build v0.5.0
[INFO] [stderr]   Downloaded prost-wkt-types v0.5.0
[INFO] [stderr]   Downloaded graphql_client v0.12.0
[INFO] [stderr]   Downloaded rusty-money v0.4.1
[INFO] [stderr]   Downloaded tracing-opentelemetry v0.20.0
[INFO] [stderr]   Downloaded graphql_client_codegen v0.12.0
[INFO] [stderr]   Downloaded sqlx-ledger-cel-interpreter v0.11.1
[INFO] [stderr]   Downloaded sqlxmq_macros v0.5.0
[INFO] [stderr]   Downloaded sqlx-ledger-cel-parser v0.11.1
[INFO] [stderr]   Downloaded sqlxmq v0.5.0
[INFO] [stderr]   Downloaded sqlx-ledger v0.11.1
[INFO] running `Command { std: "docker" "create" "-v" "/var/lib/crater-agent-workspace/builds/worker-5-tc1/target:/opt/rustwide/target:rw,Z" "-v" "/var/lib/crater-agent-workspace/builds/worker-5-tc1/source:/opt/rustwide/workdir:ro,Z" "-v" "/var/lib/crater-agent-workspace/cargo-home:/opt/rustwide/cargo-home:ro,Z" "-v" "/var/lib/crater-agent-workspace/rustup-home:/opt/rustwide/rustup-home:ro,Z" "-e" "SOURCE_DIR=/opt/rustwide/workdir" "-e" "CARGO_TARGET_DIR=/opt/rustwide/target" "-e" "CARGO_HOME=/opt/rustwide/cargo-home" "-e" "RUSTUP_HOME=/opt/rustwide/rustup-home" "-w" "/opt/rustwide/workdir" "-m" "1610612736" "--user" "0:0" "--network" "none" "ghcr.io/rust-lang/crates-build-env/linux@sha256:2788e3201cd34a07e3172128adcd8b3090168a8e3bcc40d7c032b9dda1df7d1c" "/opt/rustwide/cargo-home/bin/cargo" "+1.75.0" "metadata" "--no-deps" "--format-version=1", kill_on_drop: false }`
[INFO] [stdout] 1fdffadb12cb0f765550ccbe0d2983672dfcf8d4884bb9f485edc2423f81740a
[INFO] running `Command { std: "docker" "start" "-a" "1fdffadb12cb0f765550ccbe0d2983672dfcf8d4884bb9f485edc2423f81740a", kill_on_drop: false }`
[INFO] running `Command { std: "docker" "inspect" "1fdffadb12cb0f765550ccbe0d2983672dfcf8d4884bb9f485edc2423f81740a", kill_on_drop: false }`
[INFO] running `Command { std: "docker" "rm" "-f" "1fdffadb12cb0f765550ccbe0d2983672dfcf8d4884bb9f485edc2423f81740a", kill_on_drop: false }`
[INFO] [stdout] 1fdffadb12cb0f765550ccbe0d2983672dfcf8d4884bb9f485edc2423f81740a
[INFO] running `Command { std: "docker" "create" "-v" "/var/lib/crater-agent-workspace/builds/worker-5-tc1/target:/opt/rustwide/target:rw,Z" "-v" "/var/lib/crater-agent-workspace/builds/worker-5-tc1/source:/opt/rustwide/workdir:ro,Z" "-v" "/var/lib/crater-agent-workspace/cargo-home:/opt/rustwide/cargo-home:ro,Z" "-v" "/var/lib/crater-agent-workspace/rustup-home:/opt/rustwide/rustup-home:ro,Z" "-e" "SOURCE_DIR=/opt/rustwide/workdir" "-e" "CARGO_TARGET_DIR=/opt/rustwide/target" "-e" "CARGO_INCREMENTAL=0" "-e" "RUST_BACKTRACE=full" "-e" "RUSTFLAGS=--cap-lints=warn" "-e" "RUSTDOCFLAGS=--cap-lints=warn" "-e" "CARGO_HOME=/opt/rustwide/cargo-home" "-e" "RUSTUP_HOME=/opt/rustwide/rustup-home" "-w" "/opt/rustwide/workdir" "-m" "1610612736" "--user" "0:0" "--network" "none" "ghcr.io/rust-lang/crates-build-env/linux@sha256:2788e3201cd34a07e3172128adcd8b3090168a8e3bcc40d7c032b9dda1df7d1c" "/opt/rustwide/cargo-home/bin/cargo" "+1.75.0" "doc" "--frozen" "--no-deps" "--document-private-items" "--message-format=json", kill_on_drop: false }`
[INFO] [stdout] 9b1ba6820352526eaca5c2e65e07719764833150ce4e527505110f983a341de7
[INFO] running `Command { std: "docker" "start" "-a" "9b1ba6820352526eaca5c2e65e07719764833150ce4e527505110f983a341de7", kill_on_drop: false }`
[INFO] [stderr]    Compiling proc-macro2 v1.0.75
[INFO] [stderr]    Compiling unicode-ident v1.0.11
[INFO] [stderr]    Compiling libc v0.2.150
[INFO] [stderr]     Checking once_cell v1.18.0
[INFO] [stderr]    Compiling parking_lot_core v0.9.8
[INFO] [stderr]    Compiling lock_api v0.4.10
[INFO] [stderr]    Compiling serde v1.0.194
[INFO] [stderr]    Compiling futures-core v0.3.28
[INFO] [stderr]     Checking pin-project-lite v0.2.13
[INFO] [stderr]     Checking memchr v2.6.1
[INFO] [stderr]    Compiling slab v0.4.9
[INFO] [stderr]     Checking bytes v1.4.0
[INFO] [stderr]    Compiling futures-task v0.3.28
[INFO] [stderr]    Compiling ahash v0.8.3
[INFO] [stderr]     Checking smallvec v1.11.0
[INFO] [stderr]    Compiling num-traits v0.2.16
[INFO] [stderr]     Checking itoa v1.0.9
[INFO] [stderr]     Checking futures-sink v0.3.28
[INFO] [stderr]    Compiling futures-channel v0.3.28
[INFO] [stderr]    Compiling quote v1.0.35
[INFO] [stderr]    Compiling futures-util v0.3.28
[INFO] [stderr]    Compiling syn v2.0.47
[INFO] [stderr]    Compiling cc v1.0.83
[INFO] [stderr]     Checking parking_lot v0.12.1
[INFO] [stderr]     Checking signal-hook-registry v1.4.1
[INFO] [stderr]     Checking mio v0.8.9
[INFO] [stderr]     Checking num_cpus v1.16.0
[INFO] [stderr]     Checking socket2 v0.5.5
[INFO] [stderr]     Checking pin-utils v0.1.0
[INFO] [stderr]     Checking futures-io v0.3.28
[INFO] [stderr]     Checking getrandom v0.2.10
[INFO] [stderr]    Compiling serde_json v1.0.107
[INFO] [stderr]     Checking log v0.4.20
[INFO] [stderr]    Compiling thiserror v1.0.49
[INFO] [stderr]    Compiling typenum v1.16.0
[INFO] [stderr]     Checking tracing-core v0.1.31
[INFO] [stderr]    Compiling generic-array v0.14.7
[INFO] [stderr]     Checking ryu v1.0.15
[INFO] [stderr]    Compiling allocator-api2 v0.2.16
[INFO] [stderr]    Compiling indexmap v1.9.3
[INFO] [stderr]     Checking percent-encoding v2.3.0
[INFO] [stderr]    Compiling equivalent v1.0.1
[INFO] [stderr]     Checking hashbrown v0.12.3
[INFO] [stderr]    Compiling bitflags v2.4.0
[INFO] [stderr]    Compiling syn v1.0.109
[INFO] [stderr]    Compiling hashbrown v0.14.0
[INFO] [stderr]    Compiling rustix v0.38.10
[INFO] [stderr]    Compiling linux-raw-sys v0.4.5
[INFO] [stderr]    Compiling unicode-segmentation v1.10.1
[INFO] [stderr]    Compiling ring v0.16.20
[INFO] [stderr]     Checking rand_core v0.6.4
[INFO] [stderr]    Compiling indexmap v2.0.0
[INFO] [stderr]    Compiling heck v0.4.1
[INFO] [stderr]     Checking rand_chacha v0.3.1
[INFO] [stderr]     Checking rand v0.8.5
[INFO] [stderr]     Checking spin v0.5.2
[INFO] [stderr]     Checking untrusted v0.7.1
[INFO] [stderr]     Checking form_urlencoded v1.2.0
[INFO] [stderr]    Compiling anyhow v1.0.75
[INFO] [stderr]    Compiling rust_decimal v1.32.0
[INFO] [stderr]    Compiling rustls v0.21.7
[INFO] [stderr]     Checking unicode-normalization v0.1.22
[INFO] [stderr]    Compiling async-trait v0.1.74
[INFO] [stderr]     Checking unicode-bidi v0.3.13
[INFO] [stderr]    Compiling fastrand v2.0.0
[INFO] [stderr]     Checking http v0.2.9
[INFO] [stderr]     Checking base64 v0.21.3
[INFO] [stderr]     Checking idna v0.4.0
[INFO] [stderr]     Checking aho-corasick v1.0.5
[INFO] [stderr]     Checking regex-syntax v0.7.5
[INFO] [stderr]    Compiling scopeguard v1.2.0
[INFO] [stderr]    Compiling httparse v1.8.0
[INFO] [stderr]    Compiling tempfile v3.8.0
[INFO] [stderr]     Checking rustls-webpki v0.101.4
[INFO] [stderr]     Checking sct v0.7.0
[INFO] [stderr]    Compiling fnv v1.0.7
[INFO] [stderr]     Checking iana-time-zone v0.1.57
[INFO] [stderr]    Compiling arrayvec v0.7.4
[INFO] [stderr]    Compiling strsim v0.10.0
[INFO] [stderr]    Compiling byteorder v1.4.3
[INFO] [stderr]     Checking regex-automata v0.3.7
[INFO] [stderr]    Compiling ident_case v1.0.1
[INFO] [stderr]    Compiling block-buffer v0.10.4
[INFO] [stderr]    Compiling crypto-common v0.1.6
[INFO] [stderr]     Checking rustls-pemfile v1.0.3
[INFO] [stderr]    Compiling subtle v2.5.0
[INFO] [stderr]    Compiling digest v0.10.7
[INFO] [stderr]     Checking urlencoding v2.1.3
[INFO] [stderr]    Compiling tinyvec_macros v0.1.1
[INFO] [stderr]    Compiling serde_derive v1.0.194
[INFO] [stderr]    Compiling tokio-macros v2.2.0
[INFO] [stderr]    Compiling futures-macro v0.3.28
[INFO] [stderr]    Compiling tracing-attributes v0.1.26
[INFO] [stderr]    Compiling thiserror-impl v1.0.49
[INFO] [stderr]     Checking tokio v1.34.0
[INFO] [stderr]     Checking regex v1.9.4
[INFO] [stderr]    Compiling tinyvec v1.6.0
[INFO] [stderr]     Checking tracing v0.1.37
[INFO] [stderr]    Compiling fixedbitset v0.4.2
[INFO] [stderr]     Checking ordered-float v3.9.1
[INFO] [stderr]    Compiling petgraph v0.6.4
[INFO] [stderr]    Compiling num-bigint v0.4.4
[INFO] [stderr]    Compiling crossbeam-utils v0.8.16
[INFO] [stderr]     Checking futures-executor v0.3.28
[INFO] [stderr]     Checking opentelemetry_api v0.20.0
[INFO] [stderr]     Checking tower-service v0.3.2
[INFO] [stderr]     Checking tokio-stream v0.1.14
[INFO] [stderr]     Checking tokio-util v0.7.8
[INFO] [stderr]     Checking http-body v0.4.5
[INFO] [stderr]    Compiling cpufeatures v0.2.9
[INFO] [stderr]     Checking try-lock v0.2.4
[INFO] [stderr]    Compiling minimal-lexical v0.2.1
[INFO] [stderr]    Compiling nom v7.1.3
[INFO] [stderr]     Checking want v0.3.1
[INFO] [stderr]     Checking h2 v0.3.21
[INFO] [stderr]    Compiling darling_core v0.14.4
[INFO] [stderr]     Checking socket2 v0.4.9
[INFO] [stderr]     Checking url v2.4.1
[INFO] [stderr]     Checking chrono v0.4.31
[INFO] [stderr]    Compiling either v1.9.0
[INFO] [stderr]    Compiling itertools v0.10.5
[INFO] [stderr]     Checking opentelemetry_sdk v0.20.0
[INFO] [stderr]    Compiling crc-catalog v2.2.0
[INFO] [stderr]     Checking httpdate v1.0.3
[INFO] [stderr]     Checking regex-syntax v0.6.29
[INFO] [stderr]    Compiling unicode_categories v0.1.1
[INFO] [stderr]    Compiling ppv-lite86 v0.2.17
[INFO] [stderr]     Checking hyper v0.14.27
[INFO] [stderr]    Compiling darling_macro v0.14.4
[INFO] [stderr]    Compiling sqlformat v0.2.1
[INFO] [stderr]     Checking opentelemetry v0.20.0
[INFO] [stderr]    Compiling crc v3.0.1
[INFO] [stderr]     Checking regex-automata v0.1.10
[INFO] [stderr]    Compiling crossbeam-queue v0.3.8
[INFO] [stderr]    Compiling webpki-roots v0.24.0
[INFO] [stderr]    Compiling sha2 v0.10.7
[INFO] [stderr]     Checking futures v0.3.28
[INFO] [stderr]    Compiling futures-intrusive v0.5.0
[INFO] [stderr]    Compiling num-integer v0.1.45
[INFO] [stderr]    Compiling hmac v0.12.1
[INFO] [stderr]    Compiling atoi v2.0.0
[INFO] [stderr]    Compiling hashlink v0.8.4
[INFO] [stderr]    Compiling uuid v1.6.1
[INFO] [stderr]    Compiling event-listener v2.5.3
[INFO] [stderr]     Checking overload v0.1.1
[INFO] [stderr]    Compiling hex v0.4.3
[INFO] [stderr]    Compiling dotenvy v0.15.7
[INFO] [stderr]     Checking nu-ansi-term v0.46.0
[INFO] [stderr]    Compiling hkdf v0.12.3
[INFO] [stderr]     Checking matchers v0.1.0
[INFO] [stderr]    Compiling darling v0.14.4
[INFO] [stderr]    Compiling rust_decimal_macros v1.32.0
[INFO] [stderr]     Checking tracing-serde v0.1.3
[INFO] [stderr]    Compiling sqlx-core v0.7.2
[INFO] [stderr]     Checking sha1 v0.10.5
[INFO] [stderr]    Compiling stringprep v0.1.3
[INFO] [stderr]     Checking tracing-log v0.1.3
[INFO] [stderr]     Checking sharded-slab v0.1.4
[INFO] [stderr]    Compiling md-5 v0.10.5
[INFO] [stderr]     Checking thread_local v1.1.7
[INFO] [stderr]    Compiling home v0.5.5
[INFO] [stderr]    Compiling whoami v1.4.1
[INFO] [stderr]    Compiling prost-derive v0.12.1
[INFO] [stderr]     Checking tracing-subscriber v0.3.17
[INFO] [stderr]     Checking mime v0.3.17
[INFO] [stderr]     Checking serde_urlencoded v0.7.1
[INFO] [stderr]     Checking raw-cpuid v10.7.0
[INFO] [stderr]    Compiling darling_core v0.20.3
[INFO] [stderr]    Compiling sqlx-postgres v0.7.2
[INFO] [stderr]    Compiling derive_builder_core v0.12.0
[INFO] [stderr]     Checking dashmap v5.5.2
[INFO] [stderr]     Checking quanta v0.9.3
[INFO] [stderr]    Compiling vcpkg v0.2.15
[INFO] [stderr]     Checking nonzero_ext v0.3.0
[INFO] [stderr]     Checking futures-timer v3.0.2
[INFO] [stderr]     Checking no-std-compat v0.4.1
[INFO] [stderr]     Checking governor v0.5.1
[INFO] [stderr]     Checking tracing-opentelemetry v0.20.0
[INFO] [stderr]    Compiling prettyplease v0.2.12
[INFO] [stderr]    Compiling derive_builder_macro v0.12.0
[INFO] [stderr]    Compiling sqlxmq_macros v0.5.0
[INFO] [stderr]    Compiling prost v0.12.1
[INFO] [stderr]     Checking anymap2 v0.13.0
[INFO] [stderr]    Compiling openssl-sys v0.9.92
[INFO] [stderr]     Checking dotenv v0.15.0
[INFO] [stderr]    Compiling prost-types v0.12.1
[INFO] [stderr]     Checking derive_builder v0.12.0
[INFO] [stderr]    Compiling which v4.4.0
[INFO] [stderr]     Checking tokio-rustls v0.24.1
[INFO] [stderr]    Compiling autotools v0.2.6
[INFO] [stderr]    Compiling rustversion v1.0.14
[INFO] [stderr]    Compiling multimap v0.8.3
[INFO] [stderr]    Compiling darling_macro v0.20.3
[INFO] [stderr]     Checking webpki-roots v0.25.2
[INFO] [stderr]    Compiling protobuf-src v1.1.0+21.5
[INFO] [stderr]    Compiling openssl v0.10.57
[INFO] [stderr]     Checking foreign-types-shared v0.1.1
[INFO] [stderr]     Checking foreign-types v0.3.2
[INFO] [stderr]    Compiling openssl-macros v0.1.1
[INFO] [stderr]    Compiling sqlx-macros-core v0.7.2
[INFO] [stderr]    Compiling darling v0.20.3
[INFO] [stderr]    Compiling prost-build v0.12.1
[INFO] [stderr]    Compiling serde_with_macros v3.4.0
[INFO] [stderr]    Compiling native-tls v0.2.11
[INFO] [stderr]    Compiling dirs-sys-next v0.1.2
[INFO] [stderr]    Compiling crunchy v0.2.2
[INFO] [stderr]     Checking openssl-probe v0.1.5
[INFO] [stderr]    Compiling dirs-next v2.0.0
[INFO] [stderr]    Compiling tiny-keccak v2.0.2
[INFO] [stderr]    Compiling siphasher v0.3.11
[INFO] [stderr]    Compiling phf_shared v0.10.0
[INFO] [stderr]    Compiling term v0.7.0
[INFO] [stderr]    Compiling axum-core v0.3.4
[INFO] [stderr]    Compiling pin-project-internal v1.1.3
[INFO] [stderr]    Compiling precomputed-hash v0.1.1
[INFO] [stderr]     Checking tower-layer v0.3.2
[INFO] [stderr]    Compiling new_debug_unreachable v1.0.4
[INFO] [stderr]    Compiling bit-vec v0.6.3
[INFO] [stderr]     Checking serde_with v3.4.0
[INFO] [stderr]    Compiling string_cache v0.8.7
[INFO] [stderr]    Compiling bit-set v0.5.3
[INFO] [stderr]    Compiling ascii-canvas v3.0.0
[INFO] [stderr]    Compiling tonic-build v0.10.2
[INFO] [stderr]    Compiling axum v0.6.20
[INFO] [stderr]     Checking hyper-rustls v0.24.1
[INFO] [stderr]    Compiling lalrpop-util v0.20.0
[INFO] [stderr]    Compiling is-terminal v0.4.9
[INFO] [stderr]    Compiling ena v0.14.2
[INFO] [stderr]     Checking encoding_rs v0.8.33
[INFO] [stderr]    Compiling diff v0.1.13
[INFO] [stderr]     Checking pin-project v1.1.3
[INFO] [stderr]    Compiling pico-args v0.5.0
[INFO] [stderr]     Checking ipnet v2.8.0
[INFO] [stderr]    Compiling sqlx-macros v0.7.2
[INFO] [stderr]    Compiling unicode-xid v0.2.4
[INFO] [stderr]    Compiling lalrpop v0.20.0
[INFO] [stderr]     Checking tower v0.4.13
[INFO] [stderr]     Checking tokio-native-tls v0.3.1
[INFO] [stderr]     Checking hyper-tls v0.5.0
[INFO] [stderr]     Checking rusty-money v0.4.1
[INFO] [stderr]     Checking serde_path_to_error v0.1.14
[INFO] [stderr]     Checking reqwest v0.11.22
[INFO] [stderr]     Checking tokio-io-timeout v1.2.0
[INFO] [stderr]     Checking sync_wrapper v0.1.2
[INFO] [stderr]     Checking matchit v0.7.2
[INFO] [stderr]     Checking hyper-timeout v0.4.1
[INFO] [stderr]     Checking data-encoding v2.4.0
[INFO] [stderr]    Compiling void v1.0.2
[INFO] [stderr]    Compiling unreachable v1.0.0
[INFO] [stderr]    Compiling ascii v0.9.3
[INFO] [stderr]    Compiling cached_proc_macro v0.18.0
[INFO] [stderr]    Compiling combine v3.8.1
[INFO] [stderr]    Compiling async-stream-impl v0.3.5
[INFO] [stderr]     Checking cached_proc_macro_types v0.1.0
[INFO] [stderr]     Checking tracing-opentelemetry v0.21.0
[INFO] [stderr]    Compiling graphql-introspection-query v0.2.0
[INFO] [stderr]     Checking sqlx v0.7.2
[INFO] [stderr]     Checking sqlxmq v0.5.0
[INFO] [stderr]     Checking async-stream v0.3.5
[INFO] [stderr]    Compiling lazy_static v1.4.0
[INFO] [stderr]     Checking opentelemetry-http v0.9.0
[INFO] [stderr]    Compiling prost-wkt-build v0.5.0
[INFO] [stderr]     Checking erased-serde v0.3.31
[INFO] [stderr]     Checking stablesats-shared v0.12.1-dev (/opt/rustwide/workdir/shared)
[INFO] [stderr]    Compiling typetag-impl v0.2.13
[INFO] [stderr]     Checking cached v0.46.0
[INFO] [stderr]     Checking unsafe-libyaml v0.2.9
[INFO] [stderr]     Checking inventory v0.3.11
[INFO] [stderr]     Checking utf-8 v0.7.6
[INFO] [stderr]    Compiling prost-derive v0.11.9
[INFO] [stderr]     Checking tungstenite v0.20.1
[INFO] [stderr]     Checking typetag v0.2.13
[INFO] [stderr]     Checking serde_yaml v0.9.27
[INFO] [stderr]     Checking tokio-tungstenite v0.20.1
[INFO] [stderr]     Checking utf8parse v0.2.1
[INFO] [stderr]     Checking anstyle-parse v0.2.1
[INFO] [stderr]     Checking prost-wkt v0.5.0
[INFO] [stderr]     Checking colorchoice v1.0.0
[INFO] [stderr]     Checking anstyle-query v1.0.0
[INFO] [stderr]     Checking anstyle v1.0.2
[INFO] [stderr]    Compiling hedging v0.12.1-dev (/opt/rustwide/workdir/hedging)
[INFO] [stderr]    Compiling user-trades v0.12.1-dev (/opt/rustwide/workdir/user-trades)
[INFO] [stderr]     Checking anstream v0.6.1
[INFO] [stderr]     Checking clap_lex v0.6.0
[INFO] [stderr]     Checking okex-client v0.12.1-dev (/opt/rustwide/workdir/okex-client)
[INFO] [stderr]     Checking bitfinex-client v0.12.1-dev (/opt/rustwide/workdir/bitfinex-client)
[INFO] [stderr]     Checking clap_builder v4.4.7
[INFO] [stderr]    Compiling graphql-parser v0.4.0
[INFO] [stderr]     Checking prost v0.11.9
[INFO] [stderr]     Checking opentelemetry-semantic-conventions v0.12.0
[INFO] [stderr]    Compiling clap_derive v4.4.7
[INFO] [stderr]     Checking bitfinex-price v0.12.1-dev (/opt/rustwide/workdir/bitfinex-price)
[INFO] [stderr]     Checking okex-price v0.12.1-dev (/opt/rustwide/workdir/okex-price)
[INFO] [stderr]  Documenting bitfinex-client v0.12.1-dev (/opt/rustwide/workdir/bitfinex-client)
[INFO] [stderr]  Documenting okex-client v0.12.1-dev (/opt/rustwide/workdir/okex-client)
[INFO] [stderr]  Documenting okex-price v0.12.1-dev (/opt/rustwide/workdir/okex-price)
[INFO] [stderr]     Checking tonic v0.10.2
[INFO] [stderr]    Compiling graphql_client_codegen v0.12.0
[INFO] [stdout] warning: this URL is not a hyperlink
[INFO] [stdout]    --> okex-client/src/client/mod.rs:273:5
[INFO] [stdout]     |
[INFO] [stdout] 273 |     /// https://www.okx.com/docs-v5/en/#funding-account-rest-api-get-balance
[INFO] [stdout]     |     ^^^^^^^^^^^^^^^^^^^^^^^^^^^^^^^^^^^^^^^^^^^^^^^^^^^^^^^^^^^^^^^^^^^^^^^^ help: use an automatic link instead: `<https://www.okx.com/docs-v5/en/#funding-account-rest-api-get-balance>`
[INFO] [stdout]     |
[INFO] [stdout]     = note: bare URLs are not automatically turned into clickable links
[INFO] [stdout]     = note: `#[warn(rustdoc::bare_urls)]` on by default
[INFO] [stdout] 
[INFO] [stdout] 
[INFO] [stdout] warning: this URL is not a hyperlink
[INFO] [stdout]    --> okex-client/src/client/mod.rs:420:5
[INFO] [stdout]     |
[INFO] [stdout] 420 |     /// https://www.okx.com/docs-v5/en/#funding-account-rest-api-get-deposit-history
[INFO] [stdout]     |     ^^^^^^^^^^^^^^^^^^^^^^^^^^^^^^^^^^^^^^^^^^^^^^^^^^^^^^^^^^^^^^^^^^^^^^^^^^^^^^^^ help: use an automatic link instead: `<https://www.okx.com/docs-v5/en/#funding-account-rest-api-get-deposit-history>`
[INFO] [stdout]     |
[INFO] [stdout]     = note: bare URLs are not automatically turned into clickable links
[INFO] [stdout] 
[INFO] [stdout] 
[INFO] [stderr]     Checking tonic v0.9.2
[INFO] [stdout] warning: 2 warnings emitted
[INFO] [stdout] 
[INFO] [stdout] 
[INFO] [stderr]  Documenting bitfinex-price v0.12.1-dev (/opt/rustwide/workdir/bitfinex-price)
[INFO] [stderr]  Documenting stablesats-shared v0.12.1-dev (/opt/rustwide/workdir/shared)
[INFO] [stderr]     Checking opentelemetry-proto v0.3.0
[INFO] [stderr]     Checking clap v4.4.7
[INFO] [stderr]     Checking opentelemetry-otlp v0.13.0
[INFO] [stderr]    Compiling sqlx-ledger-cel-parser v0.11.1
[INFO] [stderr]    Compiling graphql_query_derive v0.12.0
[INFO] [stderr]     Checking graphql_client v0.12.0
[INFO] [stderr]     Checking galoy-client v0.12.1-dev (/opt/rustwide/workdir/galoy-client)
[INFO] [stderr]  Documenting galoy-client v0.12.1-dev (/opt/rustwide/workdir/galoy-client)
[INFO] [stderr]     Checking sqlx-ledger-cel-interpreter v0.11.1
[INFO] [stderr]     Checking sqlx-ledger v0.11.1
[INFO] [stderr]     Checking stablesats-ledger v0.12.1-dev (/opt/rustwide/workdir/ledger)
[INFO] [stderr]  Documenting stablesats-ledger v0.12.1-dev (/opt/rustwide/workdir/ledger)
[INFO] [stderr]  Documenting user-trades v0.12.1-dev (/opt/rustwide/workdir/user-trades)
[INFO] [stdout] error: error communicating with database: Connection refused (os error 111)
[INFO] [stdout]   --> user-trades/src/galoy_transactions/mod.rs:82:13
[INFO] [stdout]    |
[INFO] [stdout] 82 |             sqlx::query!("SELECT cursor FROM galoy_transactions ORDER BY created_at DESC LIMIT 1")
[INFO] [stdout]    |             ^^^^^^^^^^^^^^^^^^^^^^^^^^^^^^^^^^^^^^^^^^^^^^^^^^^^^^^^^^^^^^^^^^^^^^^^^^^^^^^^^^^^^^
[INFO] [stdout]    |
[INFO] [stdout]    = note: this error originates in the macro `$crate::sqlx_macros::expand_query` which comes from the expansion of the macro `sqlx::query` (in Nightly builds, run with -Z macro-backtrace for more info)
[INFO] [stdout] 
[INFO] [stdout] 
[INFO] [stdout] error: error communicating with database: Connection refused (os error 111)
[INFO] [stdout]    --> user-trades/src/galoy_transactions/mod.rs:96:19
[INFO] [stdout]     |
[INFO] [stdout] 96  |           let res = sqlx::query!(
[INFO] [stdout]     |  ___________________^
[INFO] [stdout] 97  | |             "
[INFO] [stdout] 98  | |                 WITH do_update AS (
[INFO] [stdout] 99  | |                     UPDATE galoy_transactions
[INFO] [stdout] ...   |
[INFO] [stdout] 117 | |          "
[INFO] [stdout] 118 | |         )
[INFO] [stdout]     | |_________^
[INFO] [stdout]     |
[INFO] [stdout]     = note: this error originates in the macro `$crate::sqlx_macros::expand_query` which comes from the expansion of the macro `sqlx::query` (in Nightly builds, run with -Z macro-backtrace for more info)
[INFO] [stdout] 
[INFO] [stdout] 
[INFO] [stdout] error: error communicating with database: Connection refused (os error 111)
[INFO] [stdout]    --> user-trades/src/galoy_transactions/mod.rs:133:19
[INFO] [stdout]     |
[INFO] [stdout] 133 |           let res = sqlx::query!(
[INFO] [stdout]     |  ___________________^
[INFO] [stdout] 134 | |             "
[INFO] [stdout] 135 | |             SELECT id, direction, amount_in_usd_cents, memo, settlement_method, settlement_amount, settlement_currency, created_at
[INFO] [stdout] 136 | |             FROM galoy_transactions
[INFO] [stdout] 137 | |             WHERE is_paired = false AND amount_in_usd_cents != 0 ORDER BY created_at FOR UPDATE
[INFO] [stdout] 138 | |          "
[INFO] [stdout] 139 | |         )
[INFO] [stdout]     | |_________^
[INFO] [stdout]     |
[INFO] [stdout]     = note: this error originates in the macro `$crate::sqlx_macros::expand_query` which comes from the expansion of the macro `sqlx::query` (in Nightly builds, run with -Z macro-backtrace for more info)
[INFO] [stdout] 
[INFO] [stdout] 
[INFO] [stdout] error: error communicating with database: Connection refused (os error 111)
[INFO] [stdout]    --> user-trades/src/galoy_transactions/mod.rs:171:9
[INFO] [stdout]     |
[INFO] [stdout] 171 | /         sqlx::query!(
[INFO] [stdout] 172 | |             "UPDATE galoy_transactions SET is_paired = 'true' WHERE id = ANY($1)",
[INFO] [stdout] 173 | |             &ids[..]
[INFO] [stdout] 174 | |         )
[INFO] [stdout]     | |_________^
[INFO] [stdout]     |
[INFO] [stdout]     = note: this error originates in the macro `$crate::sqlx_macros::expand_query` which comes from the expansion of the macro `sqlx::query` (in Nightly builds, run with -Z macro-backtrace for more info)
[INFO] [stdout] 
[INFO] [stdout] 
[INFO] [stdout] error: error communicating with database: Connection refused (os error 111)
[INFO] [stdout]   --> user-trades/src/galoy_transactions/mod.rs:82:13
[INFO] [stdout]    |
[INFO] [stdout] 82 |             sqlx::query!("SELECT cursor FROM galoy_transactions ORDER BY created_at DESC LIMIT 1")
[INFO] [stdout]    |             ^^^^^^^^^^^^^^^^^^^^^^^^^^^^^^^^^^^^^^^^^^^^^^^^^^^^^^^^^^^^^^^^^^^^^^^^^^^^^^^^^^^^^^
[INFO] [stdout]    |
[INFO] [stdout]    = note: this error originates in the macro `$crate::sqlx_macros::expand_query` which comes from the expansion of the macro `sqlx::query` (in Nightly builds, run with -Z macro-backtrace for more info)
[INFO] [stdout] 
[INFO] [stdout] 
[INFO] [stdout] error: error communicating with database: Connection refused (os error 111)
[INFO] [stdout]    --> user-trades/src/galoy_transactions/mod.rs:96:19
[INFO] [stdout]     |
[INFO] [stdout] 96  |           let res = sqlx::query!(
[INFO] [stdout]     |  ___________________^
[INFO] [stdout] 97  | |             "
[INFO] [stdout] 98  | |                 WITH do_update AS (
[INFO] [stdout] 99  | |                     UPDATE galoy_transactions
[INFO] [stdout] ...   |
[INFO] [stdout] 117 | |          "
[INFO] [stdout] 118 | |         )
[INFO] [stdout]     | |_________^
[INFO] [stdout]     |
[INFO] [stdout]     = note: this error originates in the macro `$crate::sqlx_macros::expand_query` which comes from the expansion of the macro `sqlx::query` (in Nightly builds, run with -Z macro-backtrace for more info)
[INFO] [stdout] 
[INFO] [stdout] 
[INFO] [stdout] error: error communicating with database: Connection refused (os error 111)
[INFO] [stdout]    --> user-trades/src/galoy_transactions/mod.rs:133:19
[INFO] [stdout]     |
[INFO] [stdout] 133 |           let res = sqlx::query!(
[INFO] [stdout]     |  ___________________^
[INFO] [stdout] 134 | |             "
[INFO] [stdout] 135 | |             SELECT id, direction, amount_in_usd_cents, memo, settlement_method, settlement_amount, settlement_currency, created_at
[INFO] [stdout] 136 | |             FROM galoy_transactions
[INFO] [stdout] 137 | |             WHERE is_paired = false AND amount_in_usd_cents != 0 ORDER BY created_at FOR UPDATE
[INFO] [stdout] 138 | |          "
[INFO] [stdout] 139 | |         )
[INFO] [stdout]     | |_________^
[INFO] [stdout]     |
[INFO] [stdout]     = note: this error originates in the macro `$crate::sqlx_macros::expand_query` which comes from the expansion of the macro `sqlx::query` (in Nightly builds, run with -Z macro-backtrace for more info)
[INFO] [stdout] 
[INFO] [stdout] 
[INFO] [stdout] error: error communicating with database: Connection refused (os error 111)
[INFO] [stdout]    --> user-trades/src/galoy_transactions/mod.rs:171:9
[INFO] [stdout]     |
[INFO] [stdout] 171 | /         sqlx::query!(
[INFO] [stdout] 172 | |             "UPDATE galoy_transactions SET is_paired = 'true' WHERE id = ANY($1)",
[INFO] [stdout] 173 | |             &ids[..]
[INFO] [stdout] 174 | |         )
[INFO] [stdout]     | |_________^
[INFO] [stdout]     |
[INFO] [stdout]     = note: this error originates in the macro `$crate::sqlx_macros::expand_query` which comes from the expansion of the macro `sqlx::query` (in Nightly builds, run with -Z macro-backtrace for more info)
[INFO] [stdout] 
[INFO] [stdout] 
[INFO] [stdout] error: error communicating with database: Connection refused (os error 111)
[INFO] [stdout]    --> user-trades/src/user_trades/mod.rs:112:9
[INFO] [stdout]     |
[INFO] [stdout] 112 | /         sqlx::query!(
[INFO] [stdout] 113 | |             "UPDATE user_trades SET correction_ledger_tx_id = $1 WHERE id = ANY($2) AND correction_ledger_tx_id IS NULL",
[INFO] [stdout] 114 | |             BAD_TRADE_MARKER,
[INFO] [stdout] 115 | |             &bad_ids[..]
[INFO] [stdout] 116 | |         )
[INFO] [stdout]     | |_________^
[INFO] [stdout]     |
[INFO] [stdout]     = note: this error originates in the macro `$crate::sqlx_macros::expand_query` which comes from the expansion of the macro `sqlx::query` (in Nightly builds, run with -Z macro-backtrace for more info)
[INFO] [stdout] 
[INFO] [stdout] 
[INFO] [stdout] error: error communicating with database: Connection refused (os error 111)
[INFO] [stdout]    --> user-trades/src/user_trades/mod.rs:112:9
[INFO] [stdout]     |
[INFO] [stdout] 112 | /         sqlx::query!(
[INFO] [stdout] 113 | |             "UPDATE user_trades SET correction_ledger_tx_id = $1 WHERE id = ANY($2) AND correction_ledger_tx_id IS NULL",
[INFO] [stdout] 114 | |             BAD_TRADE_MARKER,
[INFO] [stdout] 115 | |             &bad_ids[..]
[INFO] [stdout] 116 | |         )
[INFO] [stdout]     | |_________^
[INFO] [stdout]     |
[INFO] [stdout]     = note: this error originates in the macro `$crate::sqlx_macros::expand_query` which comes from the expansion of the macro `sqlx::query` (in Nightly builds, run with -Z macro-backtrace for more info)
[INFO] [stdout] 
[INFO] [stdout] 
[INFO] [stdout] error: error communicating with database: Connection refused (os error 111)
[INFO] [stdout]    --> user-trades/src/user_trades/mod.rs:128:20
[INFO] [stdout]     |
[INFO] [stdout] 128 |   ...   let rows = sqlx::query!(
[INFO] [stdout]     |  __________________^
[INFO] [stdout] 129 | | ...       "SELECT id, external_ref->>'btc_tx_id' AS btc_id, external_ref->>'usd_tx_id' AS usd_id FROM user_trades WHERE external_ref->>'b...
[INFO] [stdout] 130 | | ...        UNION
[INFO] [stdout] 131 | | ...        SELECT id, external_ref->>'btc_tx_id' AS btc_id, external_ref->>'usd_tx_id' AS usd_id FROM user_trades WHERE external_ref->>'u...
[INFO] [stdout] 132 | | ...       &ids[..]
[INFO] [stdout] 133 | | ...   ).fetch_all(&mut **tx)
[INFO] [stdout]     | |_______^
[INFO] [stdout]     |
[INFO] [stdout]     = note: this error originates in the macro `$crate::sqlx_macros::expand_query` which comes from the expansion of the macro `sqlx::query` (in Nightly builds, run with -Z macro-backtrace for more info)
[INFO] [stdout] 
[INFO] [stdout] 
[INFO] [stdout] error: error communicating with database: Connection refused (os error 111)
[INFO] [stdout]    --> user-trades/src/user_trades/mod.rs:128:20
[INFO] [stdout]     |
[INFO] [stdout] 128 |   ...   let rows = sqlx::query!(
[INFO] [stdout]     |  __________________^
[INFO] [stdout] 129 | | ...       "SELECT id, external_ref->>'btc_tx_id' AS btc_id, external_ref->>'usd_tx_id' AS usd_id FROM user_trades WHERE external_ref->>'b...
[INFO] [stdout] 130 | | ...        UNION
[INFO] [stdout] 131 | | ...        SELECT id, external_ref->>'btc_tx_id' AS btc_id, external_ref->>'usd_tx_id' AS usd_id FROM user_trades WHERE external_ref->>'u...
[INFO] [stdout] 132 | | ...       &ids[..]
[INFO] [stdout] 133 | | ...   ).fetch_all(&mut **tx)
[INFO] [stdout]     | |_______^
[INFO] [stdout]     |
[INFO] [stdout]     = note: this error originates in the macro `$crate::sqlx_macros::expand_query` which comes from the expansion of the macro `sqlx::query` (in Nightly builds, run with -Z macro-backtrace for more info)
[INFO] [stdout] 
[INFO] [stdout] 
[INFO] [stdout] error: error communicating with database: Connection refused (os error 111)
[INFO] [stdout]    --> user-trades/src/user_trades/mod.rs:161:21
[INFO] [stdout]     |
[INFO] [stdout] 161 |           let trade = sqlx::query!(
[INFO] [stdout]     |  _____________________^
[INFO] [stdout] 162 | |             r#"UPDATE user_trades
[INFO] [stdout] 163 | |                SET ledger_tx_id = $1
[INFO] [stdout] 164 | |                WHERE id = (
[INFO] [stdout] ...   |
[INFO] [stdout] 167 | |             tx_id
[INFO] [stdout] 168 | |         )
[INFO] [stdout]     | |_________^
[INFO] [stdout]     |
[INFO] [stdout]     = note: this error originates in the macro `$crate::sqlx_macros::expand_query` which comes from the expansion of the macro `sqlx::query` (in Nightly builds, run with -Z macro-backtrace for more info)
[INFO] [stdout] 
[INFO] [stdout] 
[INFO] [stdout] error: error communicating with database: Connection refused (os error 111)
[INFO] [stdout]    --> user-trades/src/user_trades/mod.rs:161:21
[INFO] [stdout]     |
[INFO] [stdout] 161 |           let trade = sqlx::query!(
[INFO] [stdout]     |  _____________________^
[INFO] [stdout] 162 | |             r#"UPDATE user_trades
[INFO] [stdout] 163 | |                SET ledger_tx_id = $1
[INFO] [stdout] 164 | |                WHERE id = (
[INFO] [stdout] ...   |
[INFO] [stdout] 167 | |             tx_id
[INFO] [stdout] 168 | |         )
[INFO] [stdout]     | |_________^
[INFO] [stdout]     |
[INFO] [stdout]     = note: this error originates in the macro `$crate::sqlx_macros::expand_query` which comes from the expansion of the macro `sqlx::query` (in Nightly builds, run with -Z macro-backtrace for more info)
[INFO] [stdout] 
[INFO] [stdout] 
[INFO] [stdout] error: error communicating with database: Connection refused (os error 111)
[INFO] [stdout]    --> user-trades/src/user_trades/mod.rs:188:21
[INFO] [stdout]     |
[INFO] [stdout] 188 |           let trade = sqlx::query!(
[INFO] [stdout]     |  _____________________^
[INFO] [stdout] 189 | |             r#"UPDATE user_trades
[INFO] [stdout] 190 | |                SET correction_ledger_tx_id = $1
[INFO] [stdout] 191 | |                WHERE id = (
[INFO] [stdout] ...   |
[INFO] [stdout] 195 | |             BAD_TRADE_MARKER
[INFO] [stdout] 196 | |         )
[INFO] [stdout]     | |_________^
[INFO] [stdout]     |
[INFO] [stdout]     = note: this error originates in the macro `$crate::sqlx_macros::expand_query` which comes from the expansion of the macro `sqlx::query` (in Nightly builds, run with -Z macro-backtrace for more info)
[INFO] [stdout] 
[INFO] [stdout] 
[INFO] [stdout] error: error communicating with database: Connection refused (os error 111)
[INFO] [stdout]    --> user-trades/src/user_trades/mod.rs:188:21
[INFO] [stdout]     |
[INFO] [stdout] 188 |           let trade = sqlx::query!(
[INFO] [stdout]     |  _____________________^
[INFO] [stdout] 189 | |             r#"UPDATE user_trades
[INFO] [stdout] 190 | |                SET correction_ledger_tx_id = $1
[INFO] [stdout] 191 | |                WHERE id = (
[INFO] [stdout] ...   |
[INFO] [stdout] 195 | |             BAD_TRADE_MARKER
[INFO] [stdout] 196 | |         )
[INFO] [stdout]     | |_________^
[INFO] [stdout]     |
[INFO] [stdout]     = note: this error originates in the macro `$crate::sqlx_macros::expand_query` which comes from the expansion of the macro `sqlx::query` (in Nightly builds, run with -Z macro-backtrace for more info)
[INFO] [stdout] 
[INFO] [stdout] 
[INFO] [stdout] error: aborting due to 8 previous errors
[INFO] [stdout] 
[INFO] [stdout] 
[INFO] [stderr] error: could not compile `user-trades` (lib) due to 9 previous errors
[INFO] [stderr] warning: build failed, waiting for other jobs to finish...
[INFO] [stdout] error: aborting due to 8 previous errors
[INFO] [stdout] 
[INFO] [stdout] 
[INFO] [stderr] error: could not document `user-trades`
[INFO] [stderr] 
[INFO] [stderr] Caused by:
[INFO] [stderr]   process didn't exit successfully: `/opt/rustwide/rustup-home/toolchains/1.75.0-x86_64-unknown-linux-gnu/bin/rustdoc --edition=2021 --crate-type lib --crate-name user_trades user-trades/src/lib.rs -o /opt/rustwide/target/doc --error-format=json --json=diagnostic-rendered-ansi,artifacts,future-incompat --document-private-items -C metadata=8210f9ae7e6f8047 -L dependency=/opt/rustwide/target/debug/deps --extern anyhow=/opt/rustwide/target/debug/deps/libanyhow-407784efe10f3351.rmeta --extern chrono=/opt/rustwide/target/debug/deps/libchrono-4602e51f2ae672ac.rmeta --extern futures=/opt/rustwide/target/debug/deps/libfutures-8d163ba6babd3132.rmeta --extern galoy_client=/opt/rustwide/target/debug/deps/libgaloy_client-0a4a2d7bbaa67c13.rmeta --extern rust_decimal=/opt/rustwide/target/debug/deps/librust_decimal-ef858eff00dc4129.rmeta --extern rust_decimal_macros=/opt/rustwide/target/debug/deps/librust_decimal_macros-32017627b41f50fd.so --extern serde=/opt/rustwide/target/debug/deps/libserde-1dd9d7527521fead.rmeta --extern serde_json=/opt/rustwide/target/debug/deps/libserde_json-ddfda272e2aed56d.rmeta --extern serde_with=/opt/rustwide/target/debug/deps/libserde_with-7e55d95da954f545.rmeta --extern sqlx=/opt/rustwide/target/debug/deps/libsqlx-8347481454573510.rmeta --extern sqlxmq=/opt/rustwide/target/debug/deps/libsqlxmq-709e45fc67683a0d.rmeta --extern ledger=/opt/rustwide/target/debug/deps/libstablesats_ledger-db5bc96078cbd076.rmeta --extern shared=/opt/rustwide/target/debug/deps/libstablesats_shared-6c0c07628df989f6.rmeta --extern thiserror=/opt/rustwide/target/debug/deps/libthiserror-ae4457a1e6d627cb.rmeta --extern tokio=/opt/rustwide/target/debug/deps/libtokio-20909cab3faee2dd.rmeta --extern tracing=/opt/rustwide/target/debug/deps/libtracing-f93f63e9d395e362.rmeta --extern uuid=/opt/rustwide/target/debug/deps/libuuid-f438ddb906cd7d45.rmeta --cap-lints=warn --crate-version 0.12.1-dev` (exit status: 1)
[INFO] running `Command { std: "docker" "inspect" "9b1ba6820352526eaca5c2e65e07719764833150ce4e527505110f983a341de7", kill_on_drop: false }`
[INFO] running `Command { std: "docker" "rm" "-f" "9b1ba6820352526eaca5c2e65e07719764833150ce4e527505110f983a341de7", kill_on_drop: false }`
[INFO] [stdout] 9b1ba6820352526eaca5c2e65e07719764833150ce4e527505110f983a341de7
